[INFO] fetching crate netsim-macros 0.3.0...
[INFO] testing netsim-macros-0.3.0 against 1.100.0-beta.1+cargoflags=--release for beta-release-1.100-2
[INFO] extracting crate netsim-macros 0.3.0 into /workspace/builds/worker-5-tc2/source
[INFO] started tweaking crates.io crate netsim-macros 0.3.0
[INFO] finished tweaking crates.io crate netsim-macros 0.3.0
[INFO] tweaked toml for crates.io crate netsim-macros 0.3.0 written to /workspace/builds/worker-5-tc2/source/Cargo.toml
[INFO] validating manifest of crates.io crate netsim-macros 0.3.0 on toolchain 1.100.0-beta.1
[INFO] running `Command { std: CARGO_HOME="/workspace/cargo-home" RUSTUP_HOME="/workspace/rustup-home" "/workspace/cargo-home/bin/cargo" "+1.100.0-beta.1" "metadata" "--manifest-path" "Cargo.toml" "--no-deps", kill_on_drop: false }`
[INFO] running `Command { std: CARGO_HOME="/workspace/cargo-home" RUSTUP_HOME="/workspace/rustup-home" "/workspace/cargo-home/bin/cargo" "+1.100.0-beta.1" "generate-lockfile" "--manifest-path" "Cargo.toml", kill_on_drop: false }`
[INFO] [stderr]     Updating crates.io index
[INFO] [stderr]      Locking 4 packages to highest compatible versions
[INFO] [stderr]       Adding syn v2.0.119 (available: v3.0.9)
[INFO] running `Command { std: CARGO_HOME="/workspace/cargo-home" RUSTUP_HOME="/workspace/rustup-home" "/workspace/cargo-home/bin/cargo" "+1.100.0-beta.1" "fetch" "--manifest-path" "Cargo.toml", kill_on_drop: false }`
[INFO] running `Command { std: "docker" "create" "-v" "/var/lib/crater-agent-workspace/builds/worker-5-tc2/source:/opt/rustwide/workdir:ro,Z" "-v" "/var/lib/crater-agent-workspace/builds/worker-5-tc2/target:/opt/rustwide/target:rw,Z" "-v" "/var/lib/crater-agent-workspace/cargo-home:/opt/rustwide/cargo-home:ro,Z" "-v" "/var/lib/crater-agent-workspace/rustup-home:/opt/rustwide/rustup-home:ro,Z" "-m" "1610612736" "--network" "none" "ghcr.io/rust-lang/crates-build-env/linux@sha256:77db811e55d90add9212f6832c23229e3de5f1c1f9905e8cb07319ea15df73ac" "sleep" "infinity", kill_on_drop: false }`
[INFO] [stdout] 98742792c13f73180282916dcc88d2cd3e92c52771fca73ab8b5ab9f6b77be08
[INFO] running `Command { std: "docker" "start" "98742792c13f73180282916dcc88d2cd3e92c52771fca73ab8b5ab9f6b77be08", kill_on_drop: false }`
[INFO] running `Command { std: "docker" "inspect" "98742792c13f73180282916dcc88d2cd3e92c52771fca73ab8b5ab9f6b77be08", kill_on_drop: false }`
[INFO] running `Command { std: "docker" "exec" "-e" "SOURCE_DIR=/opt/rustwide/workdir" "-e" "CARGO_HOME=/opt/rustwide/cargo-home" "-e" "RUSTUP_HOME=/opt/rustwide/rustup-home" "-e" "CARGO_TARGET_DIR=/opt/rustwide/target" "-w" "/opt/rustwide/workdir" "--user" "0:0" "98742792c13f73180282916dcc88d2cd3e92c52771fca73ab8b5ab9f6b77be08" "/opt/rustwide/cargo-home/bin/cargo" "+1.100.0-beta.1" "metadata" "--no-deps" "--format-version=1", kill_on_drop: false }`
[INFO] running `Command { std: "docker" "inspect" "98742792c13f73180282916dcc88d2cd3e92c52771fca73ab8b5ab9f6b77be08", kill_on_drop: false }`
[INFO] running `Command { std: "docker" "exec" "-e" "SOURCE_DIR=/opt/rustwide/workdir" "-e" "CARGO_HOME=/opt/rustwide/cargo-home" "-e" "RUSTUP_HOME=/opt/rustwide/rustup-home" "-e" "CARGO_TARGET_DIR=/opt/rustwide/target" "-e" "CARGO_INCREMENTAL=0" "-e" "RUST_BACKTRACE=full" "-e" "RUSTFLAGS=--cap-lints=warn" "-e" "RUSTDOCFLAGS=--cap-lints=warn" "-w" "/opt/rustwide/workdir" "--user" "0:0" "98742792c13f73180282916dcc88d2cd3e92c52771fca73ab8b5ab9f6b77be08" "/opt/rustwide/cargo-home/bin/cargo" "+1.100.0-beta.1" "build" "--frozen" "--message-format=json" "--release", kill_on_drop: false }`
[INFO] [stderr]    Compiling netsim-macros v0.3.0 (/opt/rustwide/workdir)
[INFO] [stderr]     Finished `release` profile [optimized] target(s) in 3.31s
[INFO] running `Command { std: "docker" "inspect" "98742792c13f73180282916dcc88d2cd3e92c52771fca73ab8b5ab9f6b77be08", kill_on_drop: false }`
[INFO] running `Command { std: "docker" "exec" "-e" "SOURCE_DIR=/opt/rustwide/workdir" "-e" "CARGO_HOME=/opt/rustwide/cargo-home" "-e" "RUSTUP_HOME=/opt/rustwide/rustup-home" "-e" "CARGO_TARGET_DIR=/opt/rustwide/target" "-e" "CARGO_INCREMENTAL=0" "-e" "RUST_BACKTRACE=full" "-e" "RUSTFLAGS=--cap-lints=warn" "-e" "RUSTDOCFLAGS=--cap-lints=warn" "-w" "/opt/rustwide/workdir" "--user" "0:0" "98742792c13f73180282916dcc88d2cd3e92c52771fca73ab8b5ab9f6b77be08" "/opt/rustwide/cargo-home/bin/cargo" "+1.100.0-beta.1" "test" "--frozen" "--no-run" "--message-format=json" "--release", kill_on_drop: false }`
[INFO] [stderr]    Compiling netsim-macros v0.3.0 (/opt/rustwide/workdir)
[INFO] [stderr]     Finished `release` profile [optimized] target(s) in 0.43s
[INFO] running `Command { std: "docker" "inspect" "98742792c13f73180282916dcc88d2cd3e92c52771fca73ab8b5ab9f6b77be08", kill_on_drop: false }`
[INFO] running `Command { std: "docker" "exec" "-e" "SOURCE_DIR=/opt/rustwide/workdir" "-e" "CARGO_HOME=/opt/rustwide/cargo-home" "-e" "RUSTUP_HOME=/opt/rustwide/rustup-home" "-e" "CARGO_TARGET_DIR=/opt/rustwide/target" "-e" "CARGO_INCREMENTAL=0" "-e" "RUST_BACKTRACE=full" "-e" "RUSTFLAGS=--cap-lints=warn" "-e" "RUSTDOCFLAGS=--cap-lints=warn" "-w" "/opt/rustwide/workdir" "--user" "0:0" "98742792c13f73180282916dcc88d2cd3e92c52771fca73ab8b5ab9f6b77be08" "/opt/rustwide/cargo-home/bin/cargo" "+1.100.0-beta.1" "test" "--frozen" "--release", kill_on_drop: false }`
[INFO] [stderr]     Finished `release` profile [optimized] target(s) in 0.02s
[INFO] [stderr]      Running unittests src/lib.rs (/opt/rustwide/target/release/build/netsim-macros/0a472b6a3d4059f6/out/netsim_macros-0a472b6a3d4059f6)
[INFO] [stderr]    Doc-tests netsim_macros
[INFO] [stdout] 
[INFO] [stdout] running 0 tests
[INFO] [stdout] 
[INFO] [stdout] test result: ok. 0 passed; 0 failed; 0 ignored; 0 measured; 0 filtered out; finished in 0.00s
[INFO] [stdout] 
[INFO] [stdout] 
[INFO] [stdout] running 2 tests
[INFO] [stdout] test src/lib.rs - ipv4_network (line 15) ... FAILED
[INFO] [stderr] error: doctest failed, to rerun pass `--doc`
[INFO] [stdout] test src/lib.rs - ipv6_network (line 62) ... FAILED
[INFO] [stdout] 
[INFO] [stdout] failures:
[INFO] [stdout] 
[INFO] [stdout] ---- src/lib.rs - ipv4_network (line 15) stdout ----
[INFO] [stdout] error: cannot find macro `ipv4` in this scope
[INFO] [stdout]   --> src/lib.rs:16:29
[INFO] [stdout]    |
[INFO] [stdout] 16 | assert_eq!(Ipv4Network::new(ipv4!("192.168.0.0"), 16), ipv4_network!("192.168.0.0/16"));
[INFO] [stdout]    |                             ^^^^
[INFO] [stdout] 
[INFO] [stdout] error: cannot find macro `ipv4_network` in this scope
[INFO] [stdout]   --> src/lib.rs:16:56
[INFO] [stdout]    |
[INFO] [stdout] 16 | assert_eq!(Ipv4Network::new(ipv4!("192.168.0.0"), 16), ipv4_network!("192.168.0.0/16"));
[INFO] [stdout]    |                                                        ^^^^^^^^^^^^
[INFO] [stdout] 
[INFO] [stdout] error[E0433]: cannot find type `Ipv4Network` in this scope
[INFO] [stdout]   --> src/lib.rs:16:12
[INFO] [stdout]    |
[INFO] [stdout] 16 | assert_eq!(Ipv4Network::new(ipv4!("192.168.0.0"), 16), ipv4_network!("192.168.0.0/16"));
[INFO] [stdout]    |            ^^^^^^^^^^^ use of undeclared type `Ipv4Network`
[INFO] [stdout] 
[INFO] [stdout] error: aborting due to 3 previous errors
[INFO] [stdout] 
[INFO] [stdout] For more information about this error, try `rustc --explain E0433`.
[INFO] [stdout] Couldn't compile the test.
[INFO] [stdout] ---- src/lib.rs - ipv6_network (line 62) stdout ----
[INFO] [stdout] error: cannot find macro `ipv6` in this scope
[INFO] [stdout]   --> src/lib.rs:63:29
[INFO] [stdout]    |
[INFO] [stdout] 63 | assert_eq!(Ipv6Network::new(ipv6!("ff00::"), 8), ipv6_network!("ff00::/8"));
[INFO] [stdout]    |                             ^^^^
[INFO] [stdout] 
[INFO] [stdout] error: cannot find macro `ipv6_network` in this scope
[INFO] [stdout]   --> src/lib.rs:63:50
[INFO] [stdout]    |
[INFO] [stdout] 63 | assert_eq!(Ipv6Network::new(ipv6!("ff00::"), 8), ipv6_network!("ff00::/8"));
[INFO] [stdout]    |                                                  ^^^^^^^^^^^^
[INFO] [stdout] 
[INFO] [stdout] error[E0433]: cannot find type `Ipv6Network` in this scope
[INFO] [stdout]   --> src/lib.rs:63:12
[INFO] [stdout]    |
[INFO] [stdout] 63 | assert_eq!(Ipv6Network::new(ipv6!("ff00::"), 8), ipv6_network!("ff00::/8"));
[INFO] [stdout]    |            ^^^^^^^^^^^ use of undeclared type `Ipv6Network`
[INFO] [stdout] 
[INFO] [stdout] error: aborting due to 3 previous errors
[INFO] [stdout] 
[INFO] [stdout] For more information about this error, try `rustc --explain E0433`.
[INFO] [stdout] Couldn't compile the test.
[INFO] [stdout] 
[INFO] [stdout] failures:
[INFO] [stdout]     src/lib.rs - ipv4_network (line 15)
[INFO] [stdout]     src/lib.rs - ipv6_network (line 62)
[INFO] [stdout] 
[INFO] [stdout] test result: FAILED. 0 passed; 2 failed; 0 ignored; 0 measured; 0 filtered out; finished in 0.18s
[INFO] [stdout] 
[INFO] running `Command { std: "docker" "inspect" "98742792c13f73180282916dcc88d2cd3e92c52771fca73ab8b5ab9f6b77be08", kill_on_drop: false }`
[INFO] running `Command { std: "docker" "rm" "-f" "98742792c13f73180282916dcc88d2cd3e92c52771fca73ab8b5ab9f6b77be08", kill_on_drop: false }`
[INFO] [stdout] 98742792c13f73180282916dcc88d2cd3e92c52771fca73ab8b5ab9f6b77be08
