[INFO] fetching crate netrunner_cli 2.0.4...
[INFO] testing netrunner_cli-2.0.4 against 1.99.0-beta.8+cargoflags=--release for beta-release-1.100-2
[INFO] extracting crate netrunner_cli 2.0.4 into /workspace/builds/worker-7-tc1/source
[INFO] started tweaking crates.io crate netrunner_cli 2.0.4
[INFO] removed 0 missing examples
[INFO] removed 0 missing tests
[INFO] finished tweaking crates.io crate netrunner_cli 2.0.4
[INFO] tweaked toml for crates.io crate netrunner_cli 2.0.4 written to /workspace/builds/worker-7-tc1/source/Cargo.toml
[INFO] validating manifest of crates.io crate netrunner_cli 2.0.4 on toolchain 1.99.0-beta.8
[INFO] running `Command { std: CARGO_HOME="/workspace/cargo-home" RUSTUP_HOME="/workspace/rustup-home" "/workspace/cargo-home/bin/cargo" "+1.99.0-beta.8" "metadata" "--manifest-path" "Cargo.toml" "--no-deps", kill_on_drop: false }`
[INFO] crate crates.io crate netrunner_cli 2.0.4 already has a lockfile, it will not be regenerated
[INFO] running `Command { std: CARGO_HOME="/workspace/cargo-home" RUSTUP_HOME="/workspace/rustup-home" "/workspace/cargo-home/bin/cargo" "+1.99.0-beta.8" "fetch" "--manifest-path" "Cargo.toml", kill_on_drop: false }`
[INFO] [stderr]     Updating crates.io index
[INFO] [stderr]  Downloading crates ...
[INFO] [stderr]   Downloaded tui-piechart v0.3.3
[INFO] [stderr]   Downloaded bon v3.9.3
[INFO] [stderr]   Downloaded bon-macros v3.9.3
[INFO] [stderr]   Downloaded spinners v4.2.0
[INFO] [stderr]   Downloaded strum v0.24.1
[INFO] [stderr]   Downloaded anpa v0.10.0
[INFO] [stderr]   Downloaded prettytable-rs v0.10.0
[INFO] [stderr]   Downloaded micromath v2.1.0
[INFO] [stderr]   Downloaded netrunner-core v2.0.4
[INFO] [stderr]   Downloaded tachyonfx v0.25.1
[INFO] [stderr]   Downloaded redb v4.1.0
[INFO] [stderr]   Downloaded dns-lookup v3.0.1
[INFO] [stderr]   Downloaded dialoguer v0.12.0
[INFO] [stderr]   Downloaded utf8-width v0.1.9
[INFO] [stderr]   Downloaded byte-unit v5.2.5
[INFO] [stderr]   Downloaded borsh-derive v1.8.0
[INFO] running `Command { std: "docker" "create" "-v" "/var/lib/crater-agent-workspace/builds/worker-7-tc1/source:/opt/rustwide/workdir:ro,Z" "-v" "/var/lib/crater-agent-workspace/builds/worker-7-tc1/target:/opt/rustwide/target:rw,Z" "-v" "/var/lib/crater-agent-workspace/cargo-home:/opt/rustwide/cargo-home:ro,Z" "-v" "/var/lib/crater-agent-workspace/rustup-home:/opt/rustwide/rustup-home:ro,Z" "-m" "1610612736" "--network" "none" "ghcr.io/rust-lang/crates-build-env/linux@sha256:77db811e55d90add9212f6832c23229e3de5f1c1f9905e8cb07319ea15df73ac" "sleep" "infinity", kill_on_drop: false }`
[INFO] [stdout] 7768758461d35f8c710f9e7e6c20d6a6c44d6d381591bf91336921ccc684e15d
[INFO] running `Command { std: "docker" "start" "7768758461d35f8c710f9e7e6c20d6a6c44d6d381591bf91336921ccc684e15d", kill_on_drop: false }`
[INFO] running `Command { std: "docker" "inspect" "7768758461d35f8c710f9e7e6c20d6a6c44d6d381591bf91336921ccc684e15d", kill_on_drop: false }`
[INFO] running `Command { std: "docker" "exec" "-e" "SOURCE_DIR=/opt/rustwide/workdir" "-e" "CARGO_HOME=/opt/rustwide/cargo-home" "-e" "RUSTUP_HOME=/opt/rustwide/rustup-home" "-e" "CARGO_TARGET_DIR=/opt/rustwide/target" "-w" "/opt/rustwide/workdir" "--user" "0:0" "7768758461d35f8c710f9e7e6c20d6a6c44d6d381591bf91336921ccc684e15d" "/opt/rustwide/cargo-home/bin/cargo" "+1.99.0-beta.8" "metadata" "--no-deps" "--format-version=1", kill_on_drop: false }`
[INFO] running `Command { std: "docker" "inspect" "7768758461d35f8c710f9e7e6c20d6a6c44d6d381591bf91336921ccc684e15d", kill_on_drop: false }`
[INFO] running `Command { std: "docker" "exec" "-e" "SOURCE_DIR=/opt/rustwide/workdir" "-e" "CARGO_HOME=/opt/rustwide/cargo-home" "-e" "RUSTUP_HOME=/opt/rustwide/rustup-home" "-e" "CARGO_TARGET_DIR=/opt/rustwide/target" "-e" "CARGO_INCREMENTAL=0" "-e" "RUST_BACKTRACE=full" "-e" "RUSTFLAGS=--cap-lints=warn" "-e" "RUSTDOCFLAGS=--cap-lints=warn" "-w" "/opt/rustwide/workdir" "--user" "0:0" "7768758461d35f8c710f9e7e6c20d6a6c44d6d381591bf91336921ccc684e15d" "/opt/rustwide/cargo-home/bin/cargo" "+1.99.0-beta.8" "build" "--frozen" "--message-format=json" "--release", kill_on_drop: false }`
[INFO] [stderr]    Compiling libc v0.2.186
[INFO] [stderr]    Compiling rustversion v1.0.23
[INFO] [stderr]    Compiling tokio-macros v2.7.1
[INFO] [stderr]    Compiling cc v1.2.67
[INFO] [stderr]    Compiling thiserror v2.0.18
[INFO] [stderr]    Compiling darling_core v0.23.0
[INFO] [stderr]    Compiling tracing v0.1.44
[INFO] [stderr]    Compiling strum_macros v0.28.0
[INFO] [stderr]    Compiling either v1.16.0
[INFO] [stderr]    Compiling itertools v0.14.0
[INFO] [stderr]    Compiling futures-util v0.3.32
[INFO] [stderr]    Compiling castaway v0.2.4
[INFO] [stderr]    Compiling rustls-pki-types v1.15.0
[INFO] [stderr]    Compiling hashbrown v0.16.1
[INFO] [stderr]    Compiling ring v0.17.14
[INFO] [stderr]    Compiling rustix v1.1.4
[INFO] [stderr]    Compiling static_assertions v1.1.0
[INFO] [stderr]    Compiling compact_str v0.9.1
[INFO] [stderr]    Compiling kasuari v0.4.12
[INFO] [stderr]    Compiling errno v0.3.14
[INFO] [stderr]    Compiling signal-hook-registry v1.4.8
[INFO] [stderr]    Compiling mio v1.2.2
[INFO] [stderr]    Compiling parking_lot_core v0.9.12
[INFO] [stderr]    Compiling socket2 v0.6.5
[INFO] [stderr]    Compiling parking_lot v0.12.5
[INFO] [stderr]    Compiling strum v0.28.0
[INFO] [stderr]    Compiling getrandom v0.2.17
[INFO] [stderr]    Compiling unicode-truncate v2.0.1
[INFO] [stderr]    Compiling darling_macro v0.23.0
[INFO] [stderr]    Compiling tokio v1.53.0
[INFO] [stderr]    Compiling lru v0.18.1
[INFO] [stderr]    Compiling instability v0.3.12
[INFO] [stderr]    Compiling unicode-segmentation v1.13.3
[INFO] [stderr]    Compiling rustls v0.23.42
[INFO] [stderr]    Compiling darling v0.23.0
[INFO] [stderr]    Compiling signal-hook v0.3.18
[INFO] [stderr]    Compiling num-traits v0.2.19
[INFO] [stderr]    Compiling ratatui-core v0.1.2
[INFO] [stderr]    Compiling convert_case v0.10.0
[INFO] [stderr]    Compiling indoc v2.0.7
[INFO] [stderr]    Compiling getrandom v0.4.3
[INFO] [stderr]    Compiling rand_core v0.10.1
[INFO] [stderr]    Compiling derive_more-impl v2.1.1
[INFO] [stderr]    Compiling litrs v1.0.0
[INFO] [stderr]    Compiling syn v1.0.109
[INFO] [stderr]    Compiling num_threads v0.1.7
[INFO] [stderr]    Compiling derive_more v2.1.1
[INFO] [stderr]    Compiling signal-hook-mio v0.2.5
[INFO] [stderr]    Compiling time v0.3.53
[INFO] [stderr]    Compiling idna v1.1.0
[INFO] [stderr]    Compiling document-features v0.2.12
[INFO] [stderr]    Compiling heapless v0.7.17
[INFO] [stderr]    Compiling form_urlencoded v1.2.2
[INFO] [stderr]    Compiling line-clipping v0.3.7
[INFO] [stderr]    Compiling cfg_aliases v0.2.2
[INFO] [stderr]    Compiling serde_json v1.0.150
[INFO] [stderr]    Compiling object v0.37.3
[INFO] [stderr]    Compiling rustls-native-certs v0.8.4
[INFO] [stderr]    Compiling hash32 v0.2.1
[INFO] [stderr]    Compiling nix v0.31.3
[INFO] [stderr]    Compiling tracing-subscriber v0.3.23
[INFO] [stderr]    Compiling ratatui-widgets v0.3.2
[INFO] [stderr]    Compiling crossterm v0.29.0
[INFO] [stderr]    Compiling url v2.5.8
[INFO] [stderr]    Compiling prettyplease v0.2.37
[INFO] [stderr]    Compiling dirs-sys-next v0.1.2
[INFO] [stderr]    Compiling spin v0.9.9
[INFO] [stderr]    Compiling color-spantrace v0.3.0
[INFO] [stderr]    Compiling tokio-util v0.7.18
[INFO] [stderr]    Compiling tower v0.5.3
[INFO] [stderr]    Compiling redb v4.1.0
[INFO] [stderr]    Compiling gimli v0.32.3
[INFO] [stderr]    Compiling h2 v0.4.15
[INFO] [stderr]    Compiling rust_decimal v1.42.1
[INFO] [stderr]    Compiling eyre v0.6.12
[INFO] [stderr]    Compiling portable-atomic v1.14.0
[INFO] [stderr]    Compiling dirs-sys v0.5.0
[INFO] [stderr]    Compiling chacha20 v0.10.1
[INFO] [stderr]    Compiling miniz_oxide v0.8.9
[INFO] [stderr]    Compiling tower-http v0.6.11
[INFO] [stderr]    Compiling dirs-next v2.0.0
[INFO] [stderr]    Compiling bon-macros v3.9.3
[INFO] [stderr]    Compiling strum_macros v0.24.3
[INFO] [stderr]    Compiling ratatui-macros v0.7.2
[INFO] [stderr]    Compiling ratatui-crossterm v0.1.2
[INFO] [stderr]    Compiling addr2line v0.25.1
[INFO] [stderr]    Compiling tracing-error v0.2.1
[INFO] [stderr]    Compiling futures-executor v0.3.32
[INFO] [stderr]    Compiling console v0.16.4
[INFO] [stderr]    Compiling rustls-webpki v0.103.13
[INFO] [stderr]    Compiling hyper v1.10.1
[INFO] [stderr]    Compiling cobs v0.3.0
[INFO] [stderr]    Compiling csv-core v0.1.13
[INFO] [stderr]    Compiling arrayvec v0.7.8
[INFO] [stderr]    Compiling hyper-util v0.1.20
[INFO] [stderr]    Compiling indenter v0.3.4
[INFO] [stderr]    Compiling tempfile v3.27.0
[INFO] [stderr]    Compiling backtrace v0.3.76
[INFO] [stderr]    Compiling chrono v0.4.45
[INFO] [stderr]    Compiling csv v1.4.0
[INFO] [stderr]    Compiling postcard v1.1.3
[INFO] [stderr]    Compiling bon v3.9.3
[INFO] [stderr]    Compiling futures v0.3.32
[INFO] [stderr]    Compiling strum v0.24.1
[INFO] [stderr]    Compiling ratatui v0.30.2
[INFO] [stderr]    Compiling term v0.7.0
[INFO] [stderr]    Compiling rand v0.10.2
[INFO] [stderr]    Compiling tokio-rustls v0.26.4
[INFO] [stderr]    Compiling rustls-platform-verifier v0.7.0
[INFO] [stderr]    Compiling dirs v6.0.0
[INFO] [stderr]    Compiling dns-lookup v3.0.1
[INFO] [stderr]    Compiling hyper-rustls v0.27.9
[INFO] [stderr]    Compiling is-terminal v0.4.17
[INFO] [stderr]    Compiling anpa v0.10.0
[INFO] [stderr]    Compiling reqwest v0.13.4
[INFO] [stderr]    Compiling encode_unicode v1.0.0
[INFO] [stderr]    Compiling micromath v2.1.0
[INFO] [stderr]    Compiling utf8-width v0.1.9
[INFO] [stderr]    Compiling shell-words v1.1.1
[INFO] [stderr]    Compiling unit-prefix v0.5.2
[INFO] [stderr]    Compiling maplit v1.0.2
[INFO] [stderr]    Compiling spinners v4.2.0
[INFO] [stderr]    Compiling indicatif v0.18.6
[INFO] [stderr]    Compiling prettytable-rs v0.10.0
[INFO] [stderr]    Compiling dialoguer v0.12.0
[INFO] [stderr]    Compiling byte-unit v5.2.5
[INFO] [stderr]    Compiling tachyonfx v0.25.1
[INFO] [stderr]    Compiling ctrlc v3.5.2
[INFO] [stderr]    Compiling tui-piechart v0.3.3
[INFO] [stderr]    Compiling netrunner-core v2.0.4
[INFO] [stderr]    Compiling color-eyre v0.6.5
[INFO] [stderr]    Compiling humantime v2.4.0
[INFO] [stderr]    Compiling netrunner_cli v2.0.4 (/opt/rustwide/workdir)
[INFO] [stderr]     Finished `release` profile [optimized] target(s) in 3m 35s
[INFO] running `Command { std: "docker" "inspect" "7768758461d35f8c710f9e7e6c20d6a6c44d6d381591bf91336921ccc684e15d", kill_on_drop: false }`
[INFO] running `Command { std: "docker" "exec" "-e" "SOURCE_DIR=/opt/rustwide/workdir" "-e" "CARGO_HOME=/opt/rustwide/cargo-home" "-e" "RUSTUP_HOME=/opt/rustwide/rustup-home" "-e" "CARGO_TARGET_DIR=/opt/rustwide/target" "-e" "CARGO_INCREMENTAL=0" "-e" "RUST_BACKTRACE=full" "-e" "RUSTFLAGS=--cap-lints=warn" "-e" "RUSTDOCFLAGS=--cap-lints=warn" "-w" "/opt/rustwide/workdir" "--user" "0:0" "7768758461d35f8c710f9e7e6c20d6a6c44d6d381591bf91336921ccc684e15d" "/opt/rustwide/cargo-home/bin/cargo" "+1.99.0-beta.8" "test" "--frozen" "--no-run" "--message-format=json" "--release", kill_on_drop: false }`
[INFO] [stderr]    Compiling tokio v1.53.0
[INFO] [stderr]    Compiling tokio-util v0.7.18
[INFO] [stderr]    Compiling tower v0.5.3
[INFO] [stderr]    Compiling tokio-rustls v0.26.4
[INFO] [stderr]    Compiling tokio-stream v0.1.18
[INFO] [stderr]    Compiling tower-http v0.6.11
[INFO] [stderr]    Compiling tokio-test v0.4.5
[INFO] [stderr]    Compiling h2 v0.4.15
[INFO] [stderr]    Compiling hyper v1.10.1
[INFO] [stderr]    Compiling hyper-util v0.1.20
[INFO] [stderr]    Compiling hyper-rustls v0.27.9
[INFO] [stderr]    Compiling reqwest v0.13.4
[INFO] [stderr]    Compiling netrunner-core v2.0.4
[INFO] [stderr]    Compiling netrunner_cli v2.0.4 (/opt/rustwide/workdir)
[INFO] [stderr]     Finished `release` profile [optimized] target(s) in 1m 16s
[INFO] running `Command { std: "docker" "inspect" "7768758461d35f8c710f9e7e6c20d6a6c44d6d381591bf91336921ccc684e15d", kill_on_drop: false }`
[INFO] running `Command { std: "docker" "exec" "-e" "SOURCE_DIR=/opt/rustwide/workdir" "-e" "CARGO_HOME=/opt/rustwide/cargo-home" "-e" "RUSTUP_HOME=/opt/rustwide/rustup-home" "-e" "CARGO_TARGET_DIR=/opt/rustwide/target" "-e" "CARGO_INCREMENTAL=0" "-e" "RUST_BACKTRACE=full" "-e" "RUSTFLAGS=--cap-lints=warn" "-e" "RUSTDOCFLAGS=--cap-lints=warn" "-w" "/opt/rustwide/workdir" "--user" "0:0" "7768758461d35f8c710f9e7e6c20d6a6c44d6d381591bf91336921ccc684e15d" "/opt/rustwide/cargo-home/bin/cargo" "+1.99.0-beta.8" "test" "--frozen" "--release", kill_on_drop: false }`
[INFO] [stderr]     Finished `release` profile [optimized] target(s) in 0.31s
[INFO] [stderr]      Running unittests src/lib.rs (/opt/rustwide/target/release/deps/netrunner_cli-0bf3488fe8a15f91)
[INFO] [stdout] 
[INFO] [stdout] running 3 tests
[INFO] [stdout] test logo::tests::test_logo_creation ... ok
[INFO] [stdout] test intro::tests::test_center_rect ... ok
[INFO] [stdout] test logo::tests::test_default_size ... ok
[INFO] [stdout] 
[INFO] [stdout] test result: ok. 3 passed; 0 failed; 0 ignored; 0 measured; 0 filtered out; finished in 0.00s
[INFO] [stdout] 
[INFO] [stderr]      Running unittests src/main.rs (/opt/rustwide/target/release/deps/netrunner_cli-cc80f5a5ccef7db3)
[INFO] [stdout] 
[INFO] [stdout] running 0 tests
[INFO] [stdout] 
[INFO] [stdout] test result: ok. 0 passed; 0 failed; 0 ignored; 0 measured; 0 filtered out; finished in 0.00s
[INFO] [stdout] 
[INFO] [stderr]      Running tests/binary_weight_tests.rs (/opt/rustwide/target/release/deps/binary_weight_tests-094478947368519e)
[INFO] [stdout] 
[INFO] [stdout] running 6 tests
[INFO] [stdout] test test_cargo_toml_has_exclude_patterns ... ok
[INFO] [stdout] test test_release_profile_optimized ... FAILED
[INFO] [stdout] test test_no_heavy_banned_direct_dependencies ... ok
[INFO] [stdout] test test_excluded_files_not_in_package ... ok
[INFO] [stdout] test test_package_file_count_reasonable ... ok
[INFO] [stdout] test test_no_aws_lc_sys_in_dependency_tree ... ok
[INFO] [stdout] 
[INFO] [stdout] failures:
[INFO] [stdout] 
[INFO] [stdout] ---- test_release_profile_optimized stdout ----
[INFO] [stdout] 
[INFO] [stdout] thread 'test_release_profile_optimized' (3404) panicked at tests/binary_weight_tests.rs:136:53:
[INFO] [stdout] Failed to read workspace Cargo.toml: Os { code: 2, kind: NotFound, message: "No such file or directory" }
[INFO] [stdout] stack backtrace:
[INFO] [stdout]    0:     0x65154965ea71 - <<std[70759c8f55707aa4]::sys::backtrace::BacktraceLock>::print::DisplayBacktrace as core[df12db4294e9bfd3]::fmt::Display>::fmt
[INFO] [stdout]    1:     0x651549672cba - core[df12db4294e9bfd3]::fmt::write
[INFO] [stdout]    2:     0x651549662f0c - <alloc[2182bb758b4b3781]::vec::Vec<u8> as core[df12db4294e9bfd3]::io::write::Write>::write_fmt
[INFO] [stdout]    3:     0x65154963abf6 - std[70759c8f55707aa4]::panicking::default_hook::{closure#0}
[INFO] [stdout]    4:     0x651549656e69 - std[70759c8f55707aa4]::panicking::default_hook
[INFO] [stdout]    5:     0x6515495f2ca0 - test[9d35eded1c95d3be]::test_main_inner::<test[9d35eded1c95d3be]::test_main_static::{closure#0}>::{closure#0}
[INFO] [stdout]    6:     0x651549657022 - std[70759c8f55707aa4]::panicking::panic_with_hook
[INFO] [stdout]    7:     0x65154963aca2 - std[70759c8f55707aa4]::panicking::panic_handler::{closure#0}
[INFO] [stdout]    8:     0x651549633899 - std[70759c8f55707aa4]::sys::backtrace::__rust_end_short_backtrace::<std[70759c8f55707aa4]::panicking::panic_handler::{closure#0}, !>
[INFO] [stdout]    9:     0x65154963b89d - __rustc[8fa7c3cbc660c2b3]::rust_begin_unwind
[INFO] [stdout]   10:     0x6515496733ec - core[df12db4294e9bfd3]::panicking::panic_fmt
[INFO] [stdout]   11:     0x6515496731c2 - core[df12db4294e9bfd3]::result::unwrap_failed
[INFO] [stdout]   12:     0x6515495e4806 - <binary_weight_tests[2d76983450394c8a]::test_release_profile_optimized::{closure#0} as core[df12db4294e9bfd3]::ops::function::FnOnce<()>>::call_once
[INFO] [stdout]   13:     0x6515495e5f8b - test[9d35eded1c95d3be]::__rust_begin_short_backtrace::<core[df12db4294e9bfd3]::result::Result<(), alloc[2182bb758b4b3781]::string::String>, fn() -> core[df12db4294e9bfd3]::result::Result<(), alloc[2182bb758b4b3781]::string::String>>
[INFO] [stdout]   14:     0x6515495f35f5 - test[9d35eded1c95d3be]::run_test::{closure#0}
[INFO] [stdout]   15:     0x6515495eceb4 - std[70759c8f55707aa4]::sys::backtrace::__rust_begin_short_backtrace::<test[9d35eded1c95d3be]::run_test::{closure#1}, ()>
[INFO] [stdout]   16:     0x6515495f6752 - <std[70759c8f55707aa4]::thread::lifecycle::spawn_unchecked<test[9d35eded1c95d3be]::run_test::{closure#1}, ()>::{closure#1} as core[df12db4294e9bfd3]::ops::function::FnOnce<()>>::call_once::{shim:vtable#0}
[INFO] [stdout]   17:     0x65154965dfd9 - <std[70759c8f55707aa4]::sys::thread::unix::Thread>::new::thread_start
[INFO] [stdout]   18:     0x77803c47fdfa - <unknown>
[INFO] [stdout]   19:     0x77803c5133d4 - clone
[INFO] [stdout]   20:                0x0 - <unknown>
[INFO] [stdout] 
[INFO] [stdout] 
[INFO] [stdout] failures:
[INFO] [stdout]     test_release_profile_optimized
[INFO] [stdout] 
[INFO] [stdout] test result: FAILED. 5 passed; 1 failed; 0 ignored; 0 measured; 0 filtered out; finished in 0.45s
[INFO] [stdout] 
[INFO] [stderr] error: test failed, to rerun pass `--test binary_weight_tests`
[INFO] running `Command { std: "docker" "inspect" "7768758461d35f8c710f9e7e6c20d6a6c44d6d381591bf91336921ccc684e15d", kill_on_drop: false }`
[INFO] running `Command { std: "docker" "rm" "-f" "7768758461d35f8c710f9e7e6c20d6a6c44d6d381591bf91336921ccc684e15d", kill_on_drop: false }`
[INFO] [stdout] 7768758461d35f8c710f9e7e6c20d6a6c44d6d381591bf91336921ccc684e15d
