[INFO] fetching crate netrunner-core 2.0.4...
[INFO] testing netrunner-core-2.0.4 against 1.99.0-beta.8+cargoflags=--release for beta-release-1.100-2
[INFO] extracting crate netrunner-core 2.0.4 into /workspace/builds/worker-5-tc1/source
[INFO] started tweaking crates.io crate netrunner-core 2.0.4
[INFO] removed 0 missing tests
[INFO] finished tweaking crates.io crate netrunner-core 2.0.4
[INFO] tweaked toml for crates.io crate netrunner-core 2.0.4 written to /workspace/builds/worker-5-tc1/source/Cargo.toml
[INFO] validating manifest of crates.io crate netrunner-core 2.0.4 on toolchain 1.99.0-beta.8
[INFO] running `Command { std: CARGO_HOME="/workspace/cargo-home" RUSTUP_HOME="/workspace/rustup-home" "/workspace/cargo-home/bin/cargo" "+1.99.0-beta.8" "metadata" "--manifest-path" "Cargo.toml" "--no-deps", kill_on_drop: false }`
[INFO] crate crates.io crate netrunner-core 2.0.4 already has a lockfile, it will not be regenerated
[INFO] running `Command { std: CARGO_HOME="/workspace/cargo-home" RUSTUP_HOME="/workspace/rustup-home" "/workspace/cargo-home/bin/cargo" "+1.99.0-beta.8" "fetch" "--manifest-path" "Cargo.toml", kill_on_drop: false }`
[INFO] [stderr]     Updating crates.io index
[INFO] [stderr]  Downloading crates ...
[INFO] [stderr]   Downloaded redb v4.1.0
[INFO] [stderr]   Downloaded dns-lookup v3.0.1
[INFO] [stderr]   Downloaded tokio v1.53.0
[INFO] running `Command { std: "docker" "create" "-v" "/var/lib/crater-agent-workspace/builds/worker-5-tc1/source:/opt/rustwide/workdir:ro,Z" "-v" "/var/lib/crater-agent-workspace/builds/worker-5-tc1/target:/opt/rustwide/target:rw,Z" "-v" "/var/lib/crater-agent-workspace/cargo-home:/opt/rustwide/cargo-home:ro,Z" "-v" "/var/lib/crater-agent-workspace/rustup-home:/opt/rustwide/rustup-home:ro,Z" "-m" "1610612736" "--network" "none" "ghcr.io/rust-lang/crates-build-env/linux@sha256:77db811e55d90add9212f6832c23229e3de5f1c1f9905e8cb07319ea15df73ac" "sleep" "infinity", kill_on_drop: false }`
[INFO] [stdout] 9b0ba30f23677d00415efba6253533106e71d2eac83b8b9986bf1f3de73fb738
[INFO] running `Command { std: "docker" "start" "9b0ba30f23677d00415efba6253533106e71d2eac83b8b9986bf1f3de73fb738", kill_on_drop: false }`
[INFO] running `Command { std: "docker" "inspect" "9b0ba30f23677d00415efba6253533106e71d2eac83b8b9986bf1f3de73fb738", kill_on_drop: false }`
[INFO] running `Command { std: "docker" "exec" "-e" "SOURCE_DIR=/opt/rustwide/workdir" "-e" "CARGO_HOME=/opt/rustwide/cargo-home" "-e" "RUSTUP_HOME=/opt/rustwide/rustup-home" "-e" "CARGO_TARGET_DIR=/opt/rustwide/target" "-w" "/opt/rustwide/workdir" "--user" "0:0" "9b0ba30f23677d00415efba6253533106e71d2eac83b8b9986bf1f3de73fb738" "/opt/rustwide/cargo-home/bin/cargo" "+1.99.0-beta.8" "metadata" "--no-deps" "--format-version=1", kill_on_drop: false }`
[INFO] running `Command { std: "docker" "inspect" "9b0ba30f23677d00415efba6253533106e71d2eac83b8b9986bf1f3de73fb738", kill_on_drop: false }`
[INFO] running `Command { std: "docker" "exec" "-e" "SOURCE_DIR=/opt/rustwide/workdir" "-e" "CARGO_HOME=/opt/rustwide/cargo-home" "-e" "RUSTUP_HOME=/opt/rustwide/rustup-home" "-e" "CARGO_TARGET_DIR=/opt/rustwide/target" "-e" "CARGO_INCREMENTAL=0" "-e" "RUST_BACKTRACE=full" "-e" "RUSTFLAGS=--cap-lints=warn" "-e" "RUSTDOCFLAGS=--cap-lints=warn" "-w" "/opt/rustwide/workdir" "--user" "0:0" "9b0ba30f23677d00415efba6253533106e71d2eac83b8b9986bf1f3de73fb738" "/opt/rustwide/cargo-home/bin/cargo" "+1.99.0-beta.8" "build" "--frozen" "--message-format=json" "--release", kill_on_drop: false }`
[INFO] [stderr]    Compiling syn v2.0.119
[INFO] [stderr]    Compiling parking_lot_core v0.9.12
[INFO] [stderr]    Compiling socket2 v0.6.5
[INFO] [stderr]    Compiling cc v1.2.67
[INFO] [stderr]    Compiling mio v1.2.2
[INFO] [stderr]    Compiling memchr v2.8.3
[INFO] [stderr]    Compiling http v1.4.2
[INFO] [stderr]    Compiling rustls-pki-types v1.15.0
[INFO] [stderr]    Compiling parking_lot v0.12.5
[INFO] [stderr]    Compiling rustls v0.23.42
[INFO] [stderr]    Compiling log v0.4.33
[INFO] [stderr]    Compiling num-traits v0.2.19
[INFO] [stderr]    Compiling heapless v0.7.17
[INFO] [stderr]    Compiling http-body v1.1.0
[INFO] [stderr]    Compiling byteorder v1.5.0
[INFO] [stderr]    Compiling rustls-native-certs v0.8.4
[INFO] [stderr]    Compiling redb v4.1.0
[INFO] [stderr]    Compiling hash32 v0.2.1
[INFO] [stderr]    Compiling bitflags v2.13.1
[INFO] [stderr]    Compiling chacha20 v0.10.1
[INFO] [stderr]    Compiling serde_json v1.0.150
[INFO] [stderr]    Compiling http-body-util v0.1.4
[INFO] [stderr]    Compiling ring v0.17.14
[INFO] [stderr]    Compiling rand v0.10.2
[INFO] [stderr]    Compiling dns-lookup v3.0.1
[INFO] [stderr]    Compiling synstructure v0.13.2
[INFO] [stderr]    Compiling zerofrom-derive v0.1.7
[INFO] [stderr]    Compiling yoke-derive v0.8.2
[INFO] [stderr]    Compiling zerovec-derive v0.11.3
[INFO] [stderr]    Compiling displaydoc v0.2.6
[INFO] [stderr]    Compiling tokio-macros v2.7.1
[INFO] [stderr]    Compiling futures-macro v0.3.32
[INFO] [stderr]    Compiling serde_derive v1.0.228
[INFO] [stderr]    Compiling futures-util v0.3.32
[INFO] [stderr]    Compiling tokio v1.53.0
[INFO] [stderr]    Compiling thiserror-impl v2.0.18
[INFO] [stderr]    Compiling zerofrom v0.1.8
[INFO] [stderr]    Compiling strum_macros v0.28.0
[INFO] [stderr]    Compiling yoke v0.8.3
[INFO] [stderr]    Compiling zerovec v0.11.6
[INFO] [stderr]    Compiling zerotrie v0.2.4
[INFO] [stderr]    Compiling tinystr v0.8.3
[INFO] [stderr]    Compiling potential_utf v0.1.5
[INFO] [stderr]    Compiling icu_locale_core v2.2.0
[INFO] [stderr]    Compiling icu_collections v2.2.0
[INFO] [stderr]    Compiling thiserror v2.0.18
[INFO] [stderr]    Compiling cobs v0.3.0
[INFO] [stderr]    Compiling strum v0.28.0
[INFO] [stderr]    Compiling icu_provider v2.2.0
[INFO] [stderr]    Compiling icu_normalizer v2.2.0
[INFO] [stderr]    Compiling icu_properties v2.2.0
[INFO] [stderr]    Compiling serde v1.0.228
[INFO] [stderr]    Compiling futures-executor v0.3.32
[INFO] [stderr]    Compiling chrono v0.4.45
[INFO] [stderr]    Compiling futures v0.3.32
[INFO] [stderr]    Compiling idna_adapter v1.2.2
[INFO] [stderr]    Compiling idna v1.1.0
[INFO] [stderr]    Compiling postcard v1.1.3
[INFO] [stderr]    Compiling url v2.5.8
[INFO] [stderr]    Compiling tokio-util v0.7.18
[INFO] [stderr]    Compiling h2 v0.4.15
[INFO] [stderr]    Compiling tower v0.5.3
[INFO] [stderr]    Compiling tower-http v0.6.11
[INFO] [stderr]    Compiling rustls-webpki v0.103.13
[INFO] [stderr]    Compiling hyper v1.10.1
[INFO] [stderr]    Compiling hyper-util v0.1.20
[INFO] [stderr]    Compiling tokio-rustls v0.26.4
[INFO] [stderr]    Compiling rustls-platform-verifier v0.7.0
[INFO] [stderr]    Compiling hyper-rustls v0.27.9
[INFO] [stderr]    Compiling reqwest v0.13.4
[INFO] [stderr]    Compiling netrunner-core v2.0.4 (/opt/rustwide/workdir)
[INFO] [stderr]     Finished `release` profile [optimized] target(s) in 2m 17s
[INFO] running `Command { std: "docker" "inspect" "9b0ba30f23677d00415efba6253533106e71d2eac83b8b9986bf1f3de73fb738", kill_on_drop: false }`
[INFO] running `Command { std: "docker" "exec" "-e" "SOURCE_DIR=/opt/rustwide/workdir" "-e" "CARGO_HOME=/opt/rustwide/cargo-home" "-e" "RUSTUP_HOME=/opt/rustwide/rustup-home" "-e" "CARGO_TARGET_DIR=/opt/rustwide/target" "-e" "CARGO_INCREMENTAL=0" "-e" "RUST_BACKTRACE=full" "-e" "RUSTFLAGS=--cap-lints=warn" "-e" "RUSTDOCFLAGS=--cap-lints=warn" "-w" "/opt/rustwide/workdir" "--user" "0:0" "9b0ba30f23677d00415efba6253533106e71d2eac83b8b9986bf1f3de73fb738" "/opt/rustwide/cargo-home/bin/cargo" "+1.99.0-beta.8" "test" "--frozen" "--no-run" "--message-format=json" "--release", kill_on_drop: false }`
[INFO] [stderr]    Compiling tokio v1.53.0
[INFO] [stderr]    Compiling bitflags v2.13.1
[INFO] [stderr]    Compiling fastrand v2.4.1
[INFO] [stderr]    Compiling rustix v1.1.4
[INFO] [stderr]    Compiling tempfile v3.27.0
[INFO] [stderr]    Compiling tokio-util v0.7.18
[INFO] [stderr]    Compiling tokio-rustls v0.26.4
[INFO] [stderr]    Compiling tower v0.5.3
[INFO] [stderr]    Compiling tokio-stream v0.1.18
[INFO] [stderr]    Compiling tower-http v0.6.11
[INFO] [stderr]    Compiling h2 v0.4.15
[INFO] [stderr]    Compiling tokio-test v0.4.5
[INFO] [stderr]    Compiling hyper v1.10.1
[INFO] [stderr]    Compiling hyper-util v0.1.20
[INFO] [stderr]    Compiling hyper-rustls v0.27.9
[INFO] [stderr]    Compiling reqwest v0.13.4
[INFO] [stderr]    Compiling netrunner-core v2.0.4 (/opt/rustwide/workdir)
[INFO] [stderr]     Finished `release` profile [optimized] target(s) in 1m 20s
[INFO] running `Command { std: "docker" "inspect" "9b0ba30f23677d00415efba6253533106e71d2eac83b8b9986bf1f3de73fb738", kill_on_drop: false }`
[INFO] running `Command { std: "docker" "exec" "-e" "SOURCE_DIR=/opt/rustwide/workdir" "-e" "CARGO_HOME=/opt/rustwide/cargo-home" "-e" "RUSTUP_HOME=/opt/rustwide/rustup-home" "-e" "CARGO_TARGET_DIR=/opt/rustwide/target" "-e" "CARGO_INCREMENTAL=0" "-e" "RUST_BACKTRACE=full" "-e" "RUSTFLAGS=--cap-lints=warn" "-e" "RUSTDOCFLAGS=--cap-lints=warn" "-w" "/opt/rustwide/workdir" "--user" "0:0" "9b0ba30f23677d00415efba6253533106e71d2eac83b8b9986bf1f3de73fb738" "/opt/rustwide/cargo-home/bin/cargo" "+1.99.0-beta.8" "test" "--frozen" "--release", kill_on_drop: false }`
[INFO] [stderr]     Finished `release` profile [optimized] target(s) in 0.18s
[INFO] [stderr]      Running unittests src/lib.rs (/opt/rustwide/target/release/deps/netrunner_core-4dbb472e27621f60)
[INFO] [stdout] 
[INFO] [stdout] running 27 tests
[INFO] [stdout] test presentation::tests::macro_uses_canonical_palette ... ok
[INFO] [stdout] test events::tests::emit_is_a_noop_without_a_sender ... ok
[INFO] [stdout] test events::tests::emit_delivers_to_receiver ... ok
[INFO] [stdout] test presentation::tests::quality_rgb_is_stable ... ok
[INFO] [stdout] test settings::tests::default_matches_test_config ... ok
[INFO] [stdout] test settings::tests::json_roundtrip ... ok
[INFO] [stdout] test settings::tests::partial_json_uses_defaults ... ok
[INFO] [stdout] test speed_test::tests::build_geo_rejects_zero_coords ... ok
[INFO] [stdout] test speed_test::tests::geo_str_field_extracts_and_rejects ... ok
[INFO] [stdout] test speed_test::tests::sustained_mbps_falls_back_for_short_tests ... ok
[INFO] [stdout] test speed_test::tests::parse_latlon_pair_ok_and_err ... ok
[INFO] [stdout] test speed_test::tests::sustained_mbps_excludes_warmup ... ok
[INFO] [stdout] test events::tests::phase_titles_are_present ... ok
[INFO] [stdout] test types::tests::test_connection_quality_boundary_conditions ... ok
[INFO] [stdout] test speed_test::tests::sustained_mbps_trims_outliers ... ok
[INFO] [stdout] test speed_test::tests::sustained_mbps_zero_when_no_data ... ok
[INFO] [stdout] test types::tests::test_connection_quality_from_speed_and_ping ... ok
[INFO] [stdout] test types::tests::test_detail_level_ordering ... ok
[INFO] [stdout] test types::tests::test_route_hop_creation ... ok
[INFO] [stdout] test types::tests::test_speed_test_result_default ... ok
[INFO] [stdout] test types::tests::test_test_config_default ... ok
[INFO] [stdout] test types::tests::test_test_server_creation ... ok
[INFO] [stdout] test history::tests::test_statistics ... ok
[INFO] [stdout] test history::tests::test_storage_creation ... ok
[INFO] [stdout] test history::tests::migrates_over_stale_sled_directory ... ok
[INFO] [stdout] test history::tests::test_save_and_retrieve ... ok
[INFO] [stdout] test speed_test::tests::test_region_determination ... ok
[INFO] [stdout] 
[INFO] [stdout] test result: ok. 27 passed; 0 failed; 0 ignored; 0 measured; 0 filtered out; finished in 0.10s
[INFO] [stdout] 
[INFO] [stderr]      Running tests/geolocation_tests.rs (/opt/rustwide/target/release/deps/geolocation_tests-80a958c0fafaa84e)
[INFO] [stdout] 
[INFO] [stdout] running 22 tests
[INFO] [stdout] test test_geolocation_clone ... ok
[INFO] [stdout] test test_geolocation_debug_format ... ok
[INFO] [stdout] test test_geolocation_error_cases ... ok
[INFO] [stdout] test test_geolocation_extreme_coordinates ... ok
[INFO] [stdout] test test_default_fallback_location ... ok
[INFO] [stdout] test test_geolocation_coordinate_precision ... ok
[INFO] [stdout] test test_geolocation_isp_parsing ... ok
[INFO] [stdout] test test_geolocation_major_cities ... ok
[INFO] [stdout] test test_geolocation_serialization ... ok
[INFO] [stdout] test test_geolocation_service_names ... ok
[INFO] [stdout] test test_geolocation_validation_invalid_longitude ... ok
[INFO] [stdout] test test_geolocation_with_special_characters ... ok
[INFO] [stdout] test test_geolocation_with_minimal_data ... ok
[INFO] [stdout] test test_geolocation_distance_calculation ... ok
[INFO] [stdout] test test_continent_determination ... ok
[INFO] [stdout] test test_geolocation_basic_structure ... ok
[INFO] [stdout] test test_debug_mode_environment_variable ... ok
[INFO] [stdout] test test_geolocation_api_fallback_behavior ... ok
[INFO] [stdout] test test_geolocation_without_isp ... ok
[INFO] [stdout] test test_geolocation_validation_invalid_latitude ... ok
[INFO] [stdout] test test_timezone_implications ... ok
[INFO] [stderr]      Running tests/history_tests.rs (/opt/rustwide/target/release/deps/history_tests-42012b3cf9e97c60)
[INFO] [stdout] test test_real_geolocation_detection ... ok
[INFO] [stdout] 
[INFO] [stdout] test result: ok. 22 passed; 0 failed; 0 ignored; 0 measured; 0 filtered out; finished in 0.07s
[INFO] [stdout] 
[INFO] [stdout] 
[INFO] [stdout] running 5 tests
[INFO] [stdout] test test_connection_quality_boundary_conditions ... ok
[INFO] [stdout] test test_connection_quality_display ... ok
[INFO] [stdout] test test_connection_quality_from_speed_and_ping ... ok
[INFO] [stdout] test test_speed_test_result_creation ... ok
[INFO] [stdout] test test_speed_test_result_default ... ok
[INFO] [stdout] 
[INFO] [stdout] test result: ok. 5 passed; 0 failed; 0 ignored; 0 measured; 0 filtered out; finished in 0.00s
[INFO] [stdout] 
[INFO] [stderr]      Running tests/integration_tests.rs (/opt/rustwide/target/release/deps/integration_tests-24ff27b51b423c36)
[INFO] [stdout] 
[INFO] [stdout] running 6 tests
[INFO] [stdout] test test_connection_quality_rating ... ok
[INFO] [stdout] test test_speed_test_creation ... ok
[INFO] [stdout] test test_speed_test_with_custom_config ... ok
[INFO] [stdout] test test_speed_test_timeout ... FAILED
[INFO] [stderr] error: test failed, to rerun pass `--test integration_tests`
[INFO] [stdout] test test_multiple_speed_tests ... FAILED
[INFO] [stdout] test test_speed_test_result_structure ... FAILED
[INFO] [stdout] 
[INFO] [stdout] failures:
[INFO] [stdout] 
[INFO] [stdout] ---- test_speed_test_timeout stdout ----
[INFO] [stdout] 
[INFO] [stdout] thread 'test_speed_test_timeout' (2155) panicked at tests/integration_tests.rs:81:5:
[INFO] [stdout] assertion failed: result.is_ok()
[INFO] [stdout] stack backtrace:
[INFO] [stdout]    0:     0x60ccdb2224d1 - <<std[70759c8f55707aa4]::sys::backtrace::BacktraceLock>::print::DisplayBacktrace as core[df12db4294e9bfd3]::fmt::Display>::fmt
[INFO] [stdout]    1:     0x60ccdb239cba - core[df12db4294e9bfd3]::fmt::write
[INFO] [stdout]    2:     0x60ccdb2277fc - <alloc[2182bb758b4b3781]::vec::Vec<u8> as core[df12db4294e9bfd3]::io::write::Write>::write_fmt
[INFO] [stdout]    3:     0x60ccdb1fcd86 - std[70759c8f55707aa4]::panicking::default_hook::{closure#0}
[INFO] [stdout]    4:     0x60ccdb219c69 - std[70759c8f55707aa4]::panicking::default_hook
[INFO] [stdout]    5:     0x60ccdaf4d140 - test[9d35eded1c95d3be]::test_main_inner::<test[9d35eded1c95d3be]::test_main_static::{closure#0}>::{closure#0}
[INFO] [stdout]    6:     0x60ccdb219f92 - std[70759c8f55707aa4]::panicking::panic_with_hook
[INFO] [stdout]    7:     0x60ccdb1fce64 - std[70759c8f55707aa4]::panicking::panic_handler::{closure#0}
[INFO] [stdout]    8:     0x60ccdb1f5a39 - std[70759c8f55707aa4]::sys::backtrace::__rust_end_short_backtrace::<std[70759c8f55707aa4]::panicking::panic_handler::{closure#0}, !>
[INFO] [stdout]    9:     0x60ccdb1fdc1d - __rustc[8fa7c3cbc660c2b3]::rust_begin_unwind
[INFO] [stdout]   10:     0x60ccdb23a41c - core[df12db4294e9bfd3]::panicking::panic_fmt
[INFO] [stdout]   11:     0x60ccdb23a3e2 - core[df12db4294e9bfd3]::panicking::panic
[INFO] [stdout]   12:     0x60ccdaf0c495 - integration_tests[a0539e3ca75168e8]::test_speed_test_timeout::{closure#0}
[INFO] [stdout]   13:     0x60ccdaf2c100 - <tokio[3c480da24f9604f5]::runtime::scheduler::current_thread::CurrentThread>::block_on::<core[df12db4294e9bfd3]::pin::Pin<&mut dyn core[df12db4294e9bfd3]::future::future::Future<Output = ()>>>
[INFO] [stdout]   14:     0x60ccdaf39c92 - <tokio[3c480da24f9604f5]::runtime::runtime::Runtime>::block_on::<core[df12db4294e9bfd3]::pin::Pin<&mut dyn core[df12db4294e9bfd3]::future::future::Future<Output = ()>>>
[INFO] [stdout]   15:     0x60ccdaf1a53e - <integration_tests[a0539e3ca75168e8]::test_speed_test_timeout::{closure#0} as core[df12db4294e9bfd3]::ops::function::FnOnce<()>>::call_once
[INFO] [stdout]   16:     0x60ccdaf4042b - test[9d35eded1c95d3be]::__rust_begin_short_backtrace::<core[df12db4294e9bfd3]::result::Result<(), alloc[2182bb758b4b3781]::string::String>, fn() -> core[df12db4294e9bfd3]::result::Result<(), alloc[2182bb758b4b3781]::string::String>>
[INFO] [stdout]   17:     0x60ccdaf4da95 - test[9d35eded1c95d3be]::run_test::{closure#0}
[INFO] [stdout]   18:     0x60ccdaf47354 - std[70759c8f55707aa4]::sys::backtrace::__rust_begin_short_backtrace::<test[9d35eded1c95d3be]::run_test::{closure#1}, ()>
[INFO] [stdout]   19:     0x60ccdaf50bf2 - <std[70759c8f55707aa4]::thread::lifecycle::spawn_unchecked<test[9d35eded1c95d3be]::run_test::{closure#1}, ()>::{closure#1} as core[df12db4294e9bfd3]::ops::function::FnOnce<()>>::call_once::{shim:vtable#0}
[INFO] [stdout]   20:     0x60ccdb2219f9 - <std[70759c8f55707aa4]::sys::thread::unix::Thread>::new::thread_start
[INFO] [stdout]   21:     0x722d0a23fdfa - <unknown>
[INFO] [stdout]   22:     0x722d0a2d33d4 - clone
[INFO] [stdout]   23:                0x0 - <unknown>
[INFO] [stdout] 
[INFO] [stdout] ---- test_multiple_speed_tests stdout ----
[INFO] [stdout] 
[INFO] [stdout] thread 'test_multiple_speed_tests' (2152) panicked at tests/integration_tests.rs:137:9:
[INFO] [stdout] assertion failed: result.is_ok()
[INFO] [stdout] stack backtrace:
[INFO] [stdout]    0:     0x60ccdb2224d1 - <<std[70759c8f55707aa4]::sys::backtrace::BacktraceLock>::print::DisplayBacktrace as core[df12db4294e9bfd3]::fmt::Display>::fmt
[INFO] [stdout]    1:     0x60ccdb239cba - core[df12db4294e9bfd3]::fmt::write
[INFO] [stdout]    2:     0x60ccdb2277fc - <alloc[2182bb758b4b3781]::vec::Vec<u8> as core[df12db4294e9bfd3]::io::write::Write>::write_fmt
[INFO] [stdout]    3:     0x60ccdb1fcd86 - std[70759c8f55707aa4]::panicking::default_hook::{closure#0}
[INFO] [stdout]    4:     0x60ccdb219c69 - std[70759c8f55707aa4]::panicking::default_hook
[INFO] [stdout]    5:     0x60ccdaf4d140 - test[9d35eded1c95d3be]::test_main_inner::<test[9d35eded1c95d3be]::test_main_static::{closure#0}>::{closure#0}
[INFO] [stdout]    6:     0x60ccdb219f92 - std[70759c8f55707aa4]::panicking::panic_with_hook
[INFO] [stdout]    7:     0x60ccdb1fce64 - std[70759c8f55707aa4]::panicking::panic_handler::{closure#0}
[INFO] [stdout]    8:     0x60ccdb1f5a39 - std[70759c8f55707aa4]::sys::backtrace::__rust_end_short_backtrace::<std[70759c8f55707aa4]::panicking::panic_handler::{closure#0}, !>
[INFO] [stdout]    9:     0x60ccdb1fdc1d - __rustc[8fa7c3cbc660c2b3]::rust_begin_unwind
[INFO] [stdout]   10:     0x60ccdb23a41c - core[df12db4294e9bfd3]::panicking::panic_fmt
[INFO] [stdout]   11:     0x60ccdb23a3e2 - core[df12db4294e9bfd3]::panicking::panic
[INFO] [stdout]   12:     0x60ccdaf0cbad - integration_tests[a0539e3ca75168e8]::test_multiple_speed_tests::{closure#0}
[INFO] [stdout]   13:     0x60ccdaf2c100 - <tokio[3c480da24f9604f5]::runtime::scheduler::current_thread::CurrentThread>::block_on::<core[df12db4294e9bfd3]::pin::Pin<&mut dyn core[df12db4294e9bfd3]::future::future::Future<Output = ()>>>
[INFO] [stdout]   14:     0x60ccdaf39c92 - <tokio[3c480da24f9604f5]::runtime::runtime::Runtime>::block_on::<core[df12db4294e9bfd3]::pin::Pin<&mut dyn core[df12db4294e9bfd3]::future::future::Future<Output = ()>>>
[INFO] [stdout]   15:     0x60ccdaf1a7fe - <integration_tests[a0539e3ca75168e8]::test_multiple_speed_tests::{closure#0} as core[df12db4294e9bfd3]::ops::function::FnOnce<()>>::call_once
[INFO] [stdout]   16:     0x60ccdaf4042b - test[9d35eded1c95d3be]::__rust_begin_short_backtrace::<core[df12db4294e9bfd3]::result::Result<(), alloc[2182bb758b4b3781]::string::String>, fn() -> core[df12db4294e9bfd3]::result::Result<(), alloc[2182bb758b4b3781]::string::String>>
[INFO] [stdout]   17:     0x60ccdaf4da95 - test[9d35eded1c95d3be]::run_test::{closure#0}
[INFO] [stdout]   18:     0x60ccdaf47354 - std[70759c8f55707aa4]::sys::backtrace::__rust_begin_short_backtrace::<test[9d35eded1c95d3be]::run_test::{closure#1}, ()>
[INFO] [stdout]   19:     0x60ccdaf50bf2 - <std[70759c8f55707aa4]::thread::lifecycle::spawn_unchecked<test[9d35eded1c95d3be]::run_test::{closure#1}, ()>::{closure#1} as core[df12db4294e9bfd3]::ops::function::FnOnce<()>>::call_once::{shim:vtable#0}
[INFO] [stdout]   20:     0x60ccdb2219f9 - <std[70759c8f55707aa4]::sys::thread::unix::Thread>::new::thread_start
[INFO] [stdout]   21:     0x722d0a23fdfa - <unknown>
[INFO] [stdout]   22:     0x722d0a2d33d4 - clone
[INFO] [stdout]   23:                0x0 - <unknown>
[INFO] [stdout] 
[INFO] [stdout] ---- test_speed_test_result_structure stdout ----
[INFO] [stdout] 
[INFO] [stdout] thread 'test_speed_test_result_structure' (2154) panicked at tests/integration_tests.rs:104:5:
[INFO] [stdout] assertion failed: result.is_ok()
[INFO] [stdout] stack backtrace:
[INFO] [stdout]    0:     0x60ccdb2224d1 - <<std[70759c8f55707aa4]::sys::backtrace::BacktraceLock>::print::DisplayBacktrace as core[df12db4294e9bfd3]::fmt::Display>::fmt
[INFO] [stdout]    1:     0x60ccdb239cba - core[df12db4294e9bfd3]::fmt::write
[INFO] [stdout]    2:     0x60ccdb2277fc - <alloc[2182bb758b4b3781]::vec::Vec<u8> as core[df12db4294e9bfd3]::io::write::Write>::write_fmt
[INFO] [stdout]    3:     0x60ccdb1fcd86 - std[70759c8f55707aa4]::panicking::default_hook::{closure#0}
[INFO] [stdout]    4:     0x60ccdb219c69 - std[70759c8f55707aa4]::panicking::default_hook
[INFO] [stdout]    5:     0x60ccdaf4d140 - test[9d35eded1c95d3be]::test_main_inner::<test[9d35eded1c95d3be]::test_main_static::{closure#0}>::{closure#0}
[INFO] [stdout]    6:     0x60ccdb219f92 - std[70759c8f55707aa4]::panicking::panic_with_hook
[INFO] [stdout]    7:     0x60ccdb1fce64 - std[70759c8f55707aa4]::panicking::panic_handler::{closure#0}
[INFO] [stdout]    8:     0x60ccdb1f5a39 - std[70759c8f55707aa4]::sys::backtrace::__rust_end_short_backtrace::<std[70759c8f55707aa4]::panicking::panic_handler::{closure#0}, !>
[INFO] [stdout]    9:     0x60ccdb1fdc1d - __rustc[8fa7c3cbc660c2b3]::rust_begin_unwind
[INFO] [stdout]   10:     0x60ccdb23a41c - core[df12db4294e9bfd3]::panicking::panic_fmt
[INFO] [stdout]   11:     0x60ccdb23a3e2 - core[df12db4294e9bfd3]::panicking::panic
[INFO] [stdout]   12:     0x60ccdaf0d0cb - integration_tests[a0539e3ca75168e8]::test_speed_test_result_structure::{closure#0}
[INFO] [stdout]   13:     0x60ccdaf2c100 - <tokio[3c480da24f9604f5]::runtime::scheduler::current_thread::CurrentThread>::block_on::<core[df12db4294e9bfd3]::pin::Pin<&mut dyn core[df12db4294e9bfd3]::future::future::Future<Output = ()>>>
[INFO] [stdout]   14:     0x60ccdaf39c92 - <tokio[3c480da24f9604f5]::runtime::runtime::Runtime>::block_on::<core[df12db4294e9bfd3]::pin::Pin<&mut dyn core[df12db4294e9bfd3]::future::future::Future<Output = ()>>>
[INFO] [stdout]   15:     0x60ccdaf1aa9e - <integration_tests[a0539e3ca75168e8]::test_speed_test_result_structure::{closure#0} as core[df12db4294e9bfd3]::ops::function::FnOnce<()>>::call_once
[INFO] [stdout]   16:     0x60ccdaf4042b - test[9d35eded1c95d3be]::__rust_begin_short_backtrace::<core[df12db4294e9bfd3]::result::Result<(), alloc[2182bb758b4b3781]::string::String>, fn() -> core[df12db4294e9bfd3]::result::Result<(), alloc[2182bb758b4b3781]::string::String>>
[INFO] [stdout]   17:     0x60ccdaf4da95 - test[9d35eded1c95d3be]::run_test::{closure#0}
[INFO] [stdout]   18:     0x60ccdaf47354 - std[70759c8f55707aa4]::sys::backtrace::__rust_begin_short_backtrace::<test[9d35eded1c95d3be]::run_test::{closure#1}, ()>
[INFO] [stdout]   19:     0x60ccdaf50bf2 - <std[70759c8f55707aa4]::thread::lifecycle::spawn_unchecked<test[9d35eded1c95d3be]::run_test::{closure#1}, ()>::{closure#1} as core[df12db4294e9bfd3]::ops::function::FnOnce<()>>::call_once::{shim:vtable#0}
[INFO] [stdout]   20:     0x60ccdb2219f9 - <std[70759c8f55707aa4]::sys::thread::unix::Thread>::new::thread_start
[INFO] [stdout]   21:     0x722d0a23fdfa - <unknown>
[INFO] [stdout]   22:     0x722d0a2d33d4 - clone
[INFO] [stdout]   23:                0x0 - <unknown>
[INFO] [stdout] 
[INFO] [stdout] 
[INFO] [stdout] failures:
[INFO] [stdout]     test_multiple_speed_tests
[INFO] [stdout]     test_speed_test_result_structure
[INFO] [stdout]     test_speed_test_timeout
[INFO] [stdout] 
[INFO] [stdout] test result: FAILED. 3 passed; 3 failed; 0 ignored; 0 measured; 0 filtered out; finished in 0.08s
[INFO] [stdout] 
[INFO] running `Command { std: "docker" "inspect" "9b0ba30f23677d00415efba6253533106e71d2eac83b8b9986bf1f3de73fb738", kill_on_drop: false }`
[INFO] running `Command { std: "docker" "rm" "-f" "9b0ba30f23677d00415efba6253533106e71d2eac83b8b9986bf1f3de73fb738", kill_on_drop: false }`
[INFO] [stdout] 9b0ba30f23677d00415efba6253533106e71d2eac83b8b9986bf1f3de73fb738
