[INFO] fetching crate netru 0.1.1...
[INFO] testing netru-0.1.1 against 1.100.0-beta.1+cargoflags=--release for beta-release-1.100-2
[INFO] extracting crate netru 0.1.1 into /workspace/builds/worker-0-tc2/source
[INFO] started tweaking crates.io crate netru 0.1.1
[INFO] removed 0 missing tests
[INFO] finished tweaking crates.io crate netru 0.1.1
[INFO] tweaked toml for crates.io crate netru 0.1.1 written to /workspace/builds/worker-0-tc2/source/Cargo.toml
[INFO] validating manifest of crates.io crate netru 0.1.1 on toolchain 1.100.0-beta.1
[INFO] running `Command { std: CARGO_HOME="/workspace/cargo-home" RUSTUP_HOME="/workspace/rustup-home" "/workspace/cargo-home/bin/cargo" "+1.100.0-beta.1" "metadata" "--manifest-path" "Cargo.toml" "--no-deps", kill_on_drop: false }`
[INFO] crate crates.io crate netru 0.1.1 already has a lockfile, it will not be regenerated
[INFO] running `Command { std: CARGO_HOME="/workspace/cargo-home" RUSTUP_HOME="/workspace/rustup-home" "/workspace/cargo-home/bin/cargo" "+1.100.0-beta.1" "fetch" "--manifest-path" "Cargo.toml", kill_on_drop: false }`
[INFO] running `Command { std: "docker" "create" "-v" "/var/lib/crater-agent-workspace/builds/worker-0-tc2/source:/opt/rustwide/workdir:ro,Z" "-v" "/var/lib/crater-agent-workspace/builds/worker-0-tc2/target:/opt/rustwide/target:rw,Z" "-v" "/var/lib/crater-agent-workspace/cargo-home:/opt/rustwide/cargo-home:ro,Z" "-v" "/var/lib/crater-agent-workspace/rustup-home:/opt/rustwide/rustup-home:ro,Z" "-m" "1610612736" "--network" "none" "ghcr.io/rust-lang/crates-build-env/linux@sha256:77db811e55d90add9212f6832c23229e3de5f1c1f9905e8cb07319ea15df73ac" "sleep" "infinity", kill_on_drop: false }`
[INFO] [stdout] 7f7c33925a3e50595d88afcff6b16c55b9a9f816e68c1687dc79fd0b001fbb95
[INFO] running `Command { std: "docker" "start" "7f7c33925a3e50595d88afcff6b16c55b9a9f816e68c1687dc79fd0b001fbb95", kill_on_drop: false }`
[INFO] running `Command { std: "docker" "inspect" "7f7c33925a3e50595d88afcff6b16c55b9a9f816e68c1687dc79fd0b001fbb95", kill_on_drop: false }`
[INFO] running `Command { std: "docker" "exec" "-e" "SOURCE_DIR=/opt/rustwide/workdir" "-e" "CARGO_HOME=/opt/rustwide/cargo-home" "-e" "RUSTUP_HOME=/opt/rustwide/rustup-home" "-e" "CARGO_TARGET_DIR=/opt/rustwide/target" "-w" "/opt/rustwide/workdir" "--user" "0:0" "7f7c33925a3e50595d88afcff6b16c55b9a9f816e68c1687dc79fd0b001fbb95" "/opt/rustwide/cargo-home/bin/cargo" "+1.100.0-beta.1" "metadata" "--no-deps" "--format-version=1", kill_on_drop: false }`
[INFO] running `Command { std: "docker" "inspect" "7f7c33925a3e50595d88afcff6b16c55b9a9f816e68c1687dc79fd0b001fbb95", kill_on_drop: false }`
[INFO] running `Command { std: "docker" "exec" "-e" "SOURCE_DIR=/opt/rustwide/workdir" "-e" "CARGO_HOME=/opt/rustwide/cargo-home" "-e" "RUSTUP_HOME=/opt/rustwide/rustup-home" "-e" "CARGO_TARGET_DIR=/opt/rustwide/target" "-e" "CARGO_INCREMENTAL=0" "-e" "RUST_BACKTRACE=full" "-e" "RUSTFLAGS=--cap-lints=warn" "-e" "RUSTDOCFLAGS=--cap-lints=warn" "-w" "/opt/rustwide/workdir" "--user" "0:0" "7f7c33925a3e50595d88afcff6b16c55b9a9f816e68c1687dc79fd0b001fbb95" "/opt/rustwide/cargo-home/bin/cargo" "+1.100.0-beta.1" "build" "--frozen" "--message-format=json" "--release", kill_on_drop: false }`
[INFO] [stderr]    Compiling zerocopy v0.8.40
[INFO] [stderr]    Compiling regex-syntax v0.8.10
[INFO] [stderr]    Compiling xdg v2.5.2
[INFO] [stderr]    Compiling libc v0.2.182
[INFO] [stderr]    Compiling ahash v0.8.12
[INFO] [stderr]    Compiling aho-corasick v1.1.4
[INFO] [stderr]    Compiling thiserror-impl v1.0.69
[INFO] [stderr]    Compiling thiserror v1.0.69
[INFO] [stderr]    Compiling getrandom v0.3.4
[INFO] [stderr]    Compiling regex-automata v0.4.14
[INFO] [stderr]    Compiling regex v1.12.3
[INFO] [stderr]    Compiling iptools v0.3.0
[INFO] [stderr]    Compiling netru v0.1.1 (/opt/rustwide/workdir)
[INFO] [stderr] warning: unused dependency `log`
[INFO] [stderr]  --> Cargo.toml:9:15
[INFO] [stderr]   |
[INFO] [stderr] 9 | [dependencies.log]
[INFO] [stderr]   |               ^^^^
[INFO] [stderr]   |
[INFO] [stderr]   = note: `cargo::unused_dependencies` is set to `warn` by default
[INFO] [stderr] help: consider removing the dependency on `log`
[INFO] [stderr] warning: `netru` (manifest) generated 1 warning
[INFO] [stderr]     Finished `release` profile [optimized] target(s) in 23.17s
[INFO] running `Command { std: "docker" "inspect" "7f7c33925a3e50595d88afcff6b16c55b9a9f816e68c1687dc79fd0b001fbb95", kill_on_drop: false }`
[INFO] running `Command { std: "docker" "exec" "-e" "SOURCE_DIR=/opt/rustwide/workdir" "-e" "CARGO_HOME=/opt/rustwide/cargo-home" "-e" "RUSTUP_HOME=/opt/rustwide/rustup-home" "-e" "CARGO_TARGET_DIR=/opt/rustwide/target" "-e" "CARGO_INCREMENTAL=0" "-e" "RUST_BACKTRACE=full" "-e" "RUSTFLAGS=--cap-lints=warn" "-e" "RUSTDOCFLAGS=--cap-lints=warn" "-w" "/opt/rustwide/workdir" "--user" "0:0" "7f7c33925a3e50595d88afcff6b16c55b9a9f816e68c1687dc79fd0b001fbb95" "/opt/rustwide/cargo-home/bin/cargo" "+1.100.0-beta.1" "test" "--frozen" "--no-run" "--message-format=json" "--release", kill_on_drop: false }`
[INFO] [stderr]    Compiling ahash v0.8.12
[INFO] [stderr]    Compiling futures-executor v0.3.32
[INFO] [stderr]    Compiling thiserror-impl v1.0.69
[INFO] [stderr]    Compiling serial_test_derive v3.4.0
[INFO] [stderr]    Compiling iptools v0.3.0
[INFO] [stderr]    Compiling serial_test v3.4.0
[INFO] [stderr]    Compiling thiserror v1.0.69
[INFO] [stderr]    Compiling netru v0.1.1 (/opt/rustwide/workdir)
[INFO] [stderr]     Finished `release` profile [optimized] target(s) in 5.31s
[INFO] running `Command { std: "docker" "inspect" "7f7c33925a3e50595d88afcff6b16c55b9a9f816e68c1687dc79fd0b001fbb95", kill_on_drop: false }`
[INFO] running `Command { std: "docker" "exec" "-e" "SOURCE_DIR=/opt/rustwide/workdir" "-e" "CARGO_HOME=/opt/rustwide/cargo-home" "-e" "RUSTUP_HOME=/opt/rustwide/rustup-home" "-e" "CARGO_TARGET_DIR=/opt/rustwide/target" "-e" "CARGO_INCREMENTAL=0" "-e" "RUST_BACKTRACE=full" "-e" "RUSTFLAGS=--cap-lints=warn" "-e" "RUSTDOCFLAGS=--cap-lints=warn" "-w" "/opt/rustwide/workdir" "--user" "0:0" "7f7c33925a3e50595d88afcff6b16c55b9a9f816e68c1687dc79fd0b001fbb95" "/opt/rustwide/cargo-home/bin/cargo" "+1.100.0-beta.1" "test" "--frozen" "--release", kill_on_drop: false }`
[INFO] [stderr]     Finished `release` profile [optimized] target(s) in 0.09s
[INFO] [stderr]      Running unittests src/lib.rs (/opt/rustwide/target/release/build/netru/0b7391315de857af/out/netru-0b7391315de857af)
[INFO] [stdout] 
[INFO] [stdout] running 1 test
[INFO] [stdout] test sysproxy::utils::test_ipv4_cidr_to_wildcard ... ok
[INFO] [stderr]      Running unittests src/bin/proxy_ctl.rs (/opt/rustwide/target/release/build/netru/4affc479125108ba/out/proxy_ctl-4affc479125108ba)
[INFO] [stdout] 
[INFO] [stdout] test result: ok. 1 passed; 0 failed; 0 ignored; 0 measured; 0 filtered out; finished in 0.00s
[INFO] [stdout] 
[INFO] [stdout] 
[INFO] [stderr]      Running tests/test.rs (/opt/rustwide/target/release/build/netru/f188d2840b9eb4fe/out/test-f188d2840b9eb4fe)
[INFO] [stdout] running 0 tests
[INFO] [stdout] 
[INFO] [stdout] test result: ok. 0 passed; 0 failed; 0 ignored; 0 measured; 0 filtered out; finished in 0.00s
[INFO] [stdout] 
[INFO] [stdout] 
[INFO] [stdout] running 6 tests
[INFO] [stdout] test tests::test_auto_support ... ok
[INFO] [stdout] test tests::test_sys_support ... ok
[INFO] [stderr] 
[INFO] [stderr] (process:739): dconf-WARNING **: 12:06:11.686: failed to commit changes to dconf: Cannot autolaunch D-Bus without X11 $DISPLAY
[INFO] [stderr] 
[INFO] [stderr] (process:743): dconf-WARNING **: 12:06:11.695: failed to commit changes to dconf: Cannot autolaunch D-Bus without X11 $DISPLAY
[INFO] [stderr] 
[INFO] [stderr] (process:751): dconf-WARNING **: 12:06:11.704: failed to commit changes to dconf: Cannot autolaunch D-Bus without X11 $DISPLAY
[INFO] [stderr] 
[INFO] [stderr] (process:758): dconf-WARNING **: 12:06:11.717: failed to commit changes to dconf: Cannot autolaunch D-Bus without X11 $DISPLAY
[INFO] [stderr] 
[INFO] [stdout] test tests::test_auto_get ... ok
[INFO] [stderr] (process:762): dconf-WARNING **: 12:06:11.728: failed to commit changes to dconf: Cannot autolaunch D-Bus without X11 $DISPLAY
[INFO] [stderr] 
[INFO] [stderr] (process:766): dconf-WARNING **: 12:06:11.737: failed to commit changes to dconf: Cannot autolaunch D-Bus without X11 $DISPLAY
[INFO] [stderr] 
[INFO] [stderr] (process:774): dconf-WARNING **: 12:06:11.748: failed to commit changes to dconf: Cannot autolaunch D-Bus without X11 $DISPLAY
[INFO] [stdout] test tests::test_sys_get ... ok
[INFO] [stdout] test tests::test_system_enable ... FAILED
[INFO] [stderr] 
[INFO] [stderr] (process:837): dconf-WARNING **: 12:06:11.831: failed to commit changes to dconf: Cannot autolaunch D-Bus without X11 $DISPLAY
[INFO] [stderr] 
[INFO] [stderr] (process:841): dconf-WARNING **: 12:06:11.839: failed to commit changes to dconf: Cannot autolaunch D-Bus without X11 $DISPLAY
[INFO] [stdout] test tests::test_auto_enable ... FAILED
[INFO] [stderr] error: test failed, to rerun pass `--test test`
[INFO] [stdout] 
[INFO] [stdout] failures:
[INFO] [stdout] 
[INFO] [stdout] ---- tests::test_system_enable stdout ----
[INFO] [stdout] 
[INFO] [stdout] thread 'tests::test_system_enable' (732) panicked at tests/test.rs:42:9:
[INFO] [stdout] assertion `left == right` failed
[INFO] [stdout]   left: Sysproxy { enable: false, host: "", port: 0, bypass: "localhost,127.0.0.0/8,::1" }
[INFO] [stdout]  right: Sysproxy { enable: true, host: "127.0.0.1", port: 9090, bypass: "localhost,127.0.0.1/8" }
[INFO] [stdout] stack backtrace:
[INFO] [stdout]    0:     0x58704901d421 - <<std[617be2ca0a6fd877]::sys::backtrace::BacktraceLock>::print::DisplayBacktrace as core[a373ad73a504971]::fmt::Display>::fmt
[INFO] [stdout]    1:     0x5870490315ca - core[a373ad73a504971]::fmt::write
[INFO] [stdout]    2:     0x5870490216fc - <alloc[2e1b2a31b91974c5]::vec::Vec<u8> as core[a373ad73a504971]::io::write::Write>::write_fmt
[INFO] [stdout]    3:     0x587048ff8bb6 - std[617be2ca0a6fd877]::panicking::default_hook::{closure#0}
[INFO] [stdout]    4:     0x587049015909 - std[617be2ca0a6fd877]::panicking::default_hook
[INFO] [stdout]    5:     0x587048f93cd0 - test[aada8e7e76ba119b]::test_main_inner::{closure#0}
[INFO] [stdout]    6:     0x587049015ac2 - std[617be2ca0a6fd877]::panicking::panic_with_hook
[INFO] [stdout]    7:     0x587048ff8c62 - std[617be2ca0a6fd877]::panicking::panic_handler::{closure#0}
[INFO] [stdout]    8:     0x587048ff1979 - std[617be2ca0a6fd877]::sys::backtrace::__rust_end_short_backtrace::<std[617be2ca0a6fd877]::panicking::panic_handler::{closure#0}, !>
[INFO] [stdout]    9:     0x587048ff986d - __rustc[ea4f61d10b84890b]::rust_begin_unwind
[INFO] [stdout]   10:     0x587049031cfc - core[a373ad73a504971]::panicking::panic_fmt
[INFO] [stdout]   11:     0x587049031c13 - core[a373ad73a504971]::panicking::assert_failed_inner
[INFO] [stdout]   12:     0x587048f860d7 - core[a373ad73a504971]::panicking::assert_failed::<netru[fd1f476c1e057858]::sysproxy::Sysproxy, netru[fd1f476c1e057858]::sysproxy::Sysproxy>
[INFO] [stdout]   13:     0x587048f86e83 - <test[ca81ad7bf68639b7]::tests::test_system_enable::{closure#0} as core[a373ad73a504971]::ops::function::FnOnce<()>>::call_once
[INFO] [stdout]   14:     0x587048fd34f7 - serial_test[b227ed89d6a9bde7]::serial_code_lock::local_serial_core
[INFO] [stdout]   15:     0x587048f8667d - <test[ca81ad7bf68639b7]::tests::test_system_enable::{closure#0} as core[a373ad73a504971]::ops::function::FnOnce<()>>::call_once
[INFO] [stdout]   16:     0x587048f8711b - test[aada8e7e76ba119b]::__rust_begin_short_backtrace::<core[a373ad73a504971]::result::Result<(), alloc[2e1b2a31b91974c5]::string::String>, fn() -> core[a373ad73a504971]::result::Result<(), alloc[2e1b2a31b91974c5]::string::String>>
[INFO] [stdout]   17:     0x587048f942f5 - test[aada8e7e76ba119b]::run_test::{closure#0}
[INFO] [stdout]   18:     0x587048f8dbe4 - std[617be2ca0a6fd877]::sys::backtrace::__rust_begin_short_backtrace::<test[aada8e7e76ba119b]::run_test::{closure#1}, ()>
[INFO] [stdout]   19:     0x587048f97382 - <std[617be2ca0a6fd877]::thread::lifecycle::spawn_unchecked<test[aada8e7e76ba119b]::run_test::{closure#1}, ()>::{closure#1} as core[a373ad73a504971]::ops::function::FnOnce<()>>::call_once::{shim:vtable#0}
[INFO] [stdout]   20:     0x58704901cc4f - <std[617be2ca0a6fd877]::sys::thread::unix::Thread>::new::thread_start
[INFO] [stdout]   21:     0x717af6caedfa - <unknown>
[INFO] [stdout]   22:     0x717af6d423d4 - clone
[INFO] [stdout]   23:                0x0 - <unknown>
[INFO] [stdout] 
[INFO] [stdout] ---- tests::test_auto_enable stdout ----
[INFO] [stdout] 
[INFO] [stdout] thread 'tests::test_auto_enable' (727) panicked at tests/test.rs:62:9:
[INFO] [stdout] assertion `left == right` failed
[INFO] [stdout]   left: Autoproxy { enable: false, url: "" }
[INFO] [stdout]  right: Autoproxy { enable: true, url: "http://127.0.0.1:1234/" }
[INFO] [stdout] stack backtrace:
[INFO] [stdout]    0:     0x58704901d421 - <<std[617be2ca0a6fd877]::sys::backtrace::BacktraceLock>::print::DisplayBacktrace as core[a373ad73a504971]::fmt::Display>::fmt
[INFO] [stdout]    1:     0x5870490315ca - core[a373ad73a504971]::fmt::write
[INFO] [stdout]    2:     0x5870490216fc - <alloc[2e1b2a31b91974c5]::vec::Vec<u8> as core[a373ad73a504971]::io::write::Write>::write_fmt
[INFO] [stdout]    3:     0x587048ff8bb6 - std[617be2ca0a6fd877]::panicking::default_hook::{closure#0}
[INFO] [stdout]    4:     0x587049015909 - std[617be2ca0a6fd877]::panicking::default_hook
[INFO] [stdout]    5:     0x587048f93cd0 - test[aada8e7e76ba119b]::test_main_inner::{closure#0}
[INFO] [stdout]    6:     0x587049015ac2 - std[617be2ca0a6fd877]::panicking::panic_with_hook
[INFO] [stdout]    7:     0x587048ff8c62 - std[617be2ca0a6fd877]::panicking::panic_handler::{closure#0}
[INFO] [stdout]    8:     0x587048ff1979 - std[617be2ca0a6fd877]::sys::backtrace::__rust_end_short_backtrace::<std[617be2ca0a6fd877]::panicking::panic_handler::{closure#0}, !>
[INFO] [stdout]    9:     0x587048ff986d - __rustc[ea4f61d10b84890b]::rust_begin_unwind
[INFO] [stdout]   10:     0x587049031cfc - core[a373ad73a504971]::panicking::panic_fmt
[INFO] [stdout]   11:     0x587049031c13 - core[a373ad73a504971]::panicking::assert_failed_inner
[INFO] [stdout]   12:     0x587048f86108 - core[a373ad73a504971]::panicking::assert_failed::<netru[fd1f476c1e057858]::sysproxy::Autoproxy, netru[fd1f476c1e057858]::sysproxy::Autoproxy>
[INFO] [stdout]   13:     0x587048f868a9 - <test[ca81ad7bf68639b7]::tests::test_auto_enable::{closure#0} as core[a373ad73a504971]::ops::function::FnOnce<()>>::call_once
[INFO] [stdout]   14:     0x587048fd34f7 - serial_test[b227ed89d6a9bde7]::serial_code_lock::local_serial_core
[INFO] [stdout]   15:     0x587048f865ed - <test[ca81ad7bf68639b7]::tests::test_auto_enable::{closure#0} as core[a373ad73a504971]::ops::function::FnOnce<()>>::call_once
[INFO] [stdout]   16:     0x587048f8711b - test[aada8e7e76ba119b]::__rust_begin_short_backtrace::<core[a373ad73a504971]::result::Result<(), alloc[2e1b2a31b91974c5]::string::String>, fn() -> core[a373ad73a504971]::result::Result<(), alloc[2e1b2a31b91974c5]::string::String>>
[INFO] [stdout]   17:     0x587048f942f5 - test[aada8e7e76ba119b]::run_test::{closure#0}
[INFO] [stdout]   18:     0x587048f8dbe4 - std[617be2ca0a6fd877]::sys::backtrace::__rust_begin_short_backtrace::<test[aada8e7e76ba119b]::run_test::{closure#1}, ()>
[INFO] [stdout]   19:     0x587048f97382 - <std[617be2ca0a6fd877]::thread::lifecycle::spawn_unchecked<test[aada8e7e76ba119b]::run_test::{closure#1}, ()>::{closure#1} as core[a373ad73a504971]::ops::function::FnOnce<()>>::call_once::{shim:vtable#0}
[INFO] [stdout]   20:     0x58704901cc4f - <std[617be2ca0a6fd877]::sys::thread::unix::Thread>::new::thread_start
[INFO] [stdout]   21:     0x717af6caedfa - <unknown>
[INFO] [stdout]   22:     0x717af6d423d4 - clone
[INFO] [stdout]   23:                0x0 - <unknown>
[INFO] [stdout] 
[INFO] [stdout] 
[INFO] [stdout] failures:
[INFO] [stdout]     tests::test_auto_enable
[INFO] [stdout]     tests::test_system_enable
[INFO] [stdout] 
[INFO] [stdout] test result: FAILED. 4 passed; 2 failed; 0 ignored; 0 measured; 0 filtered out; finished in 0.25s
[INFO] [stdout] 
[INFO] running `Command { std: "docker" "inspect" "7f7c33925a3e50595d88afcff6b16c55b9a9f816e68c1687dc79fd0b001fbb95", kill_on_drop: false }`
[INFO] running `Command { std: "docker" "rm" "-f" "7f7c33925a3e50595d88afcff6b16c55b9a9f816e68c1687dc79fd0b001fbb95", kill_on_drop: false }`
[INFO] [stdout] 7f7c33925a3e50595d88afcff6b16c55b9a9f816e68c1687dc79fd0b001fbb95
