[INFO] fetching crate netidx 0.32.0...
[INFO] testing netidx-0.32.0 against 1.100.0-beta.1+cargoflags=--release for beta-release-1.100-2
[INFO] extracting crate netidx 0.32.0 into /workspace/builds/worker-1-tc2/source
[INFO] started tweaking crates.io crate netidx 0.32.0
[INFO] finished tweaking crates.io crate netidx 0.32.0
[INFO] tweaked toml for crates.io crate netidx 0.32.0 written to /workspace/builds/worker-1-tc2/source/Cargo.toml
[INFO] validating manifest of crates.io crate netidx 0.32.0 on toolchain 1.100.0-beta.1
[INFO] running `Command { std: CARGO_HOME="/workspace/cargo-home" RUSTUP_HOME="/workspace/rustup-home" "/workspace/cargo-home/bin/cargo" "+1.100.0-beta.1" "metadata" "--manifest-path" "Cargo.toml" "--no-deps", kill_on_drop: false }`
[INFO] crate crates.io crate netidx 0.32.0 already has a lockfile, it will not be regenerated
[INFO] running `Command { std: CARGO_HOME="/workspace/cargo-home" RUSTUP_HOME="/workspace/rustup-home" "/workspace/cargo-home/bin/cargo" "+1.100.0-beta.1" "fetch" "--manifest-path" "Cargo.toml", kill_on_drop: false }`
[INFO] running `Command { std: "docker" "create" "-v" "/var/lib/crater-agent-workspace/builds/worker-1-tc2/source:/opt/rustwide/workdir:ro,Z" "-v" "/var/lib/crater-agent-workspace/builds/worker-1-tc2/target:/opt/rustwide/target:rw,Z" "-v" "/var/lib/crater-agent-workspace/cargo-home:/opt/rustwide/cargo-home:ro,Z" "-v" "/var/lib/crater-agent-workspace/rustup-home:/opt/rustwide/rustup-home:ro,Z" "-m" "1610612736" "--network" "none" "ghcr.io/rust-lang/crates-build-env/linux@sha256:77db811e55d90add9212f6832c23229e3de5f1c1f9905e8cb07319ea15df73ac" "sleep" "infinity", kill_on_drop: false }`
[INFO] [stdout] 16475e75f40bb9b2439df716a52cec651a2947852efef495497eadfe769d5edf
[INFO] running `Command { std: "docker" "start" "16475e75f40bb9b2439df716a52cec651a2947852efef495497eadfe769d5edf", kill_on_drop: false }`
[INFO] running `Command { std: "docker" "inspect" "16475e75f40bb9b2439df716a52cec651a2947852efef495497eadfe769d5edf", kill_on_drop: false }`
[INFO] running `Command { std: "docker" "exec" "-e" "SOURCE_DIR=/opt/rustwide/workdir" "-e" "CARGO_HOME=/opt/rustwide/cargo-home" "-e" "RUSTUP_HOME=/opt/rustwide/rustup-home" "-e" "CARGO_TARGET_DIR=/opt/rustwide/target" "-w" "/opt/rustwide/workdir" "--user" "0:0" "16475e75f40bb9b2439df716a52cec651a2947852efef495497eadfe769d5edf" "/opt/rustwide/cargo-home/bin/cargo" "+1.100.0-beta.1" "metadata" "--no-deps" "--format-version=1", kill_on_drop: false }`
[INFO] running `Command { std: "docker" "inspect" "16475e75f40bb9b2439df716a52cec651a2947852efef495497eadfe769d5edf", kill_on_drop: false }`
[INFO] running `Command { std: "docker" "exec" "-e" "SOURCE_DIR=/opt/rustwide/workdir" "-e" "CARGO_HOME=/opt/rustwide/cargo-home" "-e" "RUSTUP_HOME=/opt/rustwide/rustup-home" "-e" "CARGO_TARGET_DIR=/opt/rustwide/target" "-e" "CARGO_INCREMENTAL=0" "-e" "RUST_BACKTRACE=full" "-e" "RUSTFLAGS=--cap-lints=warn" "-e" "RUSTDOCFLAGS=--cap-lints=warn" "-w" "/opt/rustwide/workdir" "--user" "0:0" "16475e75f40bb9b2439df716a52cec651a2947852efef495497eadfe769d5edf" "/opt/rustwide/cargo-home/bin/cargo" "+1.100.0-beta.1" "build" "--frozen" "--message-format=json" "--release", kill_on_drop: false }`
[INFO] [stderr]    Compiling quote v1.0.45
[INFO] [stderr]    Compiling libc v0.2.186
[INFO] [stderr]    Compiling version_check v0.9.5
[INFO] [stderr]    Compiling typenum v1.20.0
[INFO] [stderr]    Compiling serde_core v1.0.228
[INFO] [stderr]    Compiling memchr v2.8.0
[INFO] [stderr]    Compiling serde v1.0.228
[INFO] [stderr]    Compiling shlex v1.3.0
[INFO] [stderr]    Compiling crossbeam-utils v0.8.21
[INFO] [stderr]    Compiling zeroize v1.8.2
[INFO] [stderr]    Compiling glob v0.3.3
[INFO] [stderr]    Compiling num-traits v0.2.19
[INFO] [stderr]    Compiling prettyplease v0.2.37
[INFO] [stderr]    Compiling minimal-lexical v0.2.1
[INFO] [stderr]    Compiling regex-syntax v0.8.10
[INFO] [stderr]    Compiling rustversion v1.0.22
[INFO] [stderr]    Compiling cc v1.2.62
[INFO] [stderr]    Compiling zerocopy v0.8.48
[INFO] [stderr]    Compiling once_cell v1.21.4
[INFO] [stderr]    Compiling generic-array v0.14.7
[INFO] [stderr]    Compiling clang-sys v1.8.1
[INFO] [stderr]    Compiling cfg-if v1.0.4
[INFO] [stderr]    Compiling getrandom v0.3.4
[INFO] [stderr]    Compiling libloading v0.8.9
[INFO] [stderr]    Compiling ahash v0.8.12
[INFO] [stderr]    Compiling bindgen v0.71.1
[INFO] [stderr]    Compiling futures-core v0.3.32
[INFO] [stderr]    Compiling syn v2.0.117
[INFO] [stderr]    Compiling rand_core v0.10.1
[INFO] [stderr]    Compiling either v1.15.0
[INFO] [stderr]    Compiling futures-sink v0.3.32
[INFO] [stderr]    Compiling getrandom v0.4.2
[INFO] [stderr]    Compiling anyhow v1.0.102
[INFO] [stderr]    Compiling futures-channel v0.3.32
[INFO] [stderr]    Compiling crossbeam-queue v0.3.12
[INFO] [stderr]    Compiling itertools v0.13.0
[INFO] [stderr]    Compiling strsim v0.11.1
[INFO] [stderr]    Compiling powerfmt v0.2.0
[INFO] [stderr]    Compiling ident_case v1.0.1
[INFO] [stderr]    Compiling nom v7.1.3
[INFO] [stderr]    Compiling num-conv v0.2.1
[INFO] [stderr]    Compiling hybrid-array v0.4.11
[INFO] [stderr]    Compiling rustc-hash v2.1.2
[INFO] [stderr]    Compiling aws-lc-rs v1.16.3
[INFO] [stderr]    Compiling cmake v0.1.58
[INFO] [stderr]    Compiling time-core v0.1.8
[INFO] [stderr]    Compiling fnv v1.0.7
[INFO] [stderr]    Compiling log v0.4.29
[INFO] [stderr]    Compiling bitflags v2.11.1
[INFO] [stderr]    Compiling regex-automata v0.4.14
[INFO] [stderr]    Compiling serde_json v1.0.149
[INFO] [stderr]    Compiling hashbrown v0.17.0
[INFO] [stderr]    Compiling crypto-common v0.1.7
[INFO] [stderr]    Compiling block-padding v0.3.3
[INFO] [stderr]    Compiling block-buffer v0.10.4
[INFO] [stderr]    Compiling digest v0.10.7
[INFO] [stderr]    Compiling inout v0.1.4
[INFO] [stderr]    Compiling crypto-common v0.2.1
[INFO] [stderr]    Compiling block-buffer v0.12.0
[INFO] [stderr]    Compiling cipher v0.4.4
[INFO] [stderr]    Compiling time-macros v0.2.27
[INFO] [stderr]    Compiling aws-lc-sys v0.40.0
[INFO] [stderr]    Compiling castaway v0.2.4
[INFO] [stderr]    Compiling deranged v0.5.8
[INFO] [stderr]    Compiling crossbeam-epoch v0.9.18
[INFO] [stderr]    Compiling byteorder v1.5.0
[INFO] [stderr]    Compiling rust_decimal v1.42.0
[INFO] [stderr]    Compiling arrayvec v0.7.6
[INFO] [stderr]    Compiling ryu v1.0.23
[INFO] [stderr]    Compiling base64ct v1.8.3
[INFO] [stderr]    Compiling smallvec v1.15.1
[INFO] [stderr]    Compiling pkg-config v0.3.33
[INFO] [stderr]    Compiling indexmap v2.14.0
[INFO] [stderr]    Compiling nohash v0.2.0
[INFO] [stderr]    Compiling cpufeatures v0.3.0
[INFO] [stderr]    Compiling const-oid v0.10.2
[INFO] [stderr]    Compiling cpufeatures v0.2.17
[INFO] [stderr]    Compiling parking_lot_core v0.9.12
[INFO] [stderr]    Compiling time v0.3.47
[INFO] [stderr]    Compiling pem-rfc7468 v0.7.0
[INFO] [stderr]    Compiling chacha20 v0.10.0
[INFO] [stderr]    Compiling fxhash v0.2.1
[INFO] [stderr]    Compiling cexpr v0.6.0
[INFO] [stderr]    Compiling crossbeam-deque v0.8.6
[INFO] [stderr]    Compiling hmac v0.12.1
[INFO] [stderr]    Compiling crossbeam-channel v0.5.15
[INFO] [stderr]    Compiling rustls-pki-types v1.14.1
[INFO] [stderr]    Compiling keccak v0.2.0
[INFO] [stderr]    Compiling cfg_aliases v0.2.1
[INFO] [stderr]    Compiling const-oid v0.9.6
[INFO] [stderr]    Compiling rusticata-macros v4.1.0
[INFO] [stderr]    Compiling digest v0.11.3
[INFO] [stderr]    Compiling regex v1.12.3
[INFO] [stderr]    Compiling uuid v1.23.1
[INFO] [stderr]    Compiling sha3 v0.11.0
[INFO] [stderr]    Compiling der v0.7.10
[INFO] [stderr]    Compiling crossbeam v0.8.4
[INFO] [stderr]    Compiling nix v0.31.2
[INFO] [stderr]    Compiling rand v0.10.1
[INFO] [stderr]    Compiling pbkdf2 v0.12.2
[INFO] [stderr]    Compiling parking_lot v0.12.5
[INFO] [stderr]    Compiling sha2 v0.10.9
[INFO] [stderr]    Compiling errno v0.3.14
[INFO] [stderr]    Compiling salsa20 v0.10.2
[INFO] [stderr]    Compiling num-integer v0.1.46
[INFO] [stderr]    Compiling aho-corasick v1.1.4
[INFO] [stderr]    Compiling pin-utils v0.1.0
[INFO] [stderr]    Compiling rustls v0.23.40
[INFO] [stderr]    Compiling oid-registry v0.8.1
[INFO] [stderr]    Compiling num-bigint v0.4.6
[INFO] [stderr]    Compiling signal-hook-registry v1.4.8
[INFO] [stderr]    Compiling aes v0.8.4
[INFO] [stderr]    Compiling fish-printf v0.2.1
[INFO] [stderr]    Compiling scrypt v0.11.0
[INFO] [stderr]    Compiling mio v1.2.0
[INFO] [stderr]    Compiling socket2 v0.6.3
[INFO] [stderr]    Compiling cbc v0.1.2
[INFO] [stderr]    Compiling spki v0.7.3
[INFO] [stderr]    Compiling bstr v1.12.1
[INFO] [stderr]    Compiling option-ext v0.2.0
[INFO] [stderr]    Compiling darling_core v0.20.11
[INFO] [stderr]    Compiling synstructure v0.13.2
[INFO] [stderr]    Compiling base64 v0.22.1
[INFO] [stderr]    Compiling seq-macro v0.3.6
[INFO] [stderr]    Compiling pkcs5 v0.7.1
[INFO] [stderr]    Compiling dirs-sys v0.5.0
[INFO] [stderr]    Compiling rand v0.4.6
[INFO] [stderr]    Compiling data-encoding v2.11.0
[INFO] [stderr]    Compiling remove_dir_all v0.5.3
[INFO] [stderr]    Compiling rand_core v0.6.4
[INFO] [stderr]    Compiling pkcs8 v0.10.2
[INFO] [stderr]    Compiling dirs v6.0.0
[INFO] [stderr]    Compiling serde_derive v1.0.228
[INFO] [stderr]    Compiling futures-macro v0.3.32
[INFO] [stderr]    Compiling thiserror-impl v2.0.18
[INFO] [stderr]    Compiling poolshark_derive v0.1.2
[INFO] [stderr]    Compiling asn1-rs-impl v0.2.0
[INFO] [stderr]    Compiling futures-util v0.3.32
[INFO] [stderr]    Compiling asn1-rs-derive v0.6.0
[INFO] [stderr]    Compiling enumflags2_derive v0.7.12
[INFO] [stderr]    Compiling thiserror v2.0.18
[INFO] [stderr]    Compiling displaydoc v0.2.5
[INFO] [stderr]    Compiling netidx-derive v0.32.0
[INFO] [stderr]    Compiling tokio-macros v2.7.0
[INFO] [stderr]    Compiling tempdir v0.3.7
[INFO] [stderr]    Compiling enumflags2 v0.7.12
[INFO] [stderr]    Compiling ctrlc v3.5.2
[INFO] [stderr]    Compiling rustls-pemfile v2.2.0
[INFO] [stderr]    Compiling keyring v3.6.3
[INFO] [stderr]    Compiling darling_macro v0.20.11
[INFO] [stderr]    Compiling num_cpus v1.17.0
[INFO] [stderr]    Compiling daemonize v0.5.0
[INFO] [stderr]    Compiling darling v0.20.11
[INFO] [stderr]    Compiling derive_builder_core v0.20.2
[INFO] [stderr]    Compiling if-addrs v0.15.0
[INFO] [stderr]    Compiling asn1-rs v0.7.1
[INFO] [stderr]    Compiling derive_builder_macro v0.20.2
[INFO] [stderr]    Compiling globset v0.4.18
[INFO] [stderr]    Compiling derive_builder v0.20.2
[INFO] [stderr]    Compiling der-parser v10.0.0
[INFO] [stderr]    Compiling bytes v1.11.1
[INFO] [stderr]    Compiling triomphe v0.1.15
[INFO] [stderr]    Compiling compact_str v0.9.0
[INFO] [stderr]    Compiling chrono v0.4.44
[INFO] [stderr]    Compiling arcstr v1.2.0
[INFO] [stderr]    Compiling poolshark v0.2.8
[INFO] [stderr]    Compiling x509-parser v0.18.1
[INFO] [stderr]    Compiling futures-executor v0.3.32
[INFO] [stderr]    Compiling immutable-chunkmap v2.1.2
[INFO] [stderr]    Compiling escaping v0.2.3
[INFO] [stderr]    Compiling futures v0.3.32
[INFO] [stderr]    Compiling combine v4.6.7
[INFO] [stderr]    Compiling tokio v1.52.3
[INFO] [stderr]    Compiling netidx-core v0.32.0
[INFO] [stderr]    Compiling libgssapi-sys v0.3.3
[INFO] [stderr]    Compiling libgssapi v0.9.1
[INFO] [stderr]    Compiling cross-krb5 v0.4.2
[INFO] [stderr]    Compiling netidx-value v0.32.0
[INFO] [stderr]    Compiling netidx-netproto v0.32.0
[INFO] [stderr]    Compiling rustls-webpki v0.103.13
[INFO] [stderr]    Compiling tokio-rustls v0.26.4
[INFO] [stderr]    Compiling netidx v0.32.0 (/opt/rustwide/workdir)
[INFO] [stderr]     Finished `release` profile [optimized] target(s) in 4m 07s
[INFO] [stderr] warning: the following packages contain code that will be rejected by a future version of Rust: nix v0.31.2
[INFO] [stderr] note: to see what the problems were, use the option `--future-incompat-report`, or run `cargo report future-incompatibilities --id 2`
[INFO] running `Command { std: "docker" "inspect" "16475e75f40bb9b2439df716a52cec651a2947852efef495497eadfe769d5edf", kill_on_drop: false }`
[INFO] running `Command { std: "docker" "exec" "-e" "SOURCE_DIR=/opt/rustwide/workdir" "-e" "CARGO_HOME=/opt/rustwide/cargo-home" "-e" "RUSTUP_HOME=/opt/rustwide/rustup-home" "-e" "CARGO_TARGET_DIR=/opt/rustwide/target" "-e" "CARGO_INCREMENTAL=0" "-e" "RUST_BACKTRACE=full" "-e" "RUSTFLAGS=--cap-lints=warn" "-e" "RUSTDOCFLAGS=--cap-lints=warn" "-w" "/opt/rustwide/workdir" "--user" "0:0" "16475e75f40bb9b2439df716a52cec651a2947852efef495497eadfe769d5edf" "/opt/rustwide/cargo-home/bin/cargo" "+1.100.0-beta.1" "test" "--frozen" "--no-run" "--message-format=json" "--release", kill_on_drop: false }`
[INFO] [stderr]    Compiling log v0.4.29
[INFO] [stderr]    Compiling regex-automata v0.4.14
[INFO] [stderr]    Compiling utf8parse v0.2.2
[INFO] [stderr]    Compiling is_terminal_polyfill v1.70.2
[INFO] [stderr]    Compiling anstyle v1.0.14
[INFO] [stderr]    Compiling anstyle-query v1.1.5
[INFO] [stderr]    Compiling colorchoice v1.0.5
[INFO] [stderr]    Compiling jiff v0.2.24
[INFO] [stderr]    Compiling rustls v0.23.40
[INFO] [stderr]    Compiling keyring v3.6.3
[INFO] [stderr]    Compiling anstyle-parse v1.0.0
[INFO] [stderr]    Compiling anstream v1.0.0
[INFO] [stderr]    Compiling globset v0.4.18
[INFO] [stderr]    Compiling regex v1.12.3
[INFO] [stderr]    Compiling netidx-netproto v0.32.0
[INFO] [stderr]    Compiling env_filter v1.0.1
[INFO] [stderr]    Compiling env_logger v0.11.10
[INFO] [stderr]    Compiling tokio-rustls v0.26.4
[INFO] [stderr]    Compiling netidx v0.32.0 (/opt/rustwide/workdir)
[INFO] [stderr]     Finished `release` profile [optimized] target(s) in 1m 18s
[INFO] [stderr] warning: the following packages contain code that will be rejected by a future version of Rust: nix v0.31.2
[INFO] [stderr] note: to see what the problems were, use the option `--future-incompat-report`, or run `cargo report future-incompatibilities --id 2`
[INFO] running `Command { std: "docker" "inspect" "16475e75f40bb9b2439df716a52cec651a2947852efef495497eadfe769d5edf", kill_on_drop: false }`
[INFO] running `Command { std: "docker" "exec" "-e" "SOURCE_DIR=/opt/rustwide/workdir" "-e" "CARGO_HOME=/opt/rustwide/cargo-home" "-e" "RUSTUP_HOME=/opt/rustwide/rustup-home" "-e" "CARGO_TARGET_DIR=/opt/rustwide/target" "-e" "CARGO_INCREMENTAL=0" "-e" "RUST_BACKTRACE=full" "-e" "RUSTFLAGS=--cap-lints=warn" "-e" "RUSTDOCFLAGS=--cap-lints=warn" "-w" "/opt/rustwide/workdir" "--user" "0:0" "16475e75f40bb9b2439df716a52cec651a2947852efef495497eadfe769d5edf" "/opt/rustwide/cargo-home/bin/cargo" "+1.100.0-beta.1" "test" "--frozen" "--release", kill_on_drop: false }`
[INFO] [stderr]     Finished `release` profile [optimized] target(s) in 0.56s
[INFO] [stderr] warning: the following packages contain code that will be rejected by a future version of Rust: nix v0.31.2
[INFO] [stderr] note: to see what the problems were, use the option `--future-incompat-report`, or run `cargo report future-incompatibilities --id 2`
[INFO] [stderr]      Running unittests src/lib.rs (/opt/rustwide/target/release/build/netidx/cac96be2be57d5a5/out/netidx-cac96be2be57d5a5)
[INFO] [stdout] 
[INFO] [stdout] running 10 tests
[INFO] [stdout] test tls::test::test_get_match ... ok
[INFO] [stdout] test resolver_server::test::test_resolver_store ... ok
[INFO] [stdout] test test::publisher::bindcfg ... ok
[INFO] [stdout] test test::resolver::publish_resolve_complex ... FAILED
[INFO] [stdout] test test::publisher::publish_subscribe ... FAILED
[INFO] [stdout] test test::publisher::tls_publish_subscribe ... FAILED
[INFO] [stdout] test test::resolver::publish_default ... FAILED
[INFO] [stdout] test test::resolver::publish_resolve_simple ... FAILED
[INFO] [stdout] test test::publisher::priority ... ok
[INFO] [stdout] test test::publisher::slow_consumer ... ok
[INFO] [stdout] 
[INFO] [stdout] failures:
[INFO] [stdout] 
[INFO] [stdout] ---- test::resolver::publish_resolve_complex stdout ----
[INFO] [stdout] 
[INFO] [stdout] thread 'test::resolver::publish_resolve_complex' (5092) panicked at src/test.rs:135:18:
[INFO] [stdout] local server config: No such file or directory (os error 2)
[INFO] [stdout] 
[INFO] [stdout] Stack backtrace:
[INFO] [stdout]    0: <anyhow::Error as core::convert::From<core::io::error::Error>>::from
[INFO] [stdout]    1: <netidx::resolver_server::config::Config>::load::<&str>
[INFO] [stdout]    2: netidx::test::resolver::publish_resolve_complex::{closure#0}
[INFO] [stdout]    3: <tokio::runtime::park::CachedParkThread>::block_on::<core::pin::Pin<&mut dyn core::future::future::Future<Output = ()>>>
[INFO] [stdout]    4: tokio::runtime::context::runtime::enter_runtime::<<tokio::runtime::scheduler::multi_thread::MultiThread>::block_on<core::pin::Pin<&mut dyn core::future::future::Future<Output = ()>>>::{closure#0}, ()>
[INFO] [stdout]    5: <tokio::runtime::runtime::Runtime>::block_on::<core::pin::Pin<&mut dyn core::future::future::Future<Output = ()>>>
[INFO] [stdout]    6: <netidx::test::resolver::publish_resolve_complex::{closure#0} as core::ops::function::FnOnce<()>>::call_once
[INFO] [stdout]    7: test::__rust_begin_short_backtrace::<core::result::Result<(), alloc::string::String>, fn() -> core::result::Result<(), alloc::string::String>>
[INFO] [stdout]    8: test::run_test::{closure#0}
[INFO] [stdout]    9: std::sys::backtrace::__rust_begin_short_backtrace::<test::run_test::{closure#1}, ()>
[INFO] [stdout]   10: <std::thread::lifecycle::spawn_unchecked<test::run_test::{closure#1}, ()>::{closure#1} as core::ops::function::FnOnce<()>>::call_once::{shim:vtable#0}
[INFO] [stdout]   11: <std::sys::thread::unix::Thread>::new::thread_start
[INFO] [stdout]   12: <unknown>
[INFO] [stdout]   13: clone
[INFO] [stdout] stack backtrace:
[INFO] [stdout]    0:     0x59bc1d4aba11 - <<std[617be2ca0a6fd877]::sys::backtrace::BacktraceLock>::print::DisplayBacktrace as core[a373ad73a504971]::fmt::Display>::fmt
[INFO] [stdout]    1:     0x59bc1d4c55aa - core[a373ad73a504971]::fmt::write
[INFO] [stdout]    2:     0x59bc1d4b1dfc - <alloc[2e1b2a31b91974c5]::vec::Vec<u8> as core[a373ad73a504971]::io::write::Write>::write_fmt
[INFO] [stdout]    3:     0x59bc1d4861d6 - std[617be2ca0a6fd877]::panicking::default_hook::{closure#0}
[INFO] [stdout]    4:     0x59bc1d4a37a9 - std[617be2ca0a6fd877]::panicking::default_hook
[INFO] [stdout]    5:     0x59bc1d2c3110 - test[aada8e7e76ba119b]::test_main_inner::{closure#0}
[INFO] [stdout]    6:     0x59bc1d4a3ad2 - std[617be2ca0a6fd877]::panicking::panic_with_hook
[INFO] [stdout]    7:     0x59bc1d486282 - std[617be2ca0a6fd877]::panicking::panic_handler::{closure#0}
[INFO] [stdout]    8:     0x59bc1d47e799 - std[617be2ca0a6fd877]::sys::backtrace::__rust_end_short_backtrace::<std[617be2ca0a6fd877]::panicking::panic_handler::{closure#0}, !>
[INFO] [stdout]    9:     0x59bc1d48705d - __rustc[ea4f61d10b84890b]::rust_begin_unwind
[INFO] [stdout]   10:     0x59bc1d4c5d8c - core[a373ad73a504971]::panicking::panic_fmt
[INFO] [stdout]   11:     0x59bc1d4c5b62 - core[a373ad73a504971]::result::unwrap_failed
[INFO] [stdout]   12:     0x59bc1cfdaea6 - netidx[d3017e9eb81cbbdc]::test::resolver::publish_resolve_complex::{closure#0}
[INFO] [stdout]   13:     0x59bc1ce3853a - <tokio[49f81a49c6f8eabe]::runtime::park::CachedParkThread>::block_on::<core[a373ad73a504971]::pin::Pin<&mut dyn core[a373ad73a504971]::future::future::Future<Output = ()>>>
[INFO] [stdout]   14:     0x59bc1cf65ab0 - tokio[49f81a49c6f8eabe]::runtime::context::runtime::enter_runtime::<<tokio[49f81a49c6f8eabe]::runtime::scheduler::multi_thread::MultiThread>::block_on<core[a373ad73a504971]::pin::Pin<&mut dyn core[a373ad73a504971]::future::future::Future<Output = ()>>>::{closure#0}, ()>
[INFO] [stdout]   15:     0x59bc1ce36daa - <tokio[49f81a49c6f8eabe]::runtime::runtime::Runtime>::block_on::<core[a373ad73a504971]::pin::Pin<&mut dyn core[a373ad73a504971]::future::future::Future<Output = ()>>>
[INFO] [stdout]   16:     0x59bc1cff3a7e - <netidx[d3017e9eb81cbbdc]::test::resolver::publish_resolve_complex::{closure#0} as core[a373ad73a504971]::ops::function::FnOnce<()>>::call_once
[INFO] [stdout]   17:     0x59bc1d2b655b - test[aada8e7e76ba119b]::__rust_begin_short_backtrace::<core[a373ad73a504971]::result::Result<(), alloc[2e1b2a31b91974c5]::string::String>, fn() -> core[a373ad73a504971]::result::Result<(), alloc[2e1b2a31b91974c5]::string::String>>
[INFO] [stdout]   18:     0x59bc1d2c3735 - test[aada8e7e76ba119b]::run_test::{closure#0}
[INFO] [stdout]   19:     0x59bc1d2bd024 - std[617be2ca0a6fd877]::sys::backtrace::__rust_begin_short_backtrace::<test[aada8e7e76ba119b]::run_test::{closure#1}, ()>
[INFO] [stdout]   20:     0x59bc1d2c67c2 - <std[617be2ca0a6fd877]::thread::lifecycle::spawn_unchecked<test[aada8e7e76ba119b]::run_test::{closure#1}, ()>::{closure#1} as core[a373ad73a504971]::ops::function::FnOnce<()>>::call_once::{shim:vtable#0}
[INFO] [stdout]   21:     0x59bc1d4aaeff - <std[617be2ca0a6fd877]::sys::thread::unix::Thread>::new::thread_start
[INFO] [stdout]   22:     0x77c1ecec3dfa - <unknown>
[INFO] [stdout]   23:     0x77c1ecf573d4 - clone
[INFO] [stdout]   24:                0x0 - <unknown>
[INFO] [stdout] 
[INFO] [stdout] ---- test::publisher::publish_subscribe stdout ----
[INFO] [stdout] 
[INFO] [stdout] thread 'test::publisher::publish_subscribe' (5088) panicked at src/test.rs:580:14:
[INFO] [stdout] load simple server config: No such file or directory (os error 2)
[INFO] [stdout] 
[INFO] [stdout] Stack backtrace:
[INFO] [stdout]    0: <anyhow::Error as core::convert::From<core::io::error::Error>>::from
[INFO] [stdout]    1: <netidx::resolver_server::config::Config>::load::<&str>
[INFO] [stdout]    2: netidx::test::publisher::publish_subscribe::{closure#0}
[INFO] [stdout]    3: <tokio::runtime::park::CachedParkThread>::block_on::<core::pin::Pin<&mut dyn core::future::future::Future<Output = ()>>>
[INFO] [stdout]    4: tokio::runtime::context::runtime::enter_runtime::<<tokio::runtime::scheduler::multi_thread::MultiThread>::block_on<core::pin::Pin<&mut dyn core::future::future::Future<Output = ()>>>::{closure#0}, ()>
[INFO] [stdout]    5: <tokio::runtime::runtime::Runtime>::block_on::<core::pin::Pin<&mut dyn core::future::future::Future<Output = ()>>>
[INFO] [stdout]    6: <netidx::test::publisher::publish_subscribe::{closure#0} as core::ops::function::FnOnce<()>>::call_once
[INFO] [stdout]    7: test::__rust_begin_short_backtrace::<core::result::Result<(), alloc::string::String>, fn() -> core::result::Result<(), alloc::string::String>>
[INFO] [stdout]    8: test::run_test::{closure#0}
[INFO] [stdout]    9: std::sys::backtrace::__rust_begin_short_backtrace::<test::run_test::{closure#1}, ()>
[INFO] [stdout]   10: <std::thread::lifecycle::spawn_unchecked<test::run_test::{closure#1}, ()>::{closure#1} as core::ops::function::FnOnce<()>>::call_once::{shim:vtable#0}
[INFO] [stdout]   11: <std::sys::thread::unix::Thread>::new::thread_start
[INFO] [stdout]   12: <unknown>
[INFO] [stdout]   13: clone
[INFO] [stdout] stack backtrace:
[INFO] [stdout]    0:     0x59bc1d4aba11 - <<std[617be2ca0a6fd877]::sys::backtrace::BacktraceLock>::print::DisplayBacktrace as core[a373ad73a504971]::fmt::Display>::fmt
[INFO] [stdout]    1:     0x59bc1d4c55aa - core[a373ad73a504971]::fmt::write
[INFO] [stdout]    2:     0x59bc1d4b1dfc - <alloc[2e1b2a31b91974c5]::vec::Vec<u8> as core[a373ad73a504971]::io::write::Write>::write_fmt
[INFO] [stdout]    3:     0x59bc1d4861d6 - std[617be2ca0a6fd877]::panicking::default_hook::{closure#0}
[INFO] [stdout]    4:     0x59bc1d4a37a9 - std[617be2ca0a6fd877]::panicking::default_hook
[INFO] [stdout]    5:     0x59bc1d2c3110 - test[aada8e7e76ba119b]::test_main_inner::{closure#0}
[INFO] [stdout]    6:     0x59bc1d4a3ad2 - std[617be2ca0a6fd877]::panicking::panic_with_hook
[INFO] [stdout]    7:     0x59bc1d486282 - std[617be2ca0a6fd877]::panicking::panic_handler::{closure#0}
[INFO] [stdout]    8:     0x59bc1d47e799 - std[617be2ca0a6fd877]::sys::backtrace::__rust_end_short_backtrace::<std[617be2ca0a6fd877]::panicking::panic_handler::{closure#0}, !>
[INFO] [stdout]    9:     0x59bc1d48705d - __rustc[ea4f61d10b84890b]::rust_begin_unwind
[INFO] [stdout]   10:     0x59bc1d4c5d8c - core[a373ad73a504971]::panicking::panic_fmt
[INFO] [stdout]   11:     0x59bc1d4c5b62 - core[a373ad73a504971]::result::unwrap_failed
[INFO] [stdout]   12:     0x59bc1cf0746c - netidx[d3017e9eb81cbbdc]::test::publisher::publish_subscribe::{closure#0}
[INFO] [stdout]   13:     0x59bc1ce3853a - <tokio[49f81a49c6f8eabe]::runtime::park::CachedParkThread>::block_on::<core[a373ad73a504971]::pin::Pin<&mut dyn core[a373ad73a504971]::future::future::Future<Output = ()>>>
[INFO] [stdout]   14:     0x59bc1cf65ab0 - tokio[49f81a49c6f8eabe]::runtime::context::runtime::enter_runtime::<<tokio[49f81a49c6f8eabe]::runtime::scheduler::multi_thread::MultiThread>::block_on<core[a373ad73a504971]::pin::Pin<&mut dyn core[a373ad73a504971]::future::future::Future<Output = ()>>>::{closure#0}, ()>
[INFO] [stdout]   15:     0x59bc1ce36daa - <tokio[49f81a49c6f8eabe]::runtime::runtime::Runtime>::block_on::<core[a373ad73a504971]::pin::Pin<&mut dyn core[a373ad73a504971]::future::future::Future<Output = ()>>>
[INFO] [stdout]   16:     0x59bc1cf1dc6e - <netidx[d3017e9eb81cbbdc]::test::publisher::publish_subscribe::{closure#0} as core[a373ad73a504971]::ops::function::FnOnce<()>>::call_once
[INFO] [stdout]   17:     0x59bc1d2b655b - test[aada8e7e76ba119b]::__rust_begin_short_backtrace::<core[a373ad73a504971]::result::Result<(), alloc[2e1b2a31b91974c5]::string::String>, fn() -> core[a373ad73a504971]::result::Result<(), alloc[2e1b2a31b91974c5]::string::String>>
[INFO] [stdout]   18:     0x59bc1d2c3735 - test[aada8e7e76ba119b]::run_test::{closure#0}
[INFO] [stdout]   19:     0x59bc1d2bd024 - std[617be2ca0a6fd877]::sys::backtrace::__rust_begin_short_backtrace::<test[aada8e7e76ba119b]::run_test::{closure#1}, ()>
[INFO] [stdout]   20:     0x59bc1d2c67c2 - <std[617be2ca0a6fd877]::thread::lifecycle::spawn_unchecked<test[aada8e7e76ba119b]::run_test::{closure#1}, ()>::{closure#1} as core[a373ad73a504971]::ops::function::FnOnce<()>>::call_once::{shim:vtable#0}
[INFO] [stdout]   21:     0x59bc1d4aaeff - <std[617be2ca0a6fd877]::sys::thread::unix::Thread>::new::thread_start
[INFO] [stdout]   22:     0x77c1ecec3dfa - <unknown>
[INFO] [stdout]   23:     0x77c1ecf573d4 - clone
[INFO] [stdout]   24:                0x0 - <unknown>
[INFO] [stdout] 
[INFO] [stdout] ---- test::publisher::tls_publish_subscribe stdout ----
[INFO] [stdout] 
[INFO] [stdout] thread 'test::publisher::tls_publish_subscribe' (5090) panicked at src/test.rs:603:14:
[INFO] [stdout] load tls server config: No such file or directory (os error 2)
[INFO] [stdout] 
[INFO] [stdout] Stack backtrace:
[INFO] [stdout]    0: <anyhow::Error as core::convert::From<core::io::error::Error>>::from
[INFO] [stdout]    1: <netidx::resolver_server::config::Config>::load::<&str>
[INFO] [stdout]    2: netidx::test::publisher::tls_publish_subscribe::{closure#0}
[INFO] [stdout]    3: <tokio::runtime::park::CachedParkThread>::block_on::<core::pin::Pin<&mut dyn core::future::future::Future<Output = ()>>>
[INFO] [stdout]    4: tokio::runtime::context::runtime::enter_runtime::<<tokio::runtime::scheduler::multi_thread::MultiThread>::block_on<core::pin::Pin<&mut dyn core::future::future::Future<Output = ()>>>::{closure#0}, ()>
[INFO] [stdout]    5: <tokio::runtime::runtime::Runtime>::block_on::<core::pin::Pin<&mut dyn core::future::future::Future<Output = ()>>>
[INFO] [stdout]    6: <netidx::test::publisher::tls_publish_subscribe::{closure#0} as core::ops::function::FnOnce<()>>::call_once
[INFO] [stdout]    7: test::__rust_begin_short_backtrace::<core::result::Result<(), alloc::string::String>, fn() -> core::result::Result<(), alloc::string::String>>
[INFO] [stdout]    8: test::run_test::{closure#0}
[INFO] [stdout]    9: std::sys::backtrace::__rust_begin_short_backtrace::<test::run_test::{closure#1}, ()>
[INFO] [stdout]   10: <std::thread::lifecycle::spawn_unchecked<test::run_test::{closure#1}, ()>::{closure#1} as core::ops::function::FnOnce<()>>::call_once::{shim:vtable#0}
[INFO] [stdout]   11: <std::sys::thread::unix::Thread>::new::thread_start
[INFO] [stdout]   12: <unknown>
[INFO] [stdout]   13: clone
[INFO] [stdout] stack backtrace:
[INFO] [stdout]    0:     0x59bc1d4aba11 - <<std[617be2ca0a6fd877]::sys::backtrace::BacktraceLock>::print::DisplayBacktrace as core[a373ad73a504971]::fmt::Display>::fmt
[INFO] [stdout]    1:     0x59bc1d4c55aa - core[a373ad73a504971]::fmt::write
[INFO] [stdout]    2:     0x59bc1d4b1dfc - <alloc[2e1b2a31b91974c5]::vec::Vec<u8> as core[a373ad73a504971]::io::write::Write>::write_fmt
[INFO] [stdout]    3:     0x59bc1d4861d6 - std[617be2ca0a6fd877]::panicking::default_hook::{closure#0}
[INFO] [stdout]    4:     0x59bc1d4a37a9 - std[617be2ca0a6fd877]::panicking::default_hook
[INFO] [stdout]    5:     0x59bc1d2c3110 - test[aada8e7e76ba119b]::test_main_inner::{closure#0}
[INFO] [stdout]    6:     0x59bc1d4a3ad2 - std[617be2ca0a6fd877]::panicking::panic_with_hook
[INFO] [stdout]    7:     0x59bc1d486282 - std[617be2ca0a6fd877]::panicking::panic_handler::{closure#0}
[INFO] [stdout]    8:     0x59bc1d47e799 - std[617be2ca0a6fd877]::sys::backtrace::__rust_end_short_backtrace::<std[617be2ca0a6fd877]::panicking::panic_handler::{closure#0}, !>
[INFO] [stdout]    9:     0x59bc1d48705d - __rustc[ea4f61d10b84890b]::rust_begin_unwind
[INFO] [stdout]   10:     0x59bc1d4c5d8c - core[a373ad73a504971]::panicking::panic_fmt
[INFO] [stdout]   11:     0x59bc1d4c5b62 - core[a373ad73a504971]::result::unwrap_failed
[INFO] [stdout]   12:     0x59bc1cf07cd9 - netidx[d3017e9eb81cbbdc]::test::publisher::tls_publish_subscribe::{closure#0}
[INFO] [stdout]   13:     0x59bc1ce3853a - <tokio[49f81a49c6f8eabe]::runtime::park::CachedParkThread>::block_on::<core[a373ad73a504971]::pin::Pin<&mut dyn core[a373ad73a504971]::future::future::Future<Output = ()>>>
[INFO] [stdout]   14:     0x59bc1cf65ab0 - tokio[49f81a49c6f8eabe]::runtime::context::runtime::enter_runtime::<<tokio[49f81a49c6f8eabe]::runtime::scheduler::multi_thread::MultiThread>::block_on<core[a373ad73a504971]::pin::Pin<&mut dyn core[a373ad73a504971]::future::future::Future<Output = ()>>>::{closure#0}, ()>
[INFO] [stdout]   15:     0x59bc1ce36daa - <tokio[49f81a49c6f8eabe]::runtime::runtime::Runtime>::block_on::<core[a373ad73a504971]::pin::Pin<&mut dyn core[a373ad73a504971]::future::future::Future<Output = ()>>>
[INFO] [stdout]   16:     0x59bc1cf1ddce - <netidx[d3017e9eb81cbbdc]::test::publisher::tls_publish_subscribe::{closure#0} as core[a373ad73a504971]::ops::function::FnOnce<()>>::call_once
[INFO] [stdout]   17:     0x59bc1d2b655b - test[aada8e7e76ba119b]::__rust_begin_short_backtrace::<core[a373ad73a504971]::result::Result<(), alloc[2e1b2a31b91974c5]::string::String>, fn() -> core[a373ad73a504971]::result::Result<(), alloc[2e1b2a31b91974c5]::string::String>>
[INFO] [stdout]   18:     0x59bc1d2c3735 - test[aada8e7e76ba119b]::run_test::{closure#0}
[INFO] [stdout]   19:     0x59bc1d2bd024 - std[617be2ca0a6fd877]::sys::backtrace::__rust_begin_short_backtrace::<test[aada8e7e76ba119b]::run_test::{closure#1}, ()>
[INFO] [stdout]   20:     0x59bc1d2c67c2 - <std[617be2ca0a6fd877]::thread::lifecycle::spawn_unchecked<test[aada8e7e76ba119b]::run_test::{closure#1}, ()>::{closure#1} as core[a373ad73a504971]::ops::function::FnOnce<()>>::call_once::{shim:vtable#0}
[INFO] [stdout]   21:     0x59bc1d4aaeff - <std[617be2ca0a6fd877]::sys::thread::unix::Thread>::new::thread_start
[INFO] [stdout]   22:     0x77c1ecec3dfa - <unknown>
[INFO] [stdout]   23:     0x77c1ecf573d4 - clone
[INFO] [stdout]   24:                0x0 - <unknown>
[INFO] [stdout] 
[INFO] [stdout] ---- test::resolver::publish_default stdout ----
[INFO] [stdout] 
[INFO] [stdout] thread 'test::resolver::publish_default' (5091) panicked at src/test.rs:63:14:
[INFO] [stdout] load simple server config: No such file or directory (os error 2)
[INFO] [stdout] 
[INFO] [stdout] Stack backtrace:
[INFO] [stdout]    0: <anyhow::Error as core::convert::From<core::io::error::Error>>::from
[INFO] [stdout]    1: <netidx::resolver_server::config::Config>::load::<&str>
[INFO] [stdout]    2: netidx::test::resolver::publish_default::{closure#0}
[INFO] [stdout]    3: <tokio::runtime::park::CachedParkThread>::block_on::<core::pin::Pin<&mut dyn core::future::future::Future<Output = ()>>>
[INFO] [stdout]    4: tokio::runtime::context::runtime::enter_runtime::<<tokio::runtime::scheduler::multi_thread::MultiThread>::block_on<core::pin::Pin<&mut dyn core::future::future::Future<Output = ()>>>::{closure#0}, ()>
[INFO] [stdout]    5: <tokio::runtime::runtime::Runtime>::block_on::<core::pin::Pin<&mut dyn core::future::future::Future<Output = ()>>>
[INFO] [stdout]    6: <netidx::test::resolver::publish_default::{closure#0} as core::ops::function::FnOnce<()>>::call_once
[INFO] [stdout]    7: test::__rust_begin_short_backtrace::<core::result::Result<(), alloc::string::String>, fn() -> core::result::Result<(), alloc::string::String>>
[INFO] [stdout]    8: test::run_test::{closure#0}
[INFO] [stdout]    9: std::sys::backtrace::__rust_begin_short_backtrace::<test::run_test::{closure#1}, ()>
[INFO] [stdout]   10: <std::thread::lifecycle::spawn_unchecked<test::run_test::{closure#1}, ()>::{closure#1} as core::ops::function::FnOnce<()>>::call_once::{shim:vtable#0}
[INFO] [stdout]   11: <std::sys::thread::unix::Thread>::new::thread_start
[INFO] [stdout]   12: <unknown>
[INFO] [stdout]   13: clone
[INFO] [stdout] stack backtrace:
[INFO] [stdout]    0:     0x59bc1d4aba11 - <<std[617be2ca0a6fd877]::sys::backtrace::BacktraceLock>::print::DisplayBacktrace as core[a373ad73a504971]::fmt::Display>::fmt
[INFO] [stdout]    1:     0x59bc1d4c55aa - core[a373ad73a504971]::fmt::write
[INFO] [stdout]    2:     0x59bc1d4b1dfc - <alloc[2e1b2a31b91974c5]::vec::Vec<u8> as core[a373ad73a504971]::io::write::Write>::write_fmt
[INFO] [stdout]    3:     0x59bc1d4861d6 - std[617be2ca0a6fd877]::panicking::default_hook::{closure#0}
[INFO] [stdout]    4:     0x59bc1d4a37a9 - std[617be2ca0a6fd877]::panicking::default_hook
[INFO] [stdout]    5:     0x59bc1d2c3110 - test[aada8e7e76ba119b]::test_main_inner::{closure#0}
[INFO] [stdout]    6:     0x59bc1d4a3ad2 - std[617be2ca0a6fd877]::panicking::panic_with_hook
[INFO] [stdout]    7:     0x59bc1d486282 - std[617be2ca0a6fd877]::panicking::panic_handler::{closure#0}
[INFO] [stdout]    8:     0x59bc1d47e799 - std[617be2ca0a6fd877]::sys::backtrace::__rust_end_short_backtrace::<std[617be2ca0a6fd877]::panicking::panic_handler::{closure#0}, !>
[INFO] [stdout]    9:     0x59bc1d48705d - __rustc[ea4f61d10b84890b]::rust_begin_unwind
[INFO] [stdout]   10:     0x59bc1d4c5d8c - core[a373ad73a504971]::panicking::panic_fmt
[INFO] [stdout]   11:     0x59bc1d4c5b62 - core[a373ad73a504971]::result::unwrap_failed
[INFO] [stdout]   12:     0x59bc1cfd47c4 - netidx[d3017e9eb81cbbdc]::test::resolver::publish_default::{closure#0}
[INFO] [stdout]   13:     0x59bc1ce3853a - <tokio[49f81a49c6f8eabe]::runtime::park::CachedParkThread>::block_on::<core[a373ad73a504971]::pin::Pin<&mut dyn core[a373ad73a504971]::future::future::Future<Output = ()>>>
[INFO] [stdout]   14:     0x59bc1cf65ab0 - tokio[49f81a49c6f8eabe]::runtime::context::runtime::enter_runtime::<<tokio[49f81a49c6f8eabe]::runtime::scheduler::multi_thread::MultiThread>::block_on<core[a373ad73a504971]::pin::Pin<&mut dyn core[a373ad73a504971]::future::future::Future<Output = ()>>>::{closure#0}, ()>
[INFO] [stdout]   15:     0x59bc1ce36daa - <tokio[49f81a49c6f8eabe]::runtime::runtime::Runtime>::block_on::<core[a373ad73a504971]::pin::Pin<&mut dyn core[a373ad73a504971]::future::future::Future<Output = ()>>>
[INFO] [stdout]   16:     0x59bc1cff37be - <netidx[d3017e9eb81cbbdc]::test::resolver::publish_default::{closure#0} as core[a373ad73a504971]::ops::function::FnOnce<()>>::call_once
[INFO] [stdout]   17:     0x59bc1d2b655b - test[aada8e7e76ba119b]::__rust_begin_short_backtrace::<core[a373ad73a504971]::result::Result<(), alloc[2e1b2a31b91974c5]::string::String>, fn() -> core[a373ad73a504971]::result::Result<(), alloc[2e1b2a31b91974c5]::string::String>>
[INFO] [stdout]   18:     0x59bc1d2c3735 - test[aada8e7e76ba119b]::run_test::{closure#0}
[INFO] [stdout]   19:     0x59bc1d2bd024 - std[617be2ca0a6fd877]::sys::backtrace::__rust_begin_short_backtrace::<test[aada8e7e76ba119b]::run_test::{closure#1}, ()>
[INFO] [stdout]   20:     0x59bc1d2c67c2 - <std[617be2ca0a6fd877]::thread::lifecycle::spawn_unchecked<test[aada8e7e76ba119b]::run_test::{closure#1}, ()>::{closure#1} as core[a373ad73a504971]::ops::function::FnOnce<()>>::call_once::{shim:vtable#0}
[INFO] [stdout]   21:     0x59bc1d4aaeff - <std[617be2ca0a6fd877]::sys::thread::unix::Thread>::new::thread_start
[INFO] [stdout]   22:     0x77c1ecec3dfa - <unknown>
[INFO] [stdout]   23:     0x77c1ecf573d4 - clone
[INFO] [stdout]   24:                0x0 - <unknown>
[INFO] [stdout] 
[INFO] [stdout] ---- test::resolver::publish_resolve_simple stdout ----
[INFO] [stdout] 
[INFO] [stdout] thread 'test::resolver::publish_resolve_simple' (5093) panicked at src/test.rs:24:14:
[INFO] [stdout] load simple server config: No such file or directory (os error 2)
[INFO] [stdout] 
[INFO] [stdout] Stack backtrace:
[INFO] [stdout]    0: <anyhow::Error as core::convert::From<core::io::error::Error>>::from
[INFO] [stdout]    1: <netidx::resolver_server::config::Config>::load::<&str>
[INFO] [stdout]    2: netidx::test::resolver::publish_resolve_simple::{closure#0}
[INFO] [stdout]    3: <tokio::runtime::park::CachedParkThread>::block_on::<core::pin::Pin<&mut dyn core::future::future::Future<Output = ()>>>
[INFO] [stdout]    4: tokio::runtime::context::runtime::enter_runtime::<<tokio::runtime::scheduler::multi_thread::MultiThread>::block_on<core::pin::Pin<&mut dyn core::future::future::Future<Output = ()>>>::{closure#0}, ()>
[INFO] [stdout]    5: <tokio::runtime::runtime::Runtime>::block_on::<core::pin::Pin<&mut dyn core::future::future::Future<Output = ()>>>
[INFO] [stdout]    6: <netidx::test::resolver::publish_resolve_simple::{closure#0} as core::ops::function::FnOnce<()>>::call_once
[INFO] [stdout]    7: test::__rust_begin_short_backtrace::<core::result::Result<(), alloc::string::String>, fn() -> core::result::Result<(), alloc::string::String>>
[INFO] [stdout]    8: test::run_test::{closure#0}
[INFO] [stdout]    9: std::sys::backtrace::__rust_begin_short_backtrace::<test::run_test::{closure#1}, ()>
[INFO] [stdout]   10: <std::thread::lifecycle::spawn_unchecked<test::run_test::{closure#1}, ()>::{closure#1} as core::ops::function::FnOnce<()>>::call_once::{shim:vtable#0}
[INFO] [stdout]   11: <std::sys::thread::unix::Thread>::new::thread_start
[INFO] [stdout]   12: <unknown>
[INFO] [stdout]   13: clone
[INFO] [stdout] stack backtrace:
[INFO] [stdout]    0:     0x59bc1d4aba11 - <<std[617be2ca0a6fd877]::sys::backtrace::BacktraceLock>::print::DisplayBacktrace as core[a373ad73a504971]::fmt::Display>::fmt
[INFO] [stdout]    1:     0x59bc1d4c55aa - core[a373ad73a504971]::fmt::write
[INFO] [stdout]    2:     0x59bc1d4b1dfc - <alloc[2e1b2a31b91974c5]::vec::Vec<u8> as core[a373ad73a504971]::io::write::Write>::write_fmt
[INFO] [stdout]    3:     0x59bc1d4861d6 - std[617be2ca0a6fd877]::panicking::default_hook::{closure#0}
[INFO] [stdout]    4:     0x59bc1d4a37a9 - std[617be2ca0a6fd877]::panicking::default_hook
[INFO] [stdout]    5:     0x59bc1d2c3110 - test[aada8e7e76ba119b]::test_main_inner::{closure#0}
[INFO] [stdout]    6:     0x59bc1d4a3ad2 - std[617be2ca0a6fd877]::panicking::panic_with_hook
[INFO] [stdout]    7:     0x59bc1d486282 - std[617be2ca0a6fd877]::panicking::panic_handler::{closure#0}
[INFO] [stdout]    8:     0x59bc1d47e799 - std[617be2ca0a6fd877]::sys::backtrace::__rust_end_short_backtrace::<std[617be2ca0a6fd877]::panicking::panic_handler::{closure#0}, !>
[INFO] [stdout]    9:     0x59bc1d48705d - __rustc[ea4f61d10b84890b]::rust_begin_unwind
[INFO] [stdout]   10:     0x59bc1d4c5d8c - core[a373ad73a504971]::panicking::panic_fmt
[INFO] [stdout]   11:     0x59bc1d4c5b62 - core[a373ad73a504971]::result::unwrap_failed
[INFO] [stdout]   12:     0x59bc1cfd6a64 - netidx[d3017e9eb81cbbdc]::test::resolver::publish_resolve_simple::{closure#0}
[INFO] [stdout]   13:     0x59bc1ce3853a - <tokio[49f81a49c6f8eabe]::runtime::park::CachedParkThread>::block_on::<core[a373ad73a504971]::pin::Pin<&mut dyn core[a373ad73a504971]::future::future::Future<Output = ()>>>
[INFO] [stdout]   14:     0x59bc1cf65ab0 - tokio[49f81a49c6f8eabe]::runtime::context::runtime::enter_runtime::<<tokio[49f81a49c6f8eabe]::runtime::scheduler::multi_thread::MultiThread>::block_on<core[a373ad73a504971]::pin::Pin<&mut dyn core[a373ad73a504971]::future::future::Future<Output = ()>>>::{closure#0}, ()>
[INFO] [stdout]   15:     0x59bc1ce36daa - <tokio[49f81a49c6f8eabe]::runtime::runtime::Runtime>::block_on::<core[a373ad73a504971]::pin::Pin<&mut dyn core[a373ad73a504971]::future::future::Future<Output = ()>>>
[INFO] [stdout]   16:     0x59bc1cff391e - <netidx[d3017e9eb81cbbdc]::test::resolver::publish_resolve_simple::{closure#0} as core[a373ad73a504971]::ops::function::FnOnce<()>>::call_once
[INFO] [stdout]   17:     0x59bc1d2b655b - test[aada8e7e76ba119b]::__rust_begin_short_backtrace::<core[a373ad73a504971]::result::Result<(), alloc[2e1b2a31b91974c5]::string::String>, fn() -> core[a373ad73a504971]::result::Result<(), alloc[2e1b2a31b91974c5]::string::String>>
[INFO] [stdout]   18:     0x59bc1d2c3735 - test[aada8e7e76ba119b]::run_test::{closure#0}
[INFO] [stdout]   19:     0x59bc1d2bd024 - std[617be2ca0a6fd877]::sys::backtrace::__rust_begin_short_backtrace::<test[aada8e7e76ba119b]::run_test::{closure#1}, ()>
[INFO] [stdout]   20:     0x59bc1d2c67c2 - <std[617be2ca0a6fd877]::thread::lifecycle::spawn_unchecked<test[aada8e7e76ba119b]::run_test::{closure#1}, ()>::{closure#1} as core[a373ad73a504971]::ops::function::FnOnce<()>>::call_once::{shim:vtable#0}
[INFO] [stdout]   21:     0x59bc1d4aaeff - <std[617be2ca0a6fd877]::sys::thread::unix::Thread>::new::thread_start
[INFO] [stdout]   22:     0x77c1ecec3dfa - <unknown>
[INFO] [stdout]   23:     0x77c1ecf573d4 - clone
[INFO] [stdout]   24:                0x0 - <unknown>
[INFO] [stdout] 
[INFO] [stdout] 
[INFO] [stdout] failures:
[INFO] [stdout]     test::publisher::publish_subscribe
[INFO] [stdout]     test::publisher::tls_publish_subscribe
[INFO] [stdout]     test::resolver::publish_default
[INFO] [stdout]     test::resolver::publish_resolve_complex
[INFO] [stdout]     test::resolver::publish_resolve_simple
[INFO] [stdout] 
[INFO] [stdout] test result: FAILED. 5 passed; 5 failed; 0 ignored; 0 measured; 0 filtered out; finished in 50.03s
[INFO] [stdout] 
[INFO] [stderr] error: test failed, to rerun pass `--lib`
[INFO] running `Command { std: "docker" "inspect" "16475e75f40bb9b2439df716a52cec651a2947852efef495497eadfe769d5edf", kill_on_drop: false }`
[INFO] running `Command { std: "docker" "rm" "-f" "16475e75f40bb9b2439df716a52cec651a2947852efef495497eadfe769d5edf", kill_on_drop: false }`
[INFO] [stdout] 16475e75f40bb9b2439df716a52cec651a2947852efef495497eadfe769d5edf
