[INFO] fetching crate netcdf-reader 0.9.1...
[INFO] testing netcdf-reader-0.9.1 against 1.100.0-beta.1+cargoflags=--release for beta-release-1.100-2
[INFO] extracting crate netcdf-reader 0.9.1 into /workspace/builds/worker-7-tc2/source
[INFO] started tweaking crates.io crate netcdf-reader 0.9.1
[INFO] removed 0 missing tests
[INFO] finished tweaking crates.io crate netcdf-reader 0.9.1
[INFO] tweaked toml for crates.io crate netcdf-reader 0.9.1 written to /workspace/builds/worker-7-tc2/source/Cargo.toml
[INFO] validating manifest of crates.io crate netcdf-reader 0.9.1 on toolchain 1.100.0-beta.1
[INFO] running `Command { std: CARGO_HOME="/workspace/cargo-home" RUSTUP_HOME="/workspace/rustup-home" "/workspace/cargo-home/bin/cargo" "+1.100.0-beta.1" "metadata" "--manifest-path" "Cargo.toml" "--no-deps", kill_on_drop: false }`
[INFO] crate crates.io crate netcdf-reader 0.9.1 already has a lockfile, it will not be regenerated
[INFO] running `Command { std: CARGO_HOME="/workspace/cargo-home" RUSTUP_HOME="/workspace/rustup-home" "/workspace/cargo-home/bin/cargo" "+1.100.0-beta.1" "fetch" "--manifest-path" "Cargo.toml", kill_on_drop: false }`
[INFO] [stderr] warning: `package.homepage` is redundant with `package.repository`
[INFO] [stderr]   --> Cargo.toml:79:12
[INFO] [stderr]    |
[INFO] [stderr] 79 | homepage = "https://github.com/roteiro-gis/netcdf-rust"
[INFO] [stderr]    |            ^^^^^^^^^^^^^^^^^^^^^^^^^^^^^^^^^^^^^^^^^^^^
[INFO] [stderr] ...
[INFO] [stderr] 84 | repository = "https://github.com/roteiro-gis/netcdf-rust"
[INFO] [stderr]    |              --------------------------------------------
[INFO] [stderr]    |
[INFO] [stderr]    = note: `cargo::redundant_homepage` is set to `warn` by default
[INFO] [stderr] help: consider removing `package.homepage`
[INFO] [stderr] warning: `netcdf-reader` (manifest) generated 1 warning
[INFO] running `Command { std: "docker" "create" "-v" "/var/lib/crater-agent-workspace/builds/worker-7-tc2/source:/opt/rustwide/workdir:ro,Z" "-v" "/var/lib/crater-agent-workspace/builds/worker-7-tc2/target:/opt/rustwide/target:rw,Z" "-v" "/var/lib/crater-agent-workspace/cargo-home:/opt/rustwide/cargo-home:ro,Z" "-v" "/var/lib/crater-agent-workspace/rustup-home:/opt/rustwide/rustup-home:ro,Z" "-m" "1610612736" "--network" "none" "ghcr.io/rust-lang/crates-build-env/linux@sha256:77db811e55d90add9212f6832c23229e3de5f1c1f9905e8cb07319ea15df73ac" "sleep" "infinity", kill_on_drop: false }`
[INFO] [stdout] 860cfeaf5e264d645f6bbce4697038b9094ea1bd16fc4418d12f82edaa676444
[INFO] running `Command { std: "docker" "start" "860cfeaf5e264d645f6bbce4697038b9094ea1bd16fc4418d12f82edaa676444", kill_on_drop: false }`
[INFO] running `Command { std: "docker" "inspect" "860cfeaf5e264d645f6bbce4697038b9094ea1bd16fc4418d12f82edaa676444", kill_on_drop: false }`
[INFO] running `Command { std: "docker" "exec" "-e" "SOURCE_DIR=/opt/rustwide/workdir" "-e" "CARGO_HOME=/opt/rustwide/cargo-home" "-e" "RUSTUP_HOME=/opt/rustwide/rustup-home" "-e" "CARGO_TARGET_DIR=/opt/rustwide/target" "-w" "/opt/rustwide/workdir" "--user" "0:0" "860cfeaf5e264d645f6bbce4697038b9094ea1bd16fc4418d12f82edaa676444" "/opt/rustwide/cargo-home/bin/cargo" "+1.100.0-beta.1" "metadata" "--no-deps" "--format-version=1", kill_on_drop: false }`
[INFO] running `Command { std: "docker" "inspect" "860cfeaf5e264d645f6bbce4697038b9094ea1bd16fc4418d12f82edaa676444", kill_on_drop: false }`
[INFO] running `Command { std: "docker" "exec" "-e" "SOURCE_DIR=/opt/rustwide/workdir" "-e" "CARGO_HOME=/opt/rustwide/cargo-home" "-e" "RUSTUP_HOME=/opt/rustwide/rustup-home" "-e" "CARGO_TARGET_DIR=/opt/rustwide/target" "-e" "CARGO_INCREMENTAL=0" "-e" "RUST_BACKTRACE=full" "-e" "RUSTFLAGS=--cap-lints=warn" "-e" "RUSTDOCFLAGS=--cap-lints=warn" "-w" "/opt/rustwide/workdir" "--user" "0:0" "860cfeaf5e264d645f6bbce4697038b9094ea1bd16fc4418d12f82edaa676444" "/opt/rustwide/cargo-home/bin/cargo" "+1.100.0-beta.1" "build" "--frozen" "--message-format=json" "--release", kill_on_drop: false }`
[INFO] [stderr] warning: `package.homepage` is redundant with `package.repository`
[INFO] [stderr]   --> Cargo.toml:79:12
[INFO] [stderr]    |
[INFO] [stderr] 79 | homepage = "https://github.com/roteiro-gis/netcdf-rust"
[INFO] [stderr]    |            ^^^^^^^^^^^^^^^^^^^^^^^^^^^^^^^^^^^^^^^^^^^^
[INFO] [stderr] ...
[INFO] [stderr] 84 | repository = "https://github.com/roteiro-gis/netcdf-rust"
[INFO] [stderr]    |              --------------------------------------------
[INFO] [stderr]    |
[INFO] [stderr]    = note: `cargo::redundant_homepage` is set to `warn` by default
[INFO] [stderr] help: consider removing `package.homepage`
[INFO] [stderr] warning: `netcdf-reader` (manifest) generated 1 warning
[INFO] [stderr]    Compiling libc v0.2.183
[INFO] [stderr]    Compiling matrixmultiply v0.3.10
[INFO] [stderr]    Compiling rawpointer v0.2.1
[INFO] [stderr]    Compiling simd-adler32 v0.3.8
[INFO] [stderr]    Compiling crossbeam-epoch v0.9.20
[INFO] [stderr]    Compiling num-complex v0.4.6
[INFO] [stderr]    Compiling num-integer v0.1.46
[INFO] [stderr]    Compiling lru v0.16.3
[INFO] [stderr]    Compiling syn v2.0.117
[INFO] [stderr]    Compiling miniz_oxide v0.8.9
[INFO] [stderr]    Compiling crossbeam-deque v0.8.6
[INFO] [stderr]    Compiling rayon-core v1.13.0
[INFO] [stderr]    Compiling flate2 v1.1.9
[INFO] [stderr]    Compiling rayon v1.11.0
[INFO] [stderr]    Compiling parking_lot_core v0.9.12
[INFO] [stderr]    Compiling memmap2 v0.9.11
[INFO] [stderr]    Compiling parking_lot v0.12.5
[INFO] [stderr]    Compiling ndarray v0.17.2
[INFO] [stderr]    Compiling thiserror-impl v2.0.18
[INFO] [stderr]    Compiling thiserror v2.0.18
[INFO] [stderr]    Compiling hdf5-core v0.9.1
[INFO] [stderr]    Compiling netcdf-core v0.9.1
[INFO] [stderr]    Compiling hdf5-reader v0.9.1
[INFO] [stderr]    Compiling netcdf-reader v0.9.1 (/opt/rustwide/workdir)
[INFO] [stderr]     Finished `release` profile [optimized] target(s) in 18.86s
[INFO] running `Command { std: "docker" "inspect" "860cfeaf5e264d645f6bbce4697038b9094ea1bd16fc4418d12f82edaa676444", kill_on_drop: false }`
[INFO] running `Command { std: "docker" "exec" "-e" "SOURCE_DIR=/opt/rustwide/workdir" "-e" "CARGO_HOME=/opt/rustwide/cargo-home" "-e" "RUSTUP_HOME=/opt/rustwide/rustup-home" "-e" "CARGO_TARGET_DIR=/opt/rustwide/target" "-e" "CARGO_INCREMENTAL=0" "-e" "RUST_BACKTRACE=full" "-e" "RUSTFLAGS=--cap-lints=warn" "-e" "RUSTDOCFLAGS=--cap-lints=warn" "-w" "/opt/rustwide/workdir" "--user" "0:0" "860cfeaf5e264d645f6bbce4697038b9094ea1bd16fc4418d12f82edaa676444" "/opt/rustwide/cargo-home/bin/cargo" "+1.100.0-beta.1" "test" "--frozen" "--no-run" "--message-format=json" "--release", kill_on_drop: false }`
[INFO] [stderr] warning: `package.homepage` is redundant with `package.repository`
[INFO] [stderr]   --> Cargo.toml:79:12
[INFO] [stderr]    |
[INFO] [stderr] 79 | homepage = "https://github.com/roteiro-gis/netcdf-rust"
[INFO] [stderr]    |            ^^^^^^^^^^^^^^^^^^^^^^^^^^^^^^^^^^^^^^^^^^^^
[INFO] [stderr] ...
[INFO] [stderr] 84 | repository = "https://github.com/roteiro-gis/netcdf-rust"
[INFO] [stderr]    |              --------------------------------------------
[INFO] [stderr]    |
[INFO] [stderr]    = note: `cargo::redundant_homepage` is set to `warn` by default
[INFO] [stderr] help: consider removing `package.homepage`
[INFO] [stderr] warning: `netcdf-reader` (manifest) generated 1 warning
[INFO] [stderr]    Compiling regex-syntax v0.8.10
[INFO] [stderr]    Compiling zerocopy v0.8.42
[INFO] [stderr]    Compiling cc v1.2.57
[INFO] [stderr]    Compiling aho-corasick v1.1.4
[INFO] [stderr]    Compiling getrandom v0.3.4
[INFO] [stderr]    Compiling num-integer v0.1.46
[INFO] [stderr]    Compiling num-complex v0.4.6
[INFO] [stderr]    Compiling zerocopy-derive v0.8.42
[INFO] [stderr]    Compiling serde_derive v1.0.228
[INFO] [stderr]    Compiling netcdf-sys v0.9.0
[INFO] [stderr]    Compiling rustix v1.1.4
[INFO] [stderr]    Compiling getrandom v0.4.2
[INFO] [stderr]    Compiling rayon v1.11.0
[INFO] [stderr]    Compiling clap_builder v4.6.0
[INFO] [stderr]    Compiling hdf5-core v0.9.1
[INFO] [stderr]    Compiling regex-automata v0.4.14
[INFO] [stderr]    Compiling rand_core v0.9.5
[INFO] [stderr]    Compiling netcdf v0.12.0
[INFO] [stderr]    Compiling wait-timeout v0.2.1
[INFO] [stderr]    Compiling plotters v0.3.7
[INFO] [stderr]    Compiling netcdf-core v0.9.1
[INFO] [stderr]    Compiling ndarray v0.17.2
[INFO] [stderr]    Compiling rand_xorshift v0.4.0
[INFO] [stderr]    Compiling rand v0.9.3
[INFO] [stderr]    Compiling is-terminal v0.4.17
[INFO] [stderr]    Compiling peak_alloc v0.2.1
[INFO] [stderr]    Compiling cmake v0.1.57
[INFO] [stderr]    Compiling libz-sys v1.1.25
[INFO] [stderr]    Compiling tempfile v3.27.0
[INFO] [stderr]    Compiling hdf5-metno-src v0.10.1
[INFO] [stderr]    Compiling netcdf-src v0.5.0
[INFO] [stderr]    Compiling rusty-fork v0.3.1
[INFO] [stderr]    Compiling regex v1.12.3
[INFO] [stderr]    Compiling serde v1.0.228
[INFO] [stderr]    Compiling clap v4.6.0
[INFO] [stderr]    Compiling tinytemplate v1.2.1
[INFO] [stderr]    Compiling hdf5-metno-sys v0.11.2
[INFO] [stderr]    Compiling half v2.7.1
[INFO] [stderr]    Compiling ppv-lite86 v0.2.21
[INFO] [stderr]    Compiling hdf5-reader v0.9.1
[INFO] [stderr]    Compiling ciborium-ll v0.2.2
[INFO] [stderr]    Compiling rand_chacha v0.9.0
[INFO] [stderr]    Compiling ciborium v0.2.2
[INFO] [stderr]    Compiling proptest v1.10.0
[INFO] [stderr]    Compiling criterion v0.5.1
[INFO] [stderr]    Compiling netcdf-reader v0.9.1 (/opt/rustwide/workdir)
[INFO] [stderr]     Finished `release` profile [optimized] target(s) in 1m 38s
[INFO] running `Command { std: "docker" "inspect" "860cfeaf5e264d645f6bbce4697038b9094ea1bd16fc4418d12f82edaa676444", kill_on_drop: false }`
[INFO] running `Command { std: "docker" "exec" "-e" "SOURCE_DIR=/opt/rustwide/workdir" "-e" "CARGO_HOME=/opt/rustwide/cargo-home" "-e" "RUSTUP_HOME=/opt/rustwide/rustup-home" "-e" "CARGO_TARGET_DIR=/opt/rustwide/target" "-e" "CARGO_INCREMENTAL=0" "-e" "RUST_BACKTRACE=full" "-e" "RUSTFLAGS=--cap-lints=warn" "-e" "RUSTDOCFLAGS=--cap-lints=warn" "-w" "/opt/rustwide/workdir" "--user" "0:0" "860cfeaf5e264d645f6bbce4697038b9094ea1bd16fc4418d12f82edaa676444" "/opt/rustwide/cargo-home/bin/cargo" "+1.100.0-beta.1" "test" "--frozen" "--release", kill_on_drop: false }`
[INFO] [stderr] warning: `package.homepage` is redundant with `package.repository`
[INFO] [stderr]   --> Cargo.toml:79:12
[INFO] [stderr]    |
[INFO] [stderr] 79 | homepage = "https://github.com/roteiro-gis/netcdf-rust"
[INFO] [stderr]    |            ^^^^^^^^^^^^^^^^^^^^^^^^^^^^^^^^^^^^^^^^^^^^
[INFO] [stderr] ...
[INFO] [stderr] 84 | repository = "https://github.com/roteiro-gis/netcdf-rust"
[INFO] [stderr]    |              --------------------------------------------
[INFO] [stderr]    |
[INFO] [stderr]    = note: `cargo::redundant_homepage` is set to `warn` by default
[INFO] [stderr] help: consider removing `package.homepage`
[INFO] [stderr] warning: `netcdf-reader` (manifest) generated 1 warning
[INFO] [stderr]     Finished `release` profile [optimized] target(s) in 0.09s
[INFO] [stderr]      Running unittests src/lib.rs (/opt/rustwide/target/release/build/netcdf-reader/d407d6325a0355f2/out/netcdf_reader-d407d6325a0355f2)
[INFO] [stdout] 
[INFO] [stdout] running 75 tests
[INFO] [stdout] test classic::data::tests::non_record_variable_into_copies_values ... ok
[INFO] [stdout] test classic::data::tests::read_non_record_2d_int ... ok
[INFO] [stdout] test classic::data::tests::read_non_record_1d_float ... ok
[INFO] [stdout] test classic::data::tests::read_record_variable_into_rejects_wrong_destination_len ... ok
[INFO] [stdout] test classic::data::tests::read_record_variable_rejects_elements_per_record_overflow ... ok
[INFO] [stdout] test classic::data::tests::read_non_record_variable_rejects_element_count_overflow ... ok
[INFO] [stdout] test classic::data::tests::read_record_variable_rejects_record_offset_overflow ... ok
[INFO] [stdout] test classic::data::tests::read_non_record_variable_into_rejects_wrong_destination_len ... ok
[INFO] [stdout] test classic::data::tests::record_stride_rejects_padded_size_overflow ... ok
[INFO] [stdout] test classic::data::tests::record_stride_rejects_sum_overflow ... ok
[INFO] [stdout] test classic::data::tests::record_stride_sums_padded_record_variables ... ok
[INFO] [stdout] test classic::data::tests::record_variable_into_copies_values ... ok
[INFO] [stdout] test classic::data::tests::record_variable_reads_all_records ... ok
[INFO] [stdout] test classic::header::tests::byte_attribute ... ok
[INFO] [stdout] test classic::header::tests::cdf2_offset64 ... ok
[INFO] [stdout] test classic::header::tests::cdf5_uses_64_bit_counts_for_var_metadata ... ok
[INFO] [stdout] test classic::header::tests::char_attribute ... ok
[INFO] [stdout] test classic::header::tests::dimensions ... ok
[INFO] [stdout] test classic::header::tests::double_attribute ... ok
[INFO] [stdout] test classic::header::tests::empty_header ... ok
[INFO] [stdout] test classic::header::tests::float_attribute ... ok
[INFO] [stdout] test classic::header::tests::global_attributes ... ok
[INFO] [stdout] test classic::header::tests::invalid_dimension_reference ... ok
[INFO] [stdout] test classic::header::tests::multiple_global_attributes ... ok
[INFO] [stdout] test classic::header::tests::name_padding ... ok
[INFO] [stdout] test classic::header::tests::record_variable ... ok
[INFO] [stdout] test classic::header::tests::short_attribute_with_padding ... ok
[INFO] [stdout] test classic::header::tests::unlimited_dimension_size_tracks_numrecs ... ok
[INFO] [stdout] test classic::header::tests::variables ... ok
[INFO] [stdout] test classic::types::tests::nc_type_codes_map_supported_values ... ok
[INFO] [stdout] test classic::types::tests::padding ... ok
[INFO] [stdout] test classic::variable::tests::decode_char_variable_strings_1d ... ok
[INFO] [stdout] test classic::variable::tests::decode_char_variable_strings_2d ... ok
[INFO] [stdout] test masked::tests::fill_value ... ok
[INFO] [stdout] test masked::tests::missing_value ... ok
[INFO] [stdout] test masked::tests::no_mask_attrs ... ok
[INFO] [stdout] test masked::tests::valid_min_max ... ok
[INFO] [stdout] test masked::tests::valid_range ... ok
[INFO] [stdout] test nc4::attributes::tests::lossy_mode_skips_unsupported_attribute_types ... ok
[INFO] [stdout] test nc4::attributes::tests::strict_mode_rejects_unsupported_attribute_types ... ok
[INFO] [stdout] test nc4::groups::tests::visible_dim_addr_map_prefers_local_dimensions ... ok
[INFO] [stdout] test nc4::groups::tests::visible_dimensions_include_inherited_without_duplicates ... ok
[INFO] [stdout] test nc4::types::tests::fixed_one_byte_string_maps_to_char ... ok
[INFO] [stdout] test nc4::types::tests::float_types ... ok
[INFO] [stdout] test nc4::types::tests::integer_types ... ok
[INFO] [stdout] test nc4::types::tests::sequence_varlen_u8_maps_to_vlen ... ok
[INFO] [stdout] test nc4::types::tests::varlen_u8_maps_to_string ... ok
[INFO] [stdout] test nc4::variables::tests::compute_storage_sizes_detects_overflow ... ok
[INFO] [stdout] test nc4::variables::tests::compute_storage_sizes_record_dims ... ok
[INFO] [stdout] test tests::cdf5_huge_dimension_can_slice_but_full_read_errors_cleanly ... ok
[INFO] [stdout] test tests::detect_cdf1 ... ok
[INFO] [stdout] test tests::classic_subfiling_marker_returns_unsupported_feature ... ok
[INFO] [stdout] test tests::classic_from_storage_keeps_open_range_backed ... ok
[INFO] [stdout] test tests::detect_cdf2 ... ok
[INFO] [stdout] test tests::detect_cdf5 ... ok
[INFO] [stdout] test tests::classic_from_storage_slice_reads_planned_range ... ok
[INFO] [stdout] test tests::detect_hdf5 ... ok
[INFO] [stdout] test tests::detect_invalid_magic ... ok
[INFO] [stdout] test tests::detect_too_short ... ok
[INFO] [stdout] test tests::detect_unsupported_version ... ok
[INFO] [stdout] test tests::from_bytes_cdf1_with_data ... ok
[INFO] [stdout] test tests::from_bytes_minimal_cdf1 ... ok
[INFO] [stdout] test tests::from_storage_minimal_cdf1 ... ok
[INFO] [stdout] test tests::from_storage_short_input_reports_invalid_magic ... ok
[INFO] [stdout] test tests::group_not_found ... ok
[INFO] [stdout] test tests::streaming_cdf1_from_storage_derives_numrecs ... ok
[INFO] [stdout] test tests::streaming_cdf1_numrecs_are_derived_from_file_length ... ok
[INFO] [stdout] test tests::streaming_cdf1_numrecs_ignore_trailing_partial_record ... ok
[INFO] [stdout] test tests::streaming_cdf1_numrecs_use_full_stride_for_multiple_record_variables ... ok
[INFO] [stdout] test tests::streaming_cdf2_numrecs_are_derived_from_file_length ... ok
[INFO] [stdout] test tests::variable_not_found ... ok
[INFO] [stdout] test unpack::tests::both ... ok
[INFO] [stdout] test unpack::tests::no_unpack_attrs ... ok
[INFO] [stdout] test unpack::tests::offset_only ... ok
[INFO] [stdout] test unpack::tests::scale_only ... ok
[INFO] [stdout] 
[INFO] [stdout] test result: ok. 75 passed; 0 failed; 0 ignored; 0 measured; 0 filtered out; finished in 0.00s
[INFO] [stdout] 
[INFO] [stderr]      Running tests/cf_integration.rs (/opt/rustwide/target/release/build/netcdf-reader/936de2758168dbd4/out/cf_integration-936de2758168dbd4)
[INFO] [stdout] 
[INFO] [stdout] running 9 tests
[INFO] [stdout] test read_i16_variable_as_f64 ... ok
[INFO] [stdout] test read_variable_masked_fill_value ... ok
[INFO] [stdout] test read_variable_masked_missing_value ... ok
[INFO] [stdout] test read_variable_slice_classic ... ok
[INFO] [stdout] test read_variable_unpacked_masked_combined ... ok
[INFO] [stdout] test read_variable_unpacked_masked_no_attrs_returns_raw ... ok
[INFO] [stdout] test read_variable_unpacked_offset_only ... ok
[INFO] [stdout] test read_variable_unpacked_scale_and_offset ... ok
[INFO] [stdout] test read_variable_unpacked_scale_only ... ok
[INFO] [stdout] 
[INFO] [stdout] test result: ok. 9 passed; 0 failed; 0 ignored; 0 measured; 0 filtered out; finished in 0.00s
[INFO] [stdout] 
[INFO] [stderr]      Running tests/classic_slice_parity.rs (/opt/rustwide/target/release/build/netcdf-reader/0e36a6a4f6840ebb/out/classic_slice_parity-0e36a6a4f6840ebb)
[INFO] [stdout] 
[INFO] [stdout] running 9 tests
[INFO] [stdout] test classic_record_parallel_slice_matches_serial ... ok
[INFO] [stdout] test classic_non_record_slice_allows_empty_results ... ok
[INFO] [stdout] test classic_record_parallel_reads_match_serial ... ok
[INFO] [stdout] test classic_non_record_parallel_reads_match_serial ... ok
[INFO] [stdout] test classic_non_record_slice_rejects_start_past_dimension_end ... ok
[INFO] [stdout] test classic_record_slice_matches_georust_for_strided_selection ... ok
[INFO] [stdout] test classic_record_slice_index_collapses_record_axis ... ok
[INFO] [stdout] test classic_non_record_slice_matches_georust_for_strided_inner_selection ... ok
[INFO] [stdout] test classic_non_record_parallel_slice_matches_serial ... ok
[INFO] [stdout] 
[INFO] [stdout] test result: ok. 9 passed; 0 failed; 0 ignored; 0 measured; 0 filtered out; finished in 0.01s
[INFO] [stdout] 
[INFO] [stderr]      Running tests/dos_resistance.rs (/opt/rustwide/target/release/build/netcdf-reader/149fe58468111888/out/dos_resistance-149fe58468111888)
[INFO] [stdout] 
[INFO] [stdout] running 2 tests
[INFO] [stdout] test classic_attribute_count_bomb_is_rejected_without_huge_allocation ... ok
[INFO] [stdout] test classic_record_count_bomb_is_rejected_without_huge_allocation ... ok
[INFO] [stdout] 
[INFO] [stdout] test result: ok. 2 passed; 0 failed; 0 ignored; 0 measured; 0 filtered out; finished in 0.00s
[INFO] [stdout] 
[INFO] [stderr]      Running tests/integration.rs (/opt/rustwide/target/release/build/netcdf-reader/7ee2f0535edc0e33/out/integration-7ee2f0535edc0e33)
[INFO] [stdout] 
[INFO] [stdout] running 29 tests
[INFO] [stdout] test cdf5_new_types ... ok
[INFO] [stdout] test cdf1_simple ... ok
[INFO] [stdout] test classic_read_variable_unified ... ok
[INFO] [stdout] test nc4_basic ... ok
[INFO] [stdout] test nc4_classic_model ... ok
[INFO] [stdout] test nc4_climate_4d_coordinate_variables_and_slice ... ok
[INFO] [stdout] test nc4_compressed ... ok
[INFO] [stdout] test nc4_from_bytes_with_options ... ok
[INFO] [stdout] test nc4_from_storage_with_options ... ok
[INFO] [stdout] test nc4_groups_nested_lookup_and_read ... ok
[INFO] [stdout] test nc4_packed_cf_unpacks_and_masks_fill_values ... ok
[INFO] [stdout] test nc4_read_variable_unified ... ok
[INFO] [stdout] test nc4_same_size_dims ... ok
[INFO] [stdout] test nc4_shared_dims_coordinate_variables_and_shared_shapes ... ok
[INFO] [stdout] test nc4_string_variable_reads ... ok
[INFO] [stdout] test nc4_zero_record_unlimited_dimension_reads_empty_array ... ok
[INFO] [stdout] test record_vars ... ok
[INFO] [stdout] test nc4_dense_empty_global_attributes ... FAILED
[INFO] [stdout] test nc4_scalar_variable_has_no_dimensions ... FAILED
[INFO] [stdout] test parallel_created_nc4_fixture_reads_like_ordinary_nc4_file ... FAILED
[INFO] [stdout] test pnetcdf_cdf2_interleaved_record_fixture_reads_record_variables ... FAILED
[INFO] [stdout] test pnetcdf_cdf1_fixed_fixture_reads_as_classic_file ... FAILED
[INFO] [stdout] test pnetcdf_cdf5_unsigned_and_64_bit_fixture_reads_new_types ... FAILED
[INFO] [stdout] test nc4_dimension_only_scale_is_not_variable_metadata ... ok
[INFO] [stdout] test nc4_sparse_huge_logical_slice_reads_fill_value ... ok
[INFO] [stdout] test nc4_unsigned_integer_variable_rejects_signed_read_type ... ok
[INFO] [stdout] test nc4_coordinate_dimension_scale_is_variable_metadata ... ok
[INFO] [stdout] test nc4_user_defined_variable_reads ... ok
[INFO] [stdout] test nc4_user_defined_custom_decoder ... ok
[INFO] [stdout] 
[INFO] [stdout] failures:
[INFO] [stdout] 
[INFO] [stdout] ---- nc4_dense_empty_global_attributes stdout ----
[INFO] [stdout] 
[INFO] [stdout] thread 'nc4_dense_empty_global_attributes' (8193) panicked at tests/integration.rs:39:9:
[INFO] [stdout] required committed fixture netcdf4/dense_empty_attributes.nc is missing from testdata
[INFO] [stdout] stack backtrace:
[INFO] [stdout]    0:     0x570754ff1621 - <<std[617be2ca0a6fd877]::sys::backtrace::BacktraceLock>::print::DisplayBacktrace as core[a373ad73a504971]::fmt::Display>::fmt
[INFO] [stdout]    1:     0x5707550069ea - core[a373ad73a504971]::fmt::write
[INFO] [stdout]    2:     0x570754ff5a9c - <alloc[2e1b2a31b91974c5]::vec::Vec<u8> as core[a373ad73a504971]::io::write::Write>::write_fmt
[INFO] [stdout]    3:     0x570754fcc286 - std[617be2ca0a6fd877]::panicking::default_hook::{closure#0}
[INFO] [stdout]    4:     0x570754fe9219 - std[617be2ca0a6fd877]::panicking::default_hook
[INFO] [stdout]    5:     0x570754f84420 - test[aada8e7e76ba119b]::test_main_inner::{closure#0}
[INFO] [stdout]    6:     0x570754fe93d2 - std[617be2ca0a6fd877]::panicking::panic_with_hook
[INFO] [stdout]    7:     0x570754fcc332 - std[617be2ca0a6fd877]::panicking::panic_handler::{closure#0}
[INFO] [stdout]    8:     0x570754fc4d99 - std[617be2ca0a6fd877]::sys::backtrace::__rust_end_short_backtrace::<std[617be2ca0a6fd877]::panicking::panic_handler::{closure#0}, !>
[INFO] [stdout]    9:     0x570754fccf3d - __rustc[ea4f61d10b84890b]::rust_begin_unwind
[INFO] [stdout]   10:     0x57075500711c - core[a373ad73a504971]::panicking::panic_fmt
[INFO] [stdout]   11:     0x570754a7842d - <integration[bfb8bf6d1091f788]::nc4_dense_empty_global_attributes::{closure#0} as core[a373ad73a504971]::ops::function::FnOnce<()>>::call_once
[INFO] [stdout]   12:     0x570754f7786b - test[aada8e7e76ba119b]::__rust_begin_short_backtrace::<core[a373ad73a504971]::result::Result<(), alloc[2e1b2a31b91974c5]::string::String>, fn() -> core[a373ad73a504971]::result::Result<(), alloc[2e1b2a31b91974c5]::string::String>>
[INFO] [stdout]   13:     0x570754f84a45 - test[aada8e7e76ba119b]::run_test::{closure#0}
[INFO] [stdout]   14:     0x570754f7e334 - std[617be2ca0a6fd877]::sys::backtrace::__rust_begin_short_backtrace::<test[aada8e7e76ba119b]::run_test::{closure#1}, ()>
[INFO] [stdout]   15:     0x570754f87ad2 - <std[617be2ca0a6fd877]::thread::lifecycle::spawn_unchecked<test[aada8e7e76ba119b]::run_test::{closure#1}, ()>::{closure#1} as core[a373ad73a504971]::ops::function::FnOnce<()>>::call_once::{shim:vtable#0}
[INFO] [stdout]   16:     0x570754ff0aff - <std[617be2ca0a6fd877]::sys::thread::unix::Thread>::new::thread_start
[INFO] [stdout]   17:     0x73a1de815dfa - <unknown>
[INFO] [stdout]   18:     0x73a1de8a93d4 - clone
[INFO] [stdout]   19:                0x0 - <unknown>
[INFO] [stdout] 
[INFO] [stdout] ---- nc4_scalar_variable_has_no_dimensions stdout ----
[INFO] [stdout] 
[INFO] [stdout] thread 'nc4_scalar_variable_has_no_dimensions' (8201) panicked at tests/integration.rs:39:9:
[INFO] [stdout] required committed fixture netcdf4/nc4_scalar_variable.nc is missing from testdata
[INFO] [stdout] stack backtrace:
[INFO] [stdout]    0:     0x570754ff1621 - <<std[617be2ca0a6fd877]::sys::backtrace::BacktraceLock>::print::DisplayBacktrace as core[a373ad73a504971]::fmt::Display>::fmt
[INFO] [stdout]    1:     0x5707550069ea - core[a373ad73a504971]::fmt::write
[INFO] [stdout]    2:     0x570754ff5a9c - <alloc[2e1b2a31b91974c5]::vec::Vec<u8> as core[a373ad73a504971]::io::write::Write>::write_fmt
[INFO] [stdout]    3:     0x570754fcc286 - std[617be2ca0a6fd877]::panicking::default_hook::{closure#0}
[INFO] [stdout]    4:     0x570754fe9219 - std[617be2ca0a6fd877]::panicking::default_hook
[INFO] [stdout]    5:     0x570754f84420 - test[aada8e7e76ba119b]::test_main_inner::{closure#0}
[INFO] [stdout]    6:     0x570754fe93d2 - std[617be2ca0a6fd877]::panicking::panic_with_hook
[INFO] [stdout]    7:     0x570754fcc332 - std[617be2ca0a6fd877]::panicking::panic_handler::{closure#0}
[INFO] [stdout]    8:     0x570754fc4d99 - std[617be2ca0a6fd877]::sys::backtrace::__rust_end_short_backtrace::<std[617be2ca0a6fd877]::panicking::panic_handler::{closure#0}, !>
[INFO] [stdout]    9:     0x570754fccf3d - __rustc[ea4f61d10b84890b]::rust_begin_unwind
[INFO] [stdout]   10:     0x57075500711c - core[a373ad73a504971]::panicking::panic_fmt
[INFO] [stdout]   11:     0x570754a79570 - <integration[bfb8bf6d1091f788]::nc4_scalar_variable_has_no_dimensions::{closure#0} as core[a373ad73a504971]::ops::function::FnOnce<()>>::call_once
[INFO] [stdout]   12:     0x570754f7786b - test[aada8e7e76ba119b]::__rust_begin_short_backtrace::<core[a373ad73a504971]::result::Result<(), alloc[2e1b2a31b91974c5]::string::String>, fn() -> core[a373ad73a504971]::result::Result<(), alloc[2e1b2a31b91974c5]::string::String>>
[INFO] [stdout]   13:     0x570754f84a45 - test[aada8e7e76ba119b]::run_test::{closure#0}
[INFO] [stdout]   14:     0x570754f7e334 - std[617be2ca0a6fd877]::sys::backtrace::__rust_begin_short_backtrace::<test[aada8e7e76ba119b]::run_test::{closure#1}, ()>
[INFO] [stdout]   15:     0x570754f87ad2 - <std[617be2ca0a6fd877]::thread::lifecycle::spawn_unchecked<test[aada8e7e76ba119b]::run_test::{closure#1}, ()>::{closure#1} as core[a373ad73a504971]::ops::function::FnOnce<()>>::call_once::{shim:vtable#0}
[INFO] [stdout]   16:     0x570754ff0aff - <std[617be2ca0a6fd877]::sys::thread::unix::Thread>::new::thread_start
[INFO] [stdout]   17:     0x73a1de815dfa - <unknown>
[INFO] [stdout]   18:     0x73a1de8a93d4 - clone
[INFO] [stdout]   19:                0x0 - <unknown>
[INFO] [stdout] 
[INFO] [stdout] ---- parallel_created_nc4_fixture_reads_like_ordinary_nc4_file stdout ----
[INFO] [stdout] 
[INFO] [stdout] thread 'parallel_created_nc4_fixture_reads_like_ordinary_nc4_file' (8209) panicked at tests/integration.rs:39:9:
[INFO] [stdout] required committed fixture parallel/parallel_nc4_compat.nc is missing from testdata
[INFO] [stdout] stack backtrace:
[INFO] [stdout]    0:     0x570754ff1621 - <<std[617be2ca0a6fd877]::sys::backtrace::BacktraceLock>::print::DisplayBacktrace as core[a373ad73a504971]::fmt::Display>::fmt
[INFO] [stdout]    1:     0x5707550069ea - core[a373ad73a504971]::fmt::write
[INFO] [stdout]    2:     0x570754ff5a9c - <alloc[2e1b2a31b91974c5]::vec::Vec<u8> as core[a373ad73a504971]::io::write::Write>::write_fmt
[INFO] [stdout]    3:     0x570754fcc286 - std[617be2ca0a6fd877]::panicking::default_hook::{closure#0}
[INFO] [stdout]    4:     0x570754fe9219 - std[617be2ca0a6fd877]::panicking::default_hook
[INFO] [stdout]    5:     0x570754f84420 - test[aada8e7e76ba119b]::test_main_inner::{closure#0}
[INFO] [stdout]    6:     0x570754fe93d2 - std[617be2ca0a6fd877]::panicking::panic_with_hook
[INFO] [stdout]    7:     0x570754fcc332 - std[617be2ca0a6fd877]::panicking::panic_handler::{closure#0}
[INFO] [stdout]    8:     0x570754fc4d99 - std[617be2ca0a6fd877]::sys::backtrace::__rust_end_short_backtrace::<std[617be2ca0a6fd877]::panicking::panic_handler::{closure#0}, !>
[INFO] [stdout]    9:     0x570754fccf3d - __rustc[ea4f61d10b84890b]::rust_begin_unwind
[INFO] [stdout]   10:     0x57075500711c - core[a373ad73a504971]::panicking::panic_fmt
[INFO] [stdout]   11:     0x570754a8406c - <integration[bfb8bf6d1091f788]::parallel_created_nc4_fixture_reads_like_ordinary_nc4_file::{closure#0} as core[a373ad73a504971]::ops::function::FnOnce<()>>::call_once
[INFO] [stdout]   12:     0x570754f7786b - test[aada8e7e76ba119b]::__rust_begin_short_backtrace::<core[a373ad73a504971]::result::Result<(), alloc[2e1b2a31b91974c5]::string::String>, fn() -> core[a373ad73a504971]::result::Result<(), alloc[2e1b2a31b91974c5]::string::String>>
[INFO] [stdout]   13:     0x570754f84a45 - test[aada8e7e76ba119b]::run_test::{closure#0}
[INFO] [stdout]   14:     0x570754f7e334 - std[617be2ca0a6fd877]::sys::backtrace::__rust_begin_short_backtrace::<test[aada8e7e76ba119b]::run_test::{closure#1}, ()>
[INFO] [stdout]   15:     0x570754f87ad2 - <std[617be2ca0a6fd877]::thread::lifecycle::spawn_unchecked<test[aada8e7e76ba119b]::run_test::{closure#1}, ()>::{closure#1} as core[a373ad73a504971]::ops::function::FnOnce<()>>::call_once::{shim:vtable#0}
[INFO] [stdout]   16:     0x570754ff0aff - <std[617be2ca0a6fd877]::sys::thread::unix::Thread>::new::thread_start
[INFO] [stdout]   17:     0x73a1de815dfa - <unknown>
[INFO] [stdout]   18:     0x73a1de8a93d4 - clone
[INFO] [stdout]   19:                0x0 - <unknown>
[INFO] [stdout] 
[INFO] [stdout] ---- pnetcdf_cdf2_interleaved_record_fixture_reads_record_variables stdout ----
[INFO] [stdout] 
[INFO] [stdout] thread 'pnetcdf_cdf2_interleaved_record_fixture_reads_record_variables' (8211) panicked at tests/integration.rs:39:9:
[INFO] [stdout] required committed fixture pnetcdf/pnetcdf_cdf2_interleaved_records.nc is missing from testdata
[INFO] [stdout] stack backtrace:
[INFO] [stdout]    0:     0x570754ff1621 - <<std[617be2ca0a6fd877]::sys::backtrace::BacktraceLock>::print::DisplayBacktrace as core[a373ad73a504971]::fmt::Display>::fmt
[INFO] [stdout]    1:     0x5707550069ea - core[a373ad73a504971]::fmt::write
[INFO] [stdout]    2:     0x570754ff5a9c - <alloc[2e1b2a31b91974c5]::vec::Vec<u8> as core[a373ad73a504971]::io::write::Write>::write_fmt
[INFO] [stdout]    3:     0x570754fcc286 - std[617be2ca0a6fd877]::panicking::default_hook::{closure#0}
[INFO] [stdout]    4:     0x570754fe9219 - std[617be2ca0a6fd877]::panicking::default_hook
[INFO] [stdout]    5:     0x570754f84420 - test[aada8e7e76ba119b]::test_main_inner::{closure#0}
[INFO] [stdout]    6:     0x570754fe93d2 - std[617be2ca0a6fd877]::panicking::panic_with_hook
[INFO] [stdout]    7:     0x570754fcc332 - std[617be2ca0a6fd877]::panicking::panic_handler::{closure#0}
[INFO] [stdout]    8:     0x570754fc4d99 - std[617be2ca0a6fd877]::sys::backtrace::__rust_end_short_backtrace::<std[617be2ca0a6fd877]::panicking::panic_handler::{closure#0}, !>
[INFO] [stdout]    9:     0x570754fccf3d - __rustc[ea4f61d10b84890b]::rust_begin_unwind
[INFO] [stdout]   10:     0x57075500711c - core[a373ad73a504971]::panicking::panic_fmt
[INFO] [stdout]   11:     0x570754a84b26 - <integration[bfb8bf6d1091f788]::pnetcdf_cdf2_interleaved_record_fixture_reads_record_variables::{closure#0} as core[a373ad73a504971]::ops::function::FnOnce<()>>::call_once
[INFO] [stdout]   12:     0x570754f7786b - test[aada8e7e76ba119b]::__rust_begin_short_backtrace::<core[a373ad73a504971]::result::Result<(), alloc[2e1b2a31b91974c5]::string::String>, fn() -> core[a373ad73a504971]::result::Result<(), alloc[2e1b2a31b91974c5]::string::String>>
[INFO] [stdout]   13:     0x570754f84a45 - test[aada8e7e76ba119b]::run_test::{closure#0}
[INFO] [stdout]   14:     0x570754f7e334 - std[617be2ca0a6fd877]::sys::backtrace::__rust_begin_short_backtrace::<test[aada8e7e76ba119b]::run_test::{closure#1}, ()>
[INFO] [stdout]   15:     0x570754f87ad2 - <std[617be2ca0a6fd877]::thread::lifecycle::spawn_unchecked<test[aada8e7e76ba119b]::run_test::{closure#1}, ()>::{closure#1} as core[a373ad73a504971]::ops::function::FnOnce<()>>::call_once::{shim:vtable#0}
[INFO] [stdout]   16:     0x570754ff0aff - <std[617be2ca0a6fd877]::sys::thread::unix::Thread>::new::thread_start
[INFO] [stdout]   17:     0x73a1de815dfa - <unknown>
[INFO] [stdout]   18:     0x73a1de8a93d4 - clone
[INFO] [stdout]   19:                0x0 - <unknown>
[INFO] [stdout] 
[INFO] [stdout] ---- pnetcdf_cdf1_fixed_fixture_reads_as_classic_file stdout ----
[INFO] [stdout] 
[INFO] [stdout] thread 'pnetcdf_cdf1_fixed_fixture_reads_as_classic_file' (8210) panicked at tests/integration.rs:39:9:
[INFO] [stdout] required committed fixture pnetcdf/pnetcdf_cdf1_fixed.nc is missing from testdata
[INFO] [stdout] stack backtrace:
[INFO] [stdout]    0:     0x570754ff1621 - <<std[617be2ca0a6fd877]::sys::backtrace::BacktraceLock>::print::DisplayBacktrace as core[a373ad73a504971]::fmt::Display>::fmt
[INFO] [stdout]    1:     0x5707550069ea - core[a373ad73a504971]::fmt::write
[INFO] [stdout]    2:     0x570754ff5a9c - <alloc[2e1b2a31b91974c5]::vec::Vec<u8> as core[a373ad73a504971]::io::write::Write>::write_fmt
[INFO] [stdout]    3:     0x570754fcc286 - std[617be2ca0a6fd877]::panicking::default_hook::{closure#0}
[INFO] [stdout]    4:     0x570754fe9219 - std[617be2ca0a6fd877]::panicking::default_hook
[INFO] [stdout]    5:     0x570754f84420 - test[aada8e7e76ba119b]::test_main_inner::{closure#0}
[INFO] [stdout]    6:     0x570754fe93d2 - std[617be2ca0a6fd877]::panicking::panic_with_hook
[INFO] [stdout]    7:     0x570754fcc332 - std[617be2ca0a6fd877]::panicking::panic_handler::{closure#0}
[INFO] [stdout]    8:     0x570754fc4d99 - std[617be2ca0a6fd877]::sys::backtrace::__rust_end_short_backtrace::<std[617be2ca0a6fd877]::panicking::panic_handler::{closure#0}, !>
[INFO] [stdout]    9:     0x570754fccf3d - __rustc[ea4f61d10b84890b]::rust_begin_unwind
[INFO] [stdout]   10:     0x57075500711c - core[a373ad73a504971]::panicking::panic_fmt
[INFO] [stdout]   11:     0x570754a7d894 - <integration[bfb8bf6d1091f788]::pnetcdf_cdf1_fixed_fixture_reads_as_classic_file::{closure#0} as core[a373ad73a504971]::ops::function::FnOnce<()>>::call_once
[INFO] [stdout]   12:     0x570754f7786b - test[aada8e7e76ba119b]::__rust_begin_short_backtrace::<core[a373ad73a504971]::result::Result<(), alloc[2e1b2a31b91974c5]::string::String>, fn() -> core[a373ad73a504971]::result::Result<(), alloc[2e1b2a31b91974c5]::string::String>>
[INFO] [stdout]   13:     0x570754f84a45 - test[aada8e7e76ba119b]::run_test::{closure#0}
[INFO] [stdout]   14:     0x570754f7e334 - std[617be2ca0a6fd877]::sys::backtrace::__rust_begin_short_backtrace::<test[aada8e7e76ba119b]::run_test::{closure#1}, ()>
[INFO] [stdout]   15:     0x570754f87ad2 - <std[617be2ca0a6fd877]::thread::lifecycle::spawn_unchecked<test[aada8e7e76ba119b]::run_test::{closure#1}, ()>::{closure#1} as core[a373ad73a504971]::ops::function::FnOnce<()>>::call_once::{shim:vtable#0}
[INFO] [stdout]   16:     0x570754ff0aff - <std[617be2ca0a6fd877]::sys::thread::unix::Thread>::new::thread_start
[INFO] [stdout]   17:     0x73a1de815dfa - <unknown>
[INFO] [stderr] error: test failed, to rerun pass `--test integration`
[INFO] [stdout]   18:     0x73a1de8a93d4 - clone
[INFO] [stdout]   19:                0x0 - <unknown>
[INFO] [stdout] 
[INFO] [stdout] ---- pnetcdf_cdf5_unsigned_and_64_bit_fixture_reads_new_types stdout ----
[INFO] [stdout] 
[INFO] [stdout] thread 'pnetcdf_cdf5_unsigned_and_64_bit_fixture_reads_new_types' (8212) panicked at tests/integration.rs:39:9:
[INFO] [stdout] required committed fixture pnetcdf/pnetcdf_cdf5_unsigned_int64.nc is missing from testdata
[INFO] [stdout] stack backtrace:
[INFO] [stdout]    0:     0x570754ff1621 - <<std[617be2ca0a6fd877]::sys::backtrace::BacktraceLock>::print::DisplayBacktrace as core[a373ad73a504971]::fmt::Display>::fmt
[INFO] [stdout]    1:     0x5707550069ea - core[a373ad73a504971]::fmt::write
[INFO] [stdout]    2:     0x570754ff5a9c - <alloc[2e1b2a31b91974c5]::vec::Vec<u8> as core[a373ad73a504971]::io::write::Write>::write_fmt
[INFO] [stdout]    3:     0x570754fcc286 - std[617be2ca0a6fd877]::panicking::default_hook::{closure#0}
[INFO] [stdout]    4:     0x570754fe9219 - std[617be2ca0a6fd877]::panicking::default_hook
[INFO] [stdout]    5:     0x570754f84420 - test[aada8e7e76ba119b]::test_main_inner::{closure#0}
[INFO] [stdout]    6:     0x570754fe93d2 - std[617be2ca0a6fd877]::panicking::panic_with_hook
[INFO] [stdout]    7:     0x570754fcc332 - std[617be2ca0a6fd877]::panicking::panic_handler::{closure#0}
[INFO] [stdout]    8:     0x570754fc4d99 - std[617be2ca0a6fd877]::sys::backtrace::__rust_end_short_backtrace::<std[617be2ca0a6fd877]::panicking::panic_handler::{closure#0}, !>
[INFO] [stdout]    9:     0x570754fccf3d - __rustc[ea4f61d10b84890b]::rust_begin_unwind
[INFO] [stdout]   10:     0x57075500711c - core[a373ad73a504971]::panicking::panic_fmt
[INFO] [stdout]   11:     0x570754a8360c - <integration[bfb8bf6d1091f788]::pnetcdf_cdf5_unsigned_and_64_bit_fixture_reads_new_types::{closure#0} as core[a373ad73a504971]::ops::function::FnOnce<()>>::call_once
[INFO] [stdout]   12:     0x570754f7786b - test[aada8e7e76ba119b]::__rust_begin_short_backtrace::<core[a373ad73a504971]::result::Result<(), alloc[2e1b2a31b91974c5]::string::String>, fn() -> core[a373ad73a504971]::result::Result<(), alloc[2e1b2a31b91974c5]::string::String>>
[INFO] [stdout]   13:     0x570754f84a45 - test[aada8e7e76ba119b]::run_test::{closure#0}
[INFO] [stdout]   14:     0x570754f7e334 - std[617be2ca0a6fd877]::sys::backtrace::__rust_begin_short_backtrace::<test[aada8e7e76ba119b]::run_test::{closure#1}, ()>
[INFO] [stdout]   15:     0x570754f87ad2 - <std[617be2ca0a6fd877]::thread::lifecycle::spawn_unchecked<test[aada8e7e76ba119b]::run_test::{closure#1}, ()>::{closure#1} as core[a373ad73a504971]::ops::function::FnOnce<()>>::call_once::{shim:vtable#0}
[INFO] [stdout]   16:     0x570754ff0aff - <std[617be2ca0a6fd877]::sys::thread::unix::Thread>::new::thread_start
[INFO] [stdout]   17:     0x73a1de815dfa - <unknown>
[INFO] [stdout]   18:     0x73a1de8a93d4 - clone
[INFO] [stdout]   19:                0x0 - <unknown>
[INFO] [stdout] 
[INFO] [stdout] 
[INFO] [stdout] failures:
[INFO] [stdout]     nc4_dense_empty_global_attributes
[INFO] [stdout]     nc4_scalar_variable_has_no_dimensions
[INFO] [stdout]     parallel_created_nc4_fixture_reads_like_ordinary_nc4_file
[INFO] [stdout]     pnetcdf_cdf1_fixed_fixture_reads_as_classic_file
[INFO] [stdout]     pnetcdf_cdf2_interleaved_record_fixture_reads_record_variables
[INFO] [stdout]     pnetcdf_cdf5_unsigned_and_64_bit_fixture_reads_new_types
[INFO] [stdout] 
[INFO] [stdout] test result: FAILED. 23 passed; 6 failed; 0 ignored; 0 measured; 0 filtered out; finished in 0.01s
[INFO] [stdout] 
[INFO] running `Command { std: "docker" "inspect" "860cfeaf5e264d645f6bbce4697038b9094ea1bd16fc4418d12f82edaa676444", kill_on_drop: false }`
[INFO] running `Command { std: "docker" "rm" "-f" "860cfeaf5e264d645f6bbce4697038b9094ea1bd16fc4418d12f82edaa676444", kill_on_drop: false }`
[INFO] [stdout] 860cfeaf5e264d645f6bbce4697038b9094ea1bd16fc4418d12f82edaa676444
