[INFO] fetching crate netc 0.1.9...
[INFO] testing netc-0.1.9 against 1.100.0-beta.1+cargoflags=--release for beta-release-1.100-2
[INFO] extracting crate netc 0.1.9 into /workspace/builds/worker-7-tc2/source
[INFO] started tweaking crates.io crate netc 0.1.9
[INFO] finished tweaking crates.io crate netc 0.1.9
[INFO] tweaked toml for crates.io crate netc 0.1.9 written to /workspace/builds/worker-7-tc2/source/Cargo.toml
[INFO] validating manifest of crates.io crate netc 0.1.9 on toolchain 1.100.0-beta.1
[INFO] running `Command { std: CARGO_HOME="/workspace/cargo-home" RUSTUP_HOME="/workspace/rustup-home" "/workspace/cargo-home/bin/cargo" "+1.100.0-beta.1" "metadata" "--manifest-path" "Cargo.toml" "--no-deps", kill_on_drop: false }`
[INFO] running `Command { std: CARGO_HOME="/workspace/cargo-home" RUSTUP_HOME="/workspace/rustup-home" "/workspace/cargo-home/bin/cargo" "+1.100.0-beta.1" "generate-lockfile" "--manifest-path" "Cargo.toml", kill_on_drop: false }`
[INFO] [stderr]     Updating crates.io index
[INFO] [stderr]      Locking 204 packages to highest compatible versions
[INFO] [stderr]       Adding base64 v0.21.7 (available: v0.23.1)
[INFO] [stderr]       Adding httpmock v0.7.0 (available: v0.8.3)
[INFO] [stderr]       Adding rand v0.8.8 (available: v0.10.3)
[INFO] [stderr]       Adding thiserror v1.0.69 (available: v2.0.21)
[INFO] [stderr]       Adding tokio-rustls v0.25.0 (available: v0.26.6)
[INFO] [stderr]       Adding webpki-roots v0.26.11 (available: v1.0.9)
[INFO] running `Command { std: CARGO_HOME="/workspace/cargo-home" RUSTUP_HOME="/workspace/rustup-home" "/workspace/cargo-home/bin/cargo" "+1.100.0-beta.1" "fetch" "--manifest-path" "Cargo.toml", kill_on_drop: false }`
[INFO] running `Command { std: "docker" "create" "-v" "/var/lib/crater-agent-workspace/builds/worker-7-tc2/source:/opt/rustwide/workdir:ro,Z" "-v" "/var/lib/crater-agent-workspace/builds/worker-7-tc2/target:/opt/rustwide/target:rw,Z" "-v" "/var/lib/crater-agent-workspace/cargo-home:/opt/rustwide/cargo-home:ro,Z" "-v" "/var/lib/crater-agent-workspace/rustup-home:/opt/rustwide/rustup-home:ro,Z" "-m" "1610612736" "--network" "none" "ghcr.io/rust-lang/crates-build-env/linux@sha256:77db811e55d90add9212f6832c23229e3de5f1c1f9905e8cb07319ea15df73ac" "sleep" "infinity", kill_on_drop: false }`
[INFO] [stdout] 3cb7b0be5a958341689fc0a769d44d7d77d496a03a5d91f20a22479460c1833b
[INFO] running `Command { std: "docker" "start" "3cb7b0be5a958341689fc0a769d44d7d77d496a03a5d91f20a22479460c1833b", kill_on_drop: false }`
[INFO] running `Command { std: "docker" "inspect" "3cb7b0be5a958341689fc0a769d44d7d77d496a03a5d91f20a22479460c1833b", kill_on_drop: false }`
[INFO] running `Command { std: "docker" "exec" "-e" "SOURCE_DIR=/opt/rustwide/workdir" "-e" "CARGO_HOME=/opt/rustwide/cargo-home" "-e" "RUSTUP_HOME=/opt/rustwide/rustup-home" "-e" "CARGO_TARGET_DIR=/opt/rustwide/target" "-w" "/opt/rustwide/workdir" "--user" "0:0" "3cb7b0be5a958341689fc0a769d44d7d77d496a03a5d91f20a22479460c1833b" "/opt/rustwide/cargo-home/bin/cargo" "+1.100.0-beta.1" "metadata" "--no-deps" "--format-version=1", kill_on_drop: false }`
[INFO] running `Command { std: "docker" "inspect" "3cb7b0be5a958341689fc0a769d44d7d77d496a03a5d91f20a22479460c1833b", kill_on_drop: false }`
[INFO] running `Command { std: "docker" "exec" "-e" "SOURCE_DIR=/opt/rustwide/workdir" "-e" "CARGO_HOME=/opt/rustwide/cargo-home" "-e" "RUSTUP_HOME=/opt/rustwide/rustup-home" "-e" "CARGO_TARGET_DIR=/opt/rustwide/target" "-e" "CARGO_INCREMENTAL=0" "-e" "RUST_BACKTRACE=full" "-e" "RUSTFLAGS=--cap-lints=warn" "-e" "RUSTDOCFLAGS=--cap-lints=warn" "-w" "/opt/rustwide/workdir" "--user" "0:0" "3cb7b0be5a958341689fc0a769d44d7d77d496a03a5d91f20a22479460c1833b" "/opt/rustwide/cargo-home/bin/cargo" "+1.100.0-beta.1" "build" "--frozen" "--message-format=json" "--release", kill_on_drop: false }`
[INFO] [stderr]    Compiling syn v3.0.9
[INFO] [stderr]    Compiling litemap v0.8.3
[INFO] [stderr]    Compiling writeable v0.6.4
[INFO] [stderr]    Compiling icu_normalizer_data v2.3.0
[INFO] [stderr]    Compiling icu_properties_data v2.3.0
[INFO] [stderr]    Compiling smallvec v1.16.3
[INFO] [stderr]    Compiling ring v0.17.14
[INFO] [stderr]    Compiling percent-encoding v2.3.2
[INFO] [stderr]    Compiling rustls v0.22.4
[INFO] [stderr]    Compiling tokio v1.53.3
[INFO] [stderr]    Compiling form_urlencoded v1.2.2
[INFO] [stderr]    Compiling rand_chacha v0.3.1
[INFO] [stderr]    Compiling webpki-roots v1.0.9
[INFO] [stderr]    Compiling webpki-roots v0.26.11
[INFO] [stderr]    Compiling rand v0.8.8
[INFO] [stderr]    Compiling rustls-webpki v0.102.8
[INFO] [stderr]    Compiling synstructure v0.14.0
[INFO] [stderr]    Compiling zerofrom-derive v0.1.8
[INFO] [stderr]    Compiling yoke-derive v0.8.4
[INFO] [stderr]    Compiling zerovec-derive v0.11.6
[INFO] [stderr]    Compiling displaydoc v0.2.7
[INFO] [stderr]    Compiling futures-macro v0.3.34
[INFO] [stderr]    Compiling futures-util v0.3.34
[INFO] [stderr]    Compiling zerofrom v0.1.8
[INFO] [stderr]    Compiling yoke v0.8.3
[INFO] [stderr]    Compiling zerovec v0.11.8
[INFO] [stderr]    Compiling zerotrie v0.2.5
[INFO] [stderr]    Compiling tinystr v0.8.4
[INFO] [stderr]    Compiling potential_utf v0.1.6
[INFO] [stderr]    Compiling icu_collections v2.3.0
[INFO] [stderr]    Compiling icu_locale_core v2.3.0
[INFO] [stderr]    Compiling tokio-rustls v0.25.0
[INFO] [stderr]    Compiling icu_provider v2.3.1
[INFO] [stderr]    Compiling futures-executor v0.3.34
[INFO] [stderr]    Compiling futures v0.3.34
[INFO] [stderr]    Compiling icu_normalizer v2.3.0
[INFO] [stderr]    Compiling icu_properties v2.3.0
[INFO] [stderr]    Compiling idna_adapter v1.2.2
[INFO] [stderr]    Compiling idna v1.1.0
[INFO] [stderr]    Compiling url v2.5.8
[INFO] [stderr]    Compiling rscl v0.1.8
[INFO] [stderr]    Compiling netc v0.1.9 (/opt/rustwide/workdir)
[INFO] [stdout] warning: hiding a lifetime that's elided elsewhere is confusing
[INFO] [stdout]   --> src/headers.rs:44:17
[INFO] [stdout]    |
[INFO] [stdout] 44 |     pub fn iter(&self) -> hash_map::Iter<String, String> {
[INFO] [stdout]    |                 ^^^^^     ^^^^^^^^^^^^^^^^^^^^^^^^^^^^^^ the same lifetime is hidden here
[INFO] [stdout]    |                 |
[INFO] [stdout]    |                 the lifetime is elided here
[INFO] [stdout]    |
[INFO] [stdout]    = help: the same lifetime is referred to in inconsistent ways, making the signature confusing
[INFO] [stdout]    = note: `#[warn(mismatched_lifetime_syntaxes)]` on by default
[INFO] [stdout] help: use `'_` for type paths
[INFO] [stdout]    |
[INFO] [stdout] 44 |     pub fn iter(&self) -> hash_map::Iter<'_, String, String> {
[INFO] [stdout]    |                                          +++
[INFO] [stdout] 
[INFO] [stdout] 
[INFO] [stderr] warning: unused dependency `rand`
[INFO] [stderr]   --> Cargo.toml:10:15
[INFO] [stderr]    |
[INFO] [stderr] 10 | [dependencies.rand]
[INFO] [stderr]    |               ^^^^^
[INFO] [stderr]    |
[INFO] [stderr]    = note: `cargo::unused_dependencies` is set to `warn` by default
[INFO] [stderr] help: consider removing the dependency on `rand`
[INFO] [stderr] warning: `netc` (manifest) generated 1 warning
[INFO] [stderr]     Finished `release` profile [optimized] target(s) in 43.85s
[INFO] running `Command { std: "docker" "inspect" "3cb7b0be5a958341689fc0a769d44d7d77d496a03a5d91f20a22479460c1833b", kill_on_drop: false }`
[INFO] running `Command { std: "docker" "exec" "-e" "SOURCE_DIR=/opt/rustwide/workdir" "-e" "CARGO_HOME=/opt/rustwide/cargo-home" "-e" "RUSTUP_HOME=/opt/rustwide/rustup-home" "-e" "CARGO_TARGET_DIR=/opt/rustwide/target" "-e" "CARGO_INCREMENTAL=0" "-e" "RUST_BACKTRACE=full" "-e" "RUSTFLAGS=--cap-lints=warn" "-e" "RUSTDOCFLAGS=--cap-lints=warn" "-w" "/opt/rustwide/workdir" "--user" "0:0" "3cb7b0be5a958341689fc0a769d44d7d77d496a03a5d91f20a22479460c1833b" "/opt/rustwide/cargo-home/bin/cargo" "+1.100.0-beta.1" "test" "--frozen" "--no-run" "--message-format=json" "--release", kill_on_drop: false }`
[INFO] [stderr]    Compiling futures-io v0.3.34
[INFO] [stderr]    Compiling syn v3.0.9
[INFO] [stderr]    Compiling rustix v1.1.5
[INFO] [stderr]    Compiling concurrent-queue v2.5.0
[INFO] [stderr]    Compiling value-bag v1.14.1
[INFO] [stderr]    Compiling dirs-sys-next v0.1.2
[INFO] [stderr]    Compiling parking_lot_core v0.9.12
[INFO] [stderr]    Compiling scopeguard v1.2.0
[INFO] [stderr]    Compiling smallvec v1.16.3
[INFO] [stderr]    Compiling crunchy v0.2.4
[INFO] [stderr]    Compiling futures-lite v2.6.1
[INFO] [stderr]    Compiling regex-syntax v0.8.11
[INFO] [stderr]    Compiling dirs-next v2.0.0
[INFO] [stderr]    Compiling log v0.4.34
[INFO] [stderr]    Compiling lock_api v0.4.14
[INFO] [stderr]    Compiling tiny-keccak v2.0.2
[INFO] [stderr]    Compiling siphasher v1.0.4
[INFO] [stderr]    Compiling futures-channel v0.3.34
[INFO] [stderr]    Compiling parking_lot v0.12.5
[INFO] [stderr]    Compiling phf_shared v0.11.3
[INFO] [stderr]    Compiling async-channel v2.5.0
[INFO] [stderr]    Compiling term v0.7.0
[INFO] [stderr]    Compiling precomputed-hash v0.1.1
[INFO] [stderr]    Compiling same-file v1.0.6
[INFO] [stderr]    Compiling either v1.19.0
[INFO] [stderr]    Compiling new_debug_unreachable v1.0.6
[INFO] [stderr]    Compiling bit-vec v0.6.3
[INFO] [stderr]    Compiling ascii-canvas v3.0.0
[INFO] [stderr]    Compiling itertools v0.11.0
[INFO] [stderr]    Compiling bit-set v0.5.3
[INFO] [stderr]    Compiling ena v0.14.4
[INFO] [stderr]    Compiling piper v0.2.5
[INFO] [stderr]    Compiling string_cache v0.8.9
[INFO] [stderr]    Compiling walkdir v2.5.0
[INFO] [stderr]    Compiling aho-corasick v1.1.5
[INFO] [stderr]    Compiling unicode-xid v0.2.6
[INFO] [stderr]    Compiling pico-args v0.5.0
[INFO] [stderr]    Compiling form_urlencoded v1.2.2
[INFO] [stderr]    Compiling blocking v1.7.0
[INFO] [stderr]    Compiling async-executor v1.14.0
[INFO] [stderr]    Compiling async-channel v1.9.0
[INFO] [stderr]    Compiling async-attributes v1.1.2
[INFO] [stderr]    Compiling kv-log-macro v1.0.7
[INFO] [stderr]    Compiling pin-utils v0.1.1
[INFO] [stderr]    Compiling rustls v0.22.4
[INFO] [stderr]    Compiling serde_json v1.0.154
[INFO] [stderr]    Compiling regex-automata v0.4.18
[INFO] [stderr]    Compiling lalrpop-util v0.20.2
[INFO] [stderr]    Compiling levenshtein v1.0.5
[INFO] [stderr]    Compiling dotenv v0.15.0
[INFO] [stderr]    Compiling synstructure v0.14.0
[INFO] [stderr]    Compiling regex v1.13.1
[INFO] [stderr]    Compiling lalrpop v0.20.2
[INFO] [stderr]    Compiling zerofrom-derive v0.1.8
[INFO] [stderr]    Compiling yoke-derive v0.8.4
[INFO] [stderr]    Compiling zerovec-derive v0.11.6
[INFO] [stderr]    Compiling displaydoc v0.2.7
[INFO] [stderr]    Compiling zerofrom v0.1.8
[INFO] [stderr]    Compiling polling v3.11.0
[INFO] [stderr]    Compiling async-io v2.6.0
[INFO] [stderr]    Compiling yoke v0.8.3
[INFO] [stderr]    Compiling tokio-macros v2.7.2
[INFO] [stderr]    Compiling zerotrie v0.2.5
[INFO] [stderr]    Compiling futures-macro v0.3.34
[INFO] [stderr]    Compiling zerovec v0.11.8
[INFO] [stderr]    Compiling tokio v1.53.3
[INFO] [stderr]    Compiling futures-util v0.3.34
[INFO] [stderr]    Compiling tinystr v0.8.4
[INFO] [stderr]    Compiling icu_locale_core v2.3.0
[INFO] [stderr]    Compiling potential_utf v0.1.6
[INFO] [stderr]    Compiling icu_collections v2.3.0
[INFO] [stderr]    Compiling async-signal v0.2.14
[INFO] [stderr]    Compiling serde_derive v1.0.229
[INFO] [stderr]    Compiling async-process v2.5.0
[INFO] [stderr]    Compiling icu_provider v2.3.1
[INFO] [stderr]    Compiling icu_properties v2.3.0
[INFO] [stderr]    Compiling icu_normalizer v2.3.0
[INFO] [stderr]    Compiling async-global-executor v2.4.1
[INFO] [stderr]    Compiling serde v1.0.229
[INFO] [stderr]    Compiling idna_adapter v1.2.2
[INFO] [stderr]    Compiling idna v1.1.0
[INFO] [stderr]    Compiling url v2.5.8
[INFO] [stderr]    Compiling async-std v1.13.2
[INFO] [stderr]    Compiling futures-executor v0.3.34
[INFO] [stderr]    Compiling futures v0.3.34
[INFO] [stderr]    Compiling rscl v0.1.8
[INFO] [stderr]    Compiling tokio-rustls v0.25.0
[INFO] [stderr]    Compiling hyper v0.14.32
[INFO] [stderr]    Compiling serde_regex v1.2.0
[INFO] [stderr]    Compiling assert-json-diff v2.0.2
[INFO] [stderr]    Compiling async-trait v0.1.92
[INFO] [stderr]    Compiling basic-cookies v0.1.5
[INFO] [stderr]    Compiling netc v0.1.9 (/opt/rustwide/workdir)
[INFO] [stderr]    Compiling async-object-pool v0.1.5
[INFO] [stdout] warning: hiding a lifetime that's elided elsewhere is confusing
[INFO] [stdout]   --> src/headers.rs:44:17
[INFO] [stdout]    |
[INFO] [stdout] 44 |     pub fn iter(&self) -> hash_map::Iter<String, String> {
[INFO] [stdout]    |                 ^^^^^     ^^^^^^^^^^^^^^^^^^^^^^^^^^^^^^ the same lifetime is hidden here
[INFO] [stdout]    |                 |
[INFO] [stdout]    |                 the lifetime is elided here
[INFO] [stdout]    |
[INFO] [stdout]    = help: the same lifetime is referred to in inconsistent ways, making the signature confusing
[INFO] [stdout]    = note: `#[warn(mismatched_lifetime_syntaxes)]` on by default
[INFO] [stdout] help: use `'_` for type paths
[INFO] [stdout]    |
[INFO] [stdout] 44 |     pub fn iter(&self) -> hash_map::Iter<'_, String, String> {
[INFO] [stdout]    |                                          +++
[INFO] [stdout] 
[INFO] [stdout] 
[INFO] [stderr]    Compiling httpmock v0.7.0
[INFO] [stdout] warning: hiding a lifetime that's elided elsewhere is confusing
[INFO] [stdout]   --> src/headers.rs:44:17
[INFO] [stdout]    |
[INFO] [stdout] 44 |     pub fn iter(&self) -> hash_map::Iter<String, String> {
[INFO] [stdout]    |                 ^^^^^     ^^^^^^^^^^^^^^^^^^^^^^^^^^^^^^ the same lifetime is hidden here
[INFO] [stdout]    |                 |
[INFO] [stdout]    |                 the lifetime is elided here
[INFO] [stdout]    |
[INFO] [stdout]    = help: the same lifetime is referred to in inconsistent ways, making the signature confusing
[INFO] [stdout]    = note: `#[warn(mismatched_lifetime_syntaxes)]` on by default
[INFO] [stdout] help: use `'_` for type paths
[INFO] [stdout]    |
[INFO] [stdout] 44 |     pub fn iter(&self) -> hash_map::Iter<'_, String, String> {
[INFO] [stdout]    |                                          +++
[INFO] [stdout] 
[INFO] [stdout] 
[INFO] [stderr] warning: unused dependency `rand`
[INFO] [stderr]   --> Cargo.toml:10:15
[INFO] [stderr]    |
[INFO] [stderr] 10 | [dependencies.rand]
[INFO] [stderr]    |               ^^^^^
[INFO] [stderr]    |
[INFO] [stderr]    = note: `cargo::unused_dependencies` is set to `warn` by default
[INFO] [stderr] help: consider removing the dependency on `rand`
[INFO] [stderr] warning: `netc` (manifest) generated 1 warning
[INFO] [stderr]     Finished `release` profile [optimized] target(s) in 2m 37s
[INFO] running `Command { std: "docker" "inspect" "3cb7b0be5a958341689fc0a769d44d7d77d496a03a5d91f20a22479460c1833b", kill_on_drop: false }`
[INFO] running `Command { std: "docker" "exec" "-e" "SOURCE_DIR=/opt/rustwide/workdir" "-e" "CARGO_HOME=/opt/rustwide/cargo-home" "-e" "RUSTUP_HOME=/opt/rustwide/rustup-home" "-e" "CARGO_TARGET_DIR=/opt/rustwide/target" "-e" "CARGO_INCREMENTAL=0" "-e" "RUST_BACKTRACE=full" "-e" "RUSTFLAGS=--cap-lints=warn" "-e" "RUSTDOCFLAGS=--cap-lints=warn" "-w" "/opt/rustwide/workdir" "--user" "0:0" "3cb7b0be5a958341689fc0a769d44d7d77d496a03a5d91f20a22479460c1833b" "/opt/rustwide/cargo-home/bin/cargo" "+1.100.0-beta.1" "test" "--frozen" "--release", kill_on_drop: false }`
[INFO] [stderr] warning: hiding a lifetime that's elided elsewhere is confusing
[INFO] [stderr]   --> src/headers.rs:44:17
[INFO] [stderr]    |
[INFO] [stderr] 44 |     pub fn iter(&self) -> hash_map::Iter<String, String> {
[INFO] [stderr]    |                 ^^^^^     ^^^^^^^^^^^^^^^^^^^^^^^^^^^^^^ the same lifetime is hidden here
[INFO] [stderr]    |                 |
[INFO] [stderr]    |                 the lifetime is elided here
[INFO] [stderr]    |
[INFO] [stderr]    = help: the same lifetime is referred to in inconsistent ways, making the signature confusing
[INFO] [stderr]    = note: `#[warn(mismatched_lifetime_syntaxes)]` on by default
[INFO] [stderr] help: use `'_` for type paths
[INFO] [stderr]    |
[INFO] [stderr] 44 |     pub fn iter(&self) -> hash_map::Iter<'_, String, String> {
[INFO] [stderr]    |                                          +++
[INFO] [stderr] 
[INFO] [stderr] warning: `netc` (lib) generated 1 warning (run `cargo fix --lib -p netc` to apply 1 suggestion)
[INFO] [stderr] warning: `netc` (lib test) generated 1 warning (1 duplicate)
[INFO] [stderr] warning: unused dependency `rand`
[INFO] [stderr]   --> Cargo.toml:10:15
[INFO] [stderr]    |
[INFO] [stderr] 10 | [dependencies.rand]
[INFO] [stderr]    |               ^^^^^
[INFO] [stderr]    |
[INFO] [stderr]    = note: `cargo::unused_dependencies` is set to `warn` by default
[INFO] [stderr] help: consider removing the dependency on `rand`
[INFO] [stderr] warning: `netc` (manifest) generated 1 warning
[INFO] [stderr]     Finished `release` profile [optimized] target(s) in 0.34s
[INFO] [stderr]      Running unittests src/lib.rs (/opt/rustwide/target/release/build/netc/6f1307ed949a3ce5/out/netc-6f1307ed949a3ce5)
[INFO] [stdout] 
[INFO] [stdout] running 68 tests
[INFO] [stdout] test client::tests::client_builder ... ok
[INFO] [stdout] test headers::tests::headers_default_http ... ok
[INFO] [stdout] test headers::tests::headers_get ... ok
[INFO] [stdout] test headers::tests::headers_array_length ... ok
[INFO] [stdout] test headers::tests::headers_insert ... ok
[INFO] [stdout] test headers::tests::headers_new ... ok
[INFO] [stdout] test headers::tests::headers_get_array ... ok
[INFO] [stdout] test headers::tests::headers_from_str ... ok
[INFO] [stdout] test client::tests::client_content_len ... FAILED
[INFO] [stdout] test method::tests::method_parse ... ok
[INFO] [stdout] test response::tests::res_content_len ... ok
[INFO] [stdout] test method::tests::method_to_string ... ok
[INFO] [stdout] test request::tests::new_request ... ok
[INFO] [stdout] test response::tests::res_body ... ok
[INFO] [stdout] test response::tests::res_headers ... ok
[INFO] [stdout] test response::tests::res_from_head ... ok
[INFO] [stdout] test headers::tests::hash_map_from_headers ... ok
[INFO] [stdout] test response::tests::res_reason ... ok
[INFO] [stdout] test headers::tests::headers_from ... ok
[INFO] [stdout] test response::tests::res_from_empty - should panic ... ok
[INFO] [stdout] test headers::tests::headers_case_insensitive ... ok
[INFO] [stdout] test status::tests::status_code_display ... ok
[INFO] [stdout] test client::tests::client_https ... FAILED
[INFO] [stdout] test status::tests::status_code_from ... ok
[INFO] [stdout] test status::tests::status_code_info ... ok
[INFO] [stdout] test status::tests::status_code_client_err ... ok
[INFO] [stdout] test response::tests::res_status_code ... ok
[INFO] [stdout] test response::tests::res_try_from ... ok
[INFO] [stdout] test response::tests::res_version ... ok
[INFO] [stdout] test status::tests::status_code_from_str ... ok
[INFO] [stdout] test status::tests::status_code_is ... ok
[INFO] [stdout] test status::tests::status_code_new ... ok
[INFO] [stdout] test status::tests::status_code_server_err ... ok
[INFO] [stdout] test status::tests::status_from_str ... ok
[INFO] [stdout] test status::tests::status_code_success ... ok
[INFO] [stdout] test status::tests::status_code_reason ... ok
[INFO] [stdout] test status::tests::status_code_redirect ... ok
[INFO] [stdout] test status::tests::status_from ... ok
[INFO] [stdout] test status::tests::u16_from_status_code ... ok
[INFO] [stdout] test utils::tests::abs_path_fragment ... ok
[INFO] [stdout] test utils::tests::abs_path_query ... ok
[INFO] [stdout] test utils::tests::abs_path_query_fragment ... ok
[INFO] [stdout] test stream::tests::chunked_body ... FAILED
[INFO] [stdout] test utils::tests::find_slice_1 ... ok
[INFO] [stdout] test utils::tests::find_slice_2 ... ok
[INFO] [stdout] test utils::tests::find_slice_3 ... ok
[INFO] [stdout] test utils::tests::host_header_host ... ok
[INFO] [stdout] test utils::tests::host_header_host_port ... ok
[INFO] [stdout] test response::tests::res_status_code_200 ... ok
[INFO] [stdout] test utils::tests::host_header_no_host ... ok
[INFO] [stdout] test utils::tests::quality_07_1 ... ok
[INFO] [stdout] test stream::tests::http_stream ... FAILED
[INFO] [stdout] test utils::tests::quality_07_2 ... ok
[INFO] [stdout] test utils::tests::quality_10_1 ... ok
[INFO] [stdout] test stream::tests::http_stream_http_proxy ... ok
[INFO] [stdout] test stream::tests::https_stream ... FAILED
[INFO] [stdout] test utils::tests::string2array_2 ... ok
[INFO] [stdout] test utils::tests::string2array_3 ... ok
[INFO] [stdout] test utils::tests::string2array_4 ... ok
[INFO] [stdout] test utils::tests::trim_test ... ok
[INFO] [stdout] test utils::tests::quality_10_3 ... ok
[INFO] [stdout] test utils::tests::string2array_1 ... ok
[INFO] [stdout] test version::tests::version_parse ... ok
[INFO] [stdout] test version::tests::version_to_string ... ok
[INFO] [stdout] test response::tests::res_status_code_302 ... ok
[INFO] [stdout] test utils::tests::quality_10_2 ... ok
[INFO] [stdout] test utils::tests::quality_empty ... ok
[INFO] [stdout] test utils::tests::str_intourl ... ok
[INFO] [stdout] 
[INFO] [stdout] failures:
[INFO] [stdout] 
[INFO] [stdout] ---- client::tests::client_content_len stdout ----
[INFO] [stdout] 
[INFO] [stdout] thread 'client::tests::client_content_len' (2385) panicked at src/client.rs:116:9:
[INFO] [stdout] assertion failed: client.is_ok()
[INFO] [stdout] stack backtrace:
[INFO] [stdout]    0:     0x5d1ebe19ae91 - <<std[617be2ca0a6fd877]::sys::backtrace::BacktraceLock>::print::DisplayBacktrace as core[a373ad73a504971]::fmt::Display>::fmt
[INFO] [stdout]    1:     0x5d1ebe1b42ea - core[a373ad73a504971]::fmt::write
[INFO] [stdout]    2:     0x5d1ebe19fa0c - <alloc[2e1b2a31b91974c5]::vec::Vec<u8> as core[a373ad73a504971]::io::write::Write>::write_fmt
[INFO] [stdout]    3:     0x5d1ebe1758f6 - std[617be2ca0a6fd877]::panicking::default_hook::{closure#0}
[INFO] [stdout]    4:     0x5d1ebe192999 - std[617be2ca0a6fd877]::panicking::default_hook
[INFO] [stdout]    5:     0x5d1ebde9d210 - test[aada8e7e76ba119b]::test_main_inner::{closure#0}
[INFO] [stdout]    6:     0x5d1ebe192cc2 - std[617be2ca0a6fd877]::panicking::panic_with_hook
[INFO] [stdout]    7:     0x5d1ebe1759d4 - std[617be2ca0a6fd877]::panicking::panic_handler::{closure#0}
[INFO] [stdout]    8:     0x5d1ebe16e399 - std[617be2ca0a6fd877]::sys::backtrace::__rust_end_short_backtrace::<std[617be2ca0a6fd877]::panicking::panic_handler::{closure#0}, !>
[INFO] [stdout]    9:     0x5d1ebe17683d - __rustc[ea4f61d10b84890b]::rust_begin_unwind
[INFO] [stdout]   10:     0x5d1ebe1b4acc - core[a373ad73a504971]::panicking::panic_fmt
[INFO] [stdout]   11:     0x5d1ebe1b4a92 - core[a373ad73a504971]::panicking::panic
[INFO] [stdout]   12:     0x5d1ebde521eb - netc[f3eb60bfcdc9a83f]::client::tests::client_content_len::{closure#0}
[INFO] [stdout]   13:     0x5d1ebde6c153 - <tokio[3db95fc21d6733b5]::runtime::scheduler::current_thread::Context>::enter::<core[a373ad73a504971]::task::poll::Poll<()>, <tokio[3db95fc21d6733b5]::runtime::scheduler::current_thread::CoreGuard>::block_on<core[a373ad73a504971]::pin::Pin<&mut core[a373ad73a504971]::pin::Pin<&mut dyn core[a373ad73a504971]::future::future::Future<Output = ()>>>>::{closure#0}::{closure#0}>
[INFO] [stdout]   14:     0x5d1ebde794ec - <tokio[3db95fc21d6733b5]::runtime::context::scoped::Scoped<tokio[3db95fc21d6733b5]::runtime::scheduler::Context>>::set::<<tokio[3db95fc21d6733b5]::runtime::scheduler::current_thread::CoreGuard>::enter<<tokio[3db95fc21d6733b5]::runtime::scheduler::current_thread::CoreGuard>::block_on<core[a373ad73a504971]::pin::Pin<&mut core[a373ad73a504971]::pin::Pin<&mut dyn core[a373ad73a504971]::future::future::Future<Output = ()>>>>::{closure#0}, core[a373ad73a504971]::option::Option<()>>::{closure#0}, (alloc[2e1b2a31b91974c5]::boxed::Box<tokio[3db95fc21d6733b5]::runtime::scheduler::current_thread::Core>, core[a373ad73a504971]::option::Option<()>)>
[INFO] [stdout]   15:     0x5d1ebde6c2f7 - <tokio[3db95fc21d6733b5]::runtime::scheduler::current_thread::CoreGuard>::block_on::<core[a373ad73a504971]::pin::Pin<&mut core[a373ad73a504971]::pin::Pin<&mut dyn core[a373ad73a504971]::future::future::Future<Output = ()>>>>
[INFO] [stdout]   16:     0x5d1ebde82ffb - tokio[3db95fc21d6733b5]::runtime::context::runtime::enter_runtime::<<tokio[3db95fc21d6733b5]::runtime::scheduler::current_thread::CurrentThread>::block_on<core[a373ad73a504971]::pin::Pin<&mut dyn core[a373ad73a504971]::future::future::Future<Output = ()>>>::{closure#0}, ()>
[INFO] [stdout]   17:     0x5d1ebde81f5b - <tokio[3db95fc21d6733b5]::runtime::runtime::Runtime>::block_on::<core[a373ad73a504971]::pin::Pin<&mut dyn core[a373ad73a504971]::future::future::Future<Output = ()>>>
[INFO] [stdout]   18:     0x5d1ebde52c0e - <netc[f3eb60bfcdc9a83f]::client::tests::client_content_len::{closure#0} as core[a373ad73a504971]::ops::function::FnOnce<()>>::call_once
[INFO] [stdout]   19:     0x5d1ebde9065b - test[aada8e7e76ba119b]::__rust_begin_short_backtrace::<core[a373ad73a504971]::result::Result<(), alloc[2e1b2a31b91974c5]::string::String>, fn() -> core[a373ad73a504971]::result::Result<(), alloc[2e1b2a31b91974c5]::string::String>>
[INFO] [stdout]   20:     0x5d1ebde9d835 - test[aada8e7e76ba119b]::run_test::{closure#0}
[INFO] [stdout]   21:     0x5d1ebde97124 - std[617be2ca0a6fd877]::sys::backtrace::__rust_begin_short_backtrace::<test[aada8e7e76ba119b]::run_test::{closure#1}, ()>
[INFO] [stdout]   22:     0x5d1ebdea08c2 - <std[617be2ca0a6fd877]::thread::lifecycle::spawn_unchecked<test[aada8e7e76ba119b]::run_test::{closure#1}, ()>::{closure#1} as core[a373ad73a504971]::ops::function::FnOnce<()>>::call_once::{shim:vtable#0}
[INFO] [stdout]   23:     0x5d1ebe199f3f - <std[617be2ca0a6fd877]::sys::thread::unix::Thread>::new::thread_start
[INFO] [stdout]   24:     0x76fa54ad9dfa - <unknown>
[INFO] [stdout]   25:     0x76fa54b6d3d4 - clone
[INFO] [stdout]   26:                0x0 - <unknown>
[INFO] [stdout] 
[INFO] [stdout] ---- client::tests::client_https stdout ----
[INFO] [stdout] 
[INFO] [stdout] thread 'client::tests::client_https' (2386) panicked at src/client.rs:98:74:
[INFO] [stdout] called `Result::unwrap()` on an `Err` value: Io(Custom { kind: Uncategorized, error: "failed to lookup address information: Temporary failure in name resolution" })
[INFO] [stdout] stack backtrace:
[INFO] [stdout]    0:     0x5d1ebe19ae91 - <<std[617be2ca0a6fd877]::sys::backtrace::BacktraceLock>::print::DisplayBacktrace as core[a373ad73a504971]::fmt::Display>::fmt
[INFO] [stdout]    1:     0x5d1ebe1b42ea - core[a373ad73a504971]::fmt::write
[INFO] [stdout]    2:     0x5d1ebe19fa0c - <alloc[2e1b2a31b91974c5]::vec::Vec<u8> as core[a373ad73a504971]::io::write::Write>::write_fmt
[INFO] [stdout]    3:     0x5d1ebe1758f6 - std[617be2ca0a6fd877]::panicking::default_hook::{closure#0}
[INFO] [stdout]    4:     0x5d1ebe192999 - std[617be2ca0a6fd877]::panicking::default_hook
[INFO] [stdout]    5:     0x5d1ebde9d210 - test[aada8e7e76ba119b]::test_main_inner::{closure#0}
[INFO] [stdout]    6:     0x5d1ebe192cc2 - std[617be2ca0a6fd877]::panicking::panic_with_hook
[INFO] [stdout]    7:     0x5d1ebe1759a2 - std[617be2ca0a6fd877]::panicking::panic_handler::{closure#0}
[INFO] [stdout]    8:     0x5d1ebe16e399 - std[617be2ca0a6fd877]::sys::backtrace::__rust_end_short_backtrace::<std[617be2ca0a6fd877]::panicking::panic_handler::{closure#0}, !>
[INFO] [stdout]    9:     0x5d1ebe17683d - __rustc[ea4f61d10b84890b]::rust_begin_unwind
[INFO] [stdout]   10:     0x5d1ebe1b4acc - core[a373ad73a504971]::panicking::panic_fmt
[INFO] [stdout]   11:     0x5d1ebe1b48a2 - core[a373ad73a504971]::result::unwrap_failed
[INFO] [stdout]   12:     0x5d1ebde51bed - netc[f3eb60bfcdc9a83f]::client::tests::client_https::{closure#0}
[INFO] [stdout]   13:     0x5d1ebde6c153 - <tokio[3db95fc21d6733b5]::runtime::scheduler::current_thread::Context>::enter::<core[a373ad73a504971]::task::poll::Poll<()>, <tokio[3db95fc21d6733b5]::runtime::scheduler::current_thread::CoreGuard>::block_on<core[a373ad73a504971]::pin::Pin<&mut core[a373ad73a504971]::pin::Pin<&mut dyn core[a373ad73a504971]::future::future::Future<Output = ()>>>>::{closure#0}::{closure#0}>
[INFO] [stdout]   14:     0x5d1ebde794ec - <tokio[3db95fc21d6733b5]::runtime::context::scoped::Scoped<tokio[3db95fc21d6733b5]::runtime::scheduler::Context>>::set::<<tokio[3db95fc21d6733b5]::runtime::scheduler::current_thread::CoreGuard>::enter<<tokio[3db95fc21d6733b5]::runtime::scheduler::current_thread::CoreGuard>::block_on<core[a373ad73a504971]::pin::Pin<&mut core[a373ad73a504971]::pin::Pin<&mut dyn core[a373ad73a504971]::future::future::Future<Output = ()>>>>::{closure#0}, core[a373ad73a504971]::option::Option<()>>::{closure#0}, (alloc[2e1b2a31b91974c5]::boxed::Box<tokio[3db95fc21d6733b5]::runtime::scheduler::current_thread::Core>, core[a373ad73a504971]::option::Option<()>)>
[INFO] [stdout]   15:     0x5d1ebde6c2f7 - <tokio[3db95fc21d6733b5]::runtime::scheduler::current_thread::CoreGuard>::block_on::<core[a373ad73a504971]::pin::Pin<&mut core[a373ad73a504971]::pin::Pin<&mut dyn core[a373ad73a504971]::future::future::Future<Output = ()>>>>
[INFO] [stdout]   16:     0x5d1ebde82ffb - tokio[3db95fc21d6733b5]::runtime::context::runtime::enter_runtime::<<tokio[3db95fc21d6733b5]::runtime::scheduler::current_thread::CurrentThread>::block_on<core[a373ad73a504971]::pin::Pin<&mut dyn core[a373ad73a504971]::future::future::Future<Output = ()>>>::{closure#0}, ()>
[INFO] [stdout]   17:     0x5d1ebde81f5b - <tokio[3db95fc21d6733b5]::runtime::runtime::Runtime>::block_on::<core[a373ad73a504971]::pin::Pin<&mut dyn core[a373ad73a504971]::future::future::Future<Output = ()>>>
[INFO] [stdout]   18:     0x5d1ebde526ae - <netc[f3eb60bfcdc9a83f]::client::tests::client_https::{closure#0} as core[a373ad73a504971]::ops::function::FnOnce<()>>::call_once
[INFO] [stdout]   19:     0x5d1ebde9065b - test[aada8e7e76ba119b]::__rust_begin_short_backtrace::<core[a373ad73a504971]::result::Result<(), alloc[2e1b2a31b91974c5]::string::String>, fn() -> core[a373ad73a504971]::result::Result<(), alloc[2e1b2a31b91974c5]::string::String>>
[INFO] [stdout]   20:     0x5d1ebde9d835 - test[aada8e7e76ba119b]::run_test::{closure#0}
[INFO] [stdout]   21:     0x5d1ebde97124 - std[617be2ca0a6fd877]::sys::backtrace::__rust_begin_short_backtrace::<test[aada8e7e76ba119b]::run_test::{closure#1}, ()>
[INFO] [stdout]   22:     0x5d1ebdea08c2 - <std[617be2ca0a6fd877]::thread::lifecycle::spawn_unchecked<test[aada8e7e76ba119b]::run_test::{closure#1}, ()>::{closure#1} as core[a373ad73a504971]::ops::function::FnOnce<()>>::call_once::{shim:vtable#0}
[INFO] [stdout]   23:     0x5d1ebe199f3f - <std[617be2ca0a6fd877]::sys::thread::unix::Thread>::new::thread_start
[INFO] [stdout]   24:     0x76fa54ad9dfa - <unknown>
[INFO] [stdout]   25:     0x76fa54b6d3d4 - clone
[INFO] [stdout]   26:                0x0 - <unknown>
[INFO] [stdout] 
[INFO] [stdout] ---- stream::tests::chunked_body stdout ----
[INFO] [stdout] 
[INFO] [stdout] thread 'stream::tests::chunked_body' (2428) panicked at src/stream.rs:296:14:
[INFO] [stdout] called `Result::unwrap()` on an `Err` value: Io(Custom { kind: Uncategorized, error: "failed to lookup address information: Temporary failure in name resolution" })
[INFO] [stdout] stack backtrace:
[INFO] [stdout]    0:     0x5d1ebe19ae91 - <<std[617be2ca0a6fd877]::sys::backtrace::BacktraceLock>::print::DisplayBacktrace as core[a373ad73a504971]::fmt::Display>::fmt
[INFO] [stdout]    1:     0x5d1ebe1b42ea - core[a373ad73a504971]::fmt::write
[INFO] [stdout]    2:     0x5d1ebe19fa0c - <alloc[2e1b2a31b91974c5]::vec::Vec<u8> as core[a373ad73a504971]::io::write::Write>::write_fmt
[INFO] [stdout]    3:     0x5d1ebe1758f6 - std[617be2ca0a6fd877]::panicking::default_hook::{closure#0}
[INFO] [stdout]    4:     0x5d1ebe192999 - std[617be2ca0a6fd877]::panicking::default_hook
[INFO] [stdout]    5:     0x5d1ebde9d210 - test[aada8e7e76ba119b]::test_main_inner::{closure#0}
[INFO] [stdout]    6:     0x5d1ebe192cc2 - std[617be2ca0a6fd877]::panicking::panic_with_hook
[INFO] [stdout]    7:     0x5d1ebe1759a2 - std[617be2ca0a6fd877]::panicking::panic_handler::{closure#0}
[INFO] [stdout]    8:     0x5d1ebe16e399 - std[617be2ca0a6fd877]::sys::backtrace::__rust_end_short_backtrace::<std[617be2ca0a6fd877]::panicking::panic_handler::{closure#0}, !>
[INFO] [stdout]    9:     0x5d1ebe17683d - __rustc[ea4f61d10b84890b]::rust_begin_unwind
[INFO] [stdout]   10:     0x5d1ebe1b4acc - core[a373ad73a504971]::panicking::panic_fmt
[INFO] [stdout]   11:     0x5d1ebe1b48a2 - core[a373ad73a504971]::result::unwrap_failed
[INFO] [stdout]   12:     0x5d1ebde63016 - netc[f3eb60bfcdc9a83f]::stream::tests::chunked_body::{closure#0}
[INFO] [stdout]   13:     0x5d1ebde6c153 - <tokio[3db95fc21d6733b5]::runtime::scheduler::current_thread::Context>::enter::<core[a373ad73a504971]::task::poll::Poll<()>, <tokio[3db95fc21d6733b5]::runtime::scheduler::current_thread::CoreGuard>::block_on<core[a373ad73a504971]::pin::Pin<&mut core[a373ad73a504971]::pin::Pin<&mut dyn core[a373ad73a504971]::future::future::Future<Output = ()>>>>::{closure#0}::{closure#0}>
[INFO] [stdout]   14:     0x5d1ebde794ec - <tokio[3db95fc21d6733b5]::runtime::context::scoped::Scoped<tokio[3db95fc21d6733b5]::runtime::scheduler::Context>>::set::<<tokio[3db95fc21d6733b5]::runtime::scheduler::current_thread::CoreGuard>::enter<<tokio[3db95fc21d6733b5]::runtime::scheduler::current_thread::CoreGuard>::block_on<core[a373ad73a504971]::pin::Pin<&mut core[a373ad73a504971]::pin::Pin<&mut dyn core[a373ad73a504971]::future::future::Future<Output = ()>>>>::{closure#0}, core[a373ad73a504971]::option::Option<()>>::{closure#0}, (alloc[2e1b2a31b91974c5]::boxed::Box<tokio[3db95fc21d6733b5]::runtime::scheduler::current_thread::Core>, core[a373ad73a504971]::option::Option<()>)>
[INFO] [stdout]   15:     0x5d1ebde6c2f7 - <tokio[3db95fc21d6733b5]::runtime::scheduler::current_thread::CoreGuard>::block_on::<core[a373ad73a504971]::pin::Pin<&mut core[a373ad73a504971]::pin::Pin<&mut dyn core[a373ad73a504971]::future::future::Future<Output = ()>>>>
[INFO] [stdout]   16:     0x5d1ebde82ffb - tokio[3db95fc21d6733b5]::runtime::context::runtime::enter_runtime::<<tokio[3db95fc21d6733b5]::runtime::scheduler::current_thread::CurrentThread>::block_on<core[a373ad73a504971]::pin::Pin<&mut dyn core[a373ad73a504971]::future::future::Future<Output = ()>>>::{closure#0}, ()>
[INFO] [stdout]   17:     0x5d1ebde81f5b - <tokio[3db95fc21d6733b5]::runtime::runtime::Runtime>::block_on::<core[a373ad73a504971]::pin::Pin<&mut dyn core[a373ad73a504971]::future::future::Future<Output = ()>>>
[INFO] [stdout]   18:     0x5d1ebde65d3e - <netc[f3eb60bfcdc9a83f]::stream::tests::chunked_body::{closure#0} as core[a373ad73a504971]::ops::function::FnOnce<()>>::call_once
[INFO] [stdout]   19:     0x5d1ebde9065b - test[aada8e7e76ba119b]::__rust_begin_short_backtrace::<core[a373ad73a504971]::result::Result<(), alloc[2e1b2a31b91974c5]::string::String>, fn() -> core[a373ad73a504971]::result::Result<(), alloc[2e1b2a31b91974c5]::string::String>>
[INFO] [stdout]   20:     0x5d1ebde9d835 - test[aada8e7e76ba119b]::run_test::{closure#0}
[INFO] [stdout]   21:     0x5d1ebde97124 - std[617be2ca0a6fd877]::sys::backtrace::__rust_begin_short_backtrace::<test[aada8e7e76ba119b]::run_test::{closure#1}, ()>
[INFO] [stdout]   22:     0x5d1ebdea08c2 - <std[617be2ca0a6fd877]::thread::lifecycle::spawn_unchecked<test[aada8e7e76ba119b]::run_test::{closure#1}, ()>::{closure#1} as core[a373ad73a504971]::ops::function::FnOnce<()>>::call_once::{shim:vtable#0}
[INFO] [stdout]   23:     0x5d1ebe199f3f - <std[617be2ca0a6fd877]::sys::thread::unix::Thread>::new::thread_start
[INFO] [stdout]   24:     0x76fa54ad9dfa - <unknown>
[INFO] [stdout]   25:     0x76fa54b6d3d4 - clone
[INFO] [stdout]   26:                0x0 - <unknown>
[INFO] [stdout] 
[INFO] [stdout] ---- stream::tests::http_stream stdout ----
[INFO] [stdout] 
[INFO] [stdout] thread 'stream::tests::http_stream' (2429) panicked at src/stream.rs:236:54:
[INFO] [stdout] called `Result::unwrap()` on an `Err` value: Io(Custom { kind: Uncategorized, error: "failed to lookup address information: Temporary failure in name resolution" })
[INFO] [stdout] stack backtrace:
[INFO] [stdout]    0:     0x5d1ebe19ae91 - <<std[617be2ca0a6fd877]::sys::backtrace::BacktraceLock>::print::DisplayBacktrace as core[a373ad73a504971]::fmt::Display>::fmt
[INFO] [stdout]    1:     0x5d1ebe1b42ea - core[a373ad73a504971]::fmt::write
[INFO] [stdout]    2:     0x5d1ebe19fa0c - <alloc[2e1b2a31b91974c5]::vec::Vec<u8> as core[a373ad73a504971]::io::write::Write>::write_fmt
[INFO] [stdout]    3:     0x5d1ebe1758f6 - std[617be2ca0a6fd877]::panicking::default_hook::{closure#0}
[INFO] [stdout]    4:     0x5d1ebe192999 - std[617be2ca0a6fd877]::panicking::default_hook
[INFO] [stdout]    5:     0x5d1ebde9d210 - test[aada8e7e76ba119b]::test_main_inner::{closure#0}
[INFO] [stdout]    6:     0x5d1ebe192cc2 - std[617be2ca0a6fd877]::panicking::panic_with_hook
[INFO] [stdout]    7:     0x5d1ebe1759a2 - std[617be2ca0a6fd877]::panicking::panic_handler::{closure#0}
[INFO] [stdout]    8:     0x5d1ebe16e399 - std[617be2ca0a6fd877]::sys::backtrace::__rust_end_short_backtrace::<std[617be2ca0a6fd877]::panicking::panic_handler::{closure#0}, !>
[INFO] [stdout]    9:     0x5d1ebe17683d - __rustc[ea4f61d10b84890b]::rust_begin_unwind
[INFO] [stdout]   10:     0x5d1ebe1b4acc - core[a373ad73a504971]::panicking::panic_fmt
[INFO] [stdout]   11:     0x5d1ebe1b48a2 - core[a373ad73a504971]::result::unwrap_failed
[INFO] [stdout]   12:     0x5d1ebde629ef - netc[f3eb60bfcdc9a83f]::stream::tests::http_stream::{closure#0}
[INFO] [stdout]   13:     0x5d1ebde6c153 - <tokio[3db95fc21d6733b5]::runtime::scheduler::current_thread::Context>::enter::<core[a373ad73a504971]::task::poll::Poll<()>, <tokio[3db95fc21d6733b5]::runtime::scheduler::current_thread::CoreGuard>::block_on<core[a373ad73a504971]::pin::Pin<&mut core[a373ad73a504971]::pin::Pin<&mut dyn core[a373ad73a504971]::future::future::Future<Output = ()>>>>::{closure#0}::{closure#0}>
[INFO] [stdout]   14:     0x5d1ebde794ec - <tokio[3db95fc21d6733b5]::runtime::context::scoped::Scoped<tokio[3db95fc21d6733b5]::runtime::scheduler::Context>>::set::<<tokio[3db95fc21d6733b5]::runtime::scheduler::current_thread::CoreGuard>::enter<<tokio[3db95fc21d6733b5]::runtime::scheduler::current_thread::CoreGuard>::block_on<core[a373ad73a504971]::pin::Pin<&mut core[a373ad73a504971]::pin::Pin<&mut dyn core[a373ad73a504971]::future::future::Future<Output = ()>>>>::{closure#0}, core[a373ad73a504971]::option::Option<()>>::{closure#0}, (alloc[2e1b2a31b91974c5]::boxed::Box<tokio[3db95fc21d6733b5]::runtime::scheduler::current_thread::Core>, core[a373ad73a504971]::option::Option<()>)>
[INFO] [stdout]   15:     0x5d1ebde6c2f7 - <tokio[3db95fc21d6733b5]::runtime::scheduler::current_thread::CoreGuard>::block_on::<core[a373ad73a504971]::pin::Pin<&mut core[a373ad73a504971]::pin::Pin<&mut dyn core[a373ad73a504971]::future::future::Future<Output = ()>>>>
[INFO] [stdout]   16:     0x5d1ebde82ffb - tokio[3db95fc21d6733b5]::runtime::context::runtime::enter_runtime::<<tokio[3db95fc21d6733b5]::runtime::scheduler::current_thread::CurrentThread>::block_on<core[a373ad73a504971]::pin::Pin<&mut dyn core[a373ad73a504971]::future::future::Future<Output = ()>>>::{closure#0}, ()>
[INFO] [stdout]   17:     0x5d1ebde81f5b - <tokio[3db95fc21d6733b5]::runtime::runtime::Runtime>::block_on::<core[a373ad73a504971]::pin::Pin<&mut dyn core[a373ad73a504971]::future::future::Future<Output = ()>>>
[INFO] [stdout]   18:     0x5d1ebde65bde - <netc[f3eb60bfcdc9a83f]::stream::tests::http_stream::{closure#0} as core[a373ad73a504971]::ops::function::FnOnce<()>>::call_once
[INFO] [stdout]   19:     0x5d1ebde9065b - test[aada8e7e76ba119b]::__rust_begin_short_backtrace::<core[a373ad73a504971]::result::Result<(), alloc[2e1b2a31b91974c5]::string::String>, fn() -> core[a373ad73a504971]::result::Result<(), alloc[2e1b2a31b91974c5]::string::String>>
[INFO] [stdout]   20:     0x5d1ebde9d835 - test[aada8e7e76ba119b]::run_test::{closure#0}
[INFO] [stdout]   21:     0x5d1ebde97124 - std[617be2ca0a6fd877]::sys::backtrace::__rust_begin_short_backtrace::<test[aada8e7e76ba119b]::run_test::{closure#1}, ()>
[INFO] [stdout]   22:     0x5d1ebdea08c2 - <std[617be2ca0a6fd877]::thread::lifecycle::spawn_unchecked<test[aada8e7e76ba119b]::run_test::{closure#1}, ()>::{closure#1} as core[a373ad73a504971]::ops::function::FnOnce<()>>::call_once::{shim:vtable#0}
[INFO] [stdout]   23:     0x5d1ebe199f3f - <std[617be2ca0a6fd877]::sys::thread::unix::Thread>::new::thread_start
[INFO] [stdout]   24:     0x76fa54ad9dfa - <unknown>
[INFO] [stdout]   25:     0x76fa54b6d3d4 - clone
[INFO] [stdout]   26:                0x0 - <unknown>
[INFO] [stdout] 
[INFO] [stdout] ---- stream::tests::https_stream stdout ----
[INFO] [stdout] 
[INFO] [stdout] thread 'stream::tests::https_stream' (2431) panicked at src/stream.rs:246:55:
[INFO] [stdout] called `Result::unwrap()` on an `Err` value: Io(Custom { kind: Uncategorized, error: "failed to lookup address information: Temporary failure in name resolution" })
[INFO] [stdout] stack backtrace:
[INFO] [stdout]    0:     0x5d1ebe19ae91 - <<std[617be2ca0a6fd877]::sys::backtrace::BacktraceLock>::print::DisplayBacktrace as core[a373ad73a504971]::fmt::Display>::fmt
[INFO] [stdout]    1:     0x5d1ebe1b42ea - core[a373ad73a504971]::fmt::write
[INFO] [stdout]    2:     0x5d1ebe19fa0c - <alloc[2e1b2a31b91974c5]::vec::Vec<u8> as core[a373ad73a504971]::io::write::Write>::write_fmt
[INFO] [stdout]    3:     0x5d1ebe1758f6 - std[617be2ca0a6fd877]::panicking::default_hook::{closure#0}
[INFO] [stdout]    4:     0x5d1ebe192999 - std[617be2ca0a6fd877]::panicking::default_hook
[INFO] [stdout]    5:     0x5d1ebde9d210 - test[aada8e7e76ba119b]::test_main_inner::{closure#0}
[INFO] [stdout]    6:     0x5d1ebe192cc2 - std[617be2ca0a6fd877]::panicking::panic_with_hook
[INFO] [stdout]    7:     0x5d1ebe1759a2 - std[617be2ca0a6fd877]::panicking::panic_handler::{closure#0}
[INFO] [stdout]    8:     0x5d1ebe16e399 - std[617be2ca0a6fd877]::sys::backtrace::__rust_end_short_backtrace::<std[617be2ca0a6fd877]::panicking::panic_handler::{closure#0}, !>
[INFO] [stdout]    9:     0x5d1ebe17683d - __rustc[ea4f61d10b84890b]::rust_begin_unwind
[INFO] [stdout]   10:     0x5d1ebe1b4acc - core[a373ad73a504971]::panicking::panic_fmt
[INFO] [stdout]   11:     0x5d1ebe1b48a2 - core[a373ad73a504971]::result::unwrap_failed
[INFO] [stdout]   12:     0x5d1ebde64a05 - netc[f3eb60bfcdc9a83f]::stream::tests::https_stream::{closure#0}
[INFO] [stdout]   13:     0x5d1ebde6c153 - <tokio[3db95fc21d6733b5]::runtime::scheduler::current_thread::Context>::enter::<core[a373ad73a504971]::task::poll::Poll<()>, <tokio[3db95fc21d6733b5]::runtime::scheduler::current_thread::CoreGuard>::block_on<core[a373ad73a504971]::pin::Pin<&mut core[a373ad73a504971]::pin::Pin<&mut dyn core[a373ad73a504971]::future::future::Future<Output = ()>>>>::{closure#0}::{closure#0}>
[INFO] [stdout]   14:     0x5d1ebde794ec - <tokio[3db95fc21d6733b5]::runtime::context::scoped::Scoped<tokio[3db95fc21d6733b5]::runtime::scheduler::Context>>::set::<<tokio[3db95fc21d6733b5]::runtime::scheduler::current_thread::CoreGuard>::enter<<tokio[3db95fc21d6733b5]::runtime::scheduler::current_thread::CoreGuard>::block_on<core[a373ad73a504971]::pin::Pin<&mut core[a373ad73a504971]::pin::Pin<&mut dyn core[a373ad73a504971]::future::future::Future<Output = ()>>>>::{closure#0}, core[a373ad73a504971]::option::Option<()>>::{closure#0}, (alloc[2e1b2a31b91974c5]::boxed::Box<tokio[3db95fc21d6733b5]::runtime::scheduler::current_thread::Core>, core[a373ad73a504971]::option::Option<()>)>
[INFO] [stdout]   15:     0x5d1ebde6c2f7 - <tokio[3db95fc21d6733b5]::runtime::scheduler::current_thread::CoreGuard>::block_on::<core[a373ad73a504971]::pin::Pin<&mut core[a373ad73a504971]::pin::Pin<&mut dyn core[a373ad73a504971]::future::future::Future<Output = ()>>>>
[INFO] [stdout]   16:     0x5d1ebde82ffb - tokio[3db95fc21d6733b5]::runtime::context::runtime::enter_runtime::<<tokio[3db95fc21d6733b5]::runtime::scheduler::current_thread::CurrentThread>::block_on<core[a373ad73a504971]::pin::Pin<&mut dyn core[a373ad73a504971]::future::future::Future<Output = ()>>>::{closure#0}, ()>
[INFO] [stdout]   17:     0x5d1ebde81f5b - <tokio[3db95fc21d6733b5]::runtime::runtime::Runtime>::block_on::<core[a373ad73a504971]::pin::Pin<&mut dyn core[a373ad73a504971]::future::future::Future<Output = ()>>>
[INFO] [stdout]   18:     0x5d1ebde65f4e - <netc[f3eb60bfcdc9a83f]::stream::tests::https_stream::{closure#0} as core[a373ad73a504971]::ops::function::FnOnce<()>>::call_once
[INFO] [stdout]   19:     0x5d1ebde9065b - test[aada8e7e76ba119b]::__rust_begin_short_backtrace::<core[a373ad73a504971]::result::Result<(), alloc[2e1b2a31b91974c5]::string::String>, fn() -> core[a373ad73a504971]::result::Result<(), alloc[2e1b2a31b91974c5]::string::String>>
[INFO] [stdout]   20:     0x5d1ebde9d835 - test[aada8e7e76ba119b]::run_test::{closure#0}
[INFO] [stdout]   21:     0x5d1ebde97124 - std[617be2ca0a6fd877]::sys::backtrace::__rust_begin_short_backtrace::<test[aada8e7e76ba119b]::run_test::{closure#1}, ()>
[INFO] [stdout]   22:     0x5d1ebdea08c2 - <std[617be2ca0a6fd877]::thread::lifecycle::spawn_unchecked<test[aada8e7e76ba119b]::run_test::{closure#1}, ()>::{closure#1} as core[a373ad73a504971]::ops::function::FnOnce<()>>::call_once::{shim:vtable#0}
[INFO] [stdout]   23:     0x5d1ebe199f3f - <std[617be2ca0a6fd877]::sys::thread::unix::Thread>::new::thread_start
[INFO] [stdout]   24:     0x76fa54ad9dfa - <unknown>
[INFO] [stdout]   25:     0x76fa54b6d3d4 - clone
[INFO] [stdout]   26:                0x0 - <unknown>
[INFO] [stdout] 
[INFO] [stdout] 
[INFO] [stdout] failures:
[INFO] [stdout]     client::tests::client_content_len
[INFO] [stdout]     client::tests::client_https
[INFO] [stdout]     stream::tests::chunked_body
[INFO] [stdout]     stream::tests::http_stream
[INFO] [stdout]     stream::tests::https_stream
[INFO] [stdout] 
[INFO] [stdout] test result: FAILED. 63 passed; 5 failed; 0 ignored; 0 measured; 0 filtered out; finished in 0.02s
[INFO] [stdout] 
[INFO] [stderr] error: test failed, to rerun pass `--lib`
[INFO] running `Command { std: "docker" "inspect" "3cb7b0be5a958341689fc0a769d44d7d77d496a03a5d91f20a22479460c1833b", kill_on_drop: false }`
[INFO] running `Command { std: "docker" "rm" "-f" "3cb7b0be5a958341689fc0a769d44d7d77d496a03a5d91f20a22479460c1833b", kill_on_drop: false }`
[INFO] [stdout] 3cb7b0be5a958341689fc0a769d44d7d77d496a03a5d91f20a22479460c1833b
