[INFO] fetching crate netavark 2.1.0...
[INFO] testing netavark-2.1.0 against 1.100.0-beta.1+cargoflags=--release for beta-release-1.100-2
[INFO] extracting crate netavark 2.1.0 into /workspace/builds/worker-4-tc2/source
[INFO] removed /workspace/builds/worker-4-tc2/source/.cargo/config.toml
[INFO] started tweaking crates.io crate netavark 2.1.0
[INFO] removed 0 missing examples
[INFO] finished tweaking crates.io crate netavark 2.1.0
[INFO] tweaked toml for crates.io crate netavark 2.1.0 written to /workspace/builds/worker-4-tc2/source/Cargo.toml
[INFO] validating manifest of crates.io crate netavark 2.1.0 on toolchain 1.100.0-beta.1
[INFO] running `Command { std: CARGO_HOME="/workspace/cargo-home" RUSTUP_HOME="/workspace/rustup-home" "/workspace/cargo-home/bin/cargo" "+1.100.0-beta.1" "metadata" "--manifest-path" "Cargo.toml" "--no-deps", kill_on_drop: false }`
[INFO] crate crates.io crate netavark 2.1.0 already has a lockfile, it will not be regenerated
[INFO] running `Command { std: CARGO_HOME="/workspace/cargo-home" RUSTUP_HOME="/workspace/rustup-home" "/workspace/cargo-home/bin/cargo" "+1.100.0-beta.1" "fetch" "--manifest-path" "Cargo.toml", kill_on_drop: false }`
[INFO] [stderr] warning: `package.homepage` is redundant with `package.repository`
[INFO] [stderr]    --> Cargo.toml:163:12
[INFO] [stderr]     |
[INFO] [stderr] 163 | homepage = "https://github.com/containers/netavark"
[INFO] [stderr]     |            ^^^^^^^^^^^^^^^^^^^^^^^^^^^^^^^^^^^^^^^^
[INFO] [stderr] ...
[INFO] [stderr] 167 | repository = "https://github.com/containers/netavark"
[INFO] [stderr]     |              ----------------------------------------
[INFO] [stderr]     |
[INFO] [stderr]     = note: `cargo::redundant_homepage` is set to `warn` by default
[INFO] [stderr] help: consider removing `package.homepage`
[INFO] [stderr] warning: `netavark` (manifest) generated 1 warning
[INFO] running `Command { std: "docker" "create" "-v" "/var/lib/crater-agent-workspace/builds/worker-4-tc2/source:/opt/rustwide/workdir:ro,Z" "-v" "/var/lib/crater-agent-workspace/builds/worker-4-tc2/target:/opt/rustwide/target:rw,Z" "-v" "/var/lib/crater-agent-workspace/cargo-home:/opt/rustwide/cargo-home:ro,Z" "-v" "/var/lib/crater-agent-workspace/rustup-home:/opt/rustwide/rustup-home:ro,Z" "-m" "1610612736" "--network" "none" "ghcr.io/rust-lang/crates-build-env/linux@sha256:77db811e55d90add9212f6832c23229e3de5f1c1f9905e8cb07319ea15df73ac" "sleep" "infinity", kill_on_drop: false }`
[INFO] [stdout] 8dec0311325e02505080d6fdaeed3fdf9e82df8daed40452df1e4ef52e1bbc43
[INFO] running `Command { std: "docker" "start" "8dec0311325e02505080d6fdaeed3fdf9e82df8daed40452df1e4ef52e1bbc43", kill_on_drop: false }`
[INFO] running `Command { std: "docker" "inspect" "8dec0311325e02505080d6fdaeed3fdf9e82df8daed40452df1e4ef52e1bbc43", kill_on_drop: false }`
[INFO] running `Command { std: "docker" "exec" "-e" "SOURCE_DIR=/opt/rustwide/workdir" "-e" "CARGO_HOME=/opt/rustwide/cargo-home" "-e" "RUSTUP_HOME=/opt/rustwide/rustup-home" "-e" "CARGO_TARGET_DIR=/opt/rustwide/target" "-w" "/opt/rustwide/workdir" "--user" "0:0" "8dec0311325e02505080d6fdaeed3fdf9e82df8daed40452df1e4ef52e1bbc43" "/opt/rustwide/cargo-home/bin/cargo" "+1.100.0-beta.1" "metadata" "--no-deps" "--format-version=1", kill_on_drop: false }`
[INFO] running `Command { std: "docker" "inspect" "8dec0311325e02505080d6fdaeed3fdf9e82df8daed40452df1e4ef52e1bbc43", kill_on_drop: false }`
[INFO] running `Command { std: "docker" "exec" "-e" "SOURCE_DIR=/opt/rustwide/workdir" "-e" "CARGO_HOME=/opt/rustwide/cargo-home" "-e" "RUSTUP_HOME=/opt/rustwide/rustup-home" "-e" "CARGO_TARGET_DIR=/opt/rustwide/target" "-e" "CARGO_INCREMENTAL=0" "-e" "RUST_BACKTRACE=full" "-e" "RUSTFLAGS=--cap-lints=warn" "-e" "RUSTDOCFLAGS=--cap-lints=warn" "-w" "/opt/rustwide/workdir" "--user" "0:0" "8dec0311325e02505080d6fdaeed3fdf9e82df8daed40452df1e4ef52e1bbc43" "/opt/rustwide/cargo-home/bin/cargo" "+1.100.0-beta.1" "build" "--frozen" "--message-format=json" "--release", kill_on_drop: false }`
[INFO] [stderr] warning: `package.homepage` is redundant with `package.repository`
[INFO] [stderr]    --> Cargo.toml:163:12
[INFO] [stderr]     |
[INFO] [stderr] 163 | homepage = "https://github.com/containers/netavark"
[INFO] [stderr]     |            ^^^^^^^^^^^^^^^^^^^^^^^^^^^^^^^^^^^^^^^^
[INFO] [stderr] ...
[INFO] [stderr] 167 | repository = "https://github.com/containers/netavark"
[INFO] [stderr]     |              ----------------------------------------
[INFO] [stderr]     |
[INFO] [stderr]     = note: `cargo::redundant_homepage` is set to `warn` by default
[INFO] [stderr] help: consider removing `package.homepage`
[INFO] [stderr] warning: `netavark` (manifest) generated 1 warning
[INFO] [stderr]    Compiling libc v0.2.189
[INFO] [stderr]    Compiling futures-core v0.3.33
[INFO] [stderr]    Compiling serde_core v1.0.229
[INFO] [stderr]    Compiling futures-io v0.3.33
[INFO] [stderr]    Compiling syn v2.0.119
[INFO] [stderr]    Compiling syn v3.0.3
[INFO] [stderr]    Compiling indexmap v2.14.0
[INFO] [stderr]    Compiling futures-sink v0.3.33
[INFO] [stderr]    Compiling serde v1.0.229
[INFO] [stderr]    Compiling futures-channel v0.3.33
[INFO] [stderr]    Compiling crossbeam-utils v0.8.22
[INFO] [stderr]    Compiling either v1.17.0
[INFO] [stderr]    Compiling futures-task v0.3.33
[INFO] [stderr]    Compiling toml_edit v0.25.13+spec-1.1.0
[INFO] [stderr]    Compiling itertools v0.14.0
[INFO] [stderr]    Compiling bitflags v2.13.1
[INFO] [stderr]    Compiling proc-macro-crate v3.5.0
[INFO] [stderr]    Compiling concurrent-queue v2.5.0
[INFO] [stderr]    Compiling proc-macro2 v1.0.107
[INFO] [stderr]    Compiling errno v0.3.14
[INFO] [stderr]    Compiling mio v1.2.2
[INFO] [stderr]    Compiling signal-hook-registry v1.4.8
[INFO] [stderr]    Compiling socket2 v0.6.5
[INFO] [stderr]    Compiling rustix v1.1.4
[INFO] [stderr]    Compiling cfg_aliases v0.2.2
[INFO] [stderr]    Compiling unicode-ident v1.0.24
[INFO] [stderr]    Compiling event-listener-strategy v0.5.4
[INFO] [stderr]    Compiling futures-lite v2.6.1
[INFO] [stderr]    Compiling quote v1.0.47
[INFO] [stderr]    Compiling zerocopy v0.8.55
[INFO] [stderr]    Compiling bytes v1.12.1
[INFO] [stderr]    Compiling linux-raw-sys v0.12.1
[INFO] [stderr]    Compiling pulldown-cmark v0.13.4
[INFO] [stderr]    Compiling prettyplease v0.2.37
[INFO] [stderr]    Compiling getrandom v0.4.3
[INFO] [stderr]    Compiling regex-automata v0.4.16
[INFO] [stderr]    Compiling async-io v2.6.0
[INFO] [stderr]    Compiling memoffset v0.9.1
[INFO] [stderr]    Compiling fastrand v2.5.0
[INFO] [stderr]    Compiling serde_derive v1.0.229
[INFO] [stderr]    Compiling tokio-macros v2.7.2
[INFO] [stderr]    Compiling log v0.4.33
[INFO] [stderr]    Compiling petgraph v0.8.3
[INFO] [stderr]    Compiling darling_core v0.23.0
[INFO] [stderr]    Compiling tokio v1.53.1
[INFO] [stderr]    Compiling tracing-attributes v0.1.31
[INFO] [stderr]    Compiling futures-macro v0.3.33
[INFO] [stderr]    Compiling enumflags2_derive v0.7.12
[INFO] [stderr]    Compiling prost-derive v0.14.4
[INFO] [stderr]    Compiling futures-util v0.3.33
[INFO] [stderr]    Compiling tracing v0.1.44
[INFO] [stderr]    Compiling regex v1.13.1
[INFO] [stderr]    Compiling tempfile v3.27.0
[INFO] [stderr]    Compiling pulldown-cmark-to-cmark v22.0.0
[INFO] [stderr]    Compiling getrandom v0.3.4
[INFO] [stderr]    Compiling prost v0.14.4
[INFO] [stderr]    Compiling zvariant_utils v3.5.0
[INFO] [stderr]    Compiling prost-types v0.14.4
[INFO] [stderr]    Compiling zvariant_derive v5.13.1
[INFO] [stderr]    Compiling polling v3.11.0
[INFO] [stderr]    Compiling enumflags2 v0.7.12
[INFO] [stderr]    Compiling http-body-util v0.1.4
[INFO] [stderr]    Compiling endi v1.1.1
[INFO] [stderr]    Compiling winnow v1.0.4
[INFO] [stderr]    Compiling async-task v4.7.1
[INFO] [stderr]    Compiling axum-core v0.5.6
[INFO] [stderr]    Compiling prost-build v0.14.4
[INFO] [stderr]    Compiling tokio-util v0.7.19
[INFO] [stderr]    Compiling ppv-lite86 v0.2.21
[INFO] [stderr]    Compiling h2 v0.4.15
[INFO] [stderr]    Compiling tower v0.5.3
[INFO] [stderr]    Compiling zvariant v5.13.1
[INFO] [stderr]    Compiling darling_macro v0.23.0
[INFO] [stderr]    Compiling rand_core v0.9.5
[INFO] [stderr]    Compiling pin-project-internal v1.1.13
[INFO] [stderr]    Compiling ref-cast-impl v1.0.26
[INFO] [stderr]    Compiling async-trait v0.1.91
[INFO] [stderr]    Compiling tonic-build v0.14.6
[INFO] [stderr]    Compiling hyper v1.11.0
[INFO] [stderr]    Compiling serde_derive_internals v0.30.0
[INFO] [stderr]    Compiling async-channel v2.5.0
[INFO] [stderr]    Compiling nix v0.30.1
[INFO] [stderr]    Compiling thiserror v2.0.19
[INFO] [stderr]    Compiling axum v0.8.9
[INFO] [stderr]    Compiling schemars_derive v1.2.2
[INFO] [stderr]    Compiling chrono v0.4.45
[INFO] [stderr]    Compiling hyper-util v0.1.20
[INFO] [stderr]    Compiling tonic-prost-build v0.14.6
[INFO] [stderr]    Compiling pin-project v1.1.13
[INFO] [stderr]    Compiling ref-cast v1.0.26
[INFO] [stderr]    Compiling zbus_names v4.3.4
[INFO] [stderr]    Compiling hyper-timeout v0.5.2
[INFO] [stderr]    Compiling serde_json v1.0.151
[INFO] [stderr]    Compiling rand_chacha v0.9.0
[INFO] [stderr]    Compiling darling v0.23.0
[INFO] [stderr]    Compiling async-signal v0.2.14
[INFO] [stderr]    Compiling tokio-stream v0.1.19
[INFO] [stderr]    Compiling thiserror-impl v2.0.19
[INFO] [stderr]    Compiling async-lock v3.4.2
[INFO] [stderr]    Compiling nix v0.31.3
[INFO] [stderr]    Compiling piper v0.2.5
[INFO] [stderr]    Compiling jiff-core v0.1.0
[INFO] [stderr]    Compiling arrayvec v0.7.8
[INFO] [stderr]    Compiling clap_builder v4.6.5
[INFO] [stderr]    Compiling etherparse v0.19.0
[INFO] [stderr]    Compiling tonic v0.14.6
[INFO] [stderr]    Compiling schemars v1.2.2
[INFO] [stderr]    Compiling blocking v1.6.2
[INFO] [stderr]    Compiling jiff v0.2.35
[INFO] [stderr]    Compiling async-process v2.5.0
[INFO] [stderr]    Compiling env_filter v2.0.0
[INFO] [stderr]    Compiling netlink-packet-core v0.8.2
[INFO] [stderr]    Compiling serde_with_macros v3.21.0
[INFO] [stderr]    Compiling rand v0.9.5
[INFO] [stderr]    Compiling zbus_macros v5.18.0
[INFO] [stderr]    Compiling netavark v2.1.0 (/opt/rustwide/workdir)
[INFO] [stderr]    Compiling chacha20 v0.10.1
[INFO] [stderr]    Compiling async-executor v1.14.0
[INFO] [stderr]    Compiling futures v0.3.33
[INFO] [stderr]    Compiling async-recursion v1.1.1
[INFO] [stderr]    Compiling strum_macros v0.27.2
[INFO] [stderr]    Compiling clap_derive v4.6.4
[INFO] [stderr]    Compiling serde_repr v0.1.21
[INFO] [stderr]    Compiling uuid v1.24.0
[INFO] [stderr]    Compiling serde_path_to_error v0.1.20
[INFO] [stderr]    Compiling async-broadcast v0.7.2
[INFO] [stderr]    Compiling ordered-stream v0.2.0
[INFO] [stderr]    Compiling strum v0.27.2
[INFO] [stderr]    Compiling clap v4.6.5
[INFO] [stderr]    Compiling mozim v0.3.2
[INFO] [stderr]    Compiling nftables v0.6.3
[INFO] [stderr]    Compiling zbus v5.18.0
[INFO] [stderr]    Compiling tonic-prost v0.14.6
[INFO] [stderr]    Compiling rand v0.10.2
[INFO] [stderr]    Compiling serde_with v3.21.0
[INFO] [stderr]    Compiling netlink-packet-route v0.31.0
[INFO] [stderr]    Compiling env_logger v0.11.11
[INFO] [stderr]    Compiling ipnet v2.12.1
[INFO] [stderr]    Compiling netlink-sys v0.8.8
[INFO] [stderr]    Compiling fs2 v0.4.3
[INFO] [stderr]    Compiling base16ct v1.0.0
[INFO] [stderr] warning: unused dependency `anyhow`
[INFO] [stderr]   --> Cargo.toml:21:15
[INFO] [stderr]    |
[INFO] [stderr] 21 | [dependencies.anyhow]
[INFO] [stderr]    |               ^^^^^^^
[INFO] [stderr]    |
[INFO] [stderr]    = note: `cargo::unused_dependencies` is set to `warn` by default
[INFO] [stderr] help: consider removing the dependency on `anyhow`
[INFO] [stderr] warning: `netavark` (manifest) generated 1 warning
[INFO] [stderr]     Finished `release` profile [optimized] target(s) in 3m 26s
[INFO] running `Command { std: "docker" "inspect" "8dec0311325e02505080d6fdaeed3fdf9e82df8daed40452df1e4ef52e1bbc43", kill_on_drop: false }`
[INFO] running `Command { std: "docker" "exec" "-e" "SOURCE_DIR=/opt/rustwide/workdir" "-e" "CARGO_HOME=/opt/rustwide/cargo-home" "-e" "RUSTUP_HOME=/opt/rustwide/rustup-home" "-e" "CARGO_TARGET_DIR=/opt/rustwide/target" "-e" "CARGO_INCREMENTAL=0" "-e" "RUST_BACKTRACE=full" "-e" "RUSTFLAGS=--cap-lints=warn" "-e" "RUSTDOCFLAGS=--cap-lints=warn" "-w" "/opt/rustwide/workdir" "--user" "0:0" "8dec0311325e02505080d6fdaeed3fdf9e82df8daed40452df1e4ef52e1bbc43" "/opt/rustwide/cargo-home/bin/cargo" "+1.100.0-beta.1" "test" "--frozen" "--no-run" "--message-format=json" "--release", kill_on_drop: false }`
[INFO] [stderr] warning: `package.homepage` is redundant with `package.repository`
[INFO] [stderr]    --> Cargo.toml:163:12
[INFO] [stderr]     |
[INFO] [stderr] 163 | homepage = "https://github.com/containers/netavark"
[INFO] [stderr]     |            ^^^^^^^^^^^^^^^^^^^^^^^^^^^^^^^^^^^^^^^^
[INFO] [stderr] ...
[INFO] [stderr] 167 | repository = "https://github.com/containers/netavark"
[INFO] [stderr]     |              ----------------------------------------
[INFO] [stderr]     |
[INFO] [stderr]     = note: `cargo::redundant_homepage` is set to `warn` by default
[INFO] [stderr] help: consider removing `package.homepage`
[INFO] [stderr] warning: `netavark` (manifest) generated 1 warning
[INFO] [stderr]    Compiling rustix v1.1.4
[INFO] [stderr]    Compiling polling v3.11.0
[INFO] [stderr]    Compiling tempfile v3.27.0
[INFO] [stderr]    Compiling async-io v2.6.0
[INFO] [stderr]    Compiling async-signal v0.2.14
[INFO] [stderr]    Compiling async-process v2.5.0
[INFO] [stderr]    Compiling zbus v5.18.0
[INFO] [stderr]    Compiling netavark v2.1.0 (/opt/rustwide/workdir)
[INFO] [stderr] warning: unused dependency `anyhow`
[INFO] [stderr]   --> Cargo.toml:21:15
[INFO] [stderr]    |
[INFO] [stderr] 21 | [dependencies.anyhow]
[INFO] [stderr]    |               ^^^^^^^
[INFO] [stderr]    |
[INFO] [stderr]    = note: `cargo::unused_dependencies` is set to `warn` by default
[INFO] [stderr] help: consider removing the dependency on `anyhow`
[INFO] [stderr] warning: `netavark` (manifest) generated 1 warning
[INFO] [stderr]     Finished `release` profile [optimized] target(s) in 2m 04s
[INFO] running `Command { std: "docker" "inspect" "8dec0311325e02505080d6fdaeed3fdf9e82df8daed40452df1e4ef52e1bbc43", kill_on_drop: false }`
[INFO] running `Command { std: "docker" "exec" "-e" "SOURCE_DIR=/opt/rustwide/workdir" "-e" "CARGO_HOME=/opt/rustwide/cargo-home" "-e" "RUSTUP_HOME=/opt/rustwide/rustup-home" "-e" "CARGO_TARGET_DIR=/opt/rustwide/target" "-e" "CARGO_INCREMENTAL=0" "-e" "RUST_BACKTRACE=full" "-e" "RUSTFLAGS=--cap-lints=warn" "-e" "RUSTDOCFLAGS=--cap-lints=warn" "-w" "/opt/rustwide/workdir" "--user" "0:0" "8dec0311325e02505080d6fdaeed3fdf9e82df8daed40452df1e4ef52e1bbc43" "/opt/rustwide/cargo-home/bin/cargo" "+1.100.0-beta.1" "test" "--frozen" "--release", kill_on_drop: false }`
[INFO] [stderr] warning: `package.homepage` is redundant with `package.repository`
[INFO] [stderr]    --> Cargo.toml:163:12
[INFO] [stderr]     |
[INFO] [stderr] 163 | homepage = "https://github.com/containers/netavark"
[INFO] [stderr]     |            ^^^^^^^^^^^^^^^^^^^^^^^^^^^^^^^^^^^^^^^^
[INFO] [stderr] ...
[INFO] [stderr] 167 | repository = "https://github.com/containers/netavark"
[INFO] [stderr]     |              ----------------------------------------
[INFO] [stderr]     |
[INFO] [stderr]     = note: `cargo::redundant_homepage` is set to `warn` by default
[INFO] [stderr] help: consider removing `package.homepage`
[INFO] [stderr] warning: `netavark` (manifest) generated 1 warning
[INFO] [stderr] warning: unused dependency `anyhow`
[INFO] [stderr]   --> Cargo.toml:21:15
[INFO] [stderr]    |
[INFO] [stderr] 21 | [dependencies.anyhow]
[INFO] [stderr]    |               ^^^^^^^
[INFO] [stderr]    |
[INFO] [stderr]    = note: `cargo::unused_dependencies` is set to `warn` by default
[INFO] [stderr] help: consider removing the dependency on `anyhow`
[INFO] [stderr] warning: `netavark` (manifest) generated 1 warning
[INFO] [stderr]     Finished `release` profile [optimized] target(s) in 0.32s
[INFO] [stderr]      Running unittests src/lib.rs (/opt/rustwide/target/release/build/netavark/a1da32713d21f6c0/out/netavark-a1da32713d21f6c0)
[INFO] [stdout] 
[INFO] [stdout] running 37 tests
[INFO] [stdout] test dhcp_proxy::cache::cache_tests::update_leases ... ok
[INFO] [stdout] test dhcp_proxy::ip::tests::test_25 ... ok
[INFO] [stdout] test dhcp_proxy::ip::test_handle_gws ... ok
[INFO] [stdout] test dhcp_proxy::ip::tests::test_bad_input ... ok
[INFO] [stdout] test dhcp_proxy::lib::g_rpc::test_handle_gw ... ok
[INFO] [stdout] test dhcp_proxy::ip::test_bad_gw_handle_gws ... ok
[INFO] [stdout] test dhcp_proxy::cache::cache_tests::add_leases ... ok
[INFO] [stdout] test dhcp_proxy::ip::test_bad_subnet_handle_gws ... ok
[INFO] [stdout] test dhcp_proxy::ip::tests::test_16 ... ok
[INFO] [stdout] test dhcp_proxy::proxy_conf::conf_tests::test_get_cache_as_none ... ok
[INFO] [stdout] test dhcp_proxy::proxy_conf::conf_tests::test_get_proxy_sock_as_none ... ok
[INFO] [stdout] test dhcp_proxy::proxy_conf::conf_tests::test_get_cache_env ... ok
[INFO] [stdout] test dhcp_proxy::proxy_conf::conf_tests::test_get_proxy_sock_env ... ok
[INFO] [stdout] test dhcp_proxy::proxy_conf::conf_tests::test_get_proxy_sock_with_opt ... ok
[INFO] [stdout] test dhcp_proxy::proxy_conf::conf_tests::test_run_dir_env ... ok
[INFO] [stdout] test dns::aardvark::tests::dns_loop_empty_entries_ok ... ok
[INFO] [stdout] test dns::aardvark::tests::dns_loop_network_dns_matches_gateway ... ok
[INFO] [stdout] test dhcp_proxy::proxy_conf::conf_tests::test_get_cache_with_opt ... ok
[INFO] [stdout] test dhcp_proxy::proxy_conf::conf_tests::test_run_dir_as_none ... ok
[INFO] [stdout] test dhcp_proxy::proxy_conf::conf_tests::test_run_dir_with_opt ... ok
[INFO] [stdout] test dns::aardvark::tests::dns_loop_no_overlap_v6 ... ok
[INFO] [stdout] test dns::aardvark::tests::dns_loop_container_dns_matches_gateway ... ok
[INFO] [stdout] test dns::aardvark::tests::dns_loop_reports_owning_network_across_multiple_networks ... ok
[INFO] [stdout] test dns::aardvark::tests::dns_loop_container_dns_matches_gateway_v6 ... ok
[INFO] [stdout] test dhcp_proxy::ip::tests::test_24 ... ok
[INFO] [stdout] test network::core_utils::tests::test_validate_subnets ... ok
[INFO] [stdout] test network::create_config::validation::tests::test_first_ip_in_subnet_ipv4 ... ok
[INFO] [stdout] test firewall::state::tests::test_read_fw_config_empty ... ok
[INFO] [stdout] test network::create_config::validation::tests::test_first_ip_in_subnet_ipv6_error ... ok
[INFO] [stdout] test network::create_config::validation::tests::test_first_ip_in_subnet_ipv4_error ... ok
[INFO] [stdout] test dns::aardvark::tests::dns_loop_no_overlap ... ok
[INFO] [stdout] test network::create_config::validation::tests::test_first_ip_in_subnet_ipv6 ... ok
[INFO] [stdout] test network::sysctl::tests::test_sysctl_d_writer ... ok
[INFO] [stdout] test network::core_utils::tests::test_create_network_hash ... ok
[INFO] [stdout] test dhcp_proxy::cache::cache_tests::remove_leases ... ok
[INFO] [stdout] test firewall::state::tests::test_fw_config ... ok
[INFO] [stdout] test network::sysctl::tests::test_sysctl_d_writer_nocommit ... ok
[INFO] [stdout] 
[INFO] [stdout] test result: ok. 37 passed; 0 failed; 0 ignored; 0 measured; 0 filtered out; finished in 0.01s
[INFO] [stdout] 
[INFO] [stderr]      Running unittests src/main.rs (/opt/rustwide/target/release/build/netavark/85686023f9c22fb7/out/netavark-85686023f9c22fb7)
[INFO] [stdout] 
[INFO] [stdout] running 13 tests
[INFO] [stdout] test test::netlink::tests::test_del_route ... ignored
[INFO] [stdout] test test::netlink::tests::test_add_link ... FAILED
[INFO] [stdout] test test::netlink::tests::test_socket_new ... FAILED
[INFO] [stdout] test test::test::tests::test_load_two_networks ... ok
[INFO] [stdout] test test::netlink::tests::test_dump_addr ... FAILED
[INFO] [stdout] test test::netlink::tests::test_del_addr ... FAILED
[INFO] [stdout] test test::netlink::tests::test_add_addr ... FAILED
[INFO] [stdout] test test::test::tests::test_setup_opts_load_vec ... ok
[INFO] [stdout] test test::test::tests::test_setup_opts_assert ... ok
[INFO] [stdout] test test::test::tests::test_setup_opts_mutability ... ok
[INFO] [stdout] test test::test::tests::test_setup_opts_load_map ... ok
[INFO] [stdout] test test::netlink::tests::test_dump_addr_filter ... FAILED
[INFO] [stdout] test test::test::tests::test_ns_checks ... ok
[INFO] [stdout] 
[INFO] [stdout] failures:
[INFO] [stderr] error: test failed, to rerun pass `--bin netavark`
[INFO] [stdout] 
[INFO] [stdout] ---- test::netlink::tests::test_add_link stdout ----
[INFO] [stdout] 
[INFO] [stdout] thread 'test::netlink::tests::test_add_link' (3431) panicked at src/test/netlink.rs:40:9:
[INFO] [stdout] unshare(CLONE_NEWNET): EPERM
[INFO] [stdout] stack backtrace:
[INFO] [stdout]    0:     0x63f5399ac651 - <<std[617be2ca0a6fd877]::sys::backtrace::BacktraceLock>::print::DisplayBacktrace as core[a373ad73a504971]::fmt::Display>::fmt
[INFO] [stdout]    1:     0x63f5399c19fa - core[a373ad73a504971]::fmt::write
[INFO] [stdout]    2:     0x63f5399b0bec - <alloc[2e1b2a31b91974c5]::vec::Vec<u8> as core[a373ad73a504971]::io::write::Write>::write_fmt
[INFO] [stdout]    3:     0x63f5399887b6 - std[617be2ca0a6fd877]::panicking::default_hook::{closure#0}
[INFO] [stdout]    4:     0x63f5399a4cb9 - std[617be2ca0a6fd877]::panicking::default_hook
[INFO] [stdout]    5:     0x63f53981dee0 - test[aada8e7e76ba119b]::test_main_inner::{closure#0}
[INFO] [stdout]    6:     0x63f5399a4e72 - std[617be2ca0a6fd877]::panicking::panic_with_hook
[INFO] [stdout]    7:     0x63f539988862 - std[617be2ca0a6fd877]::panicking::panic_handler::{closure#0}
[INFO] [stdout]    8:     0x63f5399814f9 - std[617be2ca0a6fd877]::sys::backtrace::__rust_end_short_backtrace::<std[617be2ca0a6fd877]::panicking::panic_handler::{closure#0}, !>
[INFO] [stdout]    9:     0x63f5399894ed - __rustc[ea4f61d10b84890b]::rust_begin_unwind
[INFO] [stdout]   10:     0x63f5399c212c - core[a373ad73a504971]::panicking::panic_fmt
[INFO] [stdout]   11:     0x63f5399c1f02 - core[a373ad73a504971]::result::unwrap_failed
[INFO] [stdout]   12:     0x63f539802373 - <netavark[1068eef05935a05f]::test::netlink::tests::test_add_link::{closure#0} as core[a373ad73a504971]::ops::function::FnOnce<()>>::call_once
[INFO] [stdout]   13:     0x63f53981132b - test[aada8e7e76ba119b]::__rust_begin_short_backtrace::<core[a373ad73a504971]::result::Result<(), alloc[2e1b2a31b91974c5]::string::String>, fn() -> core[a373ad73a504971]::result::Result<(), alloc[2e1b2a31b91974c5]::string::String>>
[INFO] [stdout]   14:     0x63f53981e505 - test[aada8e7e76ba119b]::run_test::{closure#0}
[INFO] [stdout]   15:     0x63f539817df4 - std[617be2ca0a6fd877]::sys::backtrace::__rust_begin_short_backtrace::<test[aada8e7e76ba119b]::run_test::{closure#1}, ()>
[INFO] [stdout]   16:     0x63f539821592 - <std[617be2ca0a6fd877]::thread::lifecycle::spawn_unchecked<test[aada8e7e76ba119b]::run_test::{closure#1}, ()>::{closure#1} as core[a373ad73a504971]::ops::function::FnOnce<()>>::call_once::{shim:vtable#0}
[INFO] [stdout]   17:     0x63f5399abeaf - <std[617be2ca0a6fd877]::sys::thread::unix::Thread>::new::thread_start
[INFO] [stdout]   18:     0x763b4ebb0dfa - <unknown>
[INFO] [stdout]   19:     0x763b4ec443d4 - clone
[INFO] [stdout]   20:                0x0 - <unknown>
[INFO] [stdout] 
[INFO] [stdout] ---- test::netlink::tests::test_socket_new stdout ----
[INFO] [stdout] 
[INFO] [stdout] thread 'test::netlink::tests::test_socket_new' (3435) panicked at src/test/netlink.rs:31:9:
[INFO] [stdout] unshare(CLONE_NEWNET): EPERM
[INFO] [stdout] stack backtrace:
[INFO] [stdout]    0:     0x63f5399ac651 - <<std[617be2ca0a6fd877]::sys::backtrace::BacktraceLock>::print::DisplayBacktrace as core[a373ad73a504971]::fmt::Display>::fmt
[INFO] [stdout]    1:     0x63f5399c19fa - core[a373ad73a504971]::fmt::write
[INFO] [stdout]    2:     0x63f5399b0bec - <alloc[2e1b2a31b91974c5]::vec::Vec<u8> as core[a373ad73a504971]::io::write::Write>::write_fmt
[INFO] [stdout]    3:     0x63f5399887b6 - std[617be2ca0a6fd877]::panicking::default_hook::{closure#0}
[INFO] [stdout]    4:     0x63f5399a4cb9 - std[617be2ca0a6fd877]::panicking::default_hook
[INFO] [stdout]    5:     0x63f53981dee0 - test[aada8e7e76ba119b]::test_main_inner::{closure#0}
[INFO] [stdout]    6:     0x63f5399a4e72 - std[617be2ca0a6fd877]::panicking::panic_with_hook
[INFO] [stdout]    7:     0x63f539988862 - std[617be2ca0a6fd877]::panicking::panic_handler::{closure#0}
[INFO] [stdout]    8:     0x63f5399814f9 - std[617be2ca0a6fd877]::sys::backtrace::__rust_end_short_backtrace::<std[617be2ca0a6fd877]::panicking::panic_handler::{closure#0}, !>
[INFO] [stdout]    9:     0x63f5399894ed - __rustc[ea4f61d10b84890b]::rust_begin_unwind
[INFO] [stdout]   10:     0x63f5399c212c - core[a373ad73a504971]::panicking::panic_fmt
[INFO] [stdout]   11:     0x63f5399c1f02 - core[a373ad73a504971]::result::unwrap_failed
[INFO] [stdout]   12:     0x63f539805c89 - <netavark[1068eef05935a05f]::test::netlink::tests::test_socket_new::{closure#0} as core[a373ad73a504971]::ops::function::FnOnce<()>>::call_once
[INFO] [stdout]   13:     0x63f53981132b - test[aada8e7e76ba119b]::__rust_begin_short_backtrace::<core[a373ad73a504971]::result::Result<(), alloc[2e1b2a31b91974c5]::string::String>, fn() -> core[a373ad73a504971]::result::Result<(), alloc[2e1b2a31b91974c5]::string::String>>
[INFO] [stdout]   14:     0x63f53981e505 - test[aada8e7e76ba119b]::run_test::{closure#0}
[INFO] [stdout]   15:     0x63f539817df4 - std[617be2ca0a6fd877]::sys::backtrace::__rust_begin_short_backtrace::<test[aada8e7e76ba119b]::run_test::{closure#1}, ()>
[INFO] [stdout]   16:     0x63f539821592 - <std[617be2ca0a6fd877]::thread::lifecycle::spawn_unchecked<test[aada8e7e76ba119b]::run_test::{closure#1}, ()>::{closure#1} as core[a373ad73a504971]::ops::function::FnOnce<()>>::call_once::{shim:vtable#0}
[INFO] [stdout]   17:     0x63f5399abeaf - <std[617be2ca0a6fd877]::sys::thread::unix::Thread>::new::thread_start
[INFO] [stdout]   18:     0x763b4ebb0dfa - <unknown>
[INFO] [stdout]   19:     0x763b4ec443d4 - clone
[INFO] [stdout]   20:                0x0 - <unknown>
[INFO] [stdout] 
[INFO] [stdout] ---- test::netlink::tests::test_dump_addr stdout ----
[INFO] [stdout] 
[INFO] [stdout] thread 'test::netlink::tests::test_dump_addr' (3433) panicked at src/test/netlink.rs:166:9:
[INFO] [stdout] unshare(CLONE_NEWNET): EPERM
[INFO] [stdout] stack backtrace:
[INFO] [stdout]    0:     0x63f5399ac651 - <<std[617be2ca0a6fd877]::sys::backtrace::BacktraceLock>::print::DisplayBacktrace as core[a373ad73a504971]::fmt::Display>::fmt
[INFO] [stdout]    1:     0x63f5399c19fa - core[a373ad73a504971]::fmt::write
[INFO] [stdout]    2:     0x63f5399b0bec - <alloc[2e1b2a31b91974c5]::vec::Vec<u8> as core[a373ad73a504971]::io::write::Write>::write_fmt
[INFO] [stdout]    3:     0x63f5399887b6 - std[617be2ca0a6fd877]::panicking::default_hook::{closure#0}
[INFO] [stdout]    4:     0x63f5399a4cb9 - std[617be2ca0a6fd877]::panicking::default_hook
[INFO] [stdout]    5:     0x63f53981dee0 - test[aada8e7e76ba119b]::test_main_inner::{closure#0}
[INFO] [stdout]    6:     0x63f5399a4e72 - std[617be2ca0a6fd877]::panicking::panic_with_hook
[INFO] [stdout]    7:     0x63f539988862 - std[617be2ca0a6fd877]::panicking::panic_handler::{closure#0}
[INFO] [stdout]    8:     0x63f5399814f9 - std[617be2ca0a6fd877]::sys::backtrace::__rust_end_short_backtrace::<std[617be2ca0a6fd877]::panicking::panic_handler::{closure#0}, !>
[INFO] [stdout]    9:     0x63f5399894ed - __rustc[ea4f61d10b84890b]::rust_begin_unwind
[INFO] [stdout]   10:     0x63f5399c212c - core[a373ad73a504971]::panicking::panic_fmt
[INFO] [stdout]   11:     0x63f5399c1f02 - core[a373ad73a504971]::result::unwrap_failed
[INFO] [stdout]   12:     0x63f5398055bc - <netavark[1068eef05935a05f]::test::netlink::tests::test_dump_addr::{closure#0} as core[a373ad73a504971]::ops::function::FnOnce<()>>::call_once
[INFO] [stdout]   13:     0x63f53981132b - test[aada8e7e76ba119b]::__rust_begin_short_backtrace::<core[a373ad73a504971]::result::Result<(), alloc[2e1b2a31b91974c5]::string::String>, fn() -> core[a373ad73a504971]::result::Result<(), alloc[2e1b2a31b91974c5]::string::String>>
[INFO] [stdout]   14:     0x63f53981e505 - test[aada8e7e76ba119b]::run_test::{closure#0}
[INFO] [stdout]   15:     0x63f539817df4 - std[617be2ca0a6fd877]::sys::backtrace::__rust_begin_short_backtrace::<test[aada8e7e76ba119b]::run_test::{closure#1}, ()>
[INFO] [stdout]   16:     0x63f539821592 - <std[617be2ca0a6fd877]::thread::lifecycle::spawn_unchecked<test[aada8e7e76ba119b]::run_test::{closure#1}, ()>::{closure#1} as core[a373ad73a504971]::ops::function::FnOnce<()>>::call_once::{shim:vtable#0}
[INFO] [stdout]   17:     0x63f5399abeaf - <std[617be2ca0a6fd877]::sys::thread::unix::Thread>::new::thread_start
[INFO] [stdout]   18:     0x763b4ebb0dfa - <unknown>
[INFO] [stdout]   19:     0x763b4ec443d4 - clone
[INFO] [stdout]   20:                0x0 - <unknown>
[INFO] [stdout] 
[INFO] [stdout] ---- test::netlink::tests::test_del_addr stdout ----
[INFO] [stdout] 
[INFO] [stdout] thread 'test::netlink::tests::test_del_addr' (3432) panicked at src/test/netlink.rs:78:9:
[INFO] [stdout] unshare(CLONE_NEWNET): EPERM
[INFO] [stdout] stack backtrace:
[INFO] [stdout]    0:     0x63f5399ac651 - <<std[617be2ca0a6fd877]::sys::backtrace::BacktraceLock>::print::DisplayBacktrace as core[a373ad73a504971]::fmt::Display>::fmt
[INFO] [stdout]    1:     0x63f5399c19fa - core[a373ad73a504971]::fmt::write
[INFO] [stdout]    2:     0x63f5399b0bec - <alloc[2e1b2a31b91974c5]::vec::Vec<u8> as core[a373ad73a504971]::io::write::Write>::write_fmt
[INFO] [stdout]    3:     0x63f5399887b6 - std[617be2ca0a6fd877]::panicking::default_hook::{closure#0}
[INFO] [stdout]    4:     0x63f5399a4cb9 - std[617be2ca0a6fd877]::panicking::default_hook
[INFO] [stdout]    5:     0x63f53981dee0 - test[aada8e7e76ba119b]::test_main_inner::{closure#0}
[INFO] [stdout]    6:     0x63f5399a4e72 - std[617be2ca0a6fd877]::panicking::panic_with_hook
[INFO] [stdout]    7:     0x63f539988862 - std[617be2ca0a6fd877]::panicking::panic_handler::{closure#0}
[INFO] [stdout]    8:     0x63f5399814f9 - std[617be2ca0a6fd877]::sys::backtrace::__rust_end_short_backtrace::<std[617be2ca0a6fd877]::panicking::panic_handler::{closure#0}, !>
[INFO] [stdout]    9:     0x63f5399894ed - __rustc[ea4f61d10b84890b]::rust_begin_unwind
[INFO] [stdout]   10:     0x63f5399c212c - core[a373ad73a504971]::panicking::panic_fmt
[INFO] [stdout]   11:     0x63f5399c1f02 - core[a373ad73a504971]::result::unwrap_failed
[INFO] [stdout]   12:     0x63f539802ddf - <netavark[1068eef05935a05f]::test::netlink::tests::test_del_addr::{closure#0} as core[a373ad73a504971]::ops::function::FnOnce<()>>::call_once
[INFO] [stdout]   13:     0x63f53981132b - test[aada8e7e76ba119b]::__rust_begin_short_backtrace::<core[a373ad73a504971]::result::Result<(), alloc[2e1b2a31b91974c5]::string::String>, fn() -> core[a373ad73a504971]::result::Result<(), alloc[2e1b2a31b91974c5]::string::String>>
[INFO] [stdout]   14:     0x63f53981e505 - test[aada8e7e76ba119b]::run_test::{closure#0}
[INFO] [stdout]   15:     0x63f539817df4 - std[617be2ca0a6fd877]::sys::backtrace::__rust_begin_short_backtrace::<test[aada8e7e76ba119b]::run_test::{closure#1}, ()>
[INFO] [stdout]   16:     0x63f539821592 - <std[617be2ca0a6fd877]::thread::lifecycle::spawn_unchecked<test[aada8e7e76ba119b]::run_test::{closure#1}, ()>::{closure#1} as core[a373ad73a504971]::ops::function::FnOnce<()>>::call_once::{shim:vtable#0}
[INFO] [stdout]   17:     0x63f5399abeaf - <std[617be2ca0a6fd877]::sys::thread::unix::Thread>::new::thread_start
[INFO] [stdout]   18:     0x763b4ebb0dfa - <unknown>
[INFO] [stdout]   19:     0x763b4ec443d4 - clone
[INFO] [stdout]   20:                0x0 - <unknown>
[INFO] [stdout] 
[INFO] [stdout] ---- test::netlink::tests::test_add_addr stdout ----
[INFO] [stdout] 
[INFO] [stdout] thread 'test::netlink::tests::test_add_addr' (3430) panicked at src/test/netlink.rs:55:9:
[INFO] [stdout] unshare(CLONE_NEWNET): EPERM
[INFO] [stdout] stack backtrace:
[INFO] [stdout]    0:     0x63f5399ac651 - <<std[617be2ca0a6fd877]::sys::backtrace::BacktraceLock>::print::DisplayBacktrace as core[a373ad73a504971]::fmt::Display>::fmt
[INFO] [stdout]    1:     0x63f5399c19fa - core[a373ad73a504971]::fmt::write
[INFO] [stdout]    2:     0x63f5399b0bec - <alloc[2e1b2a31b91974c5]::vec::Vec<u8> as core[a373ad73a504971]::io::write::Write>::write_fmt
[INFO] [stdout]    3:     0x63f5399887b6 - std[617be2ca0a6fd877]::panicking::default_hook::{closure#0}
[INFO] [stdout]    4:     0x63f5399a4cb9 - std[617be2ca0a6fd877]::panicking::default_hook
[INFO] [stdout]    5:     0x63f53981dee0 - test[aada8e7e76ba119b]::test_main_inner::{closure#0}
[INFO] [stdout]    6:     0x63f5399a4e72 - std[617be2ca0a6fd877]::panicking::panic_with_hook
[INFO] [stdout]    7:     0x63f539988862 - std[617be2ca0a6fd877]::panicking::panic_handler::{closure#0}
[INFO] [stdout]    8:     0x63f5399814f9 - std[617be2ca0a6fd877]::sys::backtrace::__rust_end_short_backtrace::<std[617be2ca0a6fd877]::panicking::panic_handler::{closure#0}, !>
[INFO] [stdout]    9:     0x63f5399894ed - __rustc[ea4f61d10b84890b]::rust_begin_unwind
[INFO] [stdout]   10:     0x63f5399c212c - core[a373ad73a504971]::panicking::panic_fmt
[INFO] [stdout]   11:     0x63f5399c1f02 - core[a373ad73a504971]::result::unwrap_failed
[INFO] [stdout]   12:     0x63f539801acf - <netavark[1068eef05935a05f]::test::netlink::tests::test_add_addr::{closure#0} as core[a373ad73a504971]::ops::function::FnOnce<()>>::call_once
[INFO] [stdout]   13:     0x63f53981132b - test[aada8e7e76ba119b]::__rust_begin_short_backtrace::<core[a373ad73a504971]::result::Result<(), alloc[2e1b2a31b91974c5]::string::String>, fn() -> core[a373ad73a504971]::result::Result<(), alloc[2e1b2a31b91974c5]::string::String>>
[INFO] [stdout]   14:     0x63f53981e505 - test[aada8e7e76ba119b]::run_test::{closure#0}
[INFO] [stdout]   15:     0x63f539817df4 - std[617be2ca0a6fd877]::sys::backtrace::__rust_begin_short_backtrace::<test[aada8e7e76ba119b]::run_test::{closure#1}, ()>
[INFO] [stdout]   16:     0x63f539821592 - <std[617be2ca0a6fd877]::thread::lifecycle::spawn_unchecked<test[aada8e7e76ba119b]::run_test::{closure#1}, ()>::{closure#1} as core[a373ad73a504971]::ops::function::FnOnce<()>>::call_once::{shim:vtable#0}
[INFO] [stdout]   17:     0x63f5399abeaf - <std[617be2ca0a6fd877]::sys::thread::unix::Thread>::new::thread_start
[INFO] [stdout]   18:     0x763b4ebb0dfa - <unknown>
[INFO] [stdout]   19:     0x763b4ec443d4 - clone
[INFO] [stdout]   20:                0x0 - <unknown>
[INFO] [stdout] 
[INFO] [stdout] ---- test::netlink::tests::test_dump_addr_filter stdout ----
[INFO] [stdout] 
[INFO] [stdout] thread 'test::netlink::tests::test_dump_addr_filter' (3434) panicked at src/test/netlink.rs:197:9:
[INFO] [stdout] unshare(CLONE_NEWNET): EPERM
[INFO] [stdout] stack backtrace:
[INFO] [stdout]    0:     0x63f5399ac651 - <<std[617be2ca0a6fd877]::sys::backtrace::BacktraceLock>::print::DisplayBacktrace as core[a373ad73a504971]::fmt::Display>::fmt
[INFO] [stdout]    1:     0x63f5399c19fa - core[a373ad73a504971]::fmt::write
[INFO] [stdout]    2:     0x63f5399b0bec - <alloc[2e1b2a31b91974c5]::vec::Vec<u8> as core[a373ad73a504971]::io::write::Write>::write_fmt
[INFO] [stdout]    3:     0x63f5399887b6 - std[617be2ca0a6fd877]::panicking::default_hook::{closure#0}
[INFO] [stdout]    4:     0x63f5399a4cb9 - std[617be2ca0a6fd877]::panicking::default_hook
[INFO] [stdout]    5:     0x63f53981dee0 - test[aada8e7e76ba119b]::test_main_inner::{closure#0}
[INFO] [stdout]    6:     0x63f5399a4e72 - std[617be2ca0a6fd877]::panicking::panic_with_hook
[INFO] [stdout]    7:     0x63f539988862 - std[617be2ca0a6fd877]::panicking::panic_handler::{closure#0}
[INFO] [stdout]    8:     0x63f5399814f9 - std[617be2ca0a6fd877]::sys::backtrace::__rust_end_short_backtrace::<std[617be2ca0a6fd877]::panicking::panic_handler::{closure#0}, !>
[INFO] [stdout]    9:     0x63f5399894ed - __rustc[ea4f61d10b84890b]::rust_begin_unwind
[INFO] [stdout]   10:     0x63f5399c212c - core[a373ad73a504971]::panicking::panic_fmt
[INFO] [stdout]   11:     0x63f5399c1f02 - core[a373ad73a504971]::result::unwrap_failed
[INFO] [stdout]   12:     0x63f5398065fe - <netavark[1068eef05935a05f]::test::netlink::tests::test_dump_addr_filter::{closure#0} as core[a373ad73a504971]::ops::function::FnOnce<()>>::call_once
[INFO] [stdout]   13:     0x63f53981132b - test[aada8e7e76ba119b]::__rust_begin_short_backtrace::<core[a373ad73a504971]::result::Result<(), alloc[2e1b2a31b91974c5]::string::String>, fn() -> core[a373ad73a504971]::result::Result<(), alloc[2e1b2a31b91974c5]::string::String>>
[INFO] [stdout]   14:     0x63f53981e505 - test[aada8e7e76ba119b]::run_test::{closure#0}
[INFO] [stdout]   15:     0x63f539817df4 - std[617be2ca0a6fd877]::sys::backtrace::__rust_begin_short_backtrace::<test[aada8e7e76ba119b]::run_test::{closure#1}, ()>
[INFO] [stdout]   16:     0x63f539821592 - <std[617be2ca0a6fd877]::thread::lifecycle::spawn_unchecked<test[aada8e7e76ba119b]::run_test::{closure#1}, ()>::{closure#1} as core[a373ad73a504971]::ops::function::FnOnce<()>>::call_once::{shim:vtable#0}
[INFO] [stdout]   17:     0x63f5399abeaf - <std[617be2ca0a6fd877]::sys::thread::unix::Thread>::new::thread_start
[INFO] [stdout]   18:     0x763b4ebb0dfa - <unknown>
[INFO] [stdout]   19:     0x763b4ec443d4 - clone
[INFO] [stdout]   20:                0x0 - <unknown>
[INFO] [stdout] 
[INFO] [stdout] 
[INFO] [stdout] failures:
[INFO] [stdout]     test::netlink::tests::test_add_addr
[INFO] [stdout]     test::netlink::tests::test_add_link
[INFO] [stdout]     test::netlink::tests::test_del_addr
[INFO] [stdout]     test::netlink::tests::test_dump_addr
[INFO] [stdout]     test::netlink::tests::test_dump_addr_filter
[INFO] [stdout]     test::netlink::tests::test_socket_new
[INFO] [stdout] 
[INFO] [stdout] test result: FAILED. 6 passed; 6 failed; 1 ignored; 0 measured; 0 filtered out; finished in 0.01s
[INFO] [stdout] 
[INFO] running `Command { std: "docker" "inspect" "8dec0311325e02505080d6fdaeed3fdf9e82df8daed40452df1e4ef52e1bbc43", kill_on_drop: false }`
[INFO] running `Command { std: "docker" "rm" "-f" "8dec0311325e02505080d6fdaeed3fdf9e82df8daed40452df1e4ef52e1bbc43", kill_on_drop: false }`
[INFO] [stdout] 8dec0311325e02505080d6fdaeed3fdf9e82df8daed40452df1e4ef52e1bbc43
