[INFO] fetching crate net-stream 0.1.1...
[INFO] testing net-stream-0.1.1 against 1.100.0-beta.1+cargoflags=--release for beta-release-1.100-2
[INFO] extracting crate net-stream 0.1.1 into /workspace/builds/worker-4-tc2/source
[INFO] removed /workspace/builds/worker-4-tc2/source/rust-toolchain.toml
[INFO] started tweaking crates.io crate net-stream 0.1.1
[INFO] finished tweaking crates.io crate net-stream 0.1.1
[INFO] tweaked toml for crates.io crate net-stream 0.1.1 written to /workspace/builds/worker-4-tc2/source/Cargo.toml
[INFO] validating manifest of crates.io crate net-stream 0.1.1 on toolchain 1.100.0-beta.1
[INFO] running `Command { std: CARGO_HOME="/workspace/cargo-home" RUSTUP_HOME="/workspace/rustup-home" "/workspace/cargo-home/bin/cargo" "+1.100.0-beta.1" "metadata" "--manifest-path" "Cargo.toml" "--no-deps", kill_on_drop: false }`
[INFO] crate crates.io crate net-stream 0.1.1 already has a lockfile, it will not be regenerated
[INFO] running `Command { std: CARGO_HOME="/workspace/cargo-home" RUSTUP_HOME="/workspace/rustup-home" "/workspace/cargo-home/bin/cargo" "+1.100.0-beta.1" "fetch" "--manifest-path" "Cargo.toml", kill_on_drop: false }`
[INFO] running `Command { std: "docker" "create" "-v" "/var/lib/crater-agent-workspace/builds/worker-4-tc2/source:/opt/rustwide/workdir:ro,Z" "-v" "/var/lib/crater-agent-workspace/builds/worker-4-tc2/target:/opt/rustwide/target:rw,Z" "-v" "/var/lib/crater-agent-workspace/cargo-home:/opt/rustwide/cargo-home:ro,Z" "-v" "/var/lib/crater-agent-workspace/rustup-home:/opt/rustwide/rustup-home:ro,Z" "-m" "1610612736" "--network" "none" "ghcr.io/rust-lang/crates-build-env/linux@sha256:77db811e55d90add9212f6832c23229e3de5f1c1f9905e8cb07319ea15df73ac" "sleep" "infinity", kill_on_drop: false }`
[INFO] [stdout] 08f337e42aed60d454e168420d79ab639d9a78939277f39c9bdf7cd06e3a3716
[INFO] running `Command { std: "docker" "start" "08f337e42aed60d454e168420d79ab639d9a78939277f39c9bdf7cd06e3a3716", kill_on_drop: false }`
[INFO] running `Command { std: "docker" "inspect" "08f337e42aed60d454e168420d79ab639d9a78939277f39c9bdf7cd06e3a3716", kill_on_drop: false }`
[INFO] running `Command { std: "docker" "exec" "-e" "SOURCE_DIR=/opt/rustwide/workdir" "-e" "CARGO_HOME=/opt/rustwide/cargo-home" "-e" "RUSTUP_HOME=/opt/rustwide/rustup-home" "-e" "CARGO_TARGET_DIR=/opt/rustwide/target" "-w" "/opt/rustwide/workdir" "--user" "0:0" "08f337e42aed60d454e168420d79ab639d9a78939277f39c9bdf7cd06e3a3716" "/opt/rustwide/cargo-home/bin/cargo" "+1.100.0-beta.1" "metadata" "--no-deps" "--format-version=1", kill_on_drop: false }`
[INFO] running `Command { std: "docker" "inspect" "08f337e42aed60d454e168420d79ab639d9a78939277f39c9bdf7cd06e3a3716", kill_on_drop: false }`
[INFO] running `Command { std: "docker" "exec" "-e" "SOURCE_DIR=/opt/rustwide/workdir" "-e" "CARGO_HOME=/opt/rustwide/cargo-home" "-e" "RUSTUP_HOME=/opt/rustwide/rustup-home" "-e" "CARGO_TARGET_DIR=/opt/rustwide/target" "-e" "CARGO_INCREMENTAL=0" "-e" "RUST_BACKTRACE=full" "-e" "RUSTFLAGS=--cap-lints=warn" "-e" "RUSTDOCFLAGS=--cap-lints=warn" "-w" "/opt/rustwide/workdir" "--user" "0:0" "08f337e42aed60d454e168420d79ab639d9a78939277f39c9bdf7cd06e3a3716" "/opt/rustwide/cargo-home/bin/cargo" "+1.100.0-beta.1" "build" "--frozen" "--message-format=json" "--release", kill_on_drop: false }`
[INFO] [stderr]    Compiling proc-macro2 v1.0.66
[INFO] [stderr]    Compiling unicode-ident v1.0.11
[INFO] [stderr]    Compiling libc v0.2.147
[INFO] [stderr]    Compiling autocfg v1.1.0
[INFO] [stderr]    Compiling futures-core v0.3.28
[INFO] [stderr]    Compiling pin-project-lite v0.2.10
[INFO] [stderr]    Compiling futures-sink v0.3.28
[INFO] [stderr]    Compiling memchr v2.5.0
[INFO] [stderr]    Compiling futures-task v0.3.28
[INFO] [stderr]    Compiling futures-channel v0.3.28
[INFO] [stderr]    Compiling serde v1.0.178
[INFO] [stderr]    Compiling futures-util v0.3.28
[INFO] [stderr]    Compiling syn v1.0.109
[INFO] [stderr]    Compiling futures-io v0.3.28
[INFO] [stderr]    Compiling serde_derive v1.0.178
[INFO] [stderr]    Compiling ppv-lite86 v0.2.17
[INFO] [stderr]    Compiling once_cell v1.18.0
[INFO] [stderr]    Compiling thiserror v1.0.44
[INFO] [stderr]    Compiling bytes v1.4.0
[INFO] [stderr]    Compiling log v0.4.19
[INFO] [stderr]    Compiling assert_let_bind v0.1.1
[INFO] [stderr]    Compiling tracing-core v0.1.31
[INFO] [stderr]    Compiling slab v0.4.8
[INFO] [stderr]    Compiling tokio v1.29.1
[INFO] [stderr]    Compiling getrandom v0.2.10
[INFO] [stderr]    Compiling mio v0.8.8
[INFO] [stderr]    Compiling socket2 v0.4.9
[INFO] [stderr]    Compiling quote v1.0.32
[INFO] [stderr]    Compiling tracing v0.1.37
[INFO] [stderr]    Compiling rand_core v0.6.4
[INFO] [stderr]    Compiling syn v2.0.27
[INFO] [stderr]    Compiling rand_chacha v0.3.1
[INFO] [stderr]    Compiling rand v0.8.5
[INFO] [stderr]    Compiling derive_more v0.99.17
[INFO] [stderr]    Compiling uuid v1.4.1
[INFO] [stderr]    Compiling bincode v1.3.3
[INFO] [stderr]    Compiling tokio-stream v0.1.14
[INFO] [stderr]    Compiling tokio-util v0.7.8
[INFO] [stderr]    Compiling futures-macro v0.3.28
[INFO] [stderr]    Compiling thiserror-impl v1.0.44
[INFO] [stderr]    Compiling typed-builder-macro v0.15.1
[INFO] [stderr]    Compiling smart-default v0.7.1
[INFO] [stderr]    Compiling typed-builder v0.15.1
[INFO] [stderr]    Compiling futures-executor v0.3.28
[INFO] [stderr]    Compiling futures v0.3.28
[INFO] [stderr]    Compiling net-stream v0.1.1 (/opt/rustwide/workdir)
[INFO] [stdout] warning: method `assert_invariants` is never used
[INFO] [stdout]    --> src/server/actor.rs:328:19
[INFO] [stdout]     |
[INFO] [stdout] 326 | impl<M: MessageTypes> State<M> {
[INFO] [stdout]     | ------------------------------ method in this implementation
[INFO] [stdout] 327 |     /// Check invariants.
[INFO] [stdout] 328 |     pub(crate) fn assert_invariants(&self) {
[INFO] [stdout]     |                   ^^^^^^^^^^^^^^^^^
[INFO] [stdout]     |
[INFO] [stdout]     = note: `#[warn(dead_code)]` (part of `#[warn(unused)]`) on by default
[INFO] [stdout] 
[INFO] [stdout] 
[INFO] [stderr]     Finished `release` profile [optimized] target(s) in 8.14s
[INFO] running `Command { std: "docker" "inspect" "08f337e42aed60d454e168420d79ab639d9a78939277f39c9bdf7cd06e3a3716", kill_on_drop: false }`
[INFO] running `Command { std: "docker" "exec" "-e" "SOURCE_DIR=/opt/rustwide/workdir" "-e" "CARGO_HOME=/opt/rustwide/cargo-home" "-e" "RUSTUP_HOME=/opt/rustwide/rustup-home" "-e" "CARGO_TARGET_DIR=/opt/rustwide/target" "-e" "CARGO_INCREMENTAL=0" "-e" "RUST_BACKTRACE=full" "-e" "RUSTFLAGS=--cap-lints=warn" "-e" "RUSTDOCFLAGS=--cap-lints=warn" "-w" "/opt/rustwide/workdir" "--user" "0:0" "08f337e42aed60d454e168420d79ab639d9a78939277f39c9bdf7cd06e3a3716" "/opt/rustwide/cargo-home/bin/cargo" "+1.100.0-beta.1" "test" "--frozen" "--no-run" "--message-format=json" "--release", kill_on_drop: false }`
[INFO] [stderr]    Compiling rustix v0.38.4
[INFO] [stderr]    Compiling bitflags v2.3.3
[INFO] [stderr]    Compiling linux-raw-sys v0.4.3
[INFO] [stderr]    Compiling tokio v1.29.1
[INFO] [stderr]    Compiling tokio-macros v2.1.0
[INFO] [stderr]    Compiling num_cpus v1.16.0
[INFO] [stderr]    Compiling utf8parse v0.2.1
[INFO] [stderr]    Compiling aho-corasick v1.0.2
[INFO] [stderr]    Compiling anstyle v1.0.1
[INFO] [stderr]    Compiling colorchoice v1.0.0
[INFO] [stderr]    Compiling regex-syntax v0.7.4
[INFO] [stderr]    Compiling anstyle-query v1.0.0
[INFO] [stderr]    Compiling heck v0.4.1
[INFO] [stderr]    Compiling anyhow v1.0.72
[INFO] [stderr]    Compiling clap_lex v0.5.0
[INFO] [stderr]    Compiling log v0.4.19
[INFO] [stderr]    Compiling humantime v2.1.0
[INFO] [stderr]    Compiling anstyle-parse v0.2.1
[INFO] [stderr]    Compiling termcolor v1.2.0
[INFO] [stderr]    Compiling clap_derive v4.3.12
[INFO] [stderr]    Compiling is-terminal v0.4.9
[INFO] [stderr]    Compiling anstream v0.3.2
[INFO] [stderr]    Compiling clap_builder v4.3.19
[INFO] [stderr]    Compiling regex-automata v0.3.4
[INFO] [stderr]    Compiling clap v4.3.19
[INFO] [stderr]    Compiling regex v1.9.1
[INFO] [stderr]    Compiling tokio-util v0.7.8
[INFO] [stderr]    Compiling tokio-stream v0.1.14
[INFO] [stderr]    Compiling env_logger v0.10.0
[INFO] [stderr]    Compiling net-stream v0.1.1 (/opt/rustwide/workdir)
[INFO] [stdout] warning: method `assert_invariants` is never used
[INFO] [stdout]    --> src/server/actor.rs:328:19
[INFO] [stdout]     |
[INFO] [stdout] 326 | impl<M: MessageTypes> State<M> {
[INFO] [stdout]     | ------------------------------ method in this implementation
[INFO] [stdout] 327 |     /// Check invariants.
[INFO] [stdout] 328 |     pub(crate) fn assert_invariants(&self) {
[INFO] [stdout]     |                   ^^^^^^^^^^^^^^^^^
[INFO] [stdout]     |
[INFO] [stdout]     = note: `#[warn(dead_code)]` (part of `#[warn(unused)]`) on by default
[INFO] [stdout] 
[INFO] [stdout] 
[INFO] [stdout] warning: method `assert_invariants` is never used
[INFO] [stdout]    --> src/server/actor.rs:328:19
[INFO] [stdout]     |
[INFO] [stdout] 326 | impl<M: MessageTypes> State<M> {
[INFO] [stdout]     | ------------------------------ method in this implementation
[INFO] [stdout] 327 |     /// Check invariants.
[INFO] [stdout] 328 |     pub(crate) fn assert_invariants(&self) {
[INFO] [stdout]     |                   ^^^^^^^^^^^^^^^^^
[INFO] [stdout]     |
[INFO] [stdout]     = note: `#[warn(dead_code)]` (part of `#[warn(unused)]`) on by default
[INFO] [stdout] 
[INFO] [stdout] 
[INFO] [stderr]     Finished `release` profile [optimized] target(s) in 14.85s
[INFO] running `Command { std: "docker" "inspect" "08f337e42aed60d454e168420d79ab639d9a78939277f39c9bdf7cd06e3a3716", kill_on_drop: false }`
[INFO] running `Command { std: "docker" "exec" "-e" "SOURCE_DIR=/opt/rustwide/workdir" "-e" "CARGO_HOME=/opt/rustwide/cargo-home" "-e" "RUSTUP_HOME=/opt/rustwide/rustup-home" "-e" "CARGO_TARGET_DIR=/opt/rustwide/target" "-e" "CARGO_INCREMENTAL=0" "-e" "RUST_BACKTRACE=full" "-e" "RUSTFLAGS=--cap-lints=warn" "-e" "RUSTDOCFLAGS=--cap-lints=warn" "-w" "/opt/rustwide/workdir" "--user" "0:0" "08f337e42aed60d454e168420d79ab639d9a78939277f39c9bdf7cd06e3a3716" "/opt/rustwide/cargo-home/bin/cargo" "+1.100.0-beta.1" "test" "--frozen" "--release", kill_on_drop: false }`
[INFO] [stderr] warning: method `assert_invariants` is never used
[INFO] [stderr]    --> src/server/actor.rs:328:19
[INFO] [stderr]     |
[INFO] [stderr] 326 | impl<M: MessageTypes> State<M> {
[INFO] [stderr]     | ------------------------------ method in this implementation
[INFO] [stderr] 327 |     /// Check invariants.
[INFO] [stderr] 328 |     pub(crate) fn assert_invariants(&self) {
[INFO] [stderr]     |                   ^^^^^^^^^^^^^^^^^
[INFO] [stderr]     |
[INFO] [stderr]     = note: `#[warn(dead_code)]` (part of `#[warn(unused)]`) on by default
[INFO] [stderr] 
[INFO] [stderr] warning: `net-stream` (lib) generated 1 warning
[INFO] [stderr] warning: `net-stream` (lib test) generated 1 warning (1 duplicate)
[INFO] [stderr]     Finished `release` profile [optimized] target(s) in 0.10s
[INFO] [stderr]      Running unittests src/lib.rs (/opt/rustwide/target/release/build/net-stream/c6bbc923743d351c/out/net_stream-c6bbc923743d351c)
[INFO] [stdout] 
[INFO] [stdout] running 0 tests
[INFO] [stdout] 
[INFO] [stdout] test result: ok. 0 passed; 0 failed; 0 ignored; 0 measured; 0 filtered out; finished in 0.00s
[INFO] [stdout] 
[INFO] [stderr]      Running tests/integration_tests.rs (/opt/rustwide/target/release/build/net-stream/8e83bdf9058672ce/out/integration_tests-8e83bdf9058672ce)
[INFO] [stdout] 
[INFO] [stdout] running 10 tests
[INFO] [stdout] test integration_tests::tcp_garbage::main ... FAILED
[INFO] [stdout] test integration_tests::message_types::message_types ... FAILED
[INFO] [stdout] test integration_tests::max_connections::max_connections ... FAILED
[INFO] [stdout] test integration_tests::udp_garbage::udp_garbage ... FAILED
[INFO] [stdout] test integration_tests::peer_disconnect::drop_events_stream ... FAILED
[INFO] [stdout] test integration_tests::udp_heartbeat::udp_heartbeat ... FAILED
[INFO] [stdout] test integration_tests::peer_uids::main ... FAILED
[INFO] [stdout] test integration_tests::peer_disconnect::drop_raw_tcp_stream ... FAILED
[INFO] [stdout] test integration_tests::announce_udp::announce_udp ... ok
[INFO] [stdout] test integration_tests::announce_tcp::announce_tcp ... FAILED
[INFO] [stdout] 
[INFO] [stdout] failures:
[INFO] [stdout] 
[INFO] [stdout] ---- integration_tests::tcp_garbage::main stdout ----
[INFO] [stdout] 
[INFO] [stdout] thread 'integration_tests::tcp_garbage::main' (1892) panicked at tests/integration_tests/tcp_garbage.rs:19:10:
[INFO] [stdout] Server failed startup: Io(Os { code: 98, kind: AddrInUse, message: "Address already in use" })
[INFO] [stdout] stack backtrace:
[INFO] [stdout]    0:     0x652a562b0911 - <<std[617be2ca0a6fd877]::sys::backtrace::BacktraceLock>::print::DisplayBacktrace as core[a373ad73a504971]::fmt::Display>::fmt
[INFO] [stdout]    1:     0x652a562c731a - core[a373ad73a504971]::fmt::write
[INFO] [stdout]    2:     0x652a562b55ec - <alloc[2e1b2a31b91974c5]::vec::Vec<u8> as core[a373ad73a504971]::io::write::Write>::write_fmt
[INFO] [stdout]    3:     0x652a5628b826 - std[617be2ca0a6fd877]::panicking::default_hook::{closure#0}
[INFO] [stdout]    4:     0x652a562a8819 - std[617be2ca0a6fd877]::panicking::default_hook
[INFO] [stdout]    5:     0x652a56212d90 - test[aada8e7e76ba119b]::test_main_inner::{closure#0}
[INFO] [stdout]    6:     0x652a562a8b42 - std[617be2ca0a6fd877]::panicking::panic_with_hook
[INFO] [stdout]    7:     0x652a5628b8d2 - std[617be2ca0a6fd877]::panicking::panic_handler::{closure#0}
[INFO] [stdout]    8:     0x652a56284509 - std[617be2ca0a6fd877]::sys::backtrace::__rust_end_short_backtrace::<std[617be2ca0a6fd877]::panicking::panic_handler::{closure#0}, !>
[INFO] [stdout]    9:     0x652a5628c6cd - __rustc[ea4f61d10b84890b]::rust_begin_unwind
[INFO] [stdout]   10:     0x652a562c7afc - core[a373ad73a504971]::panicking::panic_fmt
[INFO] [stdout]   11:     0x652a562c78d2 - core[a373ad73a504971]::result::unwrap_failed
[INFO] [stdout]   12:     0x652a5612cbb8 - integration_tests[1de7fc183e8d6ab]::integration_tests::tcp_garbage::main::{closure#0}
[INFO] [stdout]   13:     0x652a56145f03 - <tokio[e698c7b3f66f0189]::runtime::scheduler::current_thread::Context>::enter::<core[a373ad73a504971]::task::poll::Poll<()>, <tokio[e698c7b3f66f0189]::runtime::scheduler::current_thread::CoreGuard>::block_on<core[a373ad73a504971]::pin::Pin<&mut core[a373ad73a504971]::pin::Pin<&mut dyn core[a373ad73a504971]::future::future::Future<Output = ()>>>>::{closure#0}::{closure#0}>
[INFO] [stdout]   14:     0x652a5613ff5c - <tokio[e698c7b3f66f0189]::runtime::context::scoped::Scoped<tokio[e698c7b3f66f0189]::runtime::scheduler::Context>>::set::<<tokio[e698c7b3f66f0189]::runtime::scheduler::current_thread::CoreGuard>::enter<<tokio[e698c7b3f66f0189]::runtime::scheduler::current_thread::CoreGuard>::block_on<core[a373ad73a504971]::pin::Pin<&mut core[a373ad73a504971]::pin::Pin<&mut dyn core[a373ad73a504971]::future::future::Future<Output = ()>>>>::{closure#0}, core[a373ad73a504971]::option::Option<()>>::{closure#0}, (alloc[2e1b2a31b91974c5]::boxed::Box<tokio[e698c7b3f66f0189]::runtime::scheduler::current_thread::Core>, core[a373ad73a504971]::option::Option<()>)>
[INFO] [stdout]   15:     0x652a56145a1f - <tokio[e698c7b3f66f0189]::runtime::runtime::Runtime>::block_on::<core[a373ad73a504971]::pin::Pin<&mut dyn core[a373ad73a504971]::future::future::Future<Output = ()>>>
[INFO] [stdout]   16:     0x652a561316ee - <integration_tests[1de7fc183e8d6ab]::integration_tests::tcp_garbage::main::{closure#0} as core[a373ad73a504971]::ops::function::FnOnce<()>>::call_once
[INFO] [stdout]   17:     0x652a562061db - test[aada8e7e76ba119b]::__rust_begin_short_backtrace::<core[a373ad73a504971]::result::Result<(), alloc[2e1b2a31b91974c5]::string::String>, fn() -> core[a373ad73a504971]::result::Result<(), alloc[2e1b2a31b91974c5]::string::String>>
[INFO] [stdout]   18:     0x652a562133b5 - test[aada8e7e76ba119b]::run_test::{closure#0}
[INFO] [stdout]   19:     0x652a5620cca4 - std[617be2ca0a6fd877]::sys::backtrace::__rust_begin_short_backtrace::<test[aada8e7e76ba119b]::run_test::{closure#1}, ()>
[INFO] [stdout]   20:     0x652a56216442 - <std[617be2ca0a6fd877]::thread::lifecycle::spawn_unchecked<test[aada8e7e76ba119b]::run_test::{closure#1}, ()>::{closure#1} as core[a373ad73a504971]::ops::function::FnOnce<()>>::call_once::{shim:vtable#0}
[INFO] [stdout]   21:     0x652a562afcaf - <std[617be2ca0a6fd877]::sys::thread::unix::Thread>::new::thread_start
[INFO] [stdout]   22:     0x79fd3f034dfa - <unknown>
[INFO] [stdout]   23:     0x79fd3f0c83d4 - clone
[INFO] [stdout]   24:                0x0 - <unknown>
[INFO] [stdout] 
[INFO] [stdout] ---- integration_tests::message_types::message_types stdout ----
[INFO] [stdout] 
[INFO] [stdout] thread 'integration_tests::message_types::message_types' (1888) panicked at tests/integration_tests/message_types.rs:28:10:
[INFO] [stdout] Server failed startup: Io(Os { code: 98, kind: AddrInUse, message: "Address already in use" })
[INFO] [stdout] stack backtrace:
[INFO] [stdout]    0:     0x652a562b0911 - <<std[617be2ca0a6fd877]::sys::backtrace::BacktraceLock>::print::DisplayBacktrace as core[a373ad73a504971]::fmt::Display>::fmt
[INFO] [stdout]    1:     0x652a562c731a - core[a373ad73a504971]::fmt::write
[INFO] [stdout]    2:     0x652a562b55ec - <alloc[2e1b2a31b91974c5]::vec::Vec<u8> as core[a373ad73a504971]::io::write::Write>::write_fmt
[INFO] [stdout]    3:     0x652a5628b826 - std[617be2ca0a6fd877]::panicking::default_hook::{closure#0}
[INFO] [stdout]    4:     0x652a562a8819 - std[617be2ca0a6fd877]::panicking::default_hook
[INFO] [stdout]    5:     0x652a56212d90 - test[aada8e7e76ba119b]::test_main_inner::{closure#0}
[INFO] [stdout]    6:     0x652a562a8b42 - std[617be2ca0a6fd877]::panicking::panic_with_hook
[INFO] [stdout]    7:     0x652a5628b8d2 - std[617be2ca0a6fd877]::panicking::panic_handler::{closure#0}
[INFO] [stdout]    8:     0x652a56284509 - std[617be2ca0a6fd877]::sys::backtrace::__rust_end_short_backtrace::<std[617be2ca0a6fd877]::panicking::panic_handler::{closure#0}, !>
[INFO] [stdout]    9:     0x652a5628c6cd - __rustc[ea4f61d10b84890b]::rust_begin_unwind
[INFO] [stdout]   10:     0x652a562c7afc - core[a373ad73a504971]::panicking::panic_fmt
[INFO] [stderr] error: test failed, to rerun pass `--test integration_tests`
[INFO] [stdout]   11:     0x652a562c78d2 - core[a373ad73a504971]::result::unwrap_failed
[INFO] [stdout]   12:     0x652a5615335b - integration_tests[1de7fc183e8d6ab]::integration_tests::message_types::message_types::{closure#0}
[INFO] [stdout]   13:     0x652a56145f03 - <tokio[e698c7b3f66f0189]::runtime::scheduler::current_thread::Context>::enter::<core[a373ad73a504971]::task::poll::Poll<()>, <tokio[e698c7b3f66f0189]::runtime::scheduler::current_thread::CoreGuard>::block_on<core[a373ad73a504971]::pin::Pin<&mut core[a373ad73a504971]::pin::Pin<&mut dyn core[a373ad73a504971]::future::future::Future<Output = ()>>>>::{closure#0}::{closure#0}>
[INFO] [stdout]   14:     0x652a5613ff5c - <tokio[e698c7b3f66f0189]::runtime::context::scoped::Scoped<tokio[e698c7b3f66f0189]::runtime::scheduler::Context>>::set::<<tokio[e698c7b3f66f0189]::runtime::scheduler::current_thread::CoreGuard>::enter<<tokio[e698c7b3f66f0189]::runtime::scheduler::current_thread::CoreGuard>::block_on<core[a373ad73a504971]::pin::Pin<&mut core[a373ad73a504971]::pin::Pin<&mut dyn core[a373ad73a504971]::future::future::Future<Output = ()>>>>::{closure#0}, core[a373ad73a504971]::option::Option<()>>::{closure#0}, (alloc[2e1b2a31b91974c5]::boxed::Box<tokio[e698c7b3f66f0189]::runtime::scheduler::current_thread::Core>, core[a373ad73a504971]::option::Option<()>)>
[INFO] [stdout]   15:     0x652a56145a1f - <tokio[e698c7b3f66f0189]::runtime::runtime::Runtime>::block_on::<core[a373ad73a504971]::pin::Pin<&mut dyn core[a373ad73a504971]::future::future::Future<Output = ()>>>
[INFO] [stdout]   16:     0x652a561550de - <integration_tests[1de7fc183e8d6ab]::integration_tests::message_types::message_types::{closure#0} as core[a373ad73a504971]::ops::function::FnOnce<()>>::call_once
[INFO] [stdout]   17:     0x652a562061db - test[aada8e7e76ba119b]::__rust_begin_short_backtrace::<core[a373ad73a504971]::result::Result<(), alloc[2e1b2a31b91974c5]::string::String>, fn() -> core[a373ad73a504971]::result::Result<(), alloc[2e1b2a31b91974c5]::string::String>>
[INFO] [stdout]   18:     0x652a562133b5 - test[aada8e7e76ba119b]::run_test::{closure#0}
[INFO] [stdout]   19:     0x652a5620cca4 - std[617be2ca0a6fd877]::sys::backtrace::__rust_begin_short_backtrace::<test[aada8e7e76ba119b]::run_test::{closure#1}, ()>
[INFO] [stdout]   20:     0x652a56216442 - <std[617be2ca0a6fd877]::thread::lifecycle::spawn_unchecked<test[aada8e7e76ba119b]::run_test::{closure#1}, ()>::{closure#1} as core[a373ad73a504971]::ops::function::FnOnce<()>>::call_once::{shim:vtable#0}
[INFO] [stdout]   21:     0x652a562afcaf - <std[617be2ca0a6fd877]::sys::thread::unix::Thread>::new::thread_start
[INFO] [stdout]   22:     0x79fd3f034dfa - <unknown>
[INFO] [stdout]   23:     0x79fd3f0c83d4 - clone
[INFO] [stdout]   24:                0x0 - <unknown>
[INFO] [stdout] 
[INFO] [stdout] ---- integration_tests::max_connections::max_connections stdout ----
[INFO] [stdout] [2026-10-18T12:42:30Z INFO  integration_tests::integration_tests::max_connections] Starting server...
[INFO] [stdout] 
[INFO] [stdout] thread 'integration_tests::max_connections::max_connections' (1887) panicked at tests/integration_tests/max_connections.rs:23:10:
[INFO] [stdout] Server failed startup: Io(Os { code: 98, kind: AddrInUse, message: "Address already in use" })
[INFO] [stdout] stack backtrace:
[INFO] [stdout]    0:     0x652a562b0911 - <<std[617be2ca0a6fd877]::sys::backtrace::BacktraceLock>::print::DisplayBacktrace as core[a373ad73a504971]::fmt::Display>::fmt
[INFO] [stdout]    1:     0x652a562c731a - core[a373ad73a504971]::fmt::write
[INFO] [stdout]    2:     0x652a562b55ec - <alloc[2e1b2a31b91974c5]::vec::Vec<u8> as core[a373ad73a504971]::io::write::Write>::write_fmt
[INFO] [stdout]    3:     0x652a5628b826 - std[617be2ca0a6fd877]::panicking::default_hook::{closure#0}
[INFO] [stdout]    4:     0x652a562a8819 - std[617be2ca0a6fd877]::panicking::default_hook
[INFO] [stdout]    5:     0x652a56212d90 - test[aada8e7e76ba119b]::test_main_inner::{closure#0}
[INFO] [stdout]    6:     0x652a562a8b42 - std[617be2ca0a6fd877]::panicking::panic_with_hook
[INFO] [stdout]    7:     0x652a5628b8d2 - std[617be2ca0a6fd877]::panicking::panic_handler::{closure#0}
[INFO] [stdout]    8:     0x652a56284509 - std[617be2ca0a6fd877]::sys::backtrace::__rust_end_short_backtrace::<std[617be2ca0a6fd877]::panicking::panic_handler::{closure#0}, !>
[INFO] [stdout]    9:     0x652a5628c6cd - __rustc[ea4f61d10b84890b]::rust_begin_unwind
[INFO] [stdout]   10:     0x652a562c7afc - core[a373ad73a504971]::panicking::panic_fmt
[INFO] [stdout]   11:     0x652a562c78d2 - core[a373ad73a504971]::result::unwrap_failed
[INFO] [stdout]   12:     0x652a560fbba8 - integration_tests[1de7fc183e8d6ab]::integration_tests::max_connections::max_connections::{closure#0}
[INFO] [stdout]   13:     0x652a56145f03 - <tokio[e698c7b3f66f0189]::runtime::scheduler::current_thread::Context>::enter::<core[a373ad73a504971]::task::poll::Poll<()>, <tokio[e698c7b3f66f0189]::runtime::scheduler::current_thread::CoreGuard>::block_on<core[a373ad73a504971]::pin::Pin<&mut core[a373ad73a504971]::pin::Pin<&mut dyn core[a373ad73a504971]::future::future::Future<Output = ()>>>>::{closure#0}::{closure#0}>
[INFO] [stdout]   14:     0x652a5613ff5c - <tokio[e698c7b3f66f0189]::runtime::context::scoped::Scoped<tokio[e698c7b3f66f0189]::runtime::scheduler::Context>>::set::<<tokio[e698c7b3f66f0189]::runtime::scheduler::current_thread::CoreGuard>::enter<<tokio[e698c7b3f66f0189]::runtime::scheduler::current_thread::CoreGuard>::block_on<core[a373ad73a504971]::pin::Pin<&mut core[a373ad73a504971]::pin::Pin<&mut dyn core[a373ad73a504971]::future::future::Future<Output = ()>>>>::{closure#0}, core[a373ad73a504971]::option::Option<()>>::{closure#0}, (alloc[2e1b2a31b91974c5]::boxed::Box<tokio[e698c7b3f66f0189]::runtime::scheduler::current_thread::Core>, core[a373ad73a504971]::option::Option<()>)>
[INFO] [stdout]   15:     0x652a56145a1f - <tokio[e698c7b3f66f0189]::runtime::runtime::Runtime>::block_on::<core[a373ad73a504971]::pin::Pin<&mut dyn core[a373ad73a504971]::future::future::Future<Output = ()>>>
[INFO] [stdout]   16:     0x652a560fd90e - <integration_tests[1de7fc183e8d6ab]::integration_tests::max_connections::max_connections::{closure#0} as core[a373ad73a504971]::ops::function::FnOnce<()>>::call_once
[INFO] [stdout]   17:     0x652a562061db - test[aada8e7e76ba119b]::__rust_begin_short_backtrace::<core[a373ad73a504971]::result::Result<(), alloc[2e1b2a31b91974c5]::string::String>, fn() -> core[a373ad73a504971]::result::Result<(), alloc[2e1b2a31b91974c5]::string::String>>
[INFO] [stdout]   18:     0x652a562133b5 - test[aada8e7e76ba119b]::run_test::{closure#0}
[INFO] [stdout]   19:     0x652a5620cca4 - std[617be2ca0a6fd877]::sys::backtrace::__rust_begin_short_backtrace::<test[aada8e7e76ba119b]::run_test::{closure#1}, ()>
[INFO] [stdout]   20:     0x652a56216442 - <std[617be2ca0a6fd877]::thread::lifecycle::spawn_unchecked<test[aada8e7e76ba119b]::run_test::{closure#1}, ()>::{closure#1} as core[a373ad73a504971]::ops::function::FnOnce<()>>::call_once::{shim:vtable#0}
[INFO] [stdout]   21:     0x652a562afcaf - <std[617be2ca0a6fd877]::sys::thread::unix::Thread>::new::thread_start
[INFO] [stdout]   22:     0x79fd3f034dfa - <unknown>
[INFO] [stdout]   23:     0x79fd3f0c83d4 - clone
[INFO] [stdout]   24:                0x0 - <unknown>
[INFO] [stdout] 
[INFO] [stdout] ---- integration_tests::udp_garbage::udp_garbage stdout ----
[INFO] [stdout] 
[INFO] [stdout] thread 'integration_tests::udp_garbage::udp_garbage' (1893) panicked at tests/integration_tests/udp_garbage.rs:18:10:
[INFO] [stdout] Server failed startup: Io(Os { code: 98, kind: AddrInUse, message: "Address already in use" })
[INFO] [stdout] stack backtrace:
[INFO] [stdout]    0:     0x652a562b0911 - <<std[617be2ca0a6fd877]::sys::backtrace::BacktraceLock>::print::DisplayBacktrace as core[a373ad73a504971]::fmt::Display>::fmt
[INFO] [stdout]    1:     0x652a562c731a - core[a373ad73a504971]::fmt::write
[INFO] [stdout]    2:     0x652a562b55ec - <alloc[2e1b2a31b91974c5]::vec::Vec<u8> as core[a373ad73a504971]::io::write::Write>::write_fmt
[INFO] [stdout]    3:     0x652a5628b826 - std[617be2ca0a6fd877]::panicking::default_hook::{closure#0}
[INFO] [stdout]    4:     0x652a562a8819 - std[617be2ca0a6fd877]::panicking::default_hook
[INFO] [stdout]    5:     0x652a56212d90 - test[aada8e7e76ba119b]::test_main_inner::{closure#0}
[INFO] [stdout]    6:     0x652a562a8b42 - std[617be2ca0a6fd877]::panicking::panic_with_hook
[INFO] [stdout]    7:     0x652a5628b8d2 - std[617be2ca0a6fd877]::panicking::panic_handler::{closure#0}
[INFO] [stdout]    8:     0x652a56284509 - std[617be2ca0a6fd877]::sys::backtrace::__rust_end_short_backtrace::<std[617be2ca0a6fd877]::panicking::panic_handler::{closure#0}, !>
[INFO] [stdout]    9:     0x652a5628c6cd - __rustc[ea4f61d10b84890b]::rust_begin_unwind
[INFO] [stdout]   10:     0x652a562c7afc - core[a373ad73a504971]::panicking::panic_fmt
[INFO] [stdout]   11:     0x652a562c78d2 - core[a373ad73a504971]::result::unwrap_failed
[INFO] [stdout]   12:     0x652a56100a69 - integration_tests[1de7fc183e8d6ab]::integration_tests::udp_garbage::udp_garbage::{closure#0}
[INFO] [stdout]   13:     0x652a56145f03 - <tokio[e698c7b3f66f0189]::runtime::scheduler::current_thread::Context>::enter::<core[a373ad73a504971]::task::poll::Poll<()>, <tokio[e698c7b3f66f0189]::runtime::scheduler::current_thread::CoreGuard>::block_on<core[a373ad73a504971]::pin::Pin<&mut core[a373ad73a504971]::pin::Pin<&mut dyn core[a373ad73a504971]::future::future::Future<Output = ()>>>>::{closure#0}::{closure#0}>
[INFO] [stdout]   14:     0x652a5613ff5c - <tokio[e698c7b3f66f0189]::runtime::context::scoped::Scoped<tokio[e698c7b3f66f0189]::runtime::scheduler::Context>>::set::<<tokio[e698c7b3f66f0189]::runtime::scheduler::current_thread::CoreGuard>::enter<<tokio[e698c7b3f66f0189]::runtime::scheduler::current_thread::CoreGuard>::block_on<core[a373ad73a504971]::pin::Pin<&mut core[a373ad73a504971]::pin::Pin<&mut dyn core[a373ad73a504971]::future::future::Future<Output = ()>>>>::{closure#0}, core[a373ad73a504971]::option::Option<()>>::{closure#0}, (alloc[2e1b2a31b91974c5]::boxed::Box<tokio[e698c7b3f66f0189]::runtime::scheduler::current_thread::Core>, core[a373ad73a504971]::option::Option<()>)>
[INFO] [stdout]   15:     0x652a56145a1f - <tokio[e698c7b3f66f0189]::runtime::runtime::Runtime>::block_on::<core[a373ad73a504971]::pin::Pin<&mut dyn core[a373ad73a504971]::future::future::Future<Output = ()>>>
[INFO] [stdout]   16:     0x652a56105aae - <integration_tests[1de7fc183e8d6ab]::integration_tests::udp_garbage::udp_garbage::{closure#0} as core[a373ad73a504971]::ops::function::FnOnce<()>>::call_once
[INFO] [stdout]   17:     0x652a562061db - test[aada8e7e76ba119b]::__rust_begin_short_backtrace::<core[a373ad73a504971]::result::Result<(), alloc[2e1b2a31b91974c5]::string::String>, fn() -> core[a373ad73a504971]::result::Result<(), alloc[2e1b2a31b91974c5]::string::String>>
[INFO] [stdout]   18:     0x652a562133b5 - test[aada8e7e76ba119b]::run_test::{closure#0}
[INFO] [stdout]   19:     0x652a5620cca4 - std[617be2ca0a6fd877]::sys::backtrace::__rust_begin_short_backtrace::<test[aada8e7e76ba119b]::run_test::{closure#1}, ()>
[INFO] [stdout]   20:     0x652a56216442 - <std[617be2ca0a6fd877]::thread::lifecycle::spawn_unchecked<test[aada8e7e76ba119b]::run_test::{closure#1}, ()>::{closure#1} as core[a373ad73a504971]::ops::function::FnOnce<()>>::call_once::{shim:vtable#0}
[INFO] [stdout]   21:     0x652a562afcaf - <std[617be2ca0a6fd877]::sys::thread::unix::Thread>::new::thread_start
[INFO] [stdout]   22:     0x79fd3f034dfa - <unknown>
[INFO] [stdout]   23:     0x79fd3f0c83d4 - clone
[INFO] [stdout]   24:                0x0 - <unknown>
[INFO] [stdout] 
[INFO] [stdout] ---- integration_tests::peer_disconnect::drop_events_stream stdout ----
[INFO] [stdout] 
[INFO] [stdout] thread 'integration_tests::peer_disconnect::drop_events_stream' (1889) panicked at tests/integration_tests/peer_disconnect.rs:45:10:
[INFO] [stdout] Server failed startup: Io(Os { code: 98, kind: AddrInUse, message: "Address already in use" })
[INFO] [stdout] stack backtrace:
[INFO] [stdout]    0:     0x652a562b0911 - <<std[617be2ca0a6fd877]::sys::backtrace::BacktraceLock>::print::DisplayBacktrace as core[a373ad73a504971]::fmt::Display>::fmt
[INFO] [stdout]    1:     0x652a562c731a - core[a373ad73a504971]::fmt::write
[INFO] [stdout]    2:     0x652a562b55ec - <alloc[2e1b2a31b91974c5]::vec::Vec<u8> as core[a373ad73a504971]::io::write::Write>::write_fmt
[INFO] [stdout]    3:     0x652a5628b826 - std[617be2ca0a6fd877]::panicking::default_hook::{closure#0}
[INFO] [stdout]    4:     0x652a562a8819 - std[617be2ca0a6fd877]::panicking::default_hook
[INFO] [stdout]    5:     0x652a56212d90 - test[aada8e7e76ba119b]::test_main_inner::{closure#0}
[INFO] [stdout]    6:     0x652a562a8b42 - std[617be2ca0a6fd877]::panicking::panic_with_hook
[INFO] [stdout]    7:     0x652a5628b8d2 - std[617be2ca0a6fd877]::panicking::panic_handler::{closure#0}
[INFO] [stdout]    8:     0x652a56284509 - std[617be2ca0a6fd877]::sys::backtrace::__rust_end_short_backtrace::<std[617be2ca0a6fd877]::panicking::panic_handler::{closure#0}, !>
[INFO] [stdout]    9:     0x652a5628c6cd - __rustc[ea4f61d10b84890b]::rust_begin_unwind
[INFO] [stdout]   10:     0x652a562c7afc - core[a373ad73a504971]::panicking::panic_fmt
[INFO] [stdout]   11:     0x652a562c78d2 - core[a373ad73a504971]::result::unwrap_failed
[INFO] [stdout]   12:     0x652a5612d6f8 - integration_tests[1de7fc183e8d6ab]::integration_tests::peer_disconnect::drop_events_stream::{closure#0}
[INFO] [stdout]   13:     0x652a56145f03 - <tokio[e698c7b3f66f0189]::runtime::scheduler::current_thread::Context>::enter::<core[a373ad73a504971]::task::poll::Poll<()>, <tokio[e698c7b3f66f0189]::runtime::scheduler::current_thread::CoreGuard>::block_on<core[a373ad73a504971]::pin::Pin<&mut core[a373ad73a504971]::pin::Pin<&mut dyn core[a373ad73a504971]::future::future::Future<Output = ()>>>>::{closure#0}::{closure#0}>
[INFO] [stdout]   14:     0x652a5613ff5c - <tokio[e698c7b3f66f0189]::runtime::context::scoped::Scoped<tokio[e698c7b3f66f0189]::runtime::scheduler::Context>>::set::<<tokio[e698c7b3f66f0189]::runtime::scheduler::current_thread::CoreGuard>::enter<<tokio[e698c7b3f66f0189]::runtime::scheduler::current_thread::CoreGuard>::block_on<core[a373ad73a504971]::pin::Pin<&mut core[a373ad73a504971]::pin::Pin<&mut dyn core[a373ad73a504971]::future::future::Future<Output = ()>>>>::{closure#0}, core[a373ad73a504971]::option::Option<()>>::{closure#0}, (alloc[2e1b2a31b91974c5]::boxed::Box<tokio[e698c7b3f66f0189]::runtime::scheduler::current_thread::Core>, core[a373ad73a504971]::option::Option<()>)>
[INFO] [stdout]   15:     0x652a56145a1f - <tokio[e698c7b3f66f0189]::runtime::runtime::Runtime>::block_on::<core[a373ad73a504971]::pin::Pin<&mut dyn core[a373ad73a504971]::future::future::Future<Output = ()>>>
[INFO] [stdout]   16:     0x652a5613184e - <integration_tests[1de7fc183e8d6ab]::integration_tests::peer_disconnect::drop_events_stream::{closure#0} as core[a373ad73a504971]::ops::function::FnOnce<()>>::call_once
[INFO] [stdout]   17:     0x652a562061db - test[aada8e7e76ba119b]::__rust_begin_short_backtrace::<core[a373ad73a504971]::result::Result<(), alloc[2e1b2a31b91974c5]::string::String>, fn() -> core[a373ad73a504971]::result::Result<(), alloc[2e1b2a31b91974c5]::string::String>>
[INFO] [stdout]   18:     0x652a562133b5 - test[aada8e7e76ba119b]::run_test::{closure#0}
[INFO] [stdout]   19:     0x652a5620cca4 - std[617be2ca0a6fd877]::sys::backtrace::__rust_begin_short_backtrace::<test[aada8e7e76ba119b]::run_test::{closure#1}, ()>
[INFO] [stdout]   20:     0x652a56216442 - <std[617be2ca0a6fd877]::thread::lifecycle::spawn_unchecked<test[aada8e7e76ba119b]::run_test::{closure#1}, ()>::{closure#1} as core[a373ad73a504971]::ops::function::FnOnce<()>>::call_once::{shim:vtable#0}
[INFO] [stdout]   21:     0x652a562afcaf - <std[617be2ca0a6fd877]::sys::thread::unix::Thread>::new::thread_start
[INFO] [stdout]   22:     0x79fd3f034dfa - <unknown>
[INFO] [stdout]   23:     0x79fd3f0c83d4 - clone
[INFO] [stdout]   24:                0x0 - <unknown>
[INFO] [stdout] 
[INFO] [stdout] ---- integration_tests::udp_heartbeat::udp_heartbeat stdout ----
[INFO] [stdout] [2026-10-18T12:42:30Z INFO  integration_tests::integration_tests::udp_heartbeat] Starting server...
[INFO] [stdout] 
[INFO] [stdout] thread 'integration_tests::udp_heartbeat::udp_heartbeat' (1894) panicked at tests/integration_tests/udp_heartbeat.rs:19:10:
[INFO] [stdout] Server failed startup: Io(Os { code: 98, kind: AddrInUse, message: "Address already in use" })
[INFO] [stdout] stack backtrace:
[INFO] [stdout]    0:     0x652a562b0911 - <<std[617be2ca0a6fd877]::sys::backtrace::BacktraceLock>::print::DisplayBacktrace as core[a373ad73a504971]::fmt::Display>::fmt
[INFO] [stdout]    1:     0x652a562c731a - core[a373ad73a504971]::fmt::write
[INFO] [stdout]    2:     0x652a562b55ec - <alloc[2e1b2a31b91974c5]::vec::Vec<u8> as core[a373ad73a504971]::io::write::Write>::write_fmt
[INFO] [stdout]    3:     0x652a5628b826 - std[617be2ca0a6fd877]::panicking::default_hook::{closure#0}
[INFO] [stdout]    4:     0x652a562a8819 - std[617be2ca0a6fd877]::panicking::default_hook
[INFO] [stdout]    5:     0x652a56212d90 - test[aada8e7e76ba119b]::test_main_inner::{closure#0}
[INFO] [stdout]    6:     0x652a562a8b42 - std[617be2ca0a6fd877]::panicking::panic_with_hook
[INFO] [stdout]    7:     0x652a5628b8d2 - std[617be2ca0a6fd877]::panicking::panic_handler::{closure#0}
[INFO] [stdout]    8:     0x652a56284509 - std[617be2ca0a6fd877]::sys::backtrace::__rust_end_short_backtrace::<std[617be2ca0a6fd877]::panicking::panic_handler::{closure#0}, !>
[INFO] [stdout]    9:     0x652a5628c6cd - __rustc[ea4f61d10b84890b]::rust_begin_unwind
[INFO] [stdout]   10:     0x652a562c7afc - core[a373ad73a504971]::panicking::panic_fmt
[INFO] [stdout]   11:     0x652a562c78d2 - core[a373ad73a504971]::result::unwrap_failed
[INFO] [stdout]   12:     0x652a5610203c - integration_tests[1de7fc183e8d6ab]::integration_tests::udp_heartbeat::udp_heartbeat::{closure#0}
[INFO] [stdout]   13:     0x652a56145f03 - <tokio[e698c7b3f66f0189]::runtime::scheduler::current_thread::Context>::enter::<core[a373ad73a504971]::task::poll::Poll<()>, <tokio[e698c7b3f66f0189]::runtime::scheduler::current_thread::CoreGuard>::block_on<core[a373ad73a504971]::pin::Pin<&mut core[a373ad73a504971]::pin::Pin<&mut dyn core[a373ad73a504971]::future::future::Future<Output = ()>>>>::{closure#0}::{closure#0}>
[INFO] [stdout]   14:     0x652a5613ff5c - <tokio[e698c7b3f66f0189]::runtime::context::scoped::Scoped<tokio[e698c7b3f66f0189]::runtime::scheduler::Context>>::set::<<tokio[e698c7b3f66f0189]::runtime::scheduler::current_thread::CoreGuard>::enter<<tokio[e698c7b3f66f0189]::runtime::scheduler::current_thread::CoreGuard>::block_on<core[a373ad73a504971]::pin::Pin<&mut core[a373ad73a504971]::pin::Pin<&mut dyn core[a373ad73a504971]::future::future::Future<Output = ()>>>>::{closure#0}, core[a373ad73a504971]::option::Option<()>>::{closure#0}, (alloc[2e1b2a31b91974c5]::boxed::Box<tokio[e698c7b3f66f0189]::runtime::scheduler::current_thread::Core>, core[a373ad73a504971]::option::Option<()>)>
[INFO] [stdout]   15:     0x652a56145a1f - <tokio[e698c7b3f66f0189]::runtime::runtime::Runtime>::block_on::<core[a373ad73a504971]::pin::Pin<&mut dyn core[a373ad73a504971]::future::future::Future<Output = ()>>>
[INFO] [stdout]   16:     0x652a56105c0e - <integration_tests[1de7fc183e8d6ab]::integration_tests::udp_heartbeat::udp_heartbeat::{closure#0} as core[a373ad73a504971]::ops::function::FnOnce<()>>::call_once
[INFO] [stdout]   17:     0x652a562061db - test[aada8e7e76ba119b]::__rust_begin_short_backtrace::<core[a373ad73a504971]::result::Result<(), alloc[2e1b2a31b91974c5]::string::String>, fn() -> core[a373ad73a504971]::result::Result<(), alloc[2e1b2a31b91974c5]::string::String>>
[INFO] [stdout]   18:     0x652a562133b5 - test[aada8e7e76ba119b]::run_test::{closure#0}
[INFO] [stdout]   19:     0x652a5620cca4 - std[617be2ca0a6fd877]::sys::backtrace::__rust_begin_short_backtrace::<test[aada8e7e76ba119b]::run_test::{closure#1}, ()>
[INFO] [stdout]   20:     0x652a56216442 - <std[617be2ca0a6fd877]::thread::lifecycle::spawn_unchecked<test[aada8e7e76ba119b]::run_test::{closure#1}, ()>::{closure#1} as core[a373ad73a504971]::ops::function::FnOnce<()>>::call_once::{shim:vtable#0}
[INFO] [stdout]   21:     0x652a562afcaf - <std[617be2ca0a6fd877]::sys::thread::unix::Thread>::new::thread_start
[INFO] [stdout]   22:     0x79fd3f034dfa - <unknown>
[INFO] [stdout]   23:     0x79fd3f0c83d4 - clone
[INFO] [stdout]   24:                0x0 - <unknown>
[INFO] [stdout] 
[INFO] [stdout] ---- integration_tests::peer_uids::main stdout ----
[INFO] [stdout] 
[INFO] [stdout] thread 'integration_tests::peer_uids::main' (1891) panicked at tests/integration_tests/peer_uids.rs:18:10:
[INFO] [stdout] Server failed startup: Io(Os { code: 98, kind: AddrInUse, message: "Address already in use" })
[INFO] [stdout] stack backtrace:
[INFO] [stdout]    0:     0x652a562b0911 - <<std[617be2ca0a6fd877]::sys::backtrace::BacktraceLock>::print::DisplayBacktrace as core[a373ad73a504971]::fmt::Display>::fmt
[INFO] [stdout]    1:     0x652a562c731a - core[a373ad73a504971]::fmt::write
[INFO] [stdout]    2:     0x652a562b55ec - <alloc[2e1b2a31b91974c5]::vec::Vec<u8> as core[a373ad73a504971]::io::write::Write>::write_fmt
[INFO] [stdout]    3:     0x652a5628b826 - std[617be2ca0a6fd877]::panicking::default_hook::{closure#0}
[INFO] [stdout]    4:     0x652a562a8819 - std[617be2ca0a6fd877]::panicking::default_hook
[INFO] [stdout]    5:     0x652a56212d90 - test[aada8e7e76ba119b]::test_main_inner::{closure#0}
[INFO] [stdout]    6:     0x652a562a8b42 - std[617be2ca0a6fd877]::panicking::panic_with_hook
[INFO] [stdout]    7:     0x652a5628b8d2 - std[617be2ca0a6fd877]::panicking::panic_handler::{closure#0}
[INFO] [stdout]    8:     0x652a56284509 - std[617be2ca0a6fd877]::sys::backtrace::__rust_end_short_backtrace::<std[617be2ca0a6fd877]::panicking::panic_handler::{closure#0}, !>
[INFO] [stdout]    9:     0x652a5628c6cd - __rustc[ea4f61d10b84890b]::rust_begin_unwind
[INFO] [stdout]   10:     0x652a562c7afc - core[a373ad73a504971]::panicking::panic_fmt
[INFO] [stdout]   11:     0x652a562c78d2 - core[a373ad73a504971]::result::unwrap_failed
[INFO] [stdout]   12:     0x652a5614c388 - integration_tests[1de7fc183e8d6ab]::integration_tests::peer_uids::main::{closure#0}
[INFO] [stdout]   13:     0x652a56145f03 - <tokio[e698c7b3f66f0189]::runtime::scheduler::current_thread::Context>::enter::<core[a373ad73a504971]::task::poll::Poll<()>, <tokio[e698c7b3f66f0189]::runtime::scheduler::current_thread::CoreGuard>::block_on<core[a373ad73a504971]::pin::Pin<&mut core[a373ad73a504971]::pin::Pin<&mut dyn core[a373ad73a504971]::future::future::Future<Output = ()>>>>::{closure#0}::{closure#0}>
[INFO] [stdout]   14:     0x652a5613ff5c - <tokio[e698c7b3f66f0189]::runtime::context::scoped::Scoped<tokio[e698c7b3f66f0189]::runtime::scheduler::Context>>::set::<<tokio[e698c7b3f66f0189]::runtime::scheduler::current_thread::CoreGuard>::enter<<tokio[e698c7b3f66f0189]::runtime::scheduler::current_thread::CoreGuard>::block_on<core[a373ad73a504971]::pin::Pin<&mut core[a373ad73a504971]::pin::Pin<&mut dyn core[a373ad73a504971]::future::future::Future<Output = ()>>>>::{closure#0}, core[a373ad73a504971]::option::Option<()>>::{closure#0}, (alloc[2e1b2a31b91974c5]::boxed::Box<tokio[e698c7b3f66f0189]::runtime::scheduler::current_thread::Core>, core[a373ad73a504971]::option::Option<()>)>
[INFO] [stdout]   15:     0x652a56145a1f - <tokio[e698c7b3f66f0189]::runtime::runtime::Runtime>::block_on::<core[a373ad73a504971]::pin::Pin<&mut dyn core[a373ad73a504971]::future::future::Future<Output = ()>>>
[INFO] [stdout]   16:     0x652a5614d47e - <integration_tests[1de7fc183e8d6ab]::integration_tests::peer_uids::main::{closure#0} as core[a373ad73a504971]::ops::function::FnOnce<()>>::call_once
[INFO] [stdout]   17:     0x652a562061db - test[aada8e7e76ba119b]::__rust_begin_short_backtrace::<core[a373ad73a504971]::result::Result<(), alloc[2e1b2a31b91974c5]::string::String>, fn() -> core[a373ad73a504971]::result::Result<(), alloc[2e1b2a31b91974c5]::string::String>>
[INFO] [stdout]   18:     0x652a562133b5 - test[aada8e7e76ba119b]::run_test::{closure#0}
[INFO] [stdout]   19:     0x652a5620cca4 - std[617be2ca0a6fd877]::sys::backtrace::__rust_begin_short_backtrace::<test[aada8e7e76ba119b]::run_test::{closure#1}, ()>
[INFO] [stdout]   20:     0x652a56216442 - <std[617be2ca0a6fd877]::thread::lifecycle::spawn_unchecked<test[aada8e7e76ba119b]::run_test::{closure#1}, ()>::{closure#1} as core[a373ad73a504971]::ops::function::FnOnce<()>>::call_once::{shim:vtable#0}
[INFO] [stdout]   21:     0x652a562afcaf - <std[617be2ca0a6fd877]::sys::thread::unix::Thread>::new::thread_start
[INFO] [stdout]   22:     0x79fd3f034dfa - <unknown>
[INFO] [stdout]   23:     0x79fd3f0c83d4 - clone
[INFO] [stdout]   24:                0x0 - <unknown>
[INFO] [stdout] 
[INFO] [stdout] ---- integration_tests::peer_disconnect::drop_raw_tcp_stream stdout ----
[INFO] [stdout] 
[INFO] [stdout] thread 'integration_tests::peer_disconnect::drop_raw_tcp_stream' (1890) panicked at tests/integration_tests/peer_disconnect.rs:19:10:
[INFO] [stdout] Server failed startup: Io(Os { code: 98, kind: AddrInUse, message: "Address already in use" })
[INFO] [stdout] stack backtrace:
[INFO] [stdout]    0:     0x652a562b0911 - <<std[617be2ca0a6fd877]::sys::backtrace::BacktraceLock>::print::DisplayBacktrace as core[a373ad73a504971]::fmt::Display>::fmt
[INFO] [stdout]    1:     0x652a562c731a - core[a373ad73a504971]::fmt::write
[INFO] [stdout]    2:     0x652a562b55ec - <alloc[2e1b2a31b91974c5]::vec::Vec<u8> as core[a373ad73a504971]::io::write::Write>::write_fmt
[INFO] [stdout]    3:     0x652a5628b826 - std[617be2ca0a6fd877]::panicking::default_hook::{closure#0}
[INFO] [stdout]    4:     0x652a562a8819 - std[617be2ca0a6fd877]::panicking::default_hook
[INFO] [stdout]    5:     0x652a56212d90 - test[aada8e7e76ba119b]::test_main_inner::{closure#0}
[INFO] [stdout]    6:     0x652a562a8b42 - std[617be2ca0a6fd877]::panicking::panic_with_hook
[INFO] [stdout]    7:     0x652a5628b8d2 - std[617be2ca0a6fd877]::panicking::panic_handler::{closure#0}
[INFO] [stdout]    8:     0x652a56284509 - std[617be2ca0a6fd877]::sys::backtrace::__rust_end_short_backtrace::<std[617be2ca0a6fd877]::panicking::panic_handler::{closure#0}, !>
[INFO] [stdout]    9:     0x652a5628c6cd - __rustc[ea4f61d10b84890b]::rust_begin_unwind
[INFO] [stdout]   10:     0x652a562c7afc - core[a373ad73a504971]::panicking::panic_fmt
[INFO] [stdout]   11:     0x652a562c78d2 - core[a373ad73a504971]::result::unwrap_failed
[INFO] [stdout]   12:     0x652a5612f037 - integration_tests[1de7fc183e8d6ab]::integration_tests::peer_disconnect::drop_raw_tcp_stream::{closure#0}
[INFO] [stdout]   13:     0x652a56145f03 - <tokio[e698c7b3f66f0189]::runtime::scheduler::current_thread::Context>::enter::<core[a373ad73a504971]::task::poll::Poll<()>, <tokio[e698c7b3f66f0189]::runtime::scheduler::current_thread::CoreGuard>::block_on<core[a373ad73a504971]::pin::Pin<&mut core[a373ad73a504971]::pin::Pin<&mut dyn core[a373ad73a504971]::future::future::Future<Output = ()>>>>::{closure#0}::{closure#0}>
[INFO] [stdout]   14:     0x652a5613ff5c - <tokio[e698c7b3f66f0189]::runtime::context::scoped::Scoped<tokio[e698c7b3f66f0189]::runtime::scheduler::Context>>::set::<<tokio[e698c7b3f66f0189]::runtime::scheduler::current_thread::CoreGuard>::enter<<tokio[e698c7b3f66f0189]::runtime::scheduler::current_thread::CoreGuard>::block_on<core[a373ad73a504971]::pin::Pin<&mut core[a373ad73a504971]::pin::Pin<&mut dyn core[a373ad73a504971]::future::future::Future<Output = ()>>>>::{closure#0}, core[a373ad73a504971]::option::Option<()>>::{closure#0}, (alloc[2e1b2a31b91974c5]::boxed::Box<tokio[e698c7b3f66f0189]::runtime::scheduler::current_thread::Core>, core[a373ad73a504971]::option::Option<()>)>
[INFO] [stdout]   15:     0x652a56145a1f - <tokio[e698c7b3f66f0189]::runtime::runtime::Runtime>::block_on::<core[a373ad73a504971]::pin::Pin<&mut dyn core[a373ad73a504971]::future::future::Future<Output = ()>>>
[INFO] [stdout]   16:     0x652a561319ae - <integration_tests[1de7fc183e8d6ab]::integration_tests::peer_disconnect::drop_raw_tcp_stream::{closure#0} as core[a373ad73a504971]::ops::function::FnOnce<()>>::call_once
[INFO] [stdout]   17:     0x652a562061db - test[aada8e7e76ba119b]::__rust_begin_short_backtrace::<core[a373ad73a504971]::result::Result<(), alloc[2e1b2a31b91974c5]::string::String>, fn() -> core[a373ad73a504971]::result::Result<(), alloc[2e1b2a31b91974c5]::string::String>>
[INFO] [stdout]   18:     0x652a562133b5 - test[aada8e7e76ba119b]::run_test::{closure#0}
[INFO] [stdout]   19:     0x652a5620cca4 - std[617be2ca0a6fd877]::sys::backtrace::__rust_begin_short_backtrace::<test[aada8e7e76ba119b]::run_test::{closure#1}, ()>
[INFO] [stdout]   20:     0x652a56216442 - <std[617be2ca0a6fd877]::thread::lifecycle::spawn_unchecked<test[aada8e7e76ba119b]::run_test::{closure#1}, ()>::{closure#1} as core[a373ad73a504971]::ops::function::FnOnce<()>>::call_once::{shim:vtable#0}
[INFO] [stdout]   21:     0x652a562afcaf - <std[617be2ca0a6fd877]::sys::thread::unix::Thread>::new::thread_start
[INFO] [stdout]   22:     0x79fd3f034dfa - <unknown>
[INFO] [stdout]   23:     0x79fd3f0c83d4 - clone
[INFO] [stdout]   24:                0x0 - <unknown>
[INFO] [stdout] 
[INFO] [stdout] ---- integration_tests::announce_tcp::announce_tcp stdout ----
[INFO] [stdout] [2026-10-18T12:42:30Z INFO  integration_tests::integration_tests::announce_tcp] Starting server...
[INFO] [stdout] 
[INFO] [stdout] thread 'integration_tests::announce_tcp::announce_tcp' (1885) panicked at tests/integration_tests/announce_tcp.rs:21:10:
[INFO] [stdout] Server failed startup: Io(Os { code: 98, kind: AddrInUse, message: "Address already in use" })
[INFO] [stdout] stack backtrace:
[INFO] [stdout]    0:     0x652a562b0911 - <<std[617be2ca0a6fd877]::sys::backtrace::BacktraceLock>::print::DisplayBacktrace as core[a373ad73a504971]::fmt::Display>::fmt
[INFO] [stdout]    1:     0x652a562c731a - core[a373ad73a504971]::fmt::write
[INFO] [stdout]    2:     0x652a562b55ec - <alloc[2e1b2a31b91974c5]::vec::Vec<u8> as core[a373ad73a504971]::io::write::Write>::write_fmt
[INFO] [stdout]    3:     0x652a5628b826 - std[617be2ca0a6fd877]::panicking::default_hook::{closure#0}
[INFO] [stdout]    4:     0x652a562a8819 - std[617be2ca0a6fd877]::panicking::default_hook
[INFO] [stdout]    5:     0x652a56212d90 - test[aada8e7e76ba119b]::test_main_inner::{closure#0}
[INFO] [stdout]    6:     0x652a562a8b42 - std[617be2ca0a6fd877]::panicking::panic_with_hook
[INFO] [stdout]    7:     0x652a5628b8d2 - std[617be2ca0a6fd877]::panicking::panic_handler::{closure#0}
[INFO] [stdout]    8:     0x652a56284509 - std[617be2ca0a6fd877]::sys::backtrace::__rust_end_short_backtrace::<std[617be2ca0a6fd877]::panicking::panic_handler::{closure#0}, !>
[INFO] [stdout]    9:     0x652a5628c6cd - __rustc[ea4f61d10b84890b]::rust_begin_unwind
[INFO] [stdout]   10:     0x652a562c7afc - core[a373ad73a504971]::panicking::panic_fmt
[INFO] [stdout]   11:     0x652a562c78d2 - core[a373ad73a504971]::result::unwrap_failed
[INFO] [stdout]   12:     0x652a5614b538 - integration_tests[1de7fc183e8d6ab]::integration_tests::announce_tcp::announce_tcp::{closure#0}
[INFO] [stdout]   13:     0x652a56145f03 - <tokio[e698c7b3f66f0189]::runtime::scheduler::current_thread::Context>::enter::<core[a373ad73a504971]::task::poll::Poll<()>, <tokio[e698c7b3f66f0189]::runtime::scheduler::current_thread::CoreGuard>::block_on<core[a373ad73a504971]::pin::Pin<&mut core[a373ad73a504971]::pin::Pin<&mut dyn core[a373ad73a504971]::future::future::Future<Output = ()>>>>::{closure#0}::{closure#0}>
[INFO] [stdout]   14:     0x652a5613ff5c - <tokio[e698c7b3f66f0189]::runtime::context::scoped::Scoped<tokio[e698c7b3f66f0189]::runtime::scheduler::Context>>::set::<<tokio[e698c7b3f66f0189]::runtime::scheduler::current_thread::CoreGuard>::enter<<tokio[e698c7b3f66f0189]::runtime::scheduler::current_thread::CoreGuard>::block_on<core[a373ad73a504971]::pin::Pin<&mut core[a373ad73a504971]::pin::Pin<&mut dyn core[a373ad73a504971]::future::future::Future<Output = ()>>>>::{closure#0}, core[a373ad73a504971]::option::Option<()>>::{closure#0}, (alloc[2e1b2a31b91974c5]::boxed::Box<tokio[e698c7b3f66f0189]::runtime::scheduler::current_thread::Core>, core[a373ad73a504971]::option::Option<()>)>
[INFO] [stdout]   15:     0x652a56145a1f - <tokio[e698c7b3f66f0189]::runtime::runtime::Runtime>::block_on::<core[a373ad73a504971]::pin::Pin<&mut dyn core[a373ad73a504971]::future::future::Future<Output = ()>>>
[INFO] [stdout]   16:     0x652a5614d31e - <integration_tests[1de7fc183e8d6ab]::integration_tests::announce_tcp::announce_tcp::{closure#0} as core[a373ad73a504971]::ops::function::FnOnce<()>>::call_once
[INFO] [stdout]   17:     0x652a562061db - test[aada8e7e76ba119b]::__rust_begin_short_backtrace::<core[a373ad73a504971]::result::Result<(), alloc[2e1b2a31b91974c5]::string::String>, fn() -> core[a373ad73a504971]::result::Result<(), alloc[2e1b2a31b91974c5]::string::String>>
[INFO] [stdout]   18:     0x652a562133b5 - test[aada8e7e76ba119b]::run_test::{closure#0}
[INFO] [stdout]   19:     0x652a5620cca4 - std[617be2ca0a6fd877]::sys::backtrace::__rust_begin_short_backtrace::<test[aada8e7e76ba119b]::run_test::{closure#1}, ()>
[INFO] [stdout]   20:     0x652a56216442 - <std[617be2ca0a6fd877]::thread::lifecycle::spawn_unchecked<test[aada8e7e76ba119b]::run_test::{closure#1}, ()>::{closure#1} as core[a373ad73a504971]::ops::function::FnOnce<()>>::call_once::{shim:vtable#0}
[INFO] [stdout]   21:     0x652a562afcaf - <std[617be2ca0a6fd877]::sys::thread::unix::Thread>::new::thread_start
[INFO] [stdout]   22:     0x79fd3f034dfa - <unknown>
[INFO] [stdout]   23:     0x79fd3f0c83d4 - clone
[INFO] [stdout]   24:                0x0 - <unknown>
[INFO] [stdout] 
[INFO] [stdout] 
[INFO] [stdout] failures:
[INFO] [stdout]     integration_tests::announce_tcp::announce_tcp
[INFO] [stdout]     integration_tests::max_connections::max_connections
[INFO] [stdout]     integration_tests::message_types::message_types
[INFO] [stdout]     integration_tests::peer_disconnect::drop_events_stream
[INFO] [stdout]     integration_tests::peer_disconnect::drop_raw_tcp_stream
[INFO] [stdout]     integration_tests::peer_uids::main
[INFO] [stdout]     integration_tests::tcp_garbage::main
[INFO] [stdout]     integration_tests::udp_garbage::udp_garbage
[INFO] [stdout]     integration_tests::udp_heartbeat::udp_heartbeat
[INFO] [stdout] 
[INFO] [stdout] test result: FAILED. 1 passed; 9 failed; 0 ignored; 0 measured; 0 filtered out; finished in 0.01s
[INFO] [stdout] 
[INFO] running `Command { std: "docker" "inspect" "08f337e42aed60d454e168420d79ab639d9a78939277f39c9bdf7cd06e3a3716", kill_on_drop: false }`
[INFO] running `Command { std: "docker" "rm" "-f" "08f337e42aed60d454e168420d79ab639d9a78939277f39c9bdf7cd06e3a3716", kill_on_drop: false }`
[INFO] [stdout] 08f337e42aed60d454e168420d79ab639d9a78939277f39c9bdf7cd06e3a3716
