[INFO] fetching crate net-file 0.1.3...
[INFO] testing net-file-0.1.3 against 1.100.0-beta.1+cargoflags=--release for beta-release-1.100-2
[INFO] extracting crate net-file 0.1.3 into /workspace/builds/worker-7-tc2/source
[INFO] started tweaking crates.io crate net-file 0.1.3
[INFO] finished tweaking crates.io crate net-file 0.1.3
[INFO] tweaked toml for crates.io crate net-file 0.1.3 written to /workspace/builds/worker-7-tc2/source/Cargo.toml
[INFO] validating manifest of crates.io crate net-file 0.1.3 on toolchain 1.100.0-beta.1
[INFO] running `Command { std: CARGO_HOME="/workspace/cargo-home" RUSTUP_HOME="/workspace/rustup-home" "/workspace/cargo-home/bin/cargo" "+1.100.0-beta.1" "metadata" "--manifest-path" "Cargo.toml" "--no-deps", kill_on_drop: false }`
[INFO] running `Command { std: CARGO_HOME="/workspace/cargo-home" RUSTUP_HOME="/workspace/rustup-home" "/workspace/cargo-home/bin/cargo" "+1.100.0-beta.1" "generate-lockfile" "--manifest-path" "Cargo.toml", kill_on_drop: false }`
[INFO] [stderr]     Blocking waiting for file lock on package cache
[INFO] [stderr]     Updating crates.io index
[INFO] [stderr]     Blocking waiting for file lock on package cache
[INFO] [stderr]      Locking 85 packages to highest compatible versions
[INFO] [stderr]       Adding bincode v1.3.3 (available: v3.0.0)
[INFO] [stderr]       Adding jsonpath-rust v0.5.1 (available: v1.0.12)
[INFO] [stderr]       Adding pcap v1.3.0 (available: v2.5.0)
[INFO] [stderr]       Adding psm v0.1.24 (available: v0.1.32)
[INFO] [stderr]       Adding subprocess v0.2.15 (available: v1.2.1)
[INFO] running `Command { std: CARGO_HOME="/workspace/cargo-home" RUSTUP_HOME="/workspace/rustup-home" "/workspace/cargo-home/bin/cargo" "+1.100.0-beta.1" "fetch" "--manifest-path" "Cargo.toml", kill_on_drop: false }`
[INFO] running `Command { std: "docker" "create" "-v" "/var/lib/crater-agent-workspace/builds/worker-7-tc2/source:/opt/rustwide/workdir:ro,Z" "-v" "/var/lib/crater-agent-workspace/builds/worker-7-tc2/target:/opt/rustwide/target:rw,Z" "-v" "/var/lib/crater-agent-workspace/cargo-home:/opt/rustwide/cargo-home:ro,Z" "-v" "/var/lib/crater-agent-workspace/rustup-home:/opt/rustwide/rustup-home:ro,Z" "-m" "1610612736" "--network" "none" "ghcr.io/rust-lang/crates-build-env/linux@sha256:77db811e55d90add9212f6832c23229e3de5f1c1f9905e8cb07319ea15df73ac" "sleep" "infinity", kill_on_drop: false }`
[INFO] [stdout] d2921fa44abda4f94e9199ddae678e3206af74885f1e04c0d48e98a0daf423b6
[INFO] running `Command { std: "docker" "start" "d2921fa44abda4f94e9199ddae678e3206af74885f1e04c0d48e98a0daf423b6", kill_on_drop: false }`
[INFO] running `Command { std: "docker" "inspect" "d2921fa44abda4f94e9199ddae678e3206af74885f1e04c0d48e98a0daf423b6", kill_on_drop: false }`
[INFO] running `Command { std: "docker" "exec" "-e" "SOURCE_DIR=/opt/rustwide/workdir" "-e" "CARGO_HOME=/opt/rustwide/cargo-home" "-e" "RUSTUP_HOME=/opt/rustwide/rustup-home" "-e" "CARGO_TARGET_DIR=/opt/rustwide/target" "-w" "/opt/rustwide/workdir" "--user" "0:0" "d2921fa44abda4f94e9199ddae678e3206af74885f1e04c0d48e98a0daf423b6" "/opt/rustwide/cargo-home/bin/cargo" "+1.100.0-beta.1" "metadata" "--no-deps" "--format-version=1", kill_on_drop: false }`
[INFO] running `Command { std: "docker" "inspect" "d2921fa44abda4f94e9199ddae678e3206af74885f1e04c0d48e98a0daf423b6", kill_on_drop: false }`
[INFO] running `Command { std: "docker" "exec" "-e" "SOURCE_DIR=/opt/rustwide/workdir" "-e" "CARGO_HOME=/opt/rustwide/cargo-home" "-e" "RUSTUP_HOME=/opt/rustwide/rustup-home" "-e" "CARGO_TARGET_DIR=/opt/rustwide/target" "-e" "CARGO_INCREMENTAL=0" "-e" "RUST_BACKTRACE=full" "-e" "RUSTFLAGS=--cap-lints=warn" "-e" "RUSTDOCFLAGS=--cap-lints=warn" "-w" "/opt/rustwide/workdir" "--user" "0:0" "d2921fa44abda4f94e9199ddae678e3206af74885f1e04c0d48e98a0daf423b6" "/opt/rustwide/cargo-home/bin/cargo" "+1.100.0-beta.1" "build" "--frozen" "--message-format=json" "--release", kill_on_drop: false }`
[INFO] [stderr]    Compiling libloading v0.6.7
[INFO] [stderr]    Compiling serde_json v1.0.154
[INFO] [stderr]    Compiling indexmap v2.14.2
[INFO] [stderr]    Compiling psm v0.1.24
[INFO] [stderr]    Compiling regex v1.13.1
[INFO] [stderr]    Compiling stacker v0.1.25
[INFO] [stderr]    Compiling serde v1.0.229
[INFO] [stderr]    Compiling errno v0.2.8
[INFO] [stderr]    Compiling subprocess v0.2.15
[INFO] [stderr]    Compiling chrono v0.4.45
[INFO] [stderr]    Compiling unescape v0.1.0
[INFO] [stderr]    Compiling thiserror v1.0.69
[INFO] [stderr]    Compiling pest_meta v2.9.4
[INFO] [stderr]    Compiling pest v2.9.4
[INFO] [stderr]    Compiling pcap v1.3.0
[INFO] [stderr]    Compiling bincode v1.3.3
[INFO] [stderr]    Compiling pest_generator v2.9.4
[INFO] [stderr]    Compiling pest_derive v2.9.4
[INFO] [stderr]    Compiling jsonpath-rust v0.5.1
[INFO] [stderr]    Compiling net-file v0.1.3 (/opt/rustwide/workdir)
[INFO] [stderr] warning: unused dependency `log`
[INFO] [stderr]   --> Cargo.toml:10:15
[INFO] [stderr]    |
[INFO] [stderr] 10 | [dependencies.log]
[INFO] [stderr]    |               ^^^^
[INFO] [stderr]    |
[INFO] [stderr]    = note: `cargo::unused_dependencies` is set to `warn` by default
[INFO] [stderr] help: consider removing the dependency on `log`
[INFO] [stderr] warning: `net-file` (manifest) generated 1 warning
[INFO] [stderr]     Finished `release` profile [optimized] target(s) in 7.71s
[INFO] running `Command { std: "docker" "inspect" "d2921fa44abda4f94e9199ddae678e3206af74885f1e04c0d48e98a0daf423b6", kill_on_drop: false }`
[INFO] running `Command { std: "docker" "exec" "-e" "SOURCE_DIR=/opt/rustwide/workdir" "-e" "CARGO_HOME=/opt/rustwide/cargo-home" "-e" "RUSTUP_HOME=/opt/rustwide/rustup-home" "-e" "CARGO_TARGET_DIR=/opt/rustwide/target" "-e" "CARGO_INCREMENTAL=0" "-e" "RUST_BACKTRACE=full" "-e" "RUSTFLAGS=--cap-lints=warn" "-e" "RUSTDOCFLAGS=--cap-lints=warn" "-w" "/opt/rustwide/workdir" "--user" "0:0" "d2921fa44abda4f94e9199ddae678e3206af74885f1e04c0d48e98a0daf423b6" "/opt/rustwide/cargo-home/bin/cargo" "+1.100.0-beta.1" "test" "--frozen" "--no-run" "--message-format=json" "--release", kill_on_drop: false }`
[INFO] [stderr]    Compiling net-file v0.1.3 (/opt/rustwide/workdir)
[INFO] [stderr] warning: unused dependency `log`
[INFO] [stderr]   --> Cargo.toml:10:15
[INFO] [stderr]    |
[INFO] [stderr] 10 | [dependencies.log]
[INFO] [stderr]    |               ^^^^
[INFO] [stderr]    |
[INFO] [stderr]    = note: `cargo::unused_dependencies` is set to `warn` by default
[INFO] [stderr] help: consider removing the dependency on `log`
[INFO] [stderr] warning: `net-file` (manifest) generated 1 warning
[INFO] [stderr]     Finished `release` profile [optimized] target(s) in 1.09s
[INFO] running `Command { std: "docker" "inspect" "d2921fa44abda4f94e9199ddae678e3206af74885f1e04c0d48e98a0daf423b6", kill_on_drop: false }`
[INFO] running `Command { std: "docker" "exec" "-e" "SOURCE_DIR=/opt/rustwide/workdir" "-e" "CARGO_HOME=/opt/rustwide/cargo-home" "-e" "RUSTUP_HOME=/opt/rustwide/rustup-home" "-e" "CARGO_TARGET_DIR=/opt/rustwide/target" "-e" "CARGO_INCREMENTAL=0" "-e" "RUST_BACKTRACE=full" "-e" "RUSTFLAGS=--cap-lints=warn" "-e" "RUSTDOCFLAGS=--cap-lints=warn" "-w" "/opt/rustwide/workdir" "--user" "0:0" "d2921fa44abda4f94e9199ddae678e3206af74885f1e04c0d48e98a0daf423b6" "/opt/rustwide/cargo-home/bin/cargo" "+1.100.0-beta.1" "test" "--frozen" "--release", kill_on_drop: false }`
[INFO] [stderr] warning: unused dependency `log`
[INFO] [stderr]   --> Cargo.toml:10:15
[INFO] [stderr]    |
[INFO] [stderr] 10 | [dependencies.log]
[INFO] [stderr]    |               ^^^^
[INFO] [stderr]    |
[INFO] [stderr]    = note: `cargo::unused_dependencies` is set to `warn` by default
[INFO] [stderr] help: consider removing the dependency on `log`
[INFO] [stderr] warning: `net-file` (manifest) generated 1 warning
[INFO] [stderr]     Finished `release` profile [optimized] target(s) in 0.07s
[INFO] [stderr]      Running unittests src/lib.rs (/opt/rustwide/target/release/build/net-file/a6583dd5f4f3e9b5/out/net_file-a6583dd5f4f3e9b5)
[INFO] [stdout] 
[INFO] [stdout] running 27 tests
[INFO] [stdout] test jsons::json_parser::tests::expected_get_utc_timestamp_nanos ... ok
[INFO] [stdout] test jsons::json_parser::tests::expected_get_utc_timestamp_millis ... ok
[INFO] [stdout] test jsons::json_pcap_parser::tests::expected_extract_src_address_from_l3 ... ok
[INFO] [stdout] test file::files::tests::expected_read_file_string ... ok
[INFO] [stdout] test jsons::json_parser::tests::expected_get_utc_timestamp_nanos_2 ... ok
[INFO] [stdout] test jsons::json_parser::tests::panic_if_value_not_found - should panic ... ok
[INFO] [stdout] test jsons::json_parser::tests::support_only_one_packet_in_file - should panic ... ok
[INFO] [stdout] test jsons::json_parser::tests::expected_extract_frame_time ... ok
[INFO] [stdout] test file::files::tests::expected_read_file_as_binary ... ok
[INFO] [stdout] test jsons::json_parser::tests::expected_extract_layer ... ok
[INFO] [stdout] test jsons::json_pcap_parser::tests::expected_filter_source_layer_pretty ... ok
[INFO] [stdout] test jsons::json_pcap_parser::tests::expected_layered_json_into_layers ... ok
[INFO] [stdout] test jsons::json_parser::tests::expected_convert_frame_time_to_date_time ... ok
[INFO] [stdout] test jsons::json_parser::tests::expected_extract_layer_pretty ... ok
[INFO] [stdout] test jsons::json_pcap_parser::tests::expected_filter_source_layer ... ok
[INFO] [stdout] test jsons::json_pcap_parser::tests::expected_extract_utc_timestamp_millis ... ok
[INFO] [stdout] test jsons::json_pcap_parser::tests::expected_extract_utc_timestamp_nanos_2 ... ok
[INFO] [stdout] test jsons::json_pcap_parser::tests::expected_extract_utc_timestamp_nanos ... ok
[INFO] [stdout] test jsons::json_pcap_parser::tests::expected_none_when_path_invalid ... ok
[INFO] [stdout] test translator::packet::tests::expected_encode_file ... ok
[INFO] [stdout] test jsons::json_parser::tests::panic_if_unknown_path - should panic ... ok
[INFO] [stdout] test jsons::json_parser::tests::expected_extract_layer_and_return_vec ... ok
[INFO] [stdout] test translator::global_header::tests::expected_create_global_header ... ok
[INFO] [stdout] test translator::pcap_translator::tests::expected_translate_arp_packet ... FAILED
[INFO] [stdout] test jsons::json_pcap_parser::tests::expected_extract_dst_address_from_l3 ... ok
[INFO] [stdout] test jsons::json_pcap_parser::tests::expected_extract_frame_time ... ok
[INFO] [stdout] test translator::pcap_translator::tests::expected_translate_dhcp_packet ... FAILED
[INFO] [stdout] 
[INFO] [stdout] failures:
[INFO] [stdout] 
[INFO] [stdout] ---- translator::pcap_translator::tests::expected_translate_arp_packet stdout ----
[INFO] [stdout] 
[INFO] [stdout] thread 'translator::pcap_translator::tests::expected_translate_arp_packet' (533) panicked at src/translator/pcap_translator.rs:38:13:
[INFO] [stdout] An application tshark is not installed
[INFO] [stdout] stack backtrace:
[INFO] [stdout]    0:     0x5ba5fbc64021 - <<std[617be2ca0a6fd877]::sys::backtrace::BacktraceLock>::print::DisplayBacktrace as core[a373ad73a504971]::fmt::Display>::fmt
[INFO] [stdout]    1:     0x5ba5fbc79f8a - core[a373ad73a504971]::fmt::write
[INFO] [stdout]    2:     0x5ba5fbc682cc - <alloc[2e1b2a31b91974c5]::vec::Vec<u8> as core[a373ad73a504971]::io::write::Write>::write_fmt
[INFO] [stdout]    3:     0x5ba5fbc40226 - std[617be2ca0a6fd877]::panicking::default_hook::{closure#0}
[INFO] [stdout]    4:     0x5ba5fbc5c509 - std[617be2ca0a6fd877]::panicking::default_hook
[INFO] [stdout]    5:     0x5ba5fbad5c20 - test[aada8e7e76ba119b]::test_main_inner::{closure#0}
[INFO] [stdout]    6:     0x5ba5fbc5c6c2 - std[617be2ca0a6fd877]::panicking::panic_with_hook
[INFO] [stdout]    7:     0x5ba5fbc402d2 - std[617be2ca0a6fd877]::panicking::panic_handler::{closure#0}
[INFO] [stdout]    8:     0x5ba5fbc38f59 - std[617be2ca0a6fd877]::sys::backtrace::__rust_end_short_backtrace::<std[617be2ca0a6fd877]::panicking::panic_handler::{closure#0}, !>
[INFO] [stdout]    9:     0x5ba5fbc40edd - __rustc[ea4f61d10b84890b]::rust_begin_unwind
[INFO] [stdout]   10:     0x5ba5fbc7a76c - core[a373ad73a504971]::panicking::panic_fmt
[INFO] [stdout]   11:     0x5ba5fbac7569 - <net_file[e8004f05de0ad77b]::translator::pcap_translator::PcapTranslator as net_file[e8004f05de0ad77b]::translator::translator::Translator>::translate
[INFO] [stdout]   12:     0x5ba5fbac0b5a - <net_file[e8004f05de0ad77b]::translator::pcap_translator::tests::expected_translate_arp_packet::{closure#0} as core[a373ad73a504971]::ops::function::FnOnce<()>>::call_once
[INFO] [stdout]   13:     0x5ba5fbac906b - test[aada8e7e76ba119b]::__rust_begin_short_backtrace::<core[a373ad73a504971]::result::Result<(), alloc[2e1b2a31b91974c5]::string::String>, fn() -> core[a373ad73a504971]::result::Result<(), alloc[2e1b2a31b91974c5]::string::String>>
[INFO] [stdout]   14:     0x5ba5fbad6245 - test[aada8e7e76ba119b]::run_test::{closure#0}
[INFO] [stdout]   15:     0x5ba5fbacfb34 - std[617be2ca0a6fd877]::sys::backtrace::__rust_begin_short_backtrace::<test[aada8e7e76ba119b]::run_test::{closure#1}, ()>
[INFO] [stderr] error: test failed, to rerun pass `--lib`
[INFO] [stdout]   16:     0x5ba5fbad92d2 - <std[617be2ca0a6fd877]::thread::lifecycle::spawn_unchecked<test[aada8e7e76ba119b]::run_test::{closure#1}, ()>::{closure#1} as core[a373ad73a504971]::ops::function::FnOnce<()>>::call_once::{shim:vtable#0}
[INFO] [stdout]   17:     0x5ba5fbc6387f - <std[617be2ca0a6fd877]::sys::thread::unix::Thread>::new::thread_start
[INFO] [stdout]   18:     0x7ab34c200dfa - <unknown>
[INFO] [stdout]   19:     0x7ab34c2943d4 - clone
[INFO] [stdout]   20:                0x0 - <unknown>
[INFO] [stdout] 
[INFO] [stdout] ---- translator::pcap_translator::tests::expected_translate_dhcp_packet stdout ----
[INFO] [stdout] 
[INFO] [stdout] thread 'translator::pcap_translator::tests::expected_translate_dhcp_packet' (535) panicked at src/translator/pcap_translator.rs:38:13:
[INFO] [stdout] An application tshark is not installed
[INFO] [stdout] stack backtrace:
[INFO] [stdout]    0:     0x5ba5fbc64021 - <<std[617be2ca0a6fd877]::sys::backtrace::BacktraceLock>::print::DisplayBacktrace as core[a373ad73a504971]::fmt::Display>::fmt
[INFO] [stdout]    1:     0x5ba5fbc79f8a - core[a373ad73a504971]::fmt::write
[INFO] [stdout]    2:     0x5ba5fbc682cc - <alloc[2e1b2a31b91974c5]::vec::Vec<u8> as core[a373ad73a504971]::io::write::Write>::write_fmt
[INFO] [stdout]    3:     0x5ba5fbc40226 - std[617be2ca0a6fd877]::panicking::default_hook::{closure#0}
[INFO] [stdout]    4:     0x5ba5fbc5c509 - std[617be2ca0a6fd877]::panicking::default_hook
[INFO] [stdout]    5:     0x5ba5fbad5c20 - test[aada8e7e76ba119b]::test_main_inner::{closure#0}
[INFO] [stdout]    6:     0x5ba5fbc5c6c2 - std[617be2ca0a6fd877]::panicking::panic_with_hook
[INFO] [stdout]    7:     0x5ba5fbc402d2 - std[617be2ca0a6fd877]::panicking::panic_handler::{closure#0}
[INFO] [stdout]    8:     0x5ba5fbc38f59 - std[617be2ca0a6fd877]::sys::backtrace::__rust_end_short_backtrace::<std[617be2ca0a6fd877]::panicking::panic_handler::{closure#0}, !>
[INFO] [stdout]    9:     0x5ba5fbc40edd - __rustc[ea4f61d10b84890b]::rust_begin_unwind
[INFO] [stdout]   10:     0x5ba5fbc7a76c - core[a373ad73a504971]::panicking::panic_fmt
[INFO] [stdout]   11:     0x5ba5fbac7569 - <net_file[e8004f05de0ad77b]::translator::pcap_translator::PcapTranslator as net_file[e8004f05de0ad77b]::translator::translator::Translator>::translate
[INFO] [stdout]   12:     0x5ba5fbac0d40 - <net_file[e8004f05de0ad77b]::translator::pcap_translator::tests::expected_translate_dhcp_packet::{closure#0} as core[a373ad73a504971]::ops::function::FnOnce<()>>::call_once
[INFO] [stdout]   13:     0x5ba5fbac906b - test[aada8e7e76ba119b]::__rust_begin_short_backtrace::<core[a373ad73a504971]::result::Result<(), alloc[2e1b2a31b91974c5]::string::String>, fn() -> core[a373ad73a504971]::result::Result<(), alloc[2e1b2a31b91974c5]::string::String>>
[INFO] [stdout]   14:     0x5ba5fbad6245 - test[aada8e7e76ba119b]::run_test::{closure#0}
[INFO] [stdout]   15:     0x5ba5fbacfb34 - std[617be2ca0a6fd877]::sys::backtrace::__rust_begin_short_backtrace::<test[aada8e7e76ba119b]::run_test::{closure#1}, ()>
[INFO] [stdout]   16:     0x5ba5fbad92d2 - <std[617be2ca0a6fd877]::thread::lifecycle::spawn_unchecked<test[aada8e7e76ba119b]::run_test::{closure#1}, ()>::{closure#1} as core[a373ad73a504971]::ops::function::FnOnce<()>>::call_once::{shim:vtable#0}
[INFO] [stdout]   17:     0x5ba5fbc6387f - <std[617be2ca0a6fd877]::sys::thread::unix::Thread>::new::thread_start
[INFO] [stdout]   18:     0x7ab34c200dfa - <unknown>
[INFO] [stdout]   19:     0x7ab34c2943d4 - clone
[INFO] [stdout]   20:                0x0 - <unknown>
[INFO] [stdout] 
[INFO] [stdout] 
[INFO] [stdout] failures:
[INFO] [stdout]     translator::pcap_translator::tests::expected_translate_arp_packet
[INFO] [stdout]     translator::pcap_translator::tests::expected_translate_dhcp_packet
[INFO] [stdout] 
[INFO] [stdout] test result: FAILED. 25 passed; 2 failed; 0 ignored; 0 measured; 0 filtered out; finished in 0.02s
[INFO] [stdout] 
[INFO] running `Command { std: "docker" "inspect" "d2921fa44abda4f94e9199ddae678e3206af74885f1e04c0d48e98a0daf423b6", kill_on_drop: false }`
[INFO] running `Command { std: "docker" "rm" "-f" "d2921fa44abda4f94e9199ddae678e3206af74885f1e04c0d48e98a0daf423b6", kill_on_drop: false }`
[INFO] [stdout] d2921fa44abda4f94e9199ddae678e3206af74885f1e04c0d48e98a0daf423b6
