[INFO] fetching crate nestle_core 0.1.0...
[INFO] testing nestle_core-0.1.0 against 1.99.0-beta.8+cargoflags=--release for beta-release-1.100-2
[INFO] extracting crate nestle_core 0.1.0 into /workspace/builds/worker-3-tc1/source
[INFO] started tweaking crates.io crate nestle_core 0.1.0
[INFO] finished tweaking crates.io crate nestle_core 0.1.0
[INFO] tweaked toml for crates.io crate nestle_core 0.1.0 written to /workspace/builds/worker-3-tc1/source/Cargo.toml
[INFO] validating manifest of crates.io crate nestle_core 0.1.0 on toolchain 1.99.0-beta.8
[INFO] running `Command { std: CARGO_HOME="/workspace/cargo-home" RUSTUP_HOME="/workspace/rustup-home" "/workspace/cargo-home/bin/cargo" "+1.99.0-beta.8" "metadata" "--manifest-path" "Cargo.toml" "--no-deps", kill_on_drop: false }`
[INFO] running `Command { std: CARGO_HOME="/workspace/cargo-home" RUSTUP_HOME="/workspace/rustup-home" "/workspace/cargo-home/bin/cargo" "+1.99.0-beta.8" "generate-lockfile" "--manifest-path" "Cargo.toml", kill_on_drop: false }`
[INFO] [stderr]     Updating crates.io index
[INFO] [stderr]      Locking 35 packages to highest compatible versions
[INFO] [stderr]       Adding syn v2.0.119 (available: v3.0.9)
[INFO] [stderr]       Adding thiserror v1.0.69 (available: v2.0.21)
[INFO] running `Command { std: CARGO_HOME="/workspace/cargo-home" RUSTUP_HOME="/workspace/rustup-home" "/workspace/cargo-home/bin/cargo" "+1.99.0-beta.8" "fetch" "--manifest-path" "Cargo.toml", kill_on_drop: false }`
[INFO] [stderr]     Blocking waiting for file lock on package cache
[INFO] [stderr]     Blocking waiting for file lock on package cache
[INFO] [stderr]  Downloading crates ...
[INFO] [stderr]   Downloaded insta v1.49.0
[INFO] [stderr]   Downloaded colored-diff v0.2.3
[INFO] running `Command { std: "docker" "create" "-v" "/var/lib/crater-agent-workspace/builds/worker-3-tc1/source:/opt/rustwide/workdir:ro,Z" "-v" "/var/lib/crater-agent-workspace/builds/worker-3-tc1/target:/opt/rustwide/target:rw,Z" "-v" "/var/lib/crater-agent-workspace/cargo-home:/opt/rustwide/cargo-home:ro,Z" "-v" "/var/lib/crater-agent-workspace/rustup-home:/opt/rustwide/rustup-home:ro,Z" "-m" "1610612736" "--network" "none" "ghcr.io/rust-lang/crates-build-env/linux@sha256:77db811e55d90add9212f6832c23229e3de5f1c1f9905e8cb07319ea15df73ac" "sleep" "infinity", kill_on_drop: false }`
[INFO] [stdout] ff50e3f02dcd9cbe18a325ee23d95db211660b68918ce96294b9ff60b516ce62
[INFO] running `Command { std: "docker" "start" "ff50e3f02dcd9cbe18a325ee23d95db211660b68918ce96294b9ff60b516ce62", kill_on_drop: false }`
[INFO] running `Command { std: "docker" "inspect" "ff50e3f02dcd9cbe18a325ee23d95db211660b68918ce96294b9ff60b516ce62", kill_on_drop: false }`
[INFO] running `Command { std: "docker" "exec" "-e" "SOURCE_DIR=/opt/rustwide/workdir" "-e" "CARGO_HOME=/opt/rustwide/cargo-home" "-e" "RUSTUP_HOME=/opt/rustwide/rustup-home" "-e" "CARGO_TARGET_DIR=/opt/rustwide/target" "-w" "/opt/rustwide/workdir" "--user" "0:0" "ff50e3f02dcd9cbe18a325ee23d95db211660b68918ce96294b9ff60b516ce62" "/opt/rustwide/cargo-home/bin/cargo" "+1.99.0-beta.8" "metadata" "--no-deps" "--format-version=1", kill_on_drop: false }`
[INFO] running `Command { std: "docker" "inspect" "ff50e3f02dcd9cbe18a325ee23d95db211660b68918ce96294b9ff60b516ce62", kill_on_drop: false }`
[INFO] running `Command { std: "docker" "exec" "-e" "SOURCE_DIR=/opt/rustwide/workdir" "-e" "CARGO_HOME=/opt/rustwide/cargo-home" "-e" "RUSTUP_HOME=/opt/rustwide/rustup-home" "-e" "CARGO_TARGET_DIR=/opt/rustwide/target" "-e" "CARGO_INCREMENTAL=0" "-e" "RUST_BACKTRACE=full" "-e" "RUSTFLAGS=--cap-lints=warn" "-e" "RUSTDOCFLAGS=--cap-lints=warn" "-w" "/opt/rustwide/workdir" "--user" "0:0" "ff50e3f02dcd9cbe18a325ee23d95db211660b68918ce96294b9ff60b516ce62" "/opt/rustwide/cargo-home/bin/cargo" "+1.99.0-beta.8" "build" "--frozen" "--message-format=json" "--release", kill_on_drop: false }`
[INFO] [stderr]    Compiling proc-macro2 v1.0.107
[INFO] [stderr]    Compiling quote v1.0.47
[INFO] [stderr]    Compiling syn v1.0.109
[INFO] [stderr]    Compiling syn v2.0.119
[INFO] [stderr]    Compiling proc-macro-error v1.0.4
[INFO] [stderr]    Compiling proc-macro-error-attr v1.0.4
[INFO] [stderr]    Compiling thiserror-impl v1.0.69
[INFO] [stderr]    Compiling thiserror v1.0.69
[INFO] [stderr]    Compiling nestle_core v0.1.0 (/opt/rustwide/workdir)
[INFO] [stdout] warning: field `1` is never read
[INFO] [stdout]   --> src/macros/attrs.rs:23:17
[INFO] [stdout]    |
[INFO] [stdout] 23 |     Width(Span, token::Eq, LitInt),
[INFO] [stdout]    |     -----       ^^^^^^^^^
[INFO] [stdout]    |     |
[INFO] [stdout]    |     field in this variant
[INFO] [stdout]    |
[INFO] [stdout]    = note: `#[warn(dead_code)]` (part of `#[warn(unused)]`) on by default
[INFO] [stdout] help: consider changing the field to be of unit type to suppress this warning while preserving the field numbering, or remove the field
[INFO] [stdout]    |
[INFO] [stdout] 23 -     Width(Span, token::Eq, LitInt),
[INFO] [stdout] 23 +     Width(Span, (), LitInt),
[INFO] [stdout]    |
[INFO] [stdout] 
[INFO] [stdout] 
[INFO] [stderr]     Finished `release` profile [optimized] target(s) in 32.98s
[INFO] running `Command { std: "docker" "inspect" "ff50e3f02dcd9cbe18a325ee23d95db211660b68918ce96294b9ff60b516ce62", kill_on_drop: false }`
[INFO] running `Command { std: "docker" "exec" "-e" "SOURCE_DIR=/opt/rustwide/workdir" "-e" "CARGO_HOME=/opt/rustwide/cargo-home" "-e" "RUSTUP_HOME=/opt/rustwide/rustup-home" "-e" "CARGO_TARGET_DIR=/opt/rustwide/target" "-e" "CARGO_INCREMENTAL=0" "-e" "RUST_BACKTRACE=full" "-e" "RUSTFLAGS=--cap-lints=warn" "-e" "RUSTDOCFLAGS=--cap-lints=warn" "-w" "/opt/rustwide/workdir" "--user" "0:0" "ff50e3f02dcd9cbe18a325ee23d95db211660b68918ce96294b9ff60b516ce62" "/opt/rustwide/cargo-home/bin/cargo" "+1.99.0-beta.8" "test" "--frozen" "--no-run" "--message-format=json" "--release", kill_on_drop: false }`
[INFO] [stderr]    Compiling getrandom v0.4.3
[INFO] [stderr]    Compiling either v1.19.0
[INFO] [stderr]    Compiling console v0.16.6
[INFO] [stderr]    Compiling dissimilar v1.0.11
[INFO] [stdout] warning: field `1` is never read
[INFO] [stdout]   --> src/macros/attrs.rs:23:17
[INFO] [stdout]    |
[INFO] [stdout] 23 |     Width(Span, token::Eq, LitInt),
[INFO] [stdout]    |     -----       ^^^^^^^^^
[INFO] [stdout]    |     |
[INFO] [stdout]    |     field in this variant
[INFO] [stdout]    |
[INFO] [stdout]    = note: `#[warn(dead_code)]` (part of `#[warn(unused)]`) on by default
[INFO] [stdout] help: consider changing the field to be of unit type to suppress this warning while preserving the field numbering, or remove the field
[INFO] [stdout]    |
[INFO] [stdout] 23 -     Width(Span, token::Eq, LitInt),
[INFO] [stdout] 23 +     Width(Span, (), LitInt),
[INFO] [stdout]    |
[INFO] [stdout] 
[INFO] [stdout] 
[INFO] [stderr]    Compiling ansi_term v0.12.1
[INFO] [stderr]    Compiling similar v2.7.0
[INFO] [stderr]    Compiling tempfile v3.27.0
[INFO] [stderr]    Compiling itertools v0.10.5
[INFO] [stderr]    Compiling insta v1.49.0
[INFO] [stderr]    Compiling colored-diff v0.2.3
[INFO] [stderr]    Compiling nestle_core v0.1.0 (/opt/rustwide/workdir)
[INFO] [stdout] warning: field `1` is never read
[INFO] [stdout]   --> src/macros/attrs.rs:23:17
[INFO] [stdout]    |
[INFO] [stdout] 23 |     Width(Span, token::Eq, LitInt),
[INFO] [stdout]    |     -----       ^^^^^^^^^
[INFO] [stdout]    |     |
[INFO] [stdout]    |     field in this variant
[INFO] [stdout]    |
[INFO] [stdout]    = note: `#[warn(dead_code)]` (part of `#[warn(unused)]`) on by default
[INFO] [stdout] help: consider changing the field to be of unit type to suppress this warning while preserving the field numbering, or remove the field
[INFO] [stdout]    |
[INFO] [stdout] 23 -     Width(Span, token::Eq, LitInt),
[INFO] [stdout] 23 +     Width(Span, (), LitInt),
[INFO] [stdout]    |
[INFO] [stdout] 
[INFO] [stdout] 
[INFO] [stderr]     Finished `release` profile [optimized] target(s) in 18.45s
[INFO] running `Command { std: "docker" "inspect" "ff50e3f02dcd9cbe18a325ee23d95db211660b68918ce96294b9ff60b516ce62", kill_on_drop: false }`
[INFO] running `Command { std: "docker" "exec" "-e" "SOURCE_DIR=/opt/rustwide/workdir" "-e" "CARGO_HOME=/opt/rustwide/cargo-home" "-e" "RUSTUP_HOME=/opt/rustwide/rustup-home" "-e" "CARGO_TARGET_DIR=/opt/rustwide/target" "-e" "CARGO_INCREMENTAL=0" "-e" "RUST_BACKTRACE=full" "-e" "RUSTFLAGS=--cap-lints=warn" "-e" "RUSTDOCFLAGS=--cap-lints=warn" "-w" "/opt/rustwide/workdir" "--user" "0:0" "ff50e3f02dcd9cbe18a325ee23d95db211660b68918ce96294b9ff60b516ce62" "/opt/rustwide/cargo-home/bin/cargo" "+1.99.0-beta.8" "test" "--frozen" "--release", kill_on_drop: false }`
[INFO] [stderr] warning: field `1` is never read
[INFO] [stderr]   --> src/macros/attrs.rs:23:17
[INFO] [stderr]    |
[INFO] [stderr] 23 |     Width(Span, token::Eq, LitInt),
[INFO] [stderr]    |     -----       ^^^^^^^^^
[INFO] [stderr]    |     |
[INFO] [stderr]    |     field in this variant
[INFO] [stderr]    |
[INFO] [stderr]    = note: `#[warn(dead_code)]` (part of `#[warn(unused)]`) on by default
[INFO] [stderr] help: consider changing the field to be of unit type to suppress this warning while preserving the field numbering, or remove the field
[INFO] [stderr]    |
[INFO] [stderr] 23 -     Width(Span, token::Eq, LitInt),
[INFO] [stderr] 23 +     Width(Span, (), LitInt),
[INFO] [stderr]    |
[INFO] [stderr] 
[INFO] [stderr] warning: `nestle_core` (lib) generated 1 warning
[INFO] [stderr] warning: `nestle_core` (lib test) generated 1 warning (1 duplicate)
[INFO] [stderr]     Finished `release` profile [optimized] target(s) in 0.07s
[INFO] [stderr]      Running unittests src/lib.rs (/opt/rustwide/target/release/deps/nestle_core-7ea1a0f5d9b98d0c)
[INFO] [stdout] 
[INFO] [stdout] running 12 tests
[INFO] [stdout] test macros::derive::tests::test_deserialize_missing_discriminant - should panic ... ok
[INFO] [stdout] test macros::derive::tests::test_deserialize_data_enum_no_repr - should panic ... ok
[INFO] [stdout] test macros::derive::tests::test_deserialize_empty_enum - should panic ... ok
[INFO] [stdout] test macros::derive::tests::test_deserialize_data_enum_no_width - should panic ... ok
[INFO] [stdout] test macros::derive::tests::test_deserialize_mixed_data_enum - should panic ... ok
[INFO] [stdout] test macros::derive::tests::test_deserialize_mixed_enum - should panic ... ok
[INFO] [stdout] test macros::derive::tests::test_deserialize_simple_enum_no_repr - should panic ... ok
[INFO] [stdout] test macros::derive::tests::test_simple_enum_supplied_width - should panic ... ok
[INFO] [stderr] info: syncing channel updates for nightly-x86_64-unknown-linux-gnu
[INFO] [stdout] test macros::derive::tests::test_derive_data_enum ... FAILED
[INFO] [stderr] error: could not create temp file /opt/rustwide/rustup-home/tmp/9t3ai2zw46vnikvd_file: Read-only file system (os error 30)
[INFO] [stderr] info: syncing channel updates for nightly-x86_64-unknown-linux-gnu
[INFO] [stderr] error: could not create temp file /opt/rustwide/rustup-home/tmp/9xe2ls4j1smudws6_file: Read-only file system (os error 30)
[INFO] [stderr] info: syncing channel updates for nightly-x86_64-unknown-linux-gnu
[INFO] [stderr] error: could not create temp file /opt/rustwide/rustup-home/tmp/drynx88g5w0bp5aq_file: Read-only file system (os error 30)
[INFO] [stdout] test macros::derive::tests::test_derive_simple_enum ... FAILED
[INFO] [stdout] test macros::derive::tests::test_derive_tuple_struct ... FAILED
[INFO] [stderr] info: syncing channel updates for nightly-x86_64-unknown-linux-gnu
[INFO] [stderr] error: could not create temp file /opt/rustwide/rustup-home/tmp/c4vd5y94w2etbgft_file: Read-only file system (os error 30)
[INFO] [stdout] test macros::derive::tests::test_derive_named_struct ... FAILED
[INFO] [stdout] 
[INFO] [stdout] failures:
[INFO] [stdout] 
[INFO] [stdout] ---- macros::derive::tests::test_derive_data_enum stdout ----
[INFO] [stdout] 
[INFO] [stdout] thread 'macros::derive::tests::test_derive_data_enum' (525) panicked at src/macros/helpers.rs:27:9:
[INFO] [stdout] `rustfmt` exited with code exit status: 1:
[INFO] [stdout] 
[INFO] [stdout] stack backtrace:
[INFO] [stdout]    0:     0x5ea847299121 - <<std[70759c8f55707aa4]::sys::backtrace::BacktraceLock>::print::DisplayBacktrace as core[df12db4294e9bfd3]::fmt::Display>::fmt
[INFO] [stdout]    1:     0x5ea8472b01da - core[df12db4294e9bfd3]::fmt::write
[INFO] [stdout]    2:     0x5ea84729db7c - <alloc[2182bb758b4b3781]::vec::Vec<u8> as core[df12db4294e9bfd3]::io::write::Write>::write_fmt
[INFO] [stdout]    3:     0x5ea8472722c6 - std[70759c8f55707aa4]::panicking::default_hook::{closure#0}
[INFO] [stdout]    4:     0x5ea847290199 - std[70759c8f55707aa4]::panicking::default_hook
[INFO] [stdout]    5:     0x5ea8470a7860 - test[9d35eded1c95d3be]::test_main_inner::<test[9d35eded1c95d3be]::test_main_static::{closure#0}>::{closure#0}
[INFO] [stdout]    6:     0x5ea8472904c2 - std[70759c8f55707aa4]::panicking::panic_with_hook
[INFO] [stdout]    7:     0x5ea847272372 - std[70759c8f55707aa4]::panicking::panic_handler::{closure#0}
[INFO] [stdout]    8:     0x5ea84726ac19 - std[70759c8f55707aa4]::sys::backtrace::__rust_end_short_backtrace::<std[70759c8f55707aa4]::panicking::panic_handler::{closure#0}, !>
[INFO] [stdout]    9:     0x5ea84727300d - __rustc[8fa7c3cbc660c2b3]::rust_begin_unwind
[INFO] [stdout]   10:     0x5ea8472b09bc - core[df12db4294e9bfd3]::panicking::panic_fmt
[INFO] [stdout]   11:     0x5ea847083fe2 - nestle_core[3c2ffd6f2e363c8e]::macros::helpers::format_source
[INFO] [stdout]   12:     0x5ea847084560 - nestle_core[3c2ffd6f2e363c8e]::macros::derive::tests::test_derive_data_enum
[INFO] [stdout]   13:     0x5ea847098f79 - <nestle_core[3c2ffd6f2e363c8e]::macros::derive::tests::test_derive_data_enum::{closure#0} as core[df12db4294e9bfd3]::ops::function::FnOnce<()>>::call_once
[INFO] [stdout]   14:     0x5ea84709ab4b - test[9d35eded1c95d3be]::__rust_begin_short_backtrace::<core[df12db4294e9bfd3]::result::Result<(), alloc[2182bb758b4b3781]::string::String>, fn() -> core[df12db4294e9bfd3]::result::Result<(), alloc[2182bb758b4b3781]::string::String>>
[INFO] [stdout]   15:     0x5ea8470a81b5 - test[9d35eded1c95d3be]::run_test::{closure#0}
[INFO] [stdout]   16:     0x5ea8470a1a74 - std[70759c8f55707aa4]::sys::backtrace::__rust_begin_short_backtrace::<test[9d35eded1c95d3be]::run_test::{closure#1}, ()>
[INFO] [stdout]   17:     0x5ea8470ab312 - <std[70759c8f55707aa4]::thread::lifecycle::spawn_unchecked<test[9d35eded1c95d3be]::run_test::{closure#1}, ()>::{closure#1} as core[df12db4294e9bfd3]::ops::function::FnOnce<()>>::call_once::{shim:vtable#0}
[INFO] [stdout]   18:     0x5ea847298139 - <std[70759c8f55707aa4]::sys::thread::unix::Thread>::new::thread_start
[INFO] [stdout]   19:     0x794533ae2dfa - <unknown>
[INFO] [stdout]   20:     0x794533b763d4 - clone
[INFO] [stdout]   21:                0x0 - <unknown>
[INFO] [stdout] 
[INFO] [stdout] ---- macros::derive::tests::test_derive_simple_enum stdout ----
[INFO] [stdout] 
[INFO] [stdout] thread 'macros::derive::tests::test_derive_simple_enum' (527) panicked at src/macros/helpers.rs:27:9:
[INFO] [stdout] `rustfmt` exited with code exit status: 1:
[INFO] [stdout] 
[INFO] [stdout] stack backtrace:
[INFO] [stdout]    0:     0x5ea847299121 - <<std[70759c8f55707aa4]::sys::backtrace::BacktraceLock>::print::DisplayBacktrace as core[df12db4294e9bfd3]::fmt::Display>::fmt
[INFO] [stdout]    1:     0x5ea8472b01da - core[df12db4294e9bfd3]::fmt::write
[INFO] [stdout]    2:     0x5ea84729db7c - <alloc[2182bb758b4b3781]::vec::Vec<u8> as core[df12db4294e9bfd3]::io::write::Write>::write_fmt
[INFO] [stdout]    3:     0x5ea8472722c6 - std[70759c8f55707aa4]::panicking::default_hook::{closure#0}
[INFO] [stdout]    4:     0x5ea847290199 - std[70759c8f55707aa4]::panicking::default_hook
[INFO] [stdout]    5:     0x5ea8470a7860 - test[9d35eded1c95d3be]::test_main_inner::<test[9d35eded1c95d3be]::test_main_static::{closure#0}>::{closure#0}
[INFO] [stdout]    6:     0x5ea8472904c2 - std[70759c8f55707aa4]::panicking::panic_with_hook
[INFO] [stdout]    7:     0x5ea847272372 - std[70759c8f55707aa4]::panicking::panic_handler::{closure#0}
[INFO] [stdout]    8:     0x5ea84726ac19 - std[70759c8f55707aa4]::sys::backtrace::__rust_end_short_backtrace::<std[70759c8f55707aa4]::panicking::panic_handler::{closure#0}, !>
[INFO] [stdout]    9:     0x5ea84727300d - __rustc[8fa7c3cbc660c2b3]::rust_begin_unwind
[INFO] [stdout]   10:     0x5ea8472b09bc - core[df12db4294e9bfd3]::panicking::panic_fmt
[INFO] [stdout]   11:     0x5ea847083fe2 - nestle_core[3c2ffd6f2e363c8e]::macros::helpers::format_source
[INFO] [stdout]   12:     0x5ea847084b61 - nestle_core[3c2ffd6f2e363c8e]::macros::derive::tests::test_derive_simple_enum
[INFO] [stdout]   13:     0x5ea847098f99 - <nestle_core[3c2ffd6f2e363c8e]::macros::derive::tests::test_derive_simple_enum::{closure#0} as core[df12db4294e9bfd3]::ops::function::FnOnce<()>>::call_once
[INFO] [stdout]   14:     0x5ea84709ab4b - test[9d35eded1c95d3be]::__rust_begin_short_backtrace::<core[df12db4294e9bfd3]::result::Result<(), alloc[2182bb758b4b3781]::string::String>, fn() -> core[df12db4294e9bfd3]::result::Result<(), alloc[2182bb758b4b3781]::string::String>>
[INFO] [stdout]   15:     0x5ea8470a81b5 - test[9d35eded1c95d3be]::run_test::{closure#0}
[INFO] [stdout]   16:     0x5ea8470a1a74 - std[70759c8f55707aa4]::sys::backtrace::__rust_begin_short_backtrace::<test[9d35eded1c95d3be]::run_test::{closure#1}, ()>
[INFO] [stdout]   17:     0x5ea8470ab312 - <std[70759c8f55707aa4]::thread::lifecycle::spawn_unchecked<test[9d35eded1c95d3be]::run_test::{closure#1}, ()>::{closure#1} as core[df12db4294e9bfd3]::ops::function::FnOnce<()>>::call_once::{shim:vtable#0}
[INFO] [stdout]   18:     0x5ea847298139 - <std[70759c8f55707aa4]::sys::thread::unix::Thread>::new::thread_start
[INFO] [stdout]   19:     0x794533ae2dfa - <unknown>
[INFO] [stdout]   20:     0x794533b763d4 - clone
[INFO] [stdout]   21:                0x0 - <unknown>
[INFO] [stdout] 
[INFO] [stdout] ---- macros::derive::tests::test_derive_tuple_struct stdout ----
[INFO] [stdout] 
[INFO] [stdout] thread 'macros::derive::tests::test_derive_tuple_struct' (528) panicked at src/macros/helpers.rs:27:9:
[INFO] [stdout] `rustfmt` exited with code exit status: 1:
[INFO] [stdout] 
[INFO] [stdout] stack backtrace:
[INFO] [stdout]    0:     0x5ea847299121 - <<std[70759c8f55707aa4]::sys::backtrace::BacktraceLock>::print::DisplayBacktrace as core[df12db4294e9bfd3]::fmt::Display>::fmt
[INFO] [stdout]    1:     0x5ea8472b01da - core[df12db4294e9bfd3]::fmt::write
[INFO] [stdout]    2:     0x5ea84729db7c - <alloc[2182bb758b4b3781]::vec::Vec<u8> as core[df12db4294e9bfd3]::io::write::Write>::write_fmt
[INFO] [stdout]    3:     0x5ea8472722c6 - std[70759c8f55707aa4]::panicking::default_hook::{closure#0}
[INFO] [stdout]    4:     0x5ea847290199 - std[70759c8f55707aa4]::panicking::default_hook
[INFO] [stdout]    5:     0x5ea8470a7860 - test[9d35eded1c95d3be]::test_main_inner::<test[9d35eded1c95d3be]::test_main_static::{closure#0}>::{closure#0}
[INFO] [stdout]    6:     0x5ea8472904c2 - std[70759c8f55707aa4]::panicking::panic_with_hook
[INFO] [stdout]    7:     0x5ea847272372 - std[70759c8f55707aa4]::panicking::panic_handler::{closure#0}
[INFO] [stdout]    8:     0x5ea84726ac19 - std[70759c8f55707aa4]::sys::backtrace::__rust_end_short_backtrace::<std[70759c8f55707aa4]::panicking::panic_handler::{closure#0}, !>
[INFO] [stdout]    9:     0x5ea84727300d - __rustc[8fa7c3cbc660c2b3]::rust_begin_unwind
[INFO] [stdout]   10:     0x5ea8472b09bc - core[df12db4294e9bfd3]::panicking::panic_fmt
[INFO] [stdout]   11:     0x5ea847083fe2 - nestle_core[3c2ffd6f2e363c8e]::macros::helpers::format_source
[INFO] [stdout]   12:     0x5ea84708560a - nestle_core[3c2ffd6f2e363c8e]::macros::derive::tests::test_derive_tuple_struct
[INFO] [stdout]   13:     0x5ea847098fd9 - <nestle_core[3c2ffd6f2e363c8e]::macros::derive::tests::test_derive_tuple_struct::{closure#0} as core[df12db4294e9bfd3]::ops::function::FnOnce<()>>::call_once
[INFO] [stdout]   14:     0x5ea84709ab4b - test[9d35eded1c95d3be]::__rust_begin_short_backtrace::<core[df12db4294e9bfd3]::result::Result<(), alloc[2182bb758b4b3781]::string::String>, fn() -> core[df12db4294e9bfd3]::result::Result<(), alloc[2182bb758b4b3781]::string::String>>
[INFO] [stdout]   15:     0x5ea8470a81b5 - test[9d35eded1c95d3be]::run_test::{closure#0}
[INFO] [stdout]   16:     0x5ea8470a1a74 - std[70759c8f55707aa4]::sys::backtrace::__rust_begin_short_backtrace::<test[9d35eded1c95d3be]::run_test::{closure#1}, ()>
[INFO] [stdout]   17:     0x5ea8470ab312 - <std[70759c8f55707aa4]::thread::lifecycle::spawn_unchecked<test[9d35eded1c95d3be]::run_test::{closure#1}, ()>::{closure#1} as core[df12db4294e9bfd3]::ops::function::FnOnce<()>>::call_once::{shim:vtable#0}
[INFO] [stdout]   18:     0x5ea847298139 - <std[70759c8f55707aa4]::sys::thread::unix::Thread>::new::thread_start
[INFO] [stdout]   19:     0x794533ae2dfa - <unknown>
[INFO] [stdout]   20:     0x794533b763d4 - clone
[INFO] [stdout]   21:                0x0 - <unknown>
[INFO] [stdout] 
[INFO] [stdout] ---- macros::derive::tests::test_derive_named_struct stdout ----
[INFO] [stdout] 
[INFO] [stdout] thread 'macros::derive::tests::test_derive_named_struct' (526) panicked at src/macros/helpers.rs:27:9:
[INFO] [stdout] `rustfmt` exited with code exit status: 1:
[INFO] [stdout] 
[INFO] [stdout] stack backtrace:
[INFO] [stdout]    0:     0x5ea847299121 - <<std[70759c8f55707aa4]::sys::backtrace::BacktraceLock>::print::DisplayBacktrace as core[df12db4294e9bfd3]::fmt::Display>::fmt
[INFO] [stdout]    1:     0x5ea8472b01da - core[df12db4294e9bfd3]::fmt::write
[INFO] [stdout]    2:     0x5ea84729db7c - <alloc[2182bb758b4b3781]::vec::Vec<u8> as core[df12db4294e9bfd3]::io::write::Write>::write_fmt
[INFO] [stdout]    3:     0x5ea8472722c6 - std[70759c8f55707aa4]::panicking::default_hook::{closure#0}
[INFO] [stdout]    4:     0x5ea847290199 - std[70759c8f55707aa4]::panicking::default_hook
[INFO] [stdout]    5:     0x5ea8470a7860 - test[9d35eded1c95d3be]::test_main_inner::<test[9d35eded1c95d3be]::test_main_static::{closure#0}>::{closure#0}
[INFO] [stdout]    6:     0x5ea8472904c2 - std[70759c8f55707aa4]::panicking::panic_with_hook
[INFO] [stdout]    7:     0x5ea847272372 - std[70759c8f55707aa4]::panicking::panic_handler::{closure#0}
[INFO] [stdout]    8:     0x5ea84726ac19 - std[70759c8f55707aa4]::sys::backtrace::__rust_end_short_backtrace::<std[70759c8f55707aa4]::panicking::panic_handler::{closure#0}, !>
[INFO] [stdout]    9:     0x5ea84727300d - __rustc[8fa7c3cbc660c2b3]::rust_begin_unwind
[INFO] [stdout]   10:     0x5ea8472b09bc - core[df12db4294e9bfd3]::panicking::panic_fmt
[INFO] [stdout]   11:     0x5ea847083fe2 - nestle_core[3c2ffd6f2e363c8e]::macros::helpers::format_source
[INFO] [stdout]   12:     0x5ea8470850c4 - nestle_core[3c2ffd6f2e363c8e]::macros::derive::tests::test_derive_named_struct
[INFO] [stdout]   13:     0x5ea847098fb9 - <nestle_core[3c2ffd6f2e363c8e]::macros::derive::tests::test_derive_named_struct::{closure#0} as core[df12db4294e9bfd3]::ops::function::FnOnce<()>>::call_once
[INFO] [stdout]   14:     0x5ea84709ab4b - test[9d35eded1c95d3be]::__rust_begin_short_backtrace::<core[df12db4294e9bfd3]::result::Result<(), alloc[2182bb758b4b3781]::string::String>, fn() -> core[df12db4294e9bfd3]::result::Result<(), alloc[2182bb758b4b3781]::string::String>>
[INFO] [stdout]   15:     0x5ea8470a81b5 - test[9d35eded1c95d3be]::run_test::{closure#0}
[INFO] [stdout]   16:     0x5ea8470a1a74 - std[70759c8f55707aa4]::sys::backtrace::__rust_begin_short_backtrace::<test[9d35eded1c95d3be]::run_test::{closure#1}, ()>
[INFO] [stdout]   17:     0x5ea8470ab312 - <std[70759c8f55707aa4]::thread::lifecycle::spawn_unchecked<test[9d35eded1c95d3be]::run_test::{closure#1}, ()>::{closure#1} as core[df12db4294e9bfd3]::ops::function::FnOnce<()>>::call_once::{shim:vtable#0}
[INFO] [stdout]   18:     0x5ea847298139 - <std[70759c8f55707aa4]::sys::thread::unix::Thread>::new::thread_start
[INFO] [stdout]   19:     0x794533ae2dfa - <unknown>
[INFO] [stdout]   20:     0x794533b763d4 - clone
[INFO] [stdout]   21:                0x0 - <unknown>
[INFO] [stdout] 
[INFO] [stdout] 
[INFO] [stdout] failures:
[INFO] [stdout]     macros::derive::tests::test_derive_data_enum
[INFO] [stdout]     macros::derive::tests::test_derive_named_struct
[INFO] [stdout]     macros::derive::tests::test_derive_simple_enum
[INFO] [stdout]     macros::derive::tests::test_derive_tuple_struct
[INFO] [stdout] 
[INFO] [stdout] test result: FAILED. 8 passed; 4 failed; 0 ignored; 0 measured; 0 filtered out; finished in 0.04s
[INFO] [stdout] 
[INFO] [stderr] error: test failed, to rerun pass `--lib`
[INFO] running `Command { std: "docker" "inspect" "ff50e3f02dcd9cbe18a325ee23d95db211660b68918ce96294b9ff60b516ce62", kill_on_drop: false }`
[INFO] running `Command { std: "docker" "rm" "-f" "ff50e3f02dcd9cbe18a325ee23d95db211660b68918ce96294b9ff60b516ce62", kill_on_drop: false }`
[INFO] [stdout] ff50e3f02dcd9cbe18a325ee23d95db211660b68918ce96294b9ff60b516ce62
