[INFO] fetching crate nestforge 1.9.0...
[INFO] testing nestforge-1.9.0 against 1.99.0-beta.8+cargoflags=--release for beta-release-1.100-2
[INFO] extracting crate nestforge 1.9.0 into /workspace/builds/worker-4-tc1/source
[INFO] started tweaking crates.io crate nestforge 1.9.0
[INFO] removed 0 missing tests
[INFO] finished tweaking crates.io crate nestforge 1.9.0
[INFO] tweaked toml for crates.io crate nestforge 1.9.0 written to /workspace/builds/worker-4-tc1/source/Cargo.toml
[INFO] validating manifest of crates.io crate nestforge 1.9.0 on toolchain 1.99.0-beta.8
[INFO] running `Command { std: CARGO_HOME="/workspace/cargo-home" RUSTUP_HOME="/workspace/rustup-home" "/workspace/cargo-home/bin/cargo" "+1.99.0-beta.8" "metadata" "--manifest-path" "Cargo.toml" "--no-deps", kill_on_drop: false }`
[INFO] crate crates.io crate nestforge 1.9.0 already has a lockfile, it will not be regenerated
[INFO] running `Command { std: CARGO_HOME="/workspace/cargo-home" RUSTUP_HOME="/workspace/rustup-home" "/workspace/cargo-home/bin/cargo" "+1.99.0-beta.8" "fetch" "--manifest-path" "Cargo.toml", kill_on_drop: false }`
[INFO] [stderr]     Updating crates.io index
[INFO] [stderr]  Downloading crates ...
[INFO] [stderr]   Downloaded nestforge-microservices v1.9.0
[INFO] [stderr]   Downloaded nestforge-core v1.9.0
[INFO] [stderr]   Downloaded nestforge-websockets v1.9.0
[INFO] [stderr]   Downloaded validator_derive v0.16.0
[INFO] [stderr]   Downloaded validator v0.16.1
[INFO] [stderr]   Downloaded ascii_utils v0.9.3
[INFO] [stderr]   Downloaded nestforge-schedule v1.9.0
[INFO] [stderr]   Downloaded nestforge-data v1.9.0
[INFO] [stderr]   Downloaded nestforge-orm v1.9.0
[INFO] [stderr]   Downloaded nestforge-db v1.9.0
[INFO] [stderr]   Downloaded nestforge-redis v1.9.0
[INFO] [stderr]   Downloaded nestforge-config v1.9.0
[INFO] [stderr]   Downloaded fast_chemail v0.9.6
[INFO] [stderr]   Downloaded validator_types v0.16.0
[INFO] [stderr]   Downloaded nestforge-grpc v1.9.0
[INFO] [stderr]   Downloaded asynk-strim v0.1.5
[INFO] [stderr]   Downloaded async-graphql-axum v7.2.1
[INFO] [stderr]   Downloaded multer v3.1.0
[INFO] [stderr]   Downloaded nestforge-testing v1.9.0
[INFO] [stderr]   Downloaded pin-project-internal v1.1.11
[INFO] [stderr]   Downloaded nestforge-graphql v1.9.0
[INFO] [stderr]   Downloaded num-order v1.2.0
[INFO] [stderr]   Downloaded static_assertions_next v1.1.2
[INFO] [stderr]   Downloaded num-modular v0.6.1
[INFO] [stderr]   Downloaded async-graphql-value v7.2.1
[INFO] [stderr]   Downloaded async-graphql-derive v7.2.1
[INFO] [stderr]   Downloaded async-graphql-parser v7.2.1
[INFO] [stderr]   Downloaded redox_syscall v0.7.2
[INFO] [stderr]   Downloaded pin-project v1.1.11
[INFO] [stderr]   Downloaded handlebars v6.4.0
[INFO] [stderr]   Downloaded nestforge-openapi v1.9.0
[INFO] [stderr]   Downloaded nestforge-mongo v1.9.0
[INFO] [stderr]   Downloaded nestforge-macros v1.9.0
[INFO] [stderr]   Downloaded nestforge-cache v1.9.0
[INFO] [stderr]   Downloaded nestforge-http v1.9.0
[INFO] [stderr]   Downloaded idna v0.4.0
[INFO] [stderr]   Downloaded async-graphql v7.2.1
[INFO] running `Command { std: "docker" "create" "-v" "/var/lib/crater-agent-workspace/builds/worker-4-tc1/source:/opt/rustwide/workdir:ro,Z" "-v" "/var/lib/crater-agent-workspace/builds/worker-4-tc1/target:/opt/rustwide/target:rw,Z" "-v" "/var/lib/crater-agent-workspace/cargo-home:/opt/rustwide/cargo-home:ro,Z" "-v" "/var/lib/crater-agent-workspace/rustup-home:/opt/rustwide/rustup-home:ro,Z" "-m" "1610612736" "--network" "none" "ghcr.io/rust-lang/crates-build-env/linux@sha256:77db811e55d90add9212f6832c23229e3de5f1c1f9905e8cb07319ea15df73ac" "sleep" "infinity", kill_on_drop: false }`
[INFO] [stdout] 076bc489a6d51a913bfaeb4cbdd3dc207a247db7cfbe6b7af8fad876a6e52b8d
[INFO] running `Command { std: "docker" "start" "076bc489a6d51a913bfaeb4cbdd3dc207a247db7cfbe6b7af8fad876a6e52b8d", kill_on_drop: false }`
[INFO] running `Command { std: "docker" "inspect" "076bc489a6d51a913bfaeb4cbdd3dc207a247db7cfbe6b7af8fad876a6e52b8d", kill_on_drop: false }`
[INFO] running `Command { std: "docker" "exec" "-e" "SOURCE_DIR=/opt/rustwide/workdir" "-e" "CARGO_HOME=/opt/rustwide/cargo-home" "-e" "RUSTUP_HOME=/opt/rustwide/rustup-home" "-e" "CARGO_TARGET_DIR=/opt/rustwide/target" "-w" "/opt/rustwide/workdir" "--user" "0:0" "076bc489a6d51a913bfaeb4cbdd3dc207a247db7cfbe6b7af8fad876a6e52b8d" "/opt/rustwide/cargo-home/bin/cargo" "+1.99.0-beta.8" "metadata" "--no-deps" "--format-version=1", kill_on_drop: false }`
[INFO] running `Command { std: "docker" "inspect" "076bc489a6d51a913bfaeb4cbdd3dc207a247db7cfbe6b7af8fad876a6e52b8d", kill_on_drop: false }`
[INFO] running `Command { std: "docker" "exec" "-e" "SOURCE_DIR=/opt/rustwide/workdir" "-e" "CARGO_HOME=/opt/rustwide/cargo-home" "-e" "RUSTUP_HOME=/opt/rustwide/rustup-home" "-e" "CARGO_TARGET_DIR=/opt/rustwide/target" "-e" "CARGO_INCREMENTAL=0" "-e" "RUST_BACKTRACE=full" "-e" "RUSTFLAGS=--cap-lints=warn" "-e" "RUSTDOCFLAGS=--cap-lints=warn" "-w" "/opt/rustwide/workdir" "--user" "0:0" "076bc489a6d51a913bfaeb4cbdd3dc207a247db7cfbe6b7af8fad876a6e52b8d" "/opt/rustwide/cargo-home/bin/cargo" "+1.99.0-beta.8" "build" "--frozen" "--message-format=json" "--release", kill_on_drop: false }`
[INFO] [stderr]    Compiling quote v1.0.44
[INFO] [stderr]    Compiling itoa v1.0.17
[INFO] [stderr]    Compiling serde_core v1.0.228
[INFO] [stderr]    Compiling litemap v0.8.1
[INFO] [stderr]    Compiling writeable v0.6.2
[INFO] [stderr]    Compiling memchr v2.8.0
[INFO] [stderr]    Compiling tracing-core v0.1.36
[INFO] [stderr]    Compiling socket2 v0.6.2
[INFO] [stderr]    Compiling mio v1.1.1
[INFO] [stderr]    Compiling serde_json v1.0.149
[INFO] [stderr]    Compiling regex-syntax v0.8.10
[INFO] [stderr]    Compiling tinyvec v1.10.0
[INFO] [stderr]    Compiling futures-channel v0.3.32
[INFO] [stderr]    Compiling aho-corasick v1.1.4
[INFO] [stderr]    Compiling sync_wrapper v1.0.2
[INFO] [stderr]    Compiling futures-task v0.3.32
[INFO] [stderr]    Compiling http v1.4.0
[INFO] [stderr]    Compiling futures-util v0.3.32
[INFO] [stderr]    Compiling unicode-bidi v0.3.18
[INFO] [stderr]    Compiling lazy_static v1.5.0
[INFO] [stderr]    Compiling if_chain v1.0.3
[INFO] [stderr]    Compiling anyhow v1.0.102
[INFO] [stderr]    Compiling dotenvy v0.15.7
[INFO] [stderr]    Compiling syn v2.0.117
[INFO] [stderr]    Compiling syn v1.0.109
[INFO] [stderr]    Compiling proc-macro-error-attr v1.0.4
[INFO] [stderr]    Compiling tracing v0.1.44
[INFO] [stderr]    Compiling unicode-normalization v0.1.25
[INFO] [stderr]    Compiling idna v0.4.0
[INFO] [stderr]    Compiling http-body v1.0.1
[INFO] [stderr]    Compiling http-body-util v0.1.3
[INFO] [stderr]    Compiling axum-core v0.5.6
[INFO] [stderr]    Compiling regex-automata v0.4.14
[INFO] [stderr]    Compiling proc-macro-error v1.0.4
[INFO] [stderr]    Compiling validator_types v0.16.0
[INFO] [stderr]    Compiling serde_path_to_error v0.1.20
[INFO] [stderr]    Compiling synstructure v0.13.2
[INFO] [stderr]    Compiling regex v1.12.3
[INFO] [stderr]    Compiling zerofrom-derive v0.1.6
[INFO] [stderr]    Compiling yoke-derive v0.8.1
[INFO] [stderr]    Compiling zerovec-derive v0.11.2
[INFO] [stderr]    Compiling displaydoc v0.2.5
[INFO] [stderr]    Compiling tokio-macros v2.6.0
[INFO] [stderr]    Compiling serde_derive v1.0.228
[INFO] [stderr]    Compiling thiserror-impl v2.0.18
[INFO] [stderr]    Compiling nestforge-macros v1.9.0
[INFO] [stderr]    Compiling validator_derive v0.16.0
[INFO] [stderr]    Compiling tokio v1.49.0
[INFO] [stderr]    Compiling zerofrom v0.1.6
[INFO] [stderr]    Compiling yoke v0.8.1
[INFO] [stderr]    Compiling thiserror v2.0.18
[INFO] [stderr]    Compiling zerovec v0.11.5
[INFO] [stderr]    Compiling zerotrie v0.2.3
[INFO] [stderr]    Compiling nestforge-config v1.9.0
[INFO] [stderr]    Compiling tinystr v0.8.2
[INFO] [stderr]    Compiling potential_utf v0.1.4
[INFO] [stderr]    Compiling icu_collections v2.1.1
[INFO] [stderr]    Compiling serde v1.0.228
[INFO] [stderr]    Compiling icu_locale_core v2.1.1
[INFO] [stderr]    Compiling serde_urlencoded v0.7.1
[INFO] [stderr]    Compiling icu_provider v2.1.1
[INFO] [stderr]    Compiling icu_properties v2.1.2
[INFO] [stderr]    Compiling icu_normalizer v2.1.1
[INFO] [stderr]    Compiling hyper v1.8.1
[INFO] [stderr]    Compiling tower v0.5.3
[INFO] [stderr]    Compiling idna_adapter v1.2.1
[INFO] [stderr]    Compiling idna v1.1.0
[INFO] [stderr]    Compiling url v2.5.8
[INFO] [stderr]    Compiling hyper-util v0.1.20
[INFO] [stderr]    Compiling axum v0.8.8
[INFO] [stderr]    Compiling validator v0.16.1
[INFO] [stderr]    Compiling nestforge-core v1.9.0
[INFO] [stderr]    Compiling nestforge-http v1.9.0
[INFO] [stderr]    Compiling nestforge v1.9.0 (/opt/rustwide/workdir)
[INFO] [stderr]     Finished `release` profile [optimized] target(s) in 44.91s
[INFO] running `Command { std: "docker" "inspect" "076bc489a6d51a913bfaeb4cbdd3dc207a247db7cfbe6b7af8fad876a6e52b8d", kill_on_drop: false }`
[INFO] running `Command { std: "docker" "exec" "-e" "SOURCE_DIR=/opt/rustwide/workdir" "-e" "CARGO_HOME=/opt/rustwide/cargo-home" "-e" "RUSTUP_HOME=/opt/rustwide/rustup-home" "-e" "CARGO_TARGET_DIR=/opt/rustwide/target" "-e" "CARGO_INCREMENTAL=0" "-e" "RUST_BACKTRACE=full" "-e" "RUSTFLAGS=--cap-lints=warn" "-e" "RUSTDOCFLAGS=--cap-lints=warn" "-w" "/opt/rustwide/workdir" "--user" "0:0" "076bc489a6d51a913bfaeb4cbdd3dc207a247db7cfbe6b7af8fad876a6e52b8d" "/opt/rustwide/cargo-home/bin/cargo" "+1.99.0-beta.8" "test" "--frozen" "--no-run" "--message-format=json" "--release", kill_on_drop: false }`
[INFO] [stderr]    Compiling serde v1.0.228
[INFO] [stderr]    Compiling syn v2.0.117
[INFO] [stderr]    Compiling serde_core v1.0.228
[INFO] [stderr]    Compiling futures-sink v0.3.32
[INFO] [stderr]    Compiling aho-corasick v1.1.4
[INFO] [stderr]    Compiling hashbrown v0.16.1
[INFO] [stderr]    Compiling zmij v1.0.21
[INFO] [stderr]    Compiling rustix v1.1.4
[INFO] [stderr]    Compiling serde_json v1.0.149
[INFO] [stderr]    Compiling crossbeam-utils v0.8.21
[INFO] [stderr]    Compiling itoa v1.0.17
[INFO] [stderr]    Compiling winnow v0.7.14
[INFO] [stderr]    Compiling linux-raw-sys v0.12.1
[INFO] [stderr]    Compiling toml_datetime v0.7.5+spec-1.1.0
[INFO] [stderr]    Compiling num-traits v0.2.19
[INFO] [stderr]    Compiling async-io v2.6.0
[INFO] [stderr]    Compiling thiserror v2.0.18
[INFO] [stderr]    Compiling multer v3.1.0
[INFO] [stderr]    Compiling num-modular v0.6.1
[INFO] [stderr]    Compiling futures-lite v2.6.1
[INFO] [stderr]    Compiling ascii_utils v0.9.3
[INFO] [stderr]    Compiling spin v0.9.8
[INFO] [stderr]    Compiling Inflector v0.11.4
[INFO] [stderr]    Compiling fast_chemail v0.9.6
[INFO] [stderr]    Compiling asynk-strim v0.1.5
[INFO] [stderr]    Compiling static_assertions_next v1.1.2
[INFO] [stderr]    Compiling num-order v1.2.0
[INFO] [stderr]    Compiling concurrent-queue v2.5.0
[INFO] [stderr]    Compiling indexmap v2.13.0
[INFO] [stderr]    Compiling regex-automata v0.4.14
[INFO] [stderr]    Compiling toml_parser v1.0.9+spec-1.1.0
[INFO] [stderr]    Compiling toml_edit v0.23.10+spec-1.0.0
[INFO] [stderr]    Compiling regex v1.12.3
[INFO] [stderr]    Compiling synstructure v0.13.2
[INFO] [stderr]    Compiling darling_core v0.20.11
[INFO] [stderr]    Compiling darling_core v0.23.0
[INFO] [stderr]    Compiling pest_generator v2.8.6
[INFO] [stderr]    Compiling proc-macro-crate v3.4.0
[INFO] [stderr]    Compiling validator_derive v0.16.0
[INFO] [stderr]    Compiling serde_derive v1.0.228
[INFO] [stderr]    Compiling zerovec-derive v0.11.2
[INFO] [stderr]    Compiling displaydoc v0.2.5
[INFO] [stderr]    Compiling thiserror-impl v2.0.18
[INFO] [stderr]    Compiling tokio-macros v2.6.0
[INFO] [stderr]    Compiling futures-macro v0.3.32
[INFO] [stderr]    Compiling strum_macros v0.27.2
[INFO] [stderr]    Compiling nestforge-macros v1.9.0
[INFO] [stderr]    Compiling async-trait v0.1.89
[INFO] [stderr]    Compiling pest_derive v2.8.6
[INFO] [stderr]    Compiling zerofrom-derive v0.1.6
[INFO] [stderr]    Compiling yoke-derive v0.8.1
[INFO] [stderr]    Compiling tokio v1.49.0
[INFO] [stderr]    Compiling futures-util v0.3.32
[INFO] [stderr]    Compiling darling_macro v0.20.11
[INFO] [stderr]    Compiling nestforge-config v1.9.0
[INFO] [stderr]    Compiling zerofrom v0.1.6
[INFO] [stderr]    Compiling darling v0.20.11
[INFO] [stderr]    Compiling strum v0.27.2
[INFO] [stderr]    Compiling derive_builder_core v0.20.2
[INFO] [stderr]    Compiling yoke v0.8.1
[INFO] [stderr]    Compiling darling_macro v0.23.0
[INFO] [stderr]    Compiling zerovec v0.11.5
[INFO] [stderr]    Compiling zerotrie v0.2.3
[INFO] [stderr]    Compiling darling v0.23.0
[INFO] [stderr]    Compiling derive_builder_macro v0.20.2
[INFO] [stderr]    Compiling tinystr v0.8.2
[INFO] [stderr]    Compiling potential_utf v0.1.4
[INFO] [stderr]    Compiling icu_collections v2.1.1
[INFO] [stderr]    Compiling polling v3.11.0
[INFO] [stderr]    Compiling tempfile v3.26.0
[INFO] [stderr]    Compiling icu_locale_core v2.1.1
[INFO] [stderr]    Compiling derive_builder v0.20.2
[INFO] [stderr]    Compiling icu_provider v2.1.1
[INFO] [stderr]    Compiling bytes v1.11.1
[INFO] [stderr]    Compiling serde_urlencoded v0.7.1
[INFO] [stderr]    Compiling handlebars v6.4.0
[INFO] [stderr]    Compiling icu_normalizer v2.1.1
[INFO] [stderr]    Compiling icu_properties v2.1.2
[INFO] [stderr]    Compiling async-graphql-value v7.2.1
[INFO] [stderr]    Compiling http v1.4.0
[INFO] [stderr]    Compiling idna_adapter v1.2.1
[INFO] [stderr]    Compiling idna v1.1.0
[INFO] [stderr]    Compiling async-graphql-parser v7.2.1
[INFO] [stderr]    Compiling http-body v1.0.1
[INFO] [stderr]    Compiling http-body-util v0.1.3
[INFO] [stderr]    Compiling hyper v1.8.1
[INFO] [stderr]    Compiling axum-core v0.5.6
[INFO] [stderr]    Compiling tower v0.5.3
[INFO] [stderr]    Compiling url v2.5.8
[INFO] [stderr]    Compiling hyper-util v0.1.20
[INFO] [stderr]    Compiling async-graphql-derive v7.2.1
[INFO] [stderr]    Compiling validator v0.16.1
[INFO] [stderr]    Compiling axum v0.8.8
[INFO] [stderr]    Compiling nestforge-core v1.9.0
[INFO] [stderr]    Compiling async-graphql v7.2.1
[INFO] [stderr]    Compiling nestforge-http v1.9.0
[INFO] [stderr]    Compiling nestforge v1.9.0 (/opt/rustwide/workdir)
[INFO] [stderr]     Finished `release` profile [optimized] target(s) in 1m 09s
[INFO] running `Command { std: "docker" "inspect" "076bc489a6d51a913bfaeb4cbdd3dc207a247db7cfbe6b7af8fad876a6e52b8d", kill_on_drop: false }`
[INFO] running `Command { std: "docker" "exec" "-e" "SOURCE_DIR=/opt/rustwide/workdir" "-e" "CARGO_HOME=/opt/rustwide/cargo-home" "-e" "RUSTUP_HOME=/opt/rustwide/rustup-home" "-e" "CARGO_TARGET_DIR=/opt/rustwide/target" "-e" "CARGO_INCREMENTAL=0" "-e" "RUST_BACKTRACE=full" "-e" "RUSTFLAGS=--cap-lints=warn" "-e" "RUSTDOCFLAGS=--cap-lints=warn" "-w" "/opt/rustwide/workdir" "--user" "0:0" "076bc489a6d51a913bfaeb4cbdd3dc207a247db7cfbe6b7af8fad876a6e52b8d" "/opt/rustwide/cargo-home/bin/cargo" "+1.99.0-beta.8" "test" "--frozen" "--release", kill_on_drop: false }`
[INFO] [stderr]     Finished `release` profile [optimized] target(s) in 0.15s
[INFO] [stderr]      Running unittests src/lib.rs (/opt/rustwide/target/release/deps/nestforge-53c514f28557299e)
[INFO] [stdout] 
[INFO] [stdout] running 0 tests
[INFO] [stdout] 
[INFO] [stdout] test result: ok. 0 passed; 0 failed; 0 ignored; 0 measured; 0 filtered out; finished in 0.00s
[INFO] [stdout] 
[INFO] [stderr]      Running tests/auth_and_http_extractors.rs (/opt/rustwide/target/release/deps/auth_and_http_extractors-b04070846e1ce4cf)
[INFO] [stdout] 
[INFO] [stdout] running 3 tests
[INFO] [stdout] test auth_guard_rejects_unauthenticated_requests ... ok
[INFO] [stdout] test headers_and_cookies_wrappers_are_constructible ... ok
[INFO] [stdout] test role_guard_rejects_authenticated_users_without_required_role ... ok
[INFO] [stdout] 
[INFO] [stdout] test result: ok. 3 passed; 0 failed; 0 ignored; 0 measured; 0 filtered out; finished in 0.00s
[INFO] [stdout] 
[INFO] [stderr]      Running tests/cache_interceptor.rs (/opt/rustwide/target/release/deps/cache_interceptor-a4a36371773c19e5)
[INFO] [stdout] 
[INFO] [stdout] running 0 tests
[INFO] [stdout] 
[INFO] [stdout] test result: ok. 0 passed; 0 failed; 0 ignored; 0 measured; 0 filtered out; finished in 0.00s
[INFO] [stdout] 
[INFO] [stderr]      Running tests/controller_level_metadata.rs (/opt/rustwide/target/release/deps/controller_level_metadata-36d345e8c3c11a1e)
[INFO] [stdout] 
[INFO] [stdout] running 4 tests
[INFO] [stdout] test controller_level_roles_metadata_allows_matching_roles ... ok
[INFO] [stdout] test controller_level_authenticated_metadata_enforces_runtime_guards ... ok
[INFO] [stdout] test controller_level_roles_metadata_enforces_role_checks ... ok
[INFO] [stdout] test controller_level_exception_filters_rewrite_route_failures ... FAILED
[INFO] [stdout] 
[INFO] [stdout] failures:
[INFO] [stdout] 
[INFO] [stdout] ---- controller_level_exception_filters_rewrite_route_failures stdout ----
[INFO] [stdout] [nestforge] event=module_register module="controller_level_metadata::AppModule"
[INFO] [stdout] [nestforge] event=controller_register controller="controller_level_metadata::AdminController"
[INFO] [stdout] [nestforge] event=route_register method="GET" path="/admin/dashboard"
[INFO] [stdout] [nestforge] event=controller_register controller="controller_level_metadata::FilteredController"
[INFO] [stdout] [nestforge] event=route_register method="GET" path="/filtered/deny"
[INFO] [stdout] [nestforge] event=request_start request_id="req-1792326292435-3" method="GET" path="/filtered/deny"
[INFO] [stdout] [nestforge] event=request_complete request_id="req-1792326292435-3" method="GET" path="/filtered/deny" status="403" duration_ms="0"
[INFO] [stdout] 
[INFO] [stdout] thread 'controller_level_exception_filters_rewrite_route_failures' (3894) panicked at tests/controller_level_metadata.rs:152:5:
[INFO] [stdout] assertion `left == right` failed
[INFO] [stdout]   left: String("original forbidden")
[INFO] [stdout]  right: "filtered forbidden"
[INFO] [stdout] stack backtrace:
[INFO] [stdout]    0:     0x6439d3529ef1 - <<std[70759c8f55707aa4]::sys::backtrace::BacktraceLock>::print::DisplayBacktrace as core[df12db4294e9bfd3]::fmt::Display>::fmt
[INFO] [stdout]    1:     0x6439d353fcea - core[df12db4294e9bfd3]::fmt::write
[INFO] [stdout]    2:     0x6439d352e9ac - <alloc[2182bb758b4b3781]::vec::Vec<u8> as core[df12db4294e9bfd3]::io::write::Write>::write_fmt
[INFO] [stdout]    3:     0x6439d35059b6 - std[70759c8f55707aa4]::panicking::default_hook::{closure#0}
[INFO] [stdout]    4:     0x6439d3522409 - std[70759c8f55707aa4]::panicking::default_hook
[INFO] [stdout]    5:     0x6439d34775d0 - test[9d35eded1c95d3be]::test_main_inner::<test[9d35eded1c95d3be]::test_main_static::{closure#0}>::{closure#0}
[INFO] [stdout]    6:     0x6439d35225c2 - std[70759c8f55707aa4]::panicking::panic_with_hook
[INFO] [stdout]    7:     0x6439d3505a62 - std[70759c8f55707aa4]::panicking::panic_handler::{closure#0}
[INFO] [stdout]    8:     0x6439d34fe229 - std[70759c8f55707aa4]::sys::backtrace::__rust_end_short_backtrace::<std[70759c8f55707aa4]::panicking::panic_handler::{closure#0}, !>
[INFO] [stdout]    9:     0x6439d350676d - __rustc[8fa7c3cbc660c2b3]::rust_begin_unwind
[INFO] [stdout]   10:     0x6439d354044c - core[df12db4294e9bfd3]::panicking::panic_fmt
[INFO] [stdout]   11:     0x6439d3540363 - core[df12db4294e9bfd3]::panicking::assert_failed_inner
[INFO] [stdout]   12:     0x6439d3457d01 - core[df12db4294e9bfd3]::panicking::assert_failed::<serde_json[a52b7cb2c4d455ba]::value::Value, &str>
[INFO] [stdout]   13:     0x6439d3452d99 - controller_level_metadata[2db89fd2d500b844]::controller_level_exception_filters_rewrite_route_failures::{closure#0}
[INFO] [stdout]   14:     0x6439d3444c03 - <tokio[538812520dbb214]::runtime::scheduler::current_thread::Context>::enter::<core[df12db4294e9bfd3]::task::poll::Poll<()>, <tokio[538812520dbb214]::runtime::scheduler::current_thread::CoreGuard>::block_on<core[df12db4294e9bfd3]::pin::Pin<&mut core[df12db4294e9bfd3]::pin::Pin<&mut dyn core[df12db4294e9bfd3]::future::future::Future<Output = ()>>>>::{closure#0}::{closure#0}>
[INFO] [stdout]   15:     0x6439d34558ac - <tokio[538812520dbb214]::runtime::context::scoped::Scoped<tokio[538812520dbb214]::runtime::scheduler::Context>>::set::<<tokio[538812520dbb214]::runtime::scheduler::current_thread::CoreGuard>::enter<<tokio[538812520dbb214]::runtime::scheduler::current_thread::CoreGuard>::block_on<core[df12db4294e9bfd3]::pin::Pin<&mut core[df12db4294e9bfd3]::pin::Pin<&mut dyn core[df12db4294e9bfd3]::future::future::Future<Output = ()>>>>::{closure#0}, core[df12db4294e9bfd3]::option::Option<()>>::{closure#0}, (alloc[2182bb758b4b3781]::boxed::Box<tokio[538812520dbb214]::runtime::scheduler::current_thread::Core>, core[df12db4294e9bfd3]::option::Option<()>)>
[INFO] [stdout]   16:     0x6439d3444f57 - <tokio[538812520dbb214]::runtime::scheduler::current_thread::CoreGuard>::block_on::<core[df12db4294e9bfd3]::pin::Pin<&mut core[df12db4294e9bfd3]::pin::Pin<&mut dyn core[df12db4294e9bfd3]::future::future::Future<Output = ()>>>>
[INFO] [stdout]   17:     0x6439d34572c7 - tokio[538812520dbb214]::runtime::context::runtime::enter_runtime::<<tokio[538812520dbb214]::runtime::scheduler::current_thread::CurrentThread>::block_on<core[df12db4294e9bfd3]::pin::Pin<&mut dyn core[df12db4294e9bfd3]::future::future::Future<Output = ()>>>::{closure#0}, ()>
[INFO] [stdout]   18:     0x6439d345564a - <tokio[538812520dbb214]::runtime::runtime::Runtime>::block_on::<core[df12db4294e9bfd3]::pin::Pin<&mut dyn core[df12db4294e9bfd3]::future::future::Future<Output = ()>>>
[INFO] [stdout]   19:     0x6439d345454e - <controller_level_metadata[2db89fd2d500b844]::controller_level_exception_filters_rewrite_route_failures::{closure#0} as core[df12db4294e9bfd3]::ops::function::FnOnce<()>>::call_once
[INFO] [stdout]   20:     0x6439d346a8bb - test[9d35eded1c95d3be]::__rust_begin_short_backtrace::<core[df12db4294e9bfd3]::result::Result<(), alloc[2182bb758b4b3781]::string::String>, fn() -> core[df12db4294e9bfd3]::result::Result<(), alloc[2182bb758b4b3781]::string::String>>
[INFO] [stdout]   21:     0x6439d3477f25 - test[9d35eded1c95d3be]::run_test::{closure#0}
[INFO] [stdout]   22:     0x6439d34717e4 - std[70759c8f55707aa4]::sys::backtrace::__rust_begin_short_backtrace::<test[9d35eded1c95d3be]::run_test::{closure#1}, ()>
[INFO] [stdout]   23:     0x6439d347b082 - <std[70759c8f55707aa4]::thread::lifecycle::spawn_unchecked<test[9d35eded1c95d3be]::run_test::{closure#1}, ()>::{closure#1} as core[df12db4294e9bfd3]::ops::function::FnOnce<()>>::call_once::{shim:vtable#0}
[INFO] [stdout]   24:     0x6439d3529799 - <std[70759c8f55707aa4]::sys::thread::unix::Thread>::new::thread_start
[INFO] [stdout]   25:     0x7a15f2410dfa - <unknown>
[INFO] [stdout]   26:     0x7a15f24a43d4 - clone
[INFO] [stdout]   27:                0x0 - <unknown>
[INFO] [stdout] 
[INFO] [stdout] 
[INFO] [stdout] failures:
[INFO] [stdout]     controller_level_exception_filters_rewrite_route_failures
[INFO] [stdout] 
[INFO] [stdout] test result: FAILED. 3 passed; 1 failed; 0 ignored; 0 measured; 0 filtered out; finished in 0.00s
[INFO] [stdout] 
[INFO] [stderr] error: test failed, to rerun pass `--test controller_level_metadata`
[INFO] running `Command { std: "docker" "inspect" "076bc489a6d51a913bfaeb4cbdd3dc207a247db7cfbe6b7af8fad876a6e52b8d", kill_on_drop: false }`
[INFO] running `Command { std: "docker" "rm" "-f" "076bc489a6d51a913bfaeb4cbdd3dc207a247db7cfbe6b7af8fad876a6e52b8d", kill_on_drop: false }`
[INFO] [stdout] 076bc489a6d51a913bfaeb4cbdd3dc207a247db7cfbe6b7af8fad876a6e52b8d
