[INFO] fetching crate nestforge-graphql 1.9.0...
[INFO] testing nestforge-graphql-1.9.0 against 1.100.0-beta.1+cargoflags=--release for beta-release-1.100-2
[INFO] extracting crate nestforge-graphql 1.9.0 into /workspace/builds/worker-3-tc2/source
[INFO] started tweaking crates.io crate nestforge-graphql 1.9.0
[INFO] finished tweaking crates.io crate nestforge-graphql 1.9.0
[INFO] tweaked toml for crates.io crate nestforge-graphql 1.9.0 written to /workspace/builds/worker-3-tc2/source/Cargo.toml
[INFO] validating manifest of crates.io crate nestforge-graphql 1.9.0 on toolchain 1.100.0-beta.1
[INFO] running `Command { std: CARGO_HOME="/workspace/cargo-home" RUSTUP_HOME="/workspace/rustup-home" "/workspace/cargo-home/bin/cargo" "+1.100.0-beta.1" "metadata" "--manifest-path" "Cargo.toml" "--no-deps", kill_on_drop: false }`
[INFO] crate crates.io crate nestforge-graphql 1.9.0 already has a lockfile, it will not be regenerated
[INFO] running `Command { std: CARGO_HOME="/workspace/cargo-home" RUSTUP_HOME="/workspace/rustup-home" "/workspace/cargo-home/bin/cargo" "+1.100.0-beta.1" "fetch" "--manifest-path" "Cargo.toml", kill_on_drop: false }`
[INFO] [stderr] warning: `package.homepage` is redundant with `package.repository`
[INFO] [stderr]   --> Cargo.toml:27:12
[INFO] [stderr]    |
[INFO] [stderr] 27 | homepage = "https://github.com/vernonthedev/nestforge"
[INFO] [stderr]    |            ^^^^^^^^^^^^^^^^^^^^^^^^^^^^^^^^^^^^^^^^^^^
[INFO] [stderr] ...
[INFO] [stderr] 32 | repository = "https://github.com/vernonthedev/nestforge"
[INFO] [stderr]    |              -------------------------------------------
[INFO] [stderr]    |
[INFO] [stderr]    = note: `cargo::redundant_homepage` is set to `warn` by default
[INFO] [stderr] help: consider removing `package.homepage`
[INFO] [stderr] warning: `nestforge-graphql` (manifest) generated 1 warning
[INFO] running `Command { std: "docker" "create" "-v" "/var/lib/crater-agent-workspace/builds/worker-3-tc2/source:/opt/rustwide/workdir:ro,Z" "-v" "/var/lib/crater-agent-workspace/builds/worker-3-tc2/target:/opt/rustwide/target:rw,Z" "-v" "/var/lib/crater-agent-workspace/cargo-home:/opt/rustwide/cargo-home:ro,Z" "-v" "/var/lib/crater-agent-workspace/rustup-home:/opt/rustwide/rustup-home:ro,Z" "-m" "1610612736" "--network" "none" "ghcr.io/rust-lang/crates-build-env/linux@sha256:77db811e55d90add9212f6832c23229e3de5f1c1f9905e8cb07319ea15df73ac" "sleep" "infinity", kill_on_drop: false }`
[INFO] [stdout] 48968e5ec843d63e4cd58085c9f4fd8c303302b9ef071e7cdca436899dd9d86b
[INFO] running `Command { std: "docker" "start" "48968e5ec843d63e4cd58085c9f4fd8c303302b9ef071e7cdca436899dd9d86b", kill_on_drop: false }`
[INFO] running `Command { std: "docker" "inspect" "48968e5ec843d63e4cd58085c9f4fd8c303302b9ef071e7cdca436899dd9d86b", kill_on_drop: false }`
[INFO] running `Command { std: "docker" "exec" "-e" "SOURCE_DIR=/opt/rustwide/workdir" "-e" "CARGO_HOME=/opt/rustwide/cargo-home" "-e" "RUSTUP_HOME=/opt/rustwide/rustup-home" "-e" "CARGO_TARGET_DIR=/opt/rustwide/target" "-w" "/opt/rustwide/workdir" "--user" "0:0" "48968e5ec843d63e4cd58085c9f4fd8c303302b9ef071e7cdca436899dd9d86b" "/opt/rustwide/cargo-home/bin/cargo" "+1.100.0-beta.1" "metadata" "--no-deps" "--format-version=1", kill_on_drop: false }`
[INFO] running `Command { std: "docker" "inspect" "48968e5ec843d63e4cd58085c9f4fd8c303302b9ef071e7cdca436899dd9d86b", kill_on_drop: false }`
[INFO] running `Command { std: "docker" "exec" "-e" "SOURCE_DIR=/opt/rustwide/workdir" "-e" "CARGO_HOME=/opt/rustwide/cargo-home" "-e" "RUSTUP_HOME=/opt/rustwide/rustup-home" "-e" "CARGO_TARGET_DIR=/opt/rustwide/target" "-e" "CARGO_INCREMENTAL=0" "-e" "RUST_BACKTRACE=full" "-e" "RUSTFLAGS=--cap-lints=warn" "-e" "RUSTDOCFLAGS=--cap-lints=warn" "-w" "/opt/rustwide/workdir" "--user" "0:0" "48968e5ec843d63e4cd58085c9f4fd8c303302b9ef071e7cdca436899dd9d86b" "/opt/rustwide/cargo-home/bin/cargo" "+1.100.0-beta.1" "build" "--frozen" "--message-format=json" "--release", kill_on_drop: false }`
[INFO] [stderr] warning: `package.homepage` is redundant with `package.repository`
[INFO] [stderr]   --> Cargo.toml:27:12
[INFO] [stderr]    |
[INFO] [stderr] 27 | homepage = "https://github.com/vernonthedev/nestforge"
[INFO] [stderr]    |            ^^^^^^^^^^^^^^^^^^^^^^^^^^^^^^^^^^^^^^^^^^^
[INFO] [stderr] ...
[INFO] [stderr] 32 | repository = "https://github.com/vernonthedev/nestforge"
[INFO] [stderr]    |              -------------------------------------------
[INFO] [stderr]    |
[INFO] [stderr]    = note: `cargo::redundant_homepage` is set to `warn` by default
[INFO] [stderr] help: consider removing `package.homepage`
[INFO] [stderr] warning: `nestforge-graphql` (manifest) generated 1 warning
[INFO] [stderr]    Compiling serde_core v1.0.228
[INFO] [stderr]    Compiling serde_json v1.0.149
[INFO] [stderr]    Compiling syn v2.0.117
[INFO] [stderr]    Compiling zerocopy v0.8.39
[INFO] [stderr]    Compiling getrandom v0.3.4
[INFO] [stderr]    Compiling serde v1.0.228
[INFO] [stderr]    Compiling rustix v1.1.4
[INFO] [stderr]    Compiling syn v1.0.109
[INFO] [stderr]    Compiling digest v0.10.7
[INFO] [stderr]    Compiling linux-raw-sys v0.12.1
[INFO] [stderr]    Compiling toml_parser v1.0.9+spec-1.1.0
[INFO] [stderr]    Compiling tracing v0.1.44
[INFO] [stderr]    Compiling sync_wrapper v1.0.2
[INFO] [stderr]    Compiling toml_datetime v0.7.5+spec-1.1.0
[INFO] [stderr]    Compiling pest v2.8.6
[INFO] [stderr]    Compiling proc-macro-error-attr v1.0.4
[INFO] [stderr]    Compiling async-io v2.6.0
[INFO] [stderr]    Compiling multer v3.1.0
[INFO] [stderr]    Compiling rand_core v0.9.5
[INFO] [stderr]    Compiling sha1 v0.10.6
[INFO] [stderr]    Compiling num-modular v0.6.1
[INFO] [stderr]    Compiling regex v1.12.3
[INFO] [stderr]    Compiling unicode-normalization v0.1.25
[INFO] [stderr]    Compiling futures-lite v2.6.1
[INFO] [stderr]    Compiling spin v0.9.8
[INFO] [stderr]    Compiling matchit v0.8.4
[INFO] [stderr]    Compiling if_chain v1.0.3
[INFO] [stderr]    Compiling Inflector v0.11.4
[INFO] [stderr]    Compiling ascii_utils v0.9.3
[INFO] [stderr]    Compiling unicode-bidi v0.3.18
[INFO] [stderr]    Compiling asynk-strim v0.1.5
[INFO] [stderr]    Compiling fast_chemail v0.9.6
[INFO] [stderr]    Compiling static_assertions_next v1.1.2
[INFO] [stderr]    Compiling num-order v1.2.0
[INFO] [stderr]    Compiling idna v0.4.0
[INFO] [stderr]    Compiling indexmap v2.13.0
[INFO] [stderr]    Compiling serde_path_to_error v0.1.20
[INFO] [stderr]    Compiling validator_types v0.16.0
[INFO] [stderr]    Compiling proc-macro-error v1.0.4
[INFO] [stderr]    Compiling validator_derive v0.16.0
[INFO] [stderr]    Compiling toml_edit v0.23.10+spec-1.0.0
[INFO] [stderr]    Compiling synstructure v0.13.2
[INFO] [stderr]    Compiling darling_core v0.20.11
[INFO] [stderr]    Compiling darling_core v0.23.0
[INFO] [stderr]    Compiling pest_generator v2.8.6
[INFO] [stderr]    Compiling proc-macro-crate v3.4.0
[INFO] [stderr]    Compiling serde_derive v1.0.228
[INFO] [stderr]    Compiling zerofrom-derive v0.1.6
[INFO] [stderr]    Compiling yoke-derive v0.8.1
[INFO] [stderr]    Compiling zerovec-derive v0.11.2
[INFO] [stderr]    Compiling displaydoc v0.2.5
[INFO] [stderr]    Compiling thiserror-impl v2.0.18
[INFO] [stderr]    Compiling tokio-macros v2.6.0
[INFO] [stderr]    Compiling futures-macro v0.3.32
[INFO] [stderr]    Compiling strum_macros v0.27.2
[INFO] [stderr]    Compiling pest_derive v2.8.6
[INFO] [stderr]    Compiling async-trait v0.1.89
[INFO] [stderr]    Compiling ppv-lite86 v0.2.21
[INFO] [stderr]    Compiling futures-util v0.3.32
[INFO] [stderr]    Compiling zerofrom v0.1.6
[INFO] [stderr]    Compiling rand_chacha v0.9.0
[INFO] [stderr]    Compiling yoke v0.8.1
[INFO] [stderr]    Compiling thiserror v2.0.18
[INFO] [stderr]    Compiling zerovec v0.11.5
[INFO] [stderr]    Compiling zerotrie v0.2.3
[INFO] [stderr]    Compiling rand v0.9.2
[INFO] [stderr]    Compiling polling v3.11.0
[INFO] [stderr]    Compiling tempfile v3.26.0
[INFO] [stderr]    Compiling darling_macro v0.23.0
[INFO] [stderr]    Compiling nestforge-config v1.9.0
[INFO] [stderr]    Compiling darling v0.23.0
[INFO] [stderr]    Compiling darling_macro v0.20.11
[INFO] [stderr]    Compiling strum v0.27.2
[INFO] [stderr]    Compiling darling v0.20.11
[INFO] [stderr]    Compiling derive_builder_core v0.20.2
[INFO] [stderr]    Compiling tinystr v0.8.2
[INFO] [stderr]    Compiling potential_utf v0.1.4
[INFO] [stderr]    Compiling icu_locale_core v2.1.1
[INFO] [stderr]    Compiling icu_collections v2.1.1
[INFO] [stderr]    Compiling derive_builder_macro v0.20.2
[INFO] [stderr]    Compiling derive_builder v0.20.2
[INFO] [stderr]    Compiling icu_provider v2.1.1
[INFO] [stderr]    Compiling bytes v1.11.1
[INFO] [stderr]    Compiling serde_urlencoded v0.7.1
[INFO] [stderr]    Compiling handlebars v6.4.0
[INFO] [stderr]    Compiling icu_normalizer v2.1.1
[INFO] [stderr]    Compiling icu_properties v2.1.2
[INFO] [stderr]    Compiling async-graphql-value v7.2.1
[INFO] [stderr]    Compiling http v1.4.0
[INFO] [stderr]    Compiling tokio v1.49.0
[INFO] [stderr]    Compiling async-graphql-parser v7.2.1
[INFO] [stderr]    Compiling idna_adapter v1.2.1
[INFO] [stderr]    Compiling idna v1.1.0
[INFO] [stderr]    Compiling http-body v1.0.1
[INFO] [stderr]    Compiling tungstenite v0.28.0
[INFO] [stderr]    Compiling http-body-util v0.1.3
[INFO] [stderr]    Compiling url v2.5.8
[INFO] [stderr]    Compiling axum-core v0.5.6
[INFO] [stderr]    Compiling validator v0.16.1
[INFO] [stderr]    Compiling async-graphql-derive v7.2.1
[INFO] [stderr]    Compiling hyper v1.8.1
[INFO] [stderr]    Compiling tower v0.5.3
[INFO] [stderr]    Compiling tokio-tungstenite v0.28.0
[INFO] [stderr]    Compiling tokio-util v0.7.18
[INFO] [stderr]    Compiling tokio-stream v0.1.18
[INFO] [stderr]    Compiling hyper-util v0.1.20
[INFO] [stderr]    Compiling axum v0.8.8
[INFO] [stderr]    Compiling async-graphql v7.2.1
[INFO] [stderr]    Compiling nestforge-core v1.9.0
[INFO] [stderr]    Compiling async-graphql-axum v7.2.1
[INFO] [stderr]    Compiling nestforge-graphql v1.9.0 (/opt/rustwide/workdir)
[INFO] [stderr]     Finished `release` profile [optimized] target(s) in 55.41s
[INFO] running `Command { std: "docker" "inspect" "48968e5ec843d63e4cd58085c9f4fd8c303302b9ef071e7cdca436899dd9d86b", kill_on_drop: false }`
[INFO] running `Command { std: "docker" "exec" "-e" "SOURCE_DIR=/opt/rustwide/workdir" "-e" "CARGO_HOME=/opt/rustwide/cargo-home" "-e" "RUSTUP_HOME=/opt/rustwide/rustup-home" "-e" "CARGO_TARGET_DIR=/opt/rustwide/target" "-e" "CARGO_INCREMENTAL=0" "-e" "RUST_BACKTRACE=full" "-e" "RUSTFLAGS=--cap-lints=warn" "-e" "RUSTDOCFLAGS=--cap-lints=warn" "-w" "/opt/rustwide/workdir" "--user" "0:0" "48968e5ec843d63e4cd58085c9f4fd8c303302b9ef071e7cdca436899dd9d86b" "/opt/rustwide/cargo-home/bin/cargo" "+1.100.0-beta.1" "test" "--frozen" "--no-run" "--message-format=json" "--release", kill_on_drop: false }`
[INFO] [stderr] warning: `package.homepage` is redundant with `package.repository`
[INFO] [stderr]   --> Cargo.toml:27:12
[INFO] [stderr]    |
[INFO] [stderr] 27 | homepage = "https://github.com/vernonthedev/nestforge"
[INFO] [stderr]    |            ^^^^^^^^^^^^^^^^^^^^^^^^^^^^^^^^^^^^^^^^^^^
[INFO] [stderr] ...
[INFO] [stderr] 32 | repository = "https://github.com/vernonthedev/nestforge"
[INFO] [stderr]    |              -------------------------------------------
[INFO] [stderr]    |
[INFO] [stderr]    = note: `cargo::redundant_homepage` is set to `warn` by default
[INFO] [stderr] help: consider removing `package.homepage`
[INFO] [stderr] warning: `nestforge-graphql` (manifest) generated 1 warning
[INFO] [stderr]    Compiling nestforge-graphql v1.9.0 (/opt/rustwide/workdir)
[INFO] [stderr]     Finished `release` profile [optimized] target(s) in 0.79s
[INFO] running `Command { std: "docker" "inspect" "48968e5ec843d63e4cd58085c9f4fd8c303302b9ef071e7cdca436899dd9d86b", kill_on_drop: false }`
[INFO] running `Command { std: "docker" "exec" "-e" "SOURCE_DIR=/opt/rustwide/workdir" "-e" "CARGO_HOME=/opt/rustwide/cargo-home" "-e" "RUSTUP_HOME=/opt/rustwide/rustup-home" "-e" "CARGO_TARGET_DIR=/opt/rustwide/target" "-e" "CARGO_INCREMENTAL=0" "-e" "RUST_BACKTRACE=full" "-e" "RUSTFLAGS=--cap-lints=warn" "-e" "RUSTDOCFLAGS=--cap-lints=warn" "-w" "/opt/rustwide/workdir" "--user" "0:0" "48968e5ec843d63e4cd58085c9f4fd8c303302b9ef071e7cdca436899dd9d86b" "/opt/rustwide/cargo-home/bin/cargo" "+1.100.0-beta.1" "test" "--frozen" "--release", kill_on_drop: false }`
[INFO] [stderr] warning: `package.homepage` is redundant with `package.repository`
[INFO] [stderr]   --> Cargo.toml:27:12
[INFO] [stderr]    |
[INFO] [stderr] 27 | homepage = "https://github.com/vernonthedev/nestforge"
[INFO] [stderr]    |            ^^^^^^^^^^^^^^^^^^^^^^^^^^^^^^^^^^^^^^^^^^^
[INFO] [stderr] ...
[INFO] [stderr] 32 | repository = "https://github.com/vernonthedev/nestforge"
[INFO] [stderr]    |              -------------------------------------------
[INFO] [stderr]    |
[INFO] [stderr]    = note: `cargo::redundant_homepage` is set to `warn` by default
[INFO] [stderr] help: consider removing `package.homepage`
[INFO] [stderr] warning: `nestforge-graphql` (manifest) generated 1 warning
[INFO] [stderr]     Finished `release` profile [optimized] target(s) in 0.20s
[INFO] [stderr]      Running unittests src/lib.rs (/opt/rustwide/target/release/build/nestforge-graphql/67911319cb9033d2/out/nestforge_graphql-67911319cb9033d2)
[INFO] [stdout] 
[INFO] [stdout] running 0 tests
[INFO] [stdout] 
[INFO] [stdout] test result: ok. 0 passed; 0 failed; 0 ignored; 0 measured; 0 filtered out; finished in 0.00s
[INFO] [stderr]    Doc-tests nestforge_graphql
[INFO] [stdout] 
[INFO] [stdout] 
[INFO] [stdout] running 3 tests
[INFO] [stdout] test src/lib.rs - GraphQlSchema (line 32) ... FAILED
[INFO] [stdout] test src/lib.rs - resolve_graphql (line 93) ... FAILED
[INFO] [stdout] test src/lib.rs - graphql_container (line 46) ... FAILED
[INFO] [stdout] 
[INFO] [stdout] failures:
[INFO] [stdout] 
[INFO] [stdout] ---- src/lib.rs - GraphQlSchema (line 32) stdout ----
[INFO] [stdout] error[E0425]: cannot find type `GraphQlSchema` in this scope
[INFO] [stdout]   --> src/lib.rs:33:17
[INFO] [stdout]    |
[INFO] [stdout] 33 | type MySchema = GraphQlSchema<MyQuery, MyMutation, MySubscription>;
[INFO] [stdout]    |                 ^^^^^^^^^^^^^ not found in this scope
[INFO] [stdout] 
[INFO] [stdout] error[E0425]: cannot find type `MyQuery` in this scope
[INFO] [stdout]   --> src/lib.rs:33:31
[INFO] [stdout]    |
[INFO] [stdout] 33 | type MySchema = GraphQlSchema<MyQuery, MyMutation, MySubscription>;
[INFO] [stdout]    |                               ^^^^^^^ not found in this scope
[INFO] [stdout]    |
[INFO] [stdout] help: you might be missing a type parameter
[INFO] [stdout]    |
[INFO] [stdout] 33 | type MySchema<MyQuery> = GraphQlSchema<MyQuery, MyMutation, MySubscription>;
[INFO] [stdout]    |              +++++++++
[INFO] [stdout] 
[INFO] [stdout] error[E0425]: cannot find type `MyMutation` in this scope
[INFO] [stdout]   --> src/lib.rs:33:40
[INFO] [stdout]    |
[INFO] [stdout] 33 | type MySchema = GraphQlSchema<MyQuery, MyMutation, MySubscription>;
[INFO] [stdout]    |                                        ^^^^^^^^^^ not found in this scope
[INFO] [stdout]    |
[INFO] [stdout] help: you might be missing a type parameter
[INFO] [stdout]    |
[INFO] [stdout] 33 | type MySchema<MyMutation> = GraphQlSchema<MyQuery, MyMutation, MySubscription>;
[INFO] [stdout]    |              ++++++++++++
[INFO] [stdout] 
[INFO] [stdout] error[E0425]: cannot find type `MySubscription` in this scope
[INFO] [stdout]   --> src/lib.rs:33:52
[INFO] [stdout]    |
[INFO] [stdout] 33 | type MySchema = GraphQlSchema<MyQuery, MyMutation, MySubscription>;
[INFO] [stdout]    |                                                    ^^^^^^^^^^^^^^ not found in this scope
[INFO] [stdout]    |
[INFO] [stdout] help: you might be missing a type parameter
[INFO] [stdout]    |
[INFO] [stdout] 33 | type MySchema<MySubscription> = GraphQlSchema<MyQuery, MyMutation, MySubscription>;
[INFO] [stdout]    |              ++++++++++++++++
[INFO] [stdout] 
[INFO] [stdout] error: aborting due to 4 previous errors
[INFO] [stdout] 
[INFO] [stdout] For more information about this error, try `rustc --explain E0425`.
[INFO] [stdout] Couldn't compile the test.
[INFO] [stdout] ---- src/lib.rs - resolve_graphql (line 93) stdout ----
[INFO] [stdout] error[E0425]: cannot find type `Context` in this scope
[INFO] [stdout]   --> src/lib.rs:94:23
[INFO] [stdout]    |
[INFO] [stdout] 94 | fn resolve_user(ctx: &Context<'_>) -> Result<User> {
[INFO] [stdout]    |                       ^^^^^^^ not found in this scope
[INFO] [stdout]    |
[INFO] [stdout] help: consider importing this struct
[INFO] [stdout]    |
[INFO] [stdout] 93 + use std::task::Context;
[INFO] [stdout]    |
[INFO] [stdout] 
[INFO] [stdout] error[E0425]: cannot find type `User` in this scope
[INFO] [stdout]   --> src/lib.rs:94:46
[INFO] [stdout]    |
[INFO] [stdout] 94 | fn resolve_user(ctx: &Context<'_>) -> Result<User> {
[INFO] [stdout]    |                                              ^^^^ not found in this scope
[INFO] [stdout]    |
[INFO] [stdout] help: you might be missing a type parameter
[INFO] [stdout]    |
[INFO] [stdout] 94 | fn resolve_user<User>(ctx: &Context<'_>) -> Result<User> {
[INFO] [stdout]    |                ++++++
[INFO] [stdout] 
[INFO] [stdout] error[E0425]: cannot find type `UserService` in this scope
[INFO] [stdout]   --> src/lib.rs:95:37
[INFO] [stdout]    |
[INFO] [stdout] 95 |     let service = resolve_graphql::<UserService>(ctx)?;
[INFO] [stdout]    |                                     ^^^^^^^^^^^ not found in this scope
[INFO] [stdout]    |
[INFO] [stdout] help: you might be missing a type parameter
[INFO] [stdout]    |
[INFO] [stdout] 94 | fn resolve_user<UserService>(ctx: &Context<'_>) -> Result<User> {
[INFO] [stdout]    |                +++++++++++++
[INFO] [stdout] 
[INFO] [stdout] error[E0107]: enum takes 2 generic arguments but 1 generic argument was supplied
[INFO] [stdout]   --> src/lib.rs:94:39
[INFO] [stdout]    |
[INFO] [stdout] 94 | fn resolve_user(ctx: &Context<'_>) -> Result<User> {
[INFO] [stdout]    |                                       ^^^^^^ ---- supplied 1 generic argument
[INFO] [stdout]    |                                       |
[INFO] [stdout]    |                                       expected 2 generic arguments
[INFO] [stdout]    |
[INFO] [stdout] help: add missing generic argument
[INFO] [stdout]    |
[INFO] [stdout] 94 | fn resolve_user(ctx: &Context<'_>) -> Result<User, E> {
[INFO] [stdout]    |                                                  +++
[INFO] [stdout] 
[INFO] [stdout] error[E0425]: cannot find function `resolve_graphql` in this scope
[INFO] [stdout]   --> src/lib.rs:95:19
[INFO] [stdout]    |
[INFO] [stdout] 95 |     let service = resolve_graphql::<UserService>(ctx)?;
[INFO] [stdout]    |                   ^^^^^^^^^^^^^^^ not found in this scope
[INFO] [stdout] 
[INFO] [stdout] error: aborting due to 5 previous errors
[INFO] [stdout] 
[INFO] [stdout] Some errors have detailed explanations: E0107, E0425.
[INFO] [stdout] For more information about an error, try `rustc --explain E0107`.
[INFO] [stdout] Couldn't compile the test.
[INFO] [stdout] ---- src/lib.rs - graphql_container (line 46) stdout ----
[INFO] [stdout] error[E0425]: cannot find type `Context` in this scope
[INFO] [stdout]   --> src/lib.rs:47:23
[INFO] [stdout]    |
[INFO] [stdout] 47 | fn resolve_user(ctx: &Context<'_>) -> Result<User> {
[INFO] [stdout]    |                       ^^^^^^^ not found in this scope
[INFO] [stdout]    |
[INFO] [stdout] help: consider importing this struct
[INFO] [stdout]    |
[INFO] [stdout] 46 + use std::task::Context;
[INFO] [stdout]    |
[INFO] [stdout] 
[INFO] [stdout] error[E0425]: cannot find type `User` in this scope
[INFO] [stdout]   --> src/lib.rs:47:46
[INFO] [stdout]    |
[INFO] [stdout] 47 | fn resolve_user(ctx: &Context<'_>) -> Result<User> {
[INFO] [stdout]    |                                              ^^^^ not found in this scope
[INFO] [stdout]    |
[INFO] [stdout] help: you might be missing a type parameter
[INFO] [stdout]    |
[INFO] [stdout] 47 | fn resolve_user<User>(ctx: &Context<'_>) -> Result<User> {
[INFO] [stdout]    |                ++++++
[INFO] [stdout] 
[INFO] [stdout] error[E0425]: cannot find type `UserService` in this scope
[INFO] [stdout]   --> src/lib.rs:49:25
[INFO] [stdout]    |
[INFO] [stdout] 49 |     container.resolve::<UserService>()?.get_user()
[INFO] [stdout]    |                         ^^^^^^^^^^^ not found in this scope
[INFO] [stdout]    |
[INFO] [stdout] help: you might be missing a type parameter
[INFO] [stdout]    |
[INFO] [stdout] 47 | fn resolve_user<UserService>(ctx: &Context<'_>) -> Result<User> {
[INFO] [stdout]    |                +++++++++++++
[INFO] [stdout] 
[INFO] [stdout] error[E0107]: enum takes 2 generic arguments but 1 generic argument was supplied
[INFO] [stdout]   --> src/lib.rs:47:39
[INFO] [stdout]    |
[INFO] [stdout] 47 | fn resolve_user(ctx: &Context<'_>) -> Result<User> {
[INFO] [stdout]    |                                       ^^^^^^ ---- supplied 1 generic argument
[INFO] [stdout]    |                                       |
[INFO] [stdout]    |                                       expected 2 generic arguments
[INFO] [stdout]    |
[INFO] [stdout] help: add missing generic argument
[INFO] [stdout]    |
[INFO] [stdout] 47 | fn resolve_user(ctx: &Context<'_>) -> Result<User, E> {
[INFO] [stdout]    |                                                  +++
[INFO] [stdout] 
[INFO] [stdout] error[E0425]: cannot find function `graphql_container` in this scope
[INFO] [stdout]   --> src/lib.rs:48:21
[INFO] [stdout]    |
[INFO] [stdout] 48 |     let container = graphql_container(ctx)?;
[INFO] [stdout]    |                     ^^^^^^^^^^^^^^^^^ not found in this scope
[INFO] [stdout] 
[INFO] [stdout] error: aborting due to 5 previous errors
[INFO] [stdout] 
[INFO] [stdout] Some errors have detailed explanations: E0107, E0425.
[INFO] [stdout] For more information about an error, try `rustc --explain E0107`.
[INFO] [stdout] Couldn't compile the test.
[INFO] [stdout] 
[INFO] [stdout] failures:
[INFO] [stdout]     src/lib.rs - GraphQlSchema (line 32)
[INFO] [stdout]     src/lib.rs - graphql_container (line 46)
[INFO] [stdout]     src/lib.rs - resolve_graphql (line 93)
[INFO] [stdout] 
[INFO] [stdout] test result: FAILED. 0 passed; 3 failed; 0 ignored; 0 measured; 0 filtered out; finished in 0.11s
[INFO] [stdout] 
[INFO] [stderr] error: doctest failed, to rerun pass `--doc`
[INFO] running `Command { std: "docker" "inspect" "48968e5ec843d63e4cd58085c9f4fd8c303302b9ef071e7cdca436899dd9d86b", kill_on_drop: false }`
[INFO] running `Command { std: "docker" "rm" "-f" "48968e5ec843d63e4cd58085c9f4fd8c303302b9ef071e7cdca436899dd9d86b", kill_on_drop: false }`
[INFO] [stdout] 48968e5ec843d63e4cd58085c9f4fd8c303302b9ef071e7cdca436899dd9d86b
