[INFO] fetching crate nest 1.0.0...
[INFO] testing nest-1.0.0 against 1.99.0-beta.8+cargoflags=--release for beta-release-1.100-2
[INFO] extracting crate nest 1.0.0 into /workspace/builds/worker-6-tc1/source
[INFO] started tweaking crates.io crate nest 1.0.0
[INFO] finished tweaking crates.io crate nest 1.0.0
[INFO] tweaked toml for crates.io crate nest 1.0.0 written to /workspace/builds/worker-6-tc1/source/Cargo.toml
[INFO] validating manifest of crates.io crate nest 1.0.0 on toolchain 1.99.0-beta.8
[INFO] running `Command { std: CARGO_HOME="/workspace/cargo-home" RUSTUP_HOME="/workspace/rustup-home" "/workspace/cargo-home/bin/cargo" "+1.99.0-beta.8" "metadata" "--manifest-path" "Cargo.toml" "--no-deps", kill_on_drop: false }`
[INFO] running `Command { std: CARGO_HOME="/workspace/cargo-home" RUSTUP_HOME="/workspace/rustup-home" "/workspace/cargo-home/bin/cargo" "+1.99.0-beta.8" "generate-lockfile" "--manifest-path" "Cargo.toml", kill_on_drop: false }`
[INFO] [stderr]     Updating crates.io index
[INFO] [stderr]      Locking 118 packages to highest compatible versions
[INFO] [stderr]       Adding assert_fs v0.11.3 (available: v1.1.4)
[INFO] [stderr]       Adding atomicwrites v0.2.5 (available: v0.4.4)
[INFO] [stderr]       Adding env_logger v0.6.2 (available: v0.11.11)
[INFO] [stderr]       Adding indexmap v1.9.3 (available: v2.14.2)
[INFO] [stderr]       Adding mkdirp v0.1.0 (available: v1.0.0)
[INFO] [stderr]       Adding objekt v0.1.2 (available: v0.2.0)
[INFO] [stderr]       Adding serde-hjson v0.9.1 (available: v1.1.0)
[INFO] [stderr]       Adding serde_yaml v0.8.26 (available: v0.9.34+deprecated)
[INFO] [stderr]       Adding snafu v0.2.3 (available: v0.9.2)
[INFO] [stderr]       Adding toml v0.5.11 (available: v1.1.8+spec-1.1.0)
[INFO] [stderr]       Adding version-sync v0.8.1 (available: v0.9.5)
[INFO] running `Command { std: CARGO_HOME="/workspace/cargo-home" RUSTUP_HOME="/workspace/rustup-home" "/workspace/cargo-home/bin/cargo" "+1.99.0-beta.8" "fetch" "--manifest-path" "Cargo.toml", kill_on_drop: false }`
[INFO] [stderr]  Downloading crates ...
[INFO] [stderr]   Downloaded snafu-derive v0.2.3
[INFO] [stderr]   Downloaded version-sync v0.8.1
[INFO] [stderr]   Downloaded snafu v0.2.3
[INFO] [stderr]   Downloaded semver-parser v0.9.0
[INFO] [stderr]   Downloaded serde_test v0.8.23
[INFO] [stderr]   Downloaded objekt v0.1.2
[INFO] [stderr]   Downloaded atomicwrites v0.2.5
[INFO] [stderr]   Downloaded globwalk v0.5.0
[INFO] [stderr]   Downloaded mkdirp v0.1.0
[INFO] [stderr]   Downloaded linked-hash-map v0.3.0
[INFO] [stderr]   Downloaded pulldown-cmark v0.4.1
[INFO] [stderr]   Downloaded env_logger v0.6.2
[INFO] [stderr]   Downloaded assert_fs v0.11.3
[INFO] [stderr]   Downloaded serde-hjson v0.9.1
[INFO] [stderr]   Downloaded serde v0.8.23
[INFO] [stderr]   Downloaded predicates v1.0.8
[INFO] [stderr]   Downloaded ignore v0.4.33
[INFO] [stderr]   Downloaded difference v2.0.0
[INFO] [stderr]   Downloaded nix v0.14.1
[INFO] running `Command { std: "docker" "create" "-v" "/var/lib/crater-agent-workspace/builds/worker-6-tc1/source:/opt/rustwide/workdir:ro,Z" "-v" "/var/lib/crater-agent-workspace/builds/worker-6-tc1/target:/opt/rustwide/target:rw,Z" "-v" "/var/lib/crater-agent-workspace/cargo-home:/opt/rustwide/cargo-home:ro,Z" "-v" "/var/lib/crater-agent-workspace/rustup-home:/opt/rustwide/rustup-home:ro,Z" "-m" "1610612736" "--network" "none" "ghcr.io/rust-lang/crates-build-env/linux@sha256:77db811e55d90add9212f6832c23229e3de5f1c1f9905e8cb07319ea15df73ac" "sleep" "infinity", kill_on_drop: false }`
[INFO] [stdout] 7172153e52265ed8e2f1e34359db86dadaf975a5883026362d0e8bdb5e85e35e
[INFO] running `Command { std: "docker" "start" "7172153e52265ed8e2f1e34359db86dadaf975a5883026362d0e8bdb5e85e35e", kill_on_drop: false }`
[INFO] running `Command { std: "docker" "inspect" "7172153e52265ed8e2f1e34359db86dadaf975a5883026362d0e8bdb5e85e35e", kill_on_drop: false }`
[INFO] running `Command { std: "docker" "exec" "-e" "SOURCE_DIR=/opt/rustwide/workdir" "-e" "CARGO_HOME=/opt/rustwide/cargo-home" "-e" "RUSTUP_HOME=/opt/rustwide/rustup-home" "-e" "CARGO_TARGET_DIR=/opt/rustwide/target" "-w" "/opt/rustwide/workdir" "--user" "0:0" "7172153e52265ed8e2f1e34359db86dadaf975a5883026362d0e8bdb5e85e35e" "/opt/rustwide/cargo-home/bin/cargo" "+1.99.0-beta.8" "metadata" "--no-deps" "--format-version=1", kill_on_drop: false }`
[INFO] running `Command { std: "docker" "inspect" "7172153e52265ed8e2f1e34359db86dadaf975a5883026362d0e8bdb5e85e35e", kill_on_drop: false }`
[INFO] running `Command { std: "docker" "exec" "-e" "SOURCE_DIR=/opt/rustwide/workdir" "-e" "CARGO_HOME=/opt/rustwide/cargo-home" "-e" "RUSTUP_HOME=/opt/rustwide/rustup-home" "-e" "CARGO_TARGET_DIR=/opt/rustwide/target" "-e" "CARGO_INCREMENTAL=0" "-e" "RUST_BACKTRACE=full" "-e" "RUSTFLAGS=--cap-lints=warn" "-e" "RUSTDOCFLAGS=--cap-lints=warn" "-w" "/opt/rustwide/workdir" "--user" "0:0" "7172153e52265ed8e2f1e34359db86dadaf975a5883026362d0e8bdb5e85e35e" "/opt/rustwide/cargo-home/bin/cargo" "+1.99.0-beta.8" "build" "--frozen" "--message-format=json" "--release", kill_on_drop: false }`
[INFO] [stderr]    Compiling proc-macro2 v0.4.30
[INFO] [stderr]    Compiling serde_core v1.0.229
[INFO] [stderr]    Compiling unicode-xid v0.1.0
[INFO] [stderr]    Compiling num-traits v0.2.19
[INFO] [stderr]    Compiling indexmap v1.9.3
[INFO] [stderr]    Compiling syn v0.15.44
[INFO] [stderr]    Compiling object v0.37.3
[INFO] [stderr]    Compiling aho-corasick v1.1.5
[INFO] [stderr]    Compiling nix v0.14.1
[INFO] [stderr]    Compiling gimli v0.32.3
[INFO] [stderr]    Compiling serde v0.8.23
[INFO] [stderr]    Compiling quote v0.6.13
[INFO] [stderr]    Compiling miniz_oxide v0.8.9
[INFO] [stderr]    Compiling rand v0.4.6
[INFO] [stderr]    Compiling regex-automata v0.4.18
[INFO] [stderr]    Compiling serde_test v0.8.23
[INFO] [stderr]    Compiling void v1.0.2
[INFO] [stderr]    Compiling remove_dir_all v0.5.3
[INFO] [stderr]    Compiling serde_json v1.0.154
[INFO] [stderr]    Compiling rustc-demangle v0.1.28
[INFO] [stderr]    Compiling serde v1.0.229
[INFO] [stderr]    Compiling addr2line v0.25.1
[INFO] [stderr]    Compiling tempdir v0.3.7
[INFO] [stderr]    Compiling indexmap v2.14.2
[INFO] [stderr]    Compiling linked-hash-map v0.3.0
[INFO] [stderr]    Compiling backtrace v0.3.76
[INFO] [stderr]    Compiling num-traits v0.1.43
[INFO] [stderr]    Compiling serde_yaml v0.8.26
[INFO] [stderr]    Compiling toml v0.5.11
[INFO] [stderr]    Compiling snafu-derive v0.2.3
[INFO] [stderr]    Compiling regex v1.13.1
[INFO] [stderr]    Compiling serde-hjson v0.9.1
[INFO] [stderr]    Compiling atomicwrites v0.2.5
[INFO] [stderr]    Compiling snafu v0.2.3
[INFO] [stderr]    Compiling objekt v0.1.2
[INFO] [stderr]    Compiling mkdirp v0.1.0
[INFO] [stderr]    Compiling nest v1.0.0 (/opt/rustwide/workdir)
[INFO] [stderr]     Finished `release` profile [optimized] target(s) in 51.88s
[INFO] running `Command { std: "docker" "inspect" "7172153e52265ed8e2f1e34359db86dadaf975a5883026362d0e8bdb5e85e35e", kill_on_drop: false }`
[INFO] running `Command { std: "docker" "exec" "-e" "SOURCE_DIR=/opt/rustwide/workdir" "-e" "CARGO_HOME=/opt/rustwide/cargo-home" "-e" "RUSTUP_HOME=/opt/rustwide/rustup-home" "-e" "CARGO_TARGET_DIR=/opt/rustwide/target" "-e" "CARGO_INCREMENTAL=0" "-e" "RUST_BACKTRACE=full" "-e" "RUSTFLAGS=--cap-lints=warn" "-e" "RUSTDOCFLAGS=--cap-lints=warn" "-w" "/opt/rustwide/workdir" "--user" "0:0" "7172153e52265ed8e2f1e34359db86dadaf975a5883026362d0e8bdb5e85e35e" "/opt/rustwide/cargo-home/bin/cargo" "+1.99.0-beta.8" "test" "--frozen" "--no-run" "--message-format=json" "--release", kill_on_drop: false }`
[INFO] [stderr]    Compiling proc-macro2 v0.4.30
[INFO] [stderr]    Compiling crossbeam-epoch v0.9.21
[INFO] [stderr]    Compiling bstr v1.13.1
[INFO] [stderr]    Compiling tinyvec v1.13.3
[INFO] [stderr]    Compiling rustix v1.1.5
[INFO] [stderr]    Compiling unicode-xid v0.1.0
[INFO] [stderr]    Compiling matches v0.1.10
[INFO] [stderr]    Compiling pulldown-cmark v0.4.1
[INFO] [stderr]    Compiling predicates-core v1.0.10
[INFO] [stderr]    Compiling bitflags v2.13.2
[INFO] [stderr]    Compiling unicode-bidi v0.3.18
[INFO] [stderr]    Compiling getrandom v0.4.3
[INFO] [stderr]    Compiling crossbeam-deque v0.8.8
[INFO] [stderr]    Compiling float-cmp v0.8.0
[INFO] [stderr]    Compiling syn v0.15.44
[INFO] [stderr]    Compiling globset v0.4.20
[INFO] [stderr]    Compiling unicase v2.10.0
[INFO] [stderr]    Compiling fastrand v2.5.0
[INFO] [stderr]    Compiling unicode-normalization v0.1.26
[INFO] [stderr]    Compiling quote v0.6.13
[INFO] [stderr]    Compiling normalize-line-endings v0.3.0
[INFO] [stderr]    Compiling difference v2.0.0
[INFO] [stderr]    Compiling termtree v0.5.1
[INFO] [stderr]    Compiling ignore v0.4.33
[INFO] [stderr]    Compiling percent-encoding v1.0.1
[INFO] [stderr]    Compiling idna v0.1.5
[INFO] [stderr]    Compiling humantime v1.3.0
[INFO] [stderr]    Compiling itertools v0.8.2
[INFO] [stderr]    Compiling predicates-tree v1.0.13
[INFO] [stderr]    Compiling predicates v1.0.8
[INFO] [stderr]    Compiling url v1.7.2
[INFO] [stderr]    Compiling globwalk v0.5.0
[INFO] [stderr]    Compiling tempfile v3.27.0
[INFO] [stderr]    Compiling atty v0.2.14
[INFO] [stderr]    Compiling termcolor v1.4.1
[INFO] [stderr]    Compiling semver-parser v0.9.0
[INFO] [stderr]    Compiling env_logger v0.6.2
[INFO] [stderr]    Compiling assert_fs v0.11.3
[INFO] [stderr]    Compiling version-sync v0.8.1
[INFO] [stderr]    Compiling nest v1.0.0 (/opt/rustwide/workdir)
[INFO] [stdout] warning: use of deprecated constant `std::sync::ONCE_INIT`: the `Once::new()` function is now preferred
[INFO] [stdout]  --> tests/common/mod.rs:1:23
[INFO] [stdout]   |
[INFO] [stdout] 1 | use std::sync::{Once, ONCE_INIT};
[INFO] [stdout]   |                       ^^^^^^^^^
[INFO] [stdout]   |
[INFO] [stdout]   = note: `#[warn(deprecated)]` on by default
[INFO] [stdout] 
[INFO] [stdout] 
[INFO] [stdout] warning: use of deprecated constant `std::sync::ONCE_INIT`: the `Once::new()` function is now preferred
[INFO] [stdout]  --> tests/common/mod.rs:3:21
[INFO] [stdout]   |
[INFO] [stdout] 3 | static INIT: Once = ONCE_INIT;
[INFO] [stdout]   |                     ^^^^^^^^^
[INFO] [stdout]   |
[INFO] [stdout] help: replace the use of the deprecated constant
[INFO] [stdout]   |
[INFO] [stdout] 3 - static INIT: Once = ONCE_INIT;
[INFO] [stdout] 3 + static INIT: Once = Once::new();
[INFO] [stdout]   |
[INFO] [stdout] 
[INFO] [stdout] 
[INFO] [stdout] warning: use of deprecated constant `std::sync::ONCE_INIT`: the `Once::new()` function is now preferred
[INFO] [stdout]  --> tests/common/mod.rs:1:23
[INFO] [stdout]   |
[INFO] [stdout] 1 | use std::sync::{Once, ONCE_INIT};
[INFO] [stdout]   |                       ^^^^^^^^^
[INFO] [stdout]   |
[INFO] [stdout]   = note: `#[warn(deprecated)]` on by default
[INFO] [stdout] 
[INFO] [stdout] 
[INFO] [stdout] warning: use of deprecated constant `std::sync::ONCE_INIT`: the `Once::new()` function is now preferred
[INFO] [stdout]  --> tests/common/mod.rs:3:21
[INFO] [stdout]   |
[INFO] [stdout] 3 | static INIT: Once = ONCE_INIT;
[INFO] [stdout]   |                     ^^^^^^^^^
[INFO] [stdout]   |
[INFO] [stdout] help: replace the use of the deprecated constant
[INFO] [stdout]   |
[INFO] [stdout] 3 - static INIT: Once = ONCE_INIT;
[INFO] [stdout] 3 + static INIT: Once = Once::new();
[INFO] [stdout]   |
[INFO] [stdout] 
[INFO] [stdout] 
[INFO] [stderr]     Finished `release` profile [optimized] target(s) in 40.31s
[INFO] running `Command { std: "docker" "inspect" "7172153e52265ed8e2f1e34359db86dadaf975a5883026362d0e8bdb5e85e35e", kill_on_drop: false }`
[INFO] running `Command { std: "docker" "exec" "-e" "SOURCE_DIR=/opt/rustwide/workdir" "-e" "CARGO_HOME=/opt/rustwide/cargo-home" "-e" "RUSTUP_HOME=/opt/rustwide/rustup-home" "-e" "CARGO_TARGET_DIR=/opt/rustwide/target" "-e" "CARGO_INCREMENTAL=0" "-e" "RUST_BACKTRACE=full" "-e" "RUSTFLAGS=--cap-lints=warn" "-e" "RUSTDOCFLAGS=--cap-lints=warn" "-w" "/opt/rustwide/workdir" "--user" "0:0" "7172153e52265ed8e2f1e34359db86dadaf975a5883026362d0e8bdb5e85e35e" "/opt/rustwide/cargo-home/bin/cargo" "+1.99.0-beta.8" "test" "--frozen" "--release", kill_on_drop: false }`
[INFO] [stderr] warning: use of deprecated constant `std::sync::ONCE_INIT`: the `Once::new()` function is now preferred
[INFO] [stderr]  --> tests/common/mod.rs:1:23
[INFO] [stderr]   |
[INFO] [stderr] 1 | use std::sync::{Once, ONCE_INIT};
[INFO] [stderr]   |                       ^^^^^^^^^
[INFO] [stderr]   |
[INFO] [stderr]   = note: `#[warn(deprecated)]` on by default
[INFO] [stderr] 
[INFO] [stderr] warning: use of deprecated constant `std::sync::ONCE_INIT`: the `Once::new()` function is now preferred
[INFO] [stderr]  --> tests/common/mod.rs:3:21
[INFO] [stderr]   |
[INFO] [stderr] 3 | static INIT: Once = ONCE_INIT;
[INFO] [stderr]   |                     ^^^^^^^^^
[INFO] [stderr]   |
[INFO] [stderr] help: replace the use of the deprecated constant
[INFO] [stderr]   |
[INFO] [stderr] 3 - static INIT: Once = ONCE_INIT;
[INFO] [stderr] 3 + static INIT: Once = Once::new();
[INFO] [stderr]   |
[INFO] [stderr] 
[INFO] [stderr] warning: `nest` (test "formats") generated 2 warnings (run `cargo fix --test "formats" -p nest` to apply 1 suggestion)
[INFO] [stderr] warning: `nest` (test "api") generated 2 warnings (2 duplicates)
[INFO] [stderr]     Finished `release` profile [optimized] target(s) in 0.13s
[INFO] [stderr]      Running unittests src/lib.rs (/opt/rustwide/target/release/deps/nest-2cbdf1621a48a317)
[INFO] [stdout] 
[INFO] [stdout] running 0 tests
[INFO] [stdout] 
[INFO] [stdout] test result: ok. 0 passed; 0 failed; 0 ignored; 0 measured; 0 filtered out; finished in 0.00s
[INFO] [stdout] 
[INFO] [stderr]      Running tests/api.rs (/opt/rustwide/target/release/deps/api-cf571fa32e42adbe)
[INFO] [stdout] 
[INFO] [stdout] running 3 tests
[INFO] [stdout] test get_simple ... ok
[INFO] [stdout] test set_simple ... ok
[INFO] [stdout] test set_from_empty ... ok
[INFO] [stdout] 
[INFO] [stdout] test result: ok. 3 passed; 0 failed; 0 ignored; 0 measured; 0 filtered out; finished in 0.05s
[INFO] [stdout] 
[INFO] [stderr]      Running tests/formats.rs (/opt/rustwide/target/release/deps/formats-66f7eca046fd49b7)
[INFO] [stdout] 
[INFO] [stdout] running 3 tests
[INFO] [stdout] test toml ... ok
[INFO] [stdout] test yaml ... FAILED
[INFO] [stdout] test hjson ... ok
[INFO] [stdout] 
[INFO] [stdout] failures:
[INFO] [stdout] 
[INFO] [stdout] ---- yaml stdout ----
[INFO] [stdout] [2026-10-18T12:24:03Z INFO  nest::store] nest::Store::new("/tmp/.tmp25BrP4", Directory({"hello": Directory({"world": Source(Yaml)})}))
[INFO] [stdout] [2026-10-18T12:24:03Z INFO  nest::store] nest::Store#get(Path(["hello", "world", "nest"]))
[INFO] [stdout] [2026-10-18T12:24:03Z DEBUG nest::store] extra_path: Path(["nest"])
[INFO] [stdout] [2026-10-18T12:24:03Z DEBUG nest::store] get_in_schema(Source(Yaml), "/tmp/.tmp25BrP4", Path(["hello", "world", "nest"]), 2)
[INFO] [stdout] [2026-10-18T12:24:03Z INFO  nest::store] nest::Store#set(Path(["hello", "world", "nest"])), Bool(false)
[INFO] [stdout] 
[INFO] [stdout] thread 'yaml' (1549) panicked at /opt/rustwide/cargo-home/registry/src/index.crates.io-1949cf8c6b5b557f/assert_fs-0.11.3/src/assert.rs:157:9:
[INFO] [stdout] Unexpected file, failed var - original <= 0
[INFO] [stdout] └── var - original <= 0
[INFO] [stdout]     ├── original: ---
[INFO] [stdout]     │   nest: false
[INFO] [stdout]     ├── actual distance: 1
[INFO] [stdout]     ├── diff: ---
[INFO] [stdout]     │   nest: false
[INFO] [stdout]     │   
[INFO] [stdout]     │   [92m[0m
[INFO] [stdout]     └── var as str: ---
[INFO] [stdout]         nest: false
[INFO] [stdout]         
[INFO] [stdout] 
[INFO] [stdout] path="/tmp/.tmp25BrP4/hello/world.yaml"
[INFO] [stdout] stack backtrace:
[INFO] [stdout]    0:     0x5ac299b55721 - <<std[70759c8f55707aa4]::sys::backtrace::BacktraceLock>::print::DisplayBacktrace as core[df12db4294e9bfd3]::fmt::Display>::fmt
[INFO] [stdout]    1:     0x5ac299b6cd0a - core[df12db4294e9bfd3]::fmt::write
[INFO] [stdout]    2:     0x5ac299b5a17c - <alloc[2182bb758b4b3781]::vec::Vec<u8> as core[df12db4294e9bfd3]::io::write::Write>::write_fmt
[INFO] [stdout]    3:     0x5ac299b2fbe6 - std[70759c8f55707aa4]::panicking::default_hook::{closure#0}
[INFO] [stdout]    4:     0x5ac299b4cf99 - std[70759c8f55707aa4]::panicking::default_hook
[INFO] [stdout]    5:     0x5ac299996ab0 - test[9d35eded1c95d3be]::test_main_inner::<test[9d35eded1c95d3be]::test_main_static::{closure#0}>::{closure#0}
[INFO] [stdout]    6:     0x5ac299b4d152 - std[70759c8f55707aa4]::panicking::panic_with_hook
[INFO] [stdout]    7:     0x5ac299b2fc92 - std[70759c8f55707aa4]::panicking::panic_handler::{closure#0}
[INFO] [stdout]    8:     0x5ac299b28669 - std[70759c8f55707aa4]::sys::backtrace::__rust_end_short_backtrace::<std[70759c8f55707aa4]::panicking::panic_handler::{closure#0}, !>
[INFO] [stdout]    9:     0x5ac299b30a6d - __rustc[8fa7c3cbc660c2b3]::rust_begin_unwind
[INFO] [stdout]   10:     0x5ac299b6d4ec - core[df12db4294e9bfd3]::panicking::panic_fmt
[INFO] [stdout]   11:     0x5ac29997e78c - assert_fs[92baefae3b144838]::assert::assert::<&str, assert_fs[92baefae3b144838]::assert::StrContentPathPredicate>
[INFO] [stdout]   12:     0x5ac299979d44 - <formats[1f60f0715e2c09bc]::yaml::{closure#0} as core[df12db4294e9bfd3]::ops::function::FnOnce<()>>::call_once
[INFO] [stdout]   13:     0x5ac299989d9b - test[9d35eded1c95d3be]::__rust_begin_short_backtrace::<core[df12db4294e9bfd3]::result::Result<(), alloc[2182bb758b4b3781]::string::String>, fn() -> core[df12db4294e9bfd3]::result::Result<(), alloc[2182bb758b4b3781]::string::String>>
[INFO] [stdout]   14:     0x5ac299997405 - test[9d35eded1c95d3be]::run_test::{closure#0}
[INFO] [stdout]   15:     0x5ac299990cc4 - std[70759c8f55707aa4]::sys::backtrace::__rust_begin_short_backtrace::<test[9d35eded1c95d3be]::run_test::{closure#1}, ()>
[INFO] [stdout]   16:     0x5ac29999a562 - <std[70759c8f55707aa4]::thread::lifecycle::spawn_unchecked<test[9d35eded1c95d3be]::run_test::{closure#1}, ()>::{closure#1} as core[df12db4294e9bfd3]::ops::function::FnOnce<()>>::call_once::{shim:vtable#0}
[INFO] [stdout]   17:     0x5ac299b54c89 - <std[70759c8f55707aa4]::sys::thread::unix::Thread>::new::thread_start
[INFO] [stdout]   18:     0x7ee50e7c2dfa - <unknown>
[INFO] [stdout]   19:     0x7ee50e8563d4 - clone
[INFO] [stdout]   20:                0x0 - <unknown>
[INFO] [stdout] 
[INFO] [stdout] 
[INFO] [stdout] failures:
[INFO] [stdout]     yaml
[INFO] [stdout] 
[INFO] [stdout] test result: FAILED. 2 passed; 1 failed; 0 ignored; 0 measured; 0 filtered out; finished in 0.02s
[INFO] [stdout] 
[INFO] [stderr] error: test failed, to rerun pass `--test formats`
[INFO] running `Command { std: "docker" "inspect" "7172153e52265ed8e2f1e34359db86dadaf975a5883026362d0e8bdb5e85e35e", kill_on_drop: false }`
[INFO] running `Command { std: "docker" "rm" "-f" "7172153e52265ed8e2f1e34359db86dadaf975a5883026362d0e8bdb5e85e35e", kill_on_drop: false }`
[INFO] [stdout] 7172153e52265ed8e2f1e34359db86dadaf975a5883026362d0e8bdb5e85e35e
