[INFO] fetching crate neso 0.5.0...
[INFO] testing neso-0.5.0 against 1.100.0-beta.1+cargoflags=--release for beta-release-1.100-2
[INFO] extracting crate neso 0.5.0 into /workspace/builds/worker-3-tc2/source
[INFO] started tweaking crates.io crate neso 0.5.0
[INFO] finished tweaking crates.io crate neso 0.5.0
[INFO] tweaked toml for crates.io crate neso 0.5.0 written to /workspace/builds/worker-3-tc2/source/Cargo.toml
[INFO] validating manifest of crates.io crate neso 0.5.0 on toolchain 1.100.0-beta.1
[INFO] running `Command { std: CARGO_HOME="/workspace/cargo-home" RUSTUP_HOME="/workspace/rustup-home" "/workspace/cargo-home/bin/cargo" "+1.100.0-beta.1" "metadata" "--manifest-path" "Cargo.toml" "--no-deps", kill_on_drop: false }`
[INFO] running `Command { std: CARGO_HOME="/workspace/cargo-home" RUSTUP_HOME="/workspace/rustup-home" "/workspace/cargo-home/bin/cargo" "+1.100.0-beta.1" "generate-lockfile" "--manifest-path" "Cargo.toml", kill_on_drop: false }`
[INFO] [stderr]     Updating crates.io index
[INFO] [stderr]      Locking 19 packages to highest compatible versions
[INFO] [stderr]       Adding bincode v1.3.3 (available: v3.0.0)
[INFO] [stderr]       Adding cfg-if v0.1.10 (available: v1.0.5)
[INFO] running `Command { std: CARGO_HOME="/workspace/cargo-home" RUSTUP_HOME="/workspace/rustup-home" "/workspace/cargo-home/bin/cargo" "+1.100.0-beta.1" "fetch" "--manifest-path" "Cargo.toml", kill_on_drop: false }`
[INFO] running `Command { std: "docker" "create" "-v" "/var/lib/crater-agent-workspace/builds/worker-3-tc2/source:/opt/rustwide/workdir:ro,Z" "-v" "/var/lib/crater-agent-workspace/builds/worker-3-tc2/target:/opt/rustwide/target:rw,Z" "-v" "/var/lib/crater-agent-workspace/cargo-home:/opt/rustwide/cargo-home:ro,Z" "-v" "/var/lib/crater-agent-workspace/rustup-home:/opt/rustwide/rustup-home:ro,Z" "-m" "1610612736" "--network" "none" "ghcr.io/rust-lang/crates-build-env/linux@sha256:77db811e55d90add9212f6832c23229e3de5f1c1f9905e8cb07319ea15df73ac" "sleep" "infinity", kill_on_drop: false }`
[INFO] [stdout] 83784dd5ed7b71f403524ca656674fd8820ab713a17d44793ef40d2f44938274
[INFO] running `Command { std: "docker" "start" "83784dd5ed7b71f403524ca656674fd8820ab713a17d44793ef40d2f44938274", kill_on_drop: false }`
[INFO] running `Command { std: "docker" "inspect" "83784dd5ed7b71f403524ca656674fd8820ab713a17d44793ef40d2f44938274", kill_on_drop: false }`
[INFO] running `Command { std: "docker" "exec" "-e" "SOURCE_DIR=/opt/rustwide/workdir" "-e" "CARGO_HOME=/opt/rustwide/cargo-home" "-e" "RUSTUP_HOME=/opt/rustwide/rustup-home" "-e" "CARGO_TARGET_DIR=/opt/rustwide/target" "-w" "/opt/rustwide/workdir" "--user" "0:0" "83784dd5ed7b71f403524ca656674fd8820ab713a17d44793ef40d2f44938274" "/opt/rustwide/cargo-home/bin/cargo" "+1.100.0-beta.1" "metadata" "--no-deps" "--format-version=1", kill_on_drop: false }`
[INFO] running `Command { std: "docker" "inspect" "83784dd5ed7b71f403524ca656674fd8820ab713a17d44793ef40d2f44938274", kill_on_drop: false }`
[INFO] running `Command { std: "docker" "exec" "-e" "SOURCE_DIR=/opt/rustwide/workdir" "-e" "CARGO_HOME=/opt/rustwide/cargo-home" "-e" "RUSTUP_HOME=/opt/rustwide/rustup-home" "-e" "CARGO_TARGET_DIR=/opt/rustwide/target" "-e" "CARGO_INCREMENTAL=0" "-e" "RUST_BACKTRACE=full" "-e" "RUSTFLAGS=--cap-lints=warn" "-e" "RUSTDOCFLAGS=--cap-lints=warn" "-w" "/opt/rustwide/workdir" "--user" "0:0" "83784dd5ed7b71f403524ca656674fd8820ab713a17d44793ef40d2f44938274" "/opt/rustwide/cargo-home/bin/cargo" "+1.100.0-beta.1" "build" "--frozen" "--message-format=json" "--release", kill_on_drop: false }`
[INFO] [stderr]    Compiling proc-macro2 v1.0.107
[INFO] [stderr]    Compiling quote v1.0.47
[INFO] [stderr]    Compiling unicode-ident v1.0.27
[INFO] [stderr]    Compiling serde_core v1.0.229
[INFO] [stderr]    Compiling serde v1.0.229
[INFO] [stderr]    Compiling cfg-if v0.1.10
[INFO] [stderr]    Compiling log v0.4.34
[INFO] [stderr]    Compiling syn v3.0.9
[INFO] [stderr]    Compiling bincode v1.3.3
[INFO] [stderr]    Compiling serde_derive v1.0.229
[INFO] [stderr]    Compiling neso v0.5.0 (/opt/rustwide/workdir)
[INFO] [stdout] warning: unexpected `cfg` condition name: `console_error_panic_hook`
[INFO] [stdout]    --> src/lib.rs:187:35
[INFO] [stdout]     |
[INFO] [stdout] 187 | #[cfg(all(target_arch = "wasm32", console_error_panic_hook))]
[INFO] [stdout]     |                                   ^^^^^^^^^^^^^^^^^^^^^^^^ help: found config with similar value: `feature = "console_error_panic_hook"`
[INFO] [stdout]     |
[INFO] [stdout]     = help: expected names are: `docsrs`, `feature`, and `test` and 34 more
[INFO] [stdout]     = help: consider using a Cargo feature instead
[INFO] [stdout]     = help: or consider adding in `Cargo.toml` the `check-cfg` lint config for the lint:
[INFO] [stdout]              [lints.rust]
[INFO] [stdout]              unexpected_cfgs = { level = "warn", check-cfg = ['cfg(console_error_panic_hook)'] }
[INFO] [stdout]     = help: or consider adding `println!("cargo::rustc-check-cfg=cfg(console_error_panic_hook)");` to the top of the `build.rs`
[INFO] [stdout]     = note: see <https://doc.rust-lang.org/nightly/rustc/check-cfg/cargo-specifics.html> for more information about checking conditional configuration
[INFO] [stdout]     = note: `#[warn(unexpected_cfgs)]` on by default
[INFO] [stdout] 
[INFO] [stdout] 
[INFO] [stdout] warning: unexpected `cfg` condition name: `console_error_panic_hook`
[INFO] [stdout]    --> src/lib.rs:203:43
[INFO] [stdout]     |
[INFO] [stdout] 203 |         #[cfg(all(target_arch = "wasm32", console_error_panic_hook))]
[INFO] [stdout]     |                                           ^^^^^^^^^^^^^^^^^^^^^^^^ help: found config with similar value: `feature = "console_error_panic_hook"`
[INFO] [stdout]     |
[INFO] [stdout]     = help: consider using a Cargo feature instead
[INFO] [stdout]     = help: or consider adding in `Cargo.toml` the `check-cfg` lint config for the lint:
[INFO] [stdout]              [lints.rust]
[INFO] [stdout]              unexpected_cfgs = { level = "warn", check-cfg = ['cfg(console_error_panic_hook)'] }
[INFO] [stdout]     = help: or consider adding `println!("cargo::rustc-check-cfg=cfg(console_error_panic_hook)");` to the top of the `build.rs`
[INFO] [stdout]     = note: see <https://doc.rust-lang.org/nightly/rustc/check-cfg/cargo-specifics.html> for more information about checking conditional configuration
[INFO] [stdout] 
[INFO] [stdout] 
[INFO] [stdout] warning: unreachable pattern
[INFO] [stdout]    --> src/cpu/mod.rs:165:13
[INFO] [stdout]     |
[INFO] [stdout] 165 |             _ => panic!("[CPU] Invalid read with memory address: {:#06x}.", addr),
[INFO] [stdout]     |             ^ no value can reach this
[INFO] [stdout]     |
[INFO] [stdout] note: multiple earlier patterns match some of the same values
[INFO] [stdout]    --> src/cpu/mod.rs:165:13
[INFO] [stdout]     |
[INFO] [stdout] 148 |             0x0000..=0x1FFF => self.ram[(addr % 0x0800) as usize],
[INFO] [stdout]     |             --------------- matches some of the same values
[INFO] [stdout] 149 |             0x2000..=0x3FFF => {
[INFO] [stdout]     |             --------------- matches some of the same values
[INFO] [stdout] ...
[INFO] [stdout] 154 |             0x4016 => self.controllers[0].read_value(),
[INFO] [stdout]     |             ------ matches some of the same values
[INFO] [stdout] 155 |             0x4017 => self.controllers[1].read_value(),
[INFO] [stdout]     |             ------ matches some of the same values
[INFO] [stdout] ...
[INFO] [stdout] 165 |             _ => panic!("[CPU] Invalid read with memory address: {:#06x}.", addr),
[INFO] [stdout]     |             ^ ...and 3 other patterns collectively make this unreachable
[INFO] [stdout]     = note: `#[warn(unreachable_patterns)]` (part of `#[warn(unused)]`) on by default
[INFO] [stdout] 
[INFO] [stdout] 
[INFO] [stdout] warning: unreachable pattern
[INFO] [stdout]    --> src/cpu/mod.rs:217:13
[INFO] [stdout]     |
[INFO] [stdout] 217 |             _ => panic!("[CPU] Invalid write with memory address: {:#06x}.", addr),
[INFO] [stdout]     |             ^ no value can reach this
[INFO] [stdout]     |
[INFO] [stdout] note: multiple earlier patterns match some of the same values
[INFO] [stdout]    --> src/cpu/mod.rs:217:13
[INFO] [stdout]     |
[INFO] [stdout] 175 |             0x0000..=0x1FFF => self.ram[(addr % 0x0800) as usize] = val,
[INFO] [stdout]     |             --------------- matches some of the same values
[INFO] [stdout] 176 |             0x2000..=0x3FFF => {
[INFO] [stdout]     |             --------------- matches some of the same values
[INFO] [stdout] ...
[INFO] [stdout] 187 |             0x4014 => {
[INFO] [stdout]     |             ------ matches some of the same values
[INFO] [stdout] ...
[INFO] [stdout] 204 |             0x4016 => {
[INFO] [stdout]     |             ------ matches some of the same values
[INFO] [stdout] ...
[INFO] [stdout] 217 |             _ => panic!("[CPU] Invalid write with memory address: {:#06x}.", addr),
[INFO] [stdout]     |             ^ ...and 3 other patterns collectively make this unreachable
[INFO] [stdout] 
[INFO] [stdout] 
[INFO] [stdout] warning: constant `ABSOLUTE` is never used
[INFO] [stdout]  --> src/cpu/addressing_modes.rs:3:11
[INFO] [stdout]   |
[INFO] [stdout] 3 | pub const ABSOLUTE: usize = 1;
[INFO] [stdout]   |           ^^^^^^^^
[INFO] [stdout]   |
[INFO] [stdout]   = note: `#[warn(dead_code)]` (part of `#[warn(unused)]`) on by default
[INFO] [stdout] 
[INFO] [stdout] 
[INFO] [stdout] warning: constant `ABSOLUTE_X` is never used
[INFO] [stdout]  --> src/cpu/addressing_modes.rs:4:11
[INFO] [stdout]   |
[INFO] [stdout] 4 | pub const ABSOLUTE_X: usize = 2;
[INFO] [stdout]   |           ^^^^^^^^^^
[INFO] [stdout] 
[INFO] [stdout] 
[INFO] [stdout] warning: constant `ABSOLUTE_Y` is never used
[INFO] [stdout]  --> src/cpu/addressing_modes.rs:5:11
[INFO] [stdout]   |
[INFO] [stdout] 5 | pub const ABSOLUTE_Y: usize = 3;
[INFO] [stdout]   |           ^^^^^^^^^^
[INFO] [stdout] 
[INFO] [stdout] 
[INFO] [stdout] warning: constant `IMMEDIATE` is never used
[INFO] [stdout]  --> src/cpu/addressing_modes.rs:7:11
[INFO] [stdout]   |
[INFO] [stdout] 7 | pub const IMMEDIATE: usize = 5;
[INFO] [stdout]   |           ^^^^^^^^^
[INFO] [stdout] 
[INFO] [stdout] 
[INFO] [stdout] warning: constant `INDIRECT` is never used
[INFO] [stdout]  --> src/cpu/addressing_modes.rs:9:11
[INFO] [stdout]   |
[INFO] [stdout] 9 | pub const INDIRECT: usize = 7;
[INFO] [stdout]   |           ^^^^^^^^
[INFO] [stdout] 
[INFO] [stdout] 
[INFO] [stdout] warning: constant `INDIRECT_X` is never used
[INFO] [stdout]   --> src/cpu/addressing_modes.rs:10:11
[INFO] [stdout]    |
[INFO] [stdout] 10 | pub const INDIRECT_X: usize = 8;
[INFO] [stdout]    |           ^^^^^^^^^^
[INFO] [stdout] 
[INFO] [stdout] 
[INFO] [stdout] warning: constant `INDIRECT_Y` is never used
[INFO] [stdout]   --> src/cpu/addressing_modes.rs:11:11
[INFO] [stdout]    |
[INFO] [stdout] 11 | pub const INDIRECT_Y: usize = 9;
[INFO] [stdout]    |           ^^^^^^^^^^
[INFO] [stdout] 
[INFO] [stdout] 
[INFO] [stdout] warning: constant `RELATIVE` is never used
[INFO] [stdout]   --> src/cpu/addressing_modes.rs:12:11
[INFO] [stdout]    |
[INFO] [stdout] 12 | pub const RELATIVE: usize = 10;
[INFO] [stdout]    |           ^^^^^^^^
[INFO] [stdout] 
[INFO] [stdout] 
[INFO] [stdout] warning: constant `ZERO_PAGE` is never used
[INFO] [stdout]   --> src/cpu/addressing_modes.rs:13:11
[INFO] [stdout]    |
[INFO] [stdout] 13 | pub const ZERO_PAGE: usize = 11;
[INFO] [stdout]    |           ^^^^^^^^^
[INFO] [stdout] 
[INFO] [stdout] 
[INFO] [stdout] warning: constant `ZERO_PAGE_X` is never used
[INFO] [stdout]   --> src/cpu/addressing_modes.rs:14:11
[INFO] [stdout]    |
[INFO] [stdout] 14 | pub const ZERO_PAGE_X: usize = 12;
[INFO] [stdout]    |           ^^^^^^^^^^^
[INFO] [stdout] 
[INFO] [stdout] 
[INFO] [stdout] warning: constant `ZERO_PAGE_Y` is never used
[INFO] [stdout]   --> src/cpu/addressing_modes.rs:15:11
[INFO] [stdout]    |
[INFO] [stdout] 15 | pub const ZERO_PAGE_Y: usize = 13;
[INFO] [stdout]    |           ^^^^^^^^^^^
[INFO] [stdout] 
[INFO] [stdout] 
[INFO] [stdout] warning: constant `BREAK_COMMAND_MASK` is never used
[INFO] [stdout]  --> src/cpu/registers.rs:8:11
[INFO] [stdout]   |
[INFO] [stdout] 8 | pub const BREAK_COMMAND_MASK: u8 = 0x10;
[INFO] [stdout]   |           ^^^^^^^^^^^^^^^^^^
[INFO] [stdout] 
[INFO] [stdout] 
[INFO] [stdout] warning: missing documentation for a struct
[INFO] [stdout]    --> src/lib.rs:193:1
[INFO] [stdout]     |
[INFO] [stdout] 193 | pub struct Nes {
[INFO] [stdout]     | ^^^^^^^^^^^^^^
[INFO] [stdout]     |
[INFO] [stdout] note: the lint level is defined here
[INFO] [stdout]    --> src/lib.rs:79:9
[INFO] [stdout]     |
[INFO] [stdout]  79 | #![warn(missing_docs)]
[INFO] [stdout]     |         ^^^^^^^^^^^^
[INFO] [stdout] 
[INFO] [stdout] 
[INFO] [stdout] warning: missing documentation for an associated function
[INFO] [stdout]    --> src/lib.rs:202:5
[INFO] [stdout]     |
[INFO] [stdout] 202 |     pub fn new(sample_freq: f32) -> Self {
[INFO] [stdout]     |     ^^^^^^^^^^^^^^^^^^^^^^^^^^^^^^^^^^^^
[INFO] [stdout] 
[INFO] [stdout] 
[INFO] [stdout] warning: missing documentation for a method
[INFO] [stdout]    --> src/lib.rs:229:5
[INFO] [stdout]     |
[INFO] [stdout] 229 |     pub fn load_rom(&mut self, buffer: &[u8]) {
[INFO] [stdout]     |     ^^^^^^^^^^^^^^^^^^^^^^^^^^^^^^^^^^^^^^^^^
[INFO] [stdout] 
[INFO] [stdout] 
[INFO] [stdout] warning: unused return value of `Box::<T>::from_raw` that must be used
[INFO] [stdout]    --> src/lib.rs:232:17
[INFO] [stdout]     |
[INFO] [stdout] 232 |                 Box::from_raw(mapper);
[INFO] [stdout]     |                 ^^^^^^^^^^^^^^^^^^^^^
[INFO] [stdout]     |
[INFO] [stdout]     = note: call `drop(Box::from_raw(ptr))` if you intend to drop the `Box`
[INFO] [stdout]     = note: `#[warn(unused_must_use)]` (part of `#[warn(unused)]`) on by default
[INFO] [stdout] help: use `let _ = ...` to ignore the resulting value
[INFO] [stdout]     |
[INFO] [stdout] 232 |                 let _ = Box::from_raw(mapper);
[INFO] [stdout]     |                 +++++++
[INFO] [stdout] 
[INFO] [stdout] 
[INFO] [stdout] warning: missing documentation for a method
[INFO] [stdout]    --> src/lib.rs:254:5
[INFO] [stdout]     |
[INFO] [stdout] 254 |     pub fn step_frame(&mut self) {
[INFO] [stdout]     |     ^^^^^^^^^^^^^^^^^^^^^^^^^^^^
[INFO] [stdout] 
[INFO] [stdout] 
[INFO] [stdout] warning: missing documentation for a method
[INFO] [stdout]    --> src/lib.rs:262:5
[INFO] [stdout]     |
[INFO] [stdout] 262 |     pub fn reset(&mut self) {
[INFO] [stdout]     |     ^^^^^^^^^^^^^^^^^^^^^^^
[INFO] [stdout] 
[INFO] [stdout] 
[INFO] [stdout] warning: missing documentation for a method
[INFO] [stdout]    --> src/lib.rs:270:5
[INFO] [stdout]     |
[INFO] [stdout] 270 |     pub fn image_buffer(&self) -> *const u8 {
[INFO] [stdout]     |     ^^^^^^^^^^^^^^^^^^^^^^^^^^^^^^^^^^^^^^^
[INFO] [stdout] 
[INFO] [stdout] 
[INFO] [stdout] warning: missing documentation for a method
[INFO] [stdout]    --> src/lib.rs:274:5
[INFO] [stdout]     |
[INFO] [stdout] 274 |     pub fn audio_buffer(&self) -> *const f32 {
[INFO] [stdout]     |     ^^^^^^^^^^^^^^^^^^^^^^^^^^^^^^^^^^^^^^^^
[INFO] [stdout] 
[INFO] [stdout] 
[INFO] [stdout] warning: missing documentation for a method
[INFO] [stdout]    --> src/lib.rs:278:5
[INFO] [stdout]     |
[INFO] [stdout] 278 |     pub fn audio_buffer_len(&self) -> usize {
[INFO] [stdout]     |     ^^^^^^^^^^^^^^^^^^^^^^^^^^^^^^^^^^^^^^^
[INFO] [stdout] 
[INFO] [stdout] 
[INFO] [stdout] warning: missing documentation for a method
[INFO] [stdout]    --> src/lib.rs:282:5
[INFO] [stdout]     |
[INFO] [stdout] 282 |     pub fn colors(&self) -> *const u32 {
[INFO] [stdout]     |     ^^^^^^^^^^^^^^^^^^^^^^^^^^^^^^^^^^
[INFO] [stdout] 
[INFO] [stdout] 
[INFO] [stdout] warning: missing documentation for a method
[INFO] [stdout]    --> src/lib.rs:286:5
[INFO] [stdout]     |
[INFO] [stdout] 286 |     pub fn palettes(&self) -> *const u8 {
[INFO] [stdout]     |     ^^^^^^^^^^^^^^^^^^^^^^^^^^^^^^^^^^^
[INFO] [stdout] 
[INFO] [stdout] 
[INFO] [stdout] warning: missing documentation for a method
[INFO] [stdout]    --> src/lib.rs:290:5
[INFO] [stdout]     |
[INFO] [stdout] 290 |     pub fn chr_bank(&self, index: usize) -> *const u8 {
[INFO] [stdout]     |     ^^^^^^^^^^^^^^^^^^^^^^^^^^^^^^^^^^^^^^^^^^^^^^^^^
[INFO] [stdout] 
[INFO] [stdout] 
[INFO] [stdout] warning: missing documentation for a method
[INFO] [stdout]    --> src/lib.rs:296:5
[INFO] [stdout]     |
[INFO] [stdout] 296 |     pub fn nametable_bank(&self, index: usize) -> *const u8 {
[INFO] [stdout]     |     ^^^^^^^^^^^^^^^^^^^^^^^^^^^^^^^^^^^^^^^^^^^^^^^^^^^^^^^
[INFO] [stdout] 
[INFO] [stdout] 
[INFO] [stdout] warning: missing documentation for a method
[INFO] [stdout]    --> src/lib.rs:301:5
[INFO] [stdout]     |
[INFO] [stdout] 301 |     pub fn object_attribute_memory(&self) -> *const u8 {
[INFO] [stdout]     |     ^^^^^^^^^^^^^^^^^^^^^^^^^^^^^^^^^^^^^^^^^^^^^^^^^^
[INFO] [stdout] 
[INFO] [stdout] 
[INFO] [stdout] warning: missing documentation for a method
[INFO] [stdout]    --> src/lib.rs:305:5
[INFO] [stdout]     |
[INFO] [stdout] 305 |     pub fn tall_sprites_enabled(&self) -> bool {
[INFO] [stdout]     |     ^^^^^^^^^^^^^^^^^^^^^^^^^^^^^^^^^^^^^^^^^^
[INFO] [stdout] 
[INFO] [stdout] 
[INFO] [stdout] warning: missing documentation for a method
[INFO] [stdout]    --> src/lib.rs:309:5
[INFO] [stdout]     |
[INFO] [stdout] 309 |     pub fn background_chr_bank(&self) -> usize {
[INFO] [stdout]     |     ^^^^^^^^^^^^^^^^^^^^^^^^^^^^^^^^^^^^^^^^^^
[INFO] [stdout] 
[INFO] [stdout] 
[INFO] [stdout] warning: missing documentation for a method
[INFO] [stdout]    --> src/lib.rs:317:5
[INFO] [stdout]     |
[INFO] [stdout] 317 |     pub fn press_button(&mut self, controller_index: usize, button_index: u8) {
[INFO] [stdout]     |     ^^^^^^^^^^^^^^^^^^^^^^^^^^^^^^^^^^^^^^^^^^^^^^^^^^^^^^^^^^^^^^^^^^^^^^^^^
[INFO] [stdout] 
[INFO] [stdout] 
[INFO] [stdout] warning: missing documentation for a method
[INFO] [stdout]    --> src/lib.rs:321:5
[INFO] [stdout]     |
[INFO] [stdout] 321 |     pub fn release_button(&mut self, controller_index: usize, button_index: u8) {
[INFO] [stdout]     |     ^^^^^^^^^^^^^^^^^^^^^^^^^^^^^^^^^^^^^^^^^^^^^^^^^^^^^^^^^^^^^^^^^^^^^^^^^^^
[INFO] [stdout] 
[INFO] [stdout] 
[INFO] [stdout] warning: missing documentation for a method
[INFO] [stdout]    --> src/lib.rs:325:5
[INFO] [stdout]     |
[INFO] [stdout] 325 |     pub fn set_sample_freq(&mut self, sample_freq: f32) {
[INFO] [stdout]     |     ^^^^^^^^^^^^^^^^^^^^^^^^^^^^^^^^^^^^^^^^^^^^^^^^^^^
[INFO] [stdout] 
[INFO] [stdout] 
[INFO] [stdout] warning: missing documentation for a method
[INFO] [stdout]    --> src/lib.rs:332:5
[INFO] [stdout]     |
[INFO] [stdout] 332 |     pub fn save(&self) -> bincode::Result<Option<Vec<u8>>> {
[INFO] [stdout]     |     ^^^^^^^^^^^^^^^^^^^^^^^^^^^^^^^^^^^^^^^^^^^^^^^^^^^^^^
[INFO] [stdout] 
[INFO] [stdout] 
[INFO] [stdout] warning: missing documentation for a method
[INFO] [stdout]    --> src/lib.rs:337:5
[INFO] [stdout]     |
[INFO] [stdout] 337 |     pub fn load(&mut self, save_data: &[u8]) -> bincode::Result<()> {
[INFO] [stdout]     |     ^^^^^^^^^^^^^^^^^^^^^^^^^^^^^^^^^^^^^^^^^^^^^^^^^^^^^^^^^^^^^^^
[INFO] [stdout] 
[INFO] [stdout] 
[INFO] [stdout] warning: missing documentation for a method
[INFO] [stdout]    --> src/lib.rs:342:5
[INFO] [stdout]     |
[INFO] [stdout] 342 |     pub fn save_state(&self) -> bincode::Result<Vec<u8>> {
[INFO] [stdout]     |     ^^^^^^^^^^^^^^^^^^^^^^^^^^^^^^^^^^^^^^^^^^^^^^^^^^^^
[INFO] [stdout] 
[INFO] [stdout] 
[INFO] [stdout] warning: missing documentation for a method
[INFO] [stdout]    --> src/lib.rs:348:5
[INFO] [stdout]     |
[INFO] [stdout] 348 |     pub fn load_state(&mut self, save_state_data: &[u8]) -> bincode::Result<()> {
[INFO] [stdout]     |     ^^^^^^^^^^^^^^^^^^^^^^^^^^^^^^^^^^^^^^^^^^^^^^^^^^^^^^^^^^^^^^^^^^^^^^^^^^^
[INFO] [stdout] 
[INFO] [stdout] 
[INFO] [stdout] warning: unused return value of `Box::<T>::from_raw` that must be used
[INFO] [stdout]    --> src/lib.rs:371:17
[INFO] [stdout]     |
[INFO] [stdout] 371 |                 Box::from_raw(mapper);
[INFO] [stdout]     |                 ^^^^^^^^^^^^^^^^^^^^^
[INFO] [stdout]     |
[INFO] [stdout]     = note: call `drop(Box::from_raw(ptr))` if you intend to drop the `Box`
[INFO] [stdout] help: use `let _ = ...` to ignore the resulting value
[INFO] [stdout]     |
[INFO] [stdout] 371 |                 let _ = Box::from_raw(mapper);
[INFO] [stdout]     |                 +++++++
[INFO] [stdout] 
[INFO] [stdout] 
[INFO] [stderr]     Finished `release` profile [optimized] target(s) in 12.84s
[INFO] running `Command { std: "docker" "inspect" "83784dd5ed7b71f403524ca656674fd8820ab713a17d44793ef40d2f44938274", kill_on_drop: false }`
[INFO] running `Command { std: "docker" "exec" "-e" "SOURCE_DIR=/opt/rustwide/workdir" "-e" "CARGO_HOME=/opt/rustwide/cargo-home" "-e" "RUSTUP_HOME=/opt/rustwide/rustup-home" "-e" "CARGO_TARGET_DIR=/opt/rustwide/target" "-e" "CARGO_INCREMENTAL=0" "-e" "RUST_BACKTRACE=full" "-e" "RUSTFLAGS=--cap-lints=warn" "-e" "RUSTDOCFLAGS=--cap-lints=warn" "-w" "/opt/rustwide/workdir" "--user" "0:0" "83784dd5ed7b71f403524ca656674fd8820ab713a17d44793ef40d2f44938274" "/opt/rustwide/cargo-home/bin/cargo" "+1.100.0-beta.1" "test" "--frozen" "--no-run" "--message-format=json" "--release", kill_on_drop: false }`
[INFO] [stdout] warning: unexpected `cfg` condition name: `console_error_panic_hook`
[INFO] [stdout]    --> src/lib.rs:187:35
[INFO] [stdout]     |
[INFO] [stdout] 187 | #[cfg(all(target_arch = "wasm32", console_error_panic_hook))]
[INFO] [stdout]     |                                   ^^^^^^^^^^^^^^^^^^^^^^^^ help: found config with similar value: `feature = "console_error_panic_hook"`
[INFO] [stdout]     |
[INFO] [stdout]     = help: expected names are: `docsrs`, `feature`, and `test` and 34 more
[INFO] [stdout]     = help: consider using a Cargo feature instead
[INFO] [stdout]     = help: or consider adding in `Cargo.toml` the `check-cfg` lint config for the lint:
[INFO] [stdout]              [lints.rust]
[INFO] [stdout]              unexpected_cfgs = { level = "warn", check-cfg = ['cfg(console_error_panic_hook)'] }
[INFO] [stdout]     = help: or consider adding `println!("cargo::rustc-check-cfg=cfg(console_error_panic_hook)");` to the top of the `build.rs`
[INFO] [stdout]     = note: see <https://doc.rust-lang.org/nightly/rustc/check-cfg/cargo-specifics.html> for more information about checking conditional configuration
[INFO] [stdout]     = note: `#[warn(unexpected_cfgs)]` on by default
[INFO] [stdout] 
[INFO] [stdout] 
[INFO] [stdout] warning: unexpected `cfg` condition name: `console_error_panic_hook`
[INFO] [stdout]    --> src/lib.rs:203:43
[INFO] [stdout]     |
[INFO] [stdout] 203 |         #[cfg(all(target_arch = "wasm32", console_error_panic_hook))]
[INFO] [stdout]     |                                           ^^^^^^^^^^^^^^^^^^^^^^^^ help: found config with similar value: `feature = "console_error_panic_hook"`
[INFO] [stdout]     |
[INFO] [stdout]     = help: consider using a Cargo feature instead
[INFO] [stdout]     = help: or consider adding in `Cargo.toml` the `check-cfg` lint config for the lint:
[INFO] [stdout]              [lints.rust]
[INFO] [stdout]              unexpected_cfgs = { level = "warn", check-cfg = ['cfg(console_error_panic_hook)'] }
[INFO] [stdout]     = help: or consider adding `println!("cargo::rustc-check-cfg=cfg(console_error_panic_hook)");` to the top of the `build.rs`
[INFO] [stdout]     = note: see <https://doc.rust-lang.org/nightly/rustc/check-cfg/cargo-specifics.html> for more information about checking conditional configuration
[INFO] [stdout] 
[INFO] [stdout] 
[INFO] [stdout] warning: unreachable pattern
[INFO] [stdout]    --> src/cpu/mod.rs:165:13
[INFO] [stdout]     |
[INFO] [stdout] 165 |             _ => panic!("[CPU] Invalid read with memory address: {:#06x}.", addr),
[INFO] [stdout]     |             ^ no value can reach this
[INFO] [stdout]     |
[INFO] [stdout] note: multiple earlier patterns match some of the same values
[INFO] [stdout]    --> src/cpu/mod.rs:165:13
[INFO] [stdout]     |
[INFO] [stdout] 148 |             0x0000..=0x1FFF => self.ram[(addr % 0x0800) as usize],
[INFO] [stdout]     |             --------------- matches some of the same values
[INFO] [stdout] 149 |             0x2000..=0x3FFF => {
[INFO] [stdout]     |             --------------- matches some of the same values
[INFO] [stdout] ...
[INFO] [stdout] 154 |             0x4016 => self.controllers[0].read_value(),
[INFO] [stdout]     |             ------ matches some of the same values
[INFO] [stdout] 155 |             0x4017 => self.controllers[1].read_value(),
[INFO] [stdout]     |             ------ matches some of the same values
[INFO] [stdout] ...
[INFO] [stdout] 165 |             _ => panic!("[CPU] Invalid read with memory address: {:#06x}.", addr),
[INFO] [stdout]     |             ^ ...and 3 other patterns collectively make this unreachable
[INFO] [stdout]     = note: `#[warn(unreachable_patterns)]` (part of `#[warn(unused)]`) on by default
[INFO] [stdout] 
[INFO] [stdout] 
[INFO] [stdout] warning: unreachable pattern
[INFO] [stdout]    --> src/cpu/mod.rs:217:13
[INFO] [stdout]     |
[INFO] [stdout] 217 |             _ => panic!("[CPU] Invalid write with memory address: {:#06x}.", addr),
[INFO] [stdout]     |             ^ no value can reach this
[INFO] [stdout]     |
[INFO] [stdout] note: multiple earlier patterns match some of the same values
[INFO] [stdout]    --> src/cpu/mod.rs:217:13
[INFO] [stdout]     |
[INFO] [stdout] 175 |             0x0000..=0x1FFF => self.ram[(addr % 0x0800) as usize] = val,
[INFO] [stdout]     |             --------------- matches some of the same values
[INFO] [stdout] 176 |             0x2000..=0x3FFF => {
[INFO] [stdout]     |             --------------- matches some of the same values
[INFO] [stdout] ...
[INFO] [stdout] 187 |             0x4014 => {
[INFO] [stdout]     |             ------ matches some of the same values
[INFO] [stdout] ...
[INFO] [stdout] 204 |             0x4016 => {
[INFO] [stdout]     |             ------ matches some of the same values
[INFO] [stdout] ...
[INFO] [stdout] 217 |             _ => panic!("[CPU] Invalid write with memory address: {:#06x}.", addr),
[INFO] [stdout]     |             ^ ...and 3 other patterns collectively make this unreachable
[INFO] [stdout] 
[INFO] [stdout] 
[INFO] [stdout] warning: constant `ABSOLUTE` is never used
[INFO] [stdout]  --> src/cpu/addressing_modes.rs:3:11
[INFO] [stdout]   |
[INFO] [stdout] 3 | pub const ABSOLUTE: usize = 1;
[INFO] [stdout]   |           ^^^^^^^^
[INFO] [stdout]   |
[INFO] [stdout]   = note: `#[warn(dead_code)]` (part of `#[warn(unused)]`) on by default
[INFO] [stdout] 
[INFO] [stdout] 
[INFO] [stdout] warning: constant `ABSOLUTE_X` is never used
[INFO] [stdout]  --> src/cpu/addressing_modes.rs:4:11
[INFO] [stdout]   |
[INFO] [stdout] 4 | pub const ABSOLUTE_X: usize = 2;
[INFO] [stdout]   |           ^^^^^^^^^^
[INFO] [stdout] 
[INFO] [stdout] 
[INFO] [stdout] warning: constant `ABSOLUTE_Y` is never used
[INFO] [stdout]  --> src/cpu/addressing_modes.rs:5:11
[INFO] [stdout]   |
[INFO] [stdout] 5 | pub const ABSOLUTE_Y: usize = 3;
[INFO] [stdout]   |           ^^^^^^^^^^
[INFO] [stdout] 
[INFO] [stdout] 
[INFO] [stdout] warning: constant `IMMEDIATE` is never used
[INFO] [stdout]  --> src/cpu/addressing_modes.rs:7:11
[INFO] [stdout]   |
[INFO] [stdout] 7 | pub const IMMEDIATE: usize = 5;
[INFO] [stdout]   |           ^^^^^^^^^
[INFO] [stdout] 
[INFO] [stdout] 
[INFO] [stdout] warning: constant `INDIRECT` is never used
[INFO] [stdout]  --> src/cpu/addressing_modes.rs:9:11
[INFO] [stdout]   |
[INFO] [stdout] 9 | pub const INDIRECT: usize = 7;
[INFO] [stdout]   |           ^^^^^^^^
[INFO] [stdout] 
[INFO] [stdout] 
[INFO] [stdout] warning: constant `INDIRECT_X` is never used
[INFO] [stdout]   --> src/cpu/addressing_modes.rs:10:11
[INFO] [stdout]    |
[INFO] [stdout] 10 | pub const INDIRECT_X: usize = 8;
[INFO] [stdout]    |           ^^^^^^^^^^
[INFO] [stdout] 
[INFO] [stdout] 
[INFO] [stdout] warning: constant `INDIRECT_Y` is never used
[INFO] [stdout]   --> src/cpu/addressing_modes.rs:11:11
[INFO] [stdout]    |
[INFO] [stdout] 11 | pub const INDIRECT_Y: usize = 9;
[INFO] [stdout]    |           ^^^^^^^^^^
[INFO] [stdout] 
[INFO] [stdout] 
[INFO] [stdout] warning: constant `RELATIVE` is never used
[INFO] [stdout]   --> src/cpu/addressing_modes.rs:12:11
[INFO] [stdout]    |
[INFO] [stdout] 12 | pub const RELATIVE: usize = 10;
[INFO] [stdout]    |           ^^^^^^^^
[INFO] [stdout] 
[INFO] [stdout] 
[INFO] [stdout] warning: constant `ZERO_PAGE` is never used
[INFO] [stdout]   --> src/cpu/addressing_modes.rs:13:11
[INFO] [stdout]    |
[INFO] [stdout] 13 | pub const ZERO_PAGE: usize = 11;
[INFO] [stdout]    |           ^^^^^^^^^
[INFO] [stdout] 
[INFO] [stdout] 
[INFO] [stdout] warning: constant `ZERO_PAGE_X` is never used
[INFO] [stdout]   --> src/cpu/addressing_modes.rs:14:11
[INFO] [stdout]    |
[INFO] [stdout] 14 | pub const ZERO_PAGE_X: usize = 12;
[INFO] [stdout]    |           ^^^^^^^^^^^
[INFO] [stdout] 
[INFO] [stdout] 
[INFO] [stdout] warning: constant `ZERO_PAGE_Y` is never used
[INFO] [stdout]   --> src/cpu/addressing_modes.rs:15:11
[INFO] [stdout]    |
[INFO] [stdout] 15 | pub const ZERO_PAGE_Y: usize = 13;
[INFO] [stdout]    |           ^^^^^^^^^^^
[INFO] [stdout] 
[INFO] [stdout] 
[INFO] [stdout] warning: constant `BREAK_COMMAND_MASK` is never used
[INFO] [stdout]  --> src/cpu/registers.rs:8:11
[INFO] [stdout]   |
[INFO] [stdout] 8 | pub const BREAK_COMMAND_MASK: u8 = 0x10;
[INFO] [stdout]   |           ^^^^^^^^^^^^^^^^^^
[INFO] [stdout] 
[INFO] [stdout] 
[INFO] [stdout] warning: missing documentation for a struct
[INFO] [stdout]    --> src/lib.rs:193:1
[INFO] [stdout]     |
[INFO] [stdout] 193 | pub struct Nes {
[INFO] [stdout]     | ^^^^^^^^^^^^^^
[INFO] [stdout]     |
[INFO] [stdout] note: the lint level is defined here
[INFO] [stdout]    --> src/lib.rs:79:9
[INFO] [stdout]     |
[INFO] [stdout]  79 | #![warn(missing_docs)]
[INFO] [stdout]     |         ^^^^^^^^^^^^
[INFO] [stdout] 
[INFO] [stdout] 
[INFO] [stdout] warning: missing documentation for an associated function
[INFO] [stdout]    --> src/lib.rs:202:5
[INFO] [stdout]     |
[INFO] [stdout] 202 |     pub fn new(sample_freq: f32) -> Self {
[INFO] [stdout]     |     ^^^^^^^^^^^^^^^^^^^^^^^^^^^^^^^^^^^^
[INFO] [stdout] 
[INFO] [stdout] 
[INFO] [stdout] warning: missing documentation for a method
[INFO] [stdout]    --> src/lib.rs:229:5
[INFO] [stdout]     |
[INFO] [stdout] 229 |     pub fn load_rom(&mut self, buffer: &[u8]) {
[INFO] [stdout]     |     ^^^^^^^^^^^^^^^^^^^^^^^^^^^^^^^^^^^^^^^^^
[INFO] [stdout] 
[INFO] [stdout] 
[INFO] [stdout] warning: unused return value of `Box::<T>::from_raw` that must be used
[INFO] [stdout]    --> src/lib.rs:232:17
[INFO] [stdout]     |
[INFO] [stdout] 232 |                 Box::from_raw(mapper);
[INFO] [stdout]     |                 ^^^^^^^^^^^^^^^^^^^^^
[INFO] [stdout]     |
[INFO] [stdout]     = note: call `drop(Box::from_raw(ptr))` if you intend to drop the `Box`
[INFO] [stdout]     = note: `#[warn(unused_must_use)]` (part of `#[warn(unused)]`) on by default
[INFO] [stdout] help: use `let _ = ...` to ignore the resulting value
[INFO] [stdout]     |
[INFO] [stdout] 232 |                 let _ = Box::from_raw(mapper);
[INFO] [stdout]     |                 +++++++
[INFO] [stdout] 
[INFO] [stdout] 
[INFO] [stdout] warning: missing documentation for a method
[INFO] [stdout]    --> src/lib.rs:254:5
[INFO] [stdout]     |
[INFO] [stdout] 254 |     pub fn step_frame(&mut self) {
[INFO] [stdout]     |     ^^^^^^^^^^^^^^^^^^^^^^^^^^^^
[INFO] [stdout] 
[INFO] [stdout] 
[INFO] [stdout] warning: missing documentation for a method
[INFO] [stdout]    --> src/lib.rs:262:5
[INFO] [stdout]     |
[INFO] [stdout] 262 |     pub fn reset(&mut self) {
[INFO] [stdout]     |     ^^^^^^^^^^^^^^^^^^^^^^^
[INFO] [stdout] 
[INFO] [stdout] 
[INFO] [stdout] warning: missing documentation for a method
[INFO] [stdout]    --> src/lib.rs:270:5
[INFO] [stdout]     |
[INFO] [stdout] 270 |     pub fn image_buffer(&self) -> *const u8 {
[INFO] [stdout]     |     ^^^^^^^^^^^^^^^^^^^^^^^^^^^^^^^^^^^^^^^
[INFO] [stdout] 
[INFO] [stdout] 
[INFO] [stdout] warning: missing documentation for a method
[INFO] [stdout]    --> src/lib.rs:274:5
[INFO] [stdout]     |
[INFO] [stdout] 274 |     pub fn audio_buffer(&self) -> *const f32 {
[INFO] [stdout]     |     ^^^^^^^^^^^^^^^^^^^^^^^^^^^^^^^^^^^^^^^^
[INFO] [stdout] 
[INFO] [stdout] 
[INFO] [stdout] warning: missing documentation for a method
[INFO] [stdout]    --> src/lib.rs:278:5
[INFO] [stdout]     |
[INFO] [stdout] 278 |     pub fn audio_buffer_len(&self) -> usize {
[INFO] [stdout]     |     ^^^^^^^^^^^^^^^^^^^^^^^^^^^^^^^^^^^^^^^
[INFO] [stdout] 
[INFO] [stdout] 
[INFO] [stdout] warning: missing documentation for a method
[INFO] [stdout]    --> src/lib.rs:282:5
[INFO] [stdout]     |
[INFO] [stdout] 282 |     pub fn colors(&self) -> *const u32 {
[INFO] [stdout]     |     ^^^^^^^^^^^^^^^^^^^^^^^^^^^^^^^^^^
[INFO] [stdout] 
[INFO] [stdout] 
[INFO] [stdout] warning: missing documentation for a method
[INFO] [stdout]    --> src/lib.rs:286:5
[INFO] [stdout]     |
[INFO] [stdout] 286 |     pub fn palettes(&self) -> *const u8 {
[INFO] [stdout]     |     ^^^^^^^^^^^^^^^^^^^^^^^^^^^^^^^^^^^
[INFO] [stdout] 
[INFO] [stdout] 
[INFO] [stdout] warning: missing documentation for a method
[INFO] [stdout]    --> src/lib.rs:290:5
[INFO] [stdout]     |
[INFO] [stdout] 290 |     pub fn chr_bank(&self, index: usize) -> *const u8 {
[INFO] [stdout]     |     ^^^^^^^^^^^^^^^^^^^^^^^^^^^^^^^^^^^^^^^^^^^^^^^^^
[INFO] [stdout] 
[INFO] [stdout] 
[INFO] [stdout] warning: missing documentation for a method
[INFO] [stdout]    --> src/lib.rs:296:5
[INFO] [stdout]     |
[INFO] [stdout] 296 |     pub fn nametable_bank(&self, index: usize) -> *const u8 {
[INFO] [stdout]     |     ^^^^^^^^^^^^^^^^^^^^^^^^^^^^^^^^^^^^^^^^^^^^^^^^^^^^^^^
[INFO] [stdout] 
[INFO] [stdout] 
[INFO] [stdout] warning: missing documentation for a method
[INFO] [stdout]    --> src/lib.rs:301:5
[INFO] [stdout]     |
[INFO] [stdout] 301 |     pub fn object_attribute_memory(&self) -> *const u8 {
[INFO] [stdout]     |     ^^^^^^^^^^^^^^^^^^^^^^^^^^^^^^^^^^^^^^^^^^^^^^^^^^
[INFO] [stdout] 
[INFO] [stdout] 
[INFO] [stdout] warning: missing documentation for a method
[INFO] [stdout]    --> src/lib.rs:305:5
[INFO] [stdout]     |
[INFO] [stdout] 305 |     pub fn tall_sprites_enabled(&self) -> bool {
[INFO] [stdout]     |     ^^^^^^^^^^^^^^^^^^^^^^^^^^^^^^^^^^^^^^^^^^
[INFO] [stdout] 
[INFO] [stdout] 
[INFO] [stdout] warning: missing documentation for a method
[INFO] [stdout]    --> src/lib.rs:309:5
[INFO] [stdout]     |
[INFO] [stdout] 309 |     pub fn background_chr_bank(&self) -> usize {
[INFO] [stdout]     |     ^^^^^^^^^^^^^^^^^^^^^^^^^^^^^^^^^^^^^^^^^^
[INFO] [stdout] 
[INFO] [stdout] 
[INFO] [stdout] warning: missing documentation for a method
[INFO] [stdout]    --> src/lib.rs:317:5
[INFO] [stdout]     |
[INFO] [stdout] 317 |     pub fn press_button(&mut self, controller_index: usize, button_index: u8) {
[INFO] [stdout]     |     ^^^^^^^^^^^^^^^^^^^^^^^^^^^^^^^^^^^^^^^^^^^^^^^^^^^^^^^^^^^^^^^^^^^^^^^^^
[INFO] [stdout] 
[INFO] [stdout] 
[INFO] [stdout] warning: missing documentation for a method
[INFO] [stdout]    --> src/lib.rs:321:5
[INFO] [stdout]     |
[INFO] [stdout] 321 |     pub fn release_button(&mut self, controller_index: usize, button_index: u8) {
[INFO] [stdout]     |     ^^^^^^^^^^^^^^^^^^^^^^^^^^^^^^^^^^^^^^^^^^^^^^^^^^^^^^^^^^^^^^^^^^^^^^^^^^^
[INFO] [stdout] 
[INFO] [stdout] 
[INFO] [stdout] warning: missing documentation for a method
[INFO] [stdout]    --> src/lib.rs:325:5
[INFO] [stdout]     |
[INFO] [stdout] 325 |     pub fn set_sample_freq(&mut self, sample_freq: f32) {
[INFO] [stdout]     |     ^^^^^^^^^^^^^^^^^^^^^^^^^^^^^^^^^^^^^^^^^^^^^^^^^^^
[INFO] [stdout] 
[INFO] [stdout] 
[INFO] [stdout] warning: missing documentation for a method
[INFO] [stdout]    --> src/lib.rs:332:5
[INFO] [stdout]     |
[INFO] [stdout] 332 |     pub fn save(&self) -> bincode::Result<Option<Vec<u8>>> {
[INFO] [stdout]     |     ^^^^^^^^^^^^^^^^^^^^^^^^^^^^^^^^^^^^^^^^^^^^^^^^^^^^^^
[INFO] [stdout] 
[INFO] [stdout] 
[INFO] [stdout] warning: missing documentation for a method
[INFO] [stdout]    --> src/lib.rs:337:5
[INFO] [stdout]     |
[INFO] [stdout] 337 |     pub fn load(&mut self, save_data: &[u8]) -> bincode::Result<()> {
[INFO] [stdout]     |     ^^^^^^^^^^^^^^^^^^^^^^^^^^^^^^^^^^^^^^^^^^^^^^^^^^^^^^^^^^^^^^^
[INFO] [stdout] 
[INFO] [stdout] 
[INFO] [stdout] warning: missing documentation for a method
[INFO] [stdout]    --> src/lib.rs:342:5
[INFO] [stdout]     |
[INFO] [stdout] 342 |     pub fn save_state(&self) -> bincode::Result<Vec<u8>> {
[INFO] [stdout]     |     ^^^^^^^^^^^^^^^^^^^^^^^^^^^^^^^^^^^^^^^^^^^^^^^^^^^^
[INFO] [stdout] 
[INFO] [stdout] 
[INFO] [stdout] warning: missing documentation for a method
[INFO] [stdout]    --> src/lib.rs:348:5
[INFO] [stdout]     |
[INFO] [stdout] 348 |     pub fn load_state(&mut self, save_state_data: &[u8]) -> bincode::Result<()> {
[INFO] [stdout]     |     ^^^^^^^^^^^^^^^^^^^^^^^^^^^^^^^^^^^^^^^^^^^^^^^^^^^^^^^^^^^^^^^^^^^^^^^^^^^
[INFO] [stdout] 
[INFO] [stdout] 
[INFO] [stderr]    Compiling neso v0.5.0 (/opt/rustwide/workdir)
[INFO] [stdout] warning: unused return value of `Box::<T>::from_raw` that must be used
[INFO] [stdout]    --> src/lib.rs:371:17
[INFO] [stdout]     |
[INFO] [stdout] 371 |                 Box::from_raw(mapper);
[INFO] [stdout]     |                 ^^^^^^^^^^^^^^^^^^^^^
[INFO] [stdout]     |
[INFO] [stdout]     = note: call `drop(Box::from_raw(ptr))` if you intend to drop the `Box`
[INFO] [stdout] help: use `let _ = ...` to ignore the resulting value
[INFO] [stdout]     |
[INFO] [stdout] 371 |                 let _ = Box::from_raw(mapper);
[INFO] [stdout]     |                 +++++++
[INFO] [stdout] 
[INFO] [stdout] 
[INFO] [stdout] warning: unexpected `cfg` condition name: `console_error_panic_hook`
[INFO] [stdout]    --> src/lib.rs:187:35
[INFO] [stdout]     |
[INFO] [stdout] 187 | #[cfg(all(target_arch = "wasm32", console_error_panic_hook))]
[INFO] [stdout]     |                                   ^^^^^^^^^^^^^^^^^^^^^^^^ help: found config with similar value: `feature = "console_error_panic_hook"`
[INFO] [stdout]     |
[INFO] [stdout]     = help: expected names are: `docsrs`, `feature`, and `test` and 34 more
[INFO] [stdout]     = help: consider using a Cargo feature instead
[INFO] [stdout]     = help: or consider adding in `Cargo.toml` the `check-cfg` lint config for the lint:
[INFO] [stdout]              [lints.rust]
[INFO] [stdout]              unexpected_cfgs = { level = "warn", check-cfg = ['cfg(console_error_panic_hook)'] }
[INFO] [stdout]     = help: or consider adding `println!("cargo::rustc-check-cfg=cfg(console_error_panic_hook)");` to the top of the `build.rs`
[INFO] [stdout]     = note: see <https://doc.rust-lang.org/nightly/rustc/check-cfg/cargo-specifics.html> for more information about checking conditional configuration
[INFO] [stdout]     = note: `#[warn(unexpected_cfgs)]` on by default
[INFO] [stdout] 
[INFO] [stdout] 
[INFO] [stdout] warning: unexpected `cfg` condition name: `console_error_panic_hook`
[INFO] [stdout]    --> src/lib.rs:203:43
[INFO] [stdout]     |
[INFO] [stdout] 203 |         #[cfg(all(target_arch = "wasm32", console_error_panic_hook))]
[INFO] [stdout]     |                                           ^^^^^^^^^^^^^^^^^^^^^^^^ help: found config with similar value: `feature = "console_error_panic_hook"`
[INFO] [stdout]     |
[INFO] [stdout]     = help: consider using a Cargo feature instead
[INFO] [stdout]     = help: or consider adding in `Cargo.toml` the `check-cfg` lint config for the lint:
[INFO] [stdout]              [lints.rust]
[INFO] [stdout]              unexpected_cfgs = { level = "warn", check-cfg = ['cfg(console_error_panic_hook)'] }
[INFO] [stdout]     = help: or consider adding `println!("cargo::rustc-check-cfg=cfg(console_error_panic_hook)");` to the top of the `build.rs`
[INFO] [stdout]     = note: see <https://doc.rust-lang.org/nightly/rustc/check-cfg/cargo-specifics.html> for more information about checking conditional configuration
[INFO] [stdout] 
[INFO] [stdout] 
[INFO] [stdout] warning: unreachable pattern
[INFO] [stdout]    --> src/cpu/mod.rs:165:13
[INFO] [stdout]     |
[INFO] [stdout] 165 |             _ => panic!("[CPU] Invalid read with memory address: {:#06x}.", addr),
[INFO] [stdout]     |             ^ no value can reach this
[INFO] [stdout]     |
[INFO] [stdout] note: multiple earlier patterns match some of the same values
[INFO] [stdout]    --> src/cpu/mod.rs:165:13
[INFO] [stdout]     |
[INFO] [stdout] 148 |             0x0000..=0x1FFF => self.ram[(addr % 0x0800) as usize],
[INFO] [stdout]     |             --------------- matches some of the same values
[INFO] [stdout] 149 |             0x2000..=0x3FFF => {
[INFO] [stdout]     |             --------------- matches some of the same values
[INFO] [stdout] ...
[INFO] [stdout] 154 |             0x4016 => self.controllers[0].read_value(),
[INFO] [stdout]     |             ------ matches some of the same values
[INFO] [stdout] 155 |             0x4017 => self.controllers[1].read_value(),
[INFO] [stdout]     |             ------ matches some of the same values
[INFO] [stdout] ...
[INFO] [stdout] 165 |             _ => panic!("[CPU] Invalid read with memory address: {:#06x}.", addr),
[INFO] [stdout]     |             ^ ...and 3 other patterns collectively make this unreachable
[INFO] [stdout]     = note: `#[warn(unreachable_patterns)]` (part of `#[warn(unused)]`) on by default
[INFO] [stdout] 
[INFO] [stdout] 
[INFO] [stdout] warning: unreachable pattern
[INFO] [stdout]    --> src/cpu/mod.rs:217:13
[INFO] [stdout]     |
[INFO] [stdout] 217 |             _ => panic!("[CPU] Invalid write with memory address: {:#06x}.", addr),
[INFO] [stdout]     |             ^ no value can reach this
[INFO] [stdout]     |
[INFO] [stdout] note: multiple earlier patterns match some of the same values
[INFO] [stdout]    --> src/cpu/mod.rs:217:13
[INFO] [stdout]     |
[INFO] [stdout] 175 |             0x0000..=0x1FFF => self.ram[(addr % 0x0800) as usize] = val,
[INFO] [stdout]     |             --------------- matches some of the same values
[INFO] [stdout] 176 |             0x2000..=0x3FFF => {
[INFO] [stdout]     |             --------------- matches some of the same values
[INFO] [stdout] ...
[INFO] [stdout] 187 |             0x4014 => {
[INFO] [stdout]     |             ------ matches some of the same values
[INFO] [stdout] ...
[INFO] [stdout] 204 |             0x4016 => {
[INFO] [stdout]     |             ------ matches some of the same values
[INFO] [stdout] ...
[INFO] [stdout] 217 |             _ => panic!("[CPU] Invalid write with memory address: {:#06x}.", addr),
[INFO] [stdout]     |             ^ ...and 3 other patterns collectively make this unreachable
[INFO] [stdout] 
[INFO] [stdout] 
[INFO] [stdout] warning: constant `ABSOLUTE` is never used
[INFO] [stdout]  --> src/cpu/addressing_modes.rs:3:11
[INFO] [stdout]   |
[INFO] [stdout] 3 | pub const ABSOLUTE: usize = 1;
[INFO] [stdout]   |           ^^^^^^^^
[INFO] [stdout]   |
[INFO] [stdout]   = note: `#[warn(dead_code)]` (part of `#[warn(unused)]`) on by default
[INFO] [stdout] 
[INFO] [stdout] 
[INFO] [stdout] warning: constant `ABSOLUTE_X` is never used
[INFO] [stdout]  --> src/cpu/addressing_modes.rs:4:11
[INFO] [stdout]   |
[INFO] [stdout] 4 | pub const ABSOLUTE_X: usize = 2;
[INFO] [stdout]   |           ^^^^^^^^^^
[INFO] [stdout] 
[INFO] [stdout] 
[INFO] [stdout] warning: constant `ABSOLUTE_Y` is never used
[INFO] [stdout]  --> src/cpu/addressing_modes.rs:5:11
[INFO] [stdout]   |
[INFO] [stdout] 5 | pub const ABSOLUTE_Y: usize = 3;
[INFO] [stdout]   |           ^^^^^^^^^^
[INFO] [stdout] 
[INFO] [stdout] 
[INFO] [stdout] warning: constant `IMMEDIATE` is never used
[INFO] [stdout]  --> src/cpu/addressing_modes.rs:7:11
[INFO] [stdout]   |
[INFO] [stdout] 7 | pub const IMMEDIATE: usize = 5;
[INFO] [stdout]   |           ^^^^^^^^^
[INFO] [stdout] 
[INFO] [stdout] 
[INFO] [stdout] warning: constant `INDIRECT` is never used
[INFO] [stdout]  --> src/cpu/addressing_modes.rs:9:11
[INFO] [stdout]   |
[INFO] [stdout] 9 | pub const INDIRECT: usize = 7;
[INFO] [stdout]   |           ^^^^^^^^
[INFO] [stdout] 
[INFO] [stdout] 
[INFO] [stdout] warning: constant `INDIRECT_X` is never used
[INFO] [stdout]   --> src/cpu/addressing_modes.rs:10:11
[INFO] [stdout]    |
[INFO] [stdout] 10 | pub const INDIRECT_X: usize = 8;
[INFO] [stdout]    |           ^^^^^^^^^^
[INFO] [stdout] 
[INFO] [stdout] 
[INFO] [stdout] warning: constant `INDIRECT_Y` is never used
[INFO] [stdout]   --> src/cpu/addressing_modes.rs:11:11
[INFO] [stdout]    |
[INFO] [stdout] 11 | pub const INDIRECT_Y: usize = 9;
[INFO] [stdout]    |           ^^^^^^^^^^
[INFO] [stdout] 
[INFO] [stdout] 
[INFO] [stdout] warning: constant `RELATIVE` is never used
[INFO] [stdout]   --> src/cpu/addressing_modes.rs:12:11
[INFO] [stdout]    |
[INFO] [stdout] 12 | pub const RELATIVE: usize = 10;
[INFO] [stdout]    |           ^^^^^^^^
[INFO] [stdout] 
[INFO] [stdout] 
[INFO] [stdout] warning: constant `ZERO_PAGE` is never used
[INFO] [stdout]   --> src/cpu/addressing_modes.rs:13:11
[INFO] [stdout]    |
[INFO] [stdout] 13 | pub const ZERO_PAGE: usize = 11;
[INFO] [stdout]    |           ^^^^^^^^^
[INFO] [stdout] 
[INFO] [stdout] 
[INFO] [stdout] warning: constant `ZERO_PAGE_X` is never used
[INFO] [stdout]   --> src/cpu/addressing_modes.rs:14:11
[INFO] [stdout]    |
[INFO] [stdout] 14 | pub const ZERO_PAGE_X: usize = 12;
[INFO] [stdout]    |           ^^^^^^^^^^^
[INFO] [stdout] 
[INFO] [stdout] 
[INFO] [stdout] warning: constant `ZERO_PAGE_Y` is never used
[INFO] [stdout]   --> src/cpu/addressing_modes.rs:15:11
[INFO] [stdout]    |
[INFO] [stdout] 15 | pub const ZERO_PAGE_Y: usize = 13;
[INFO] [stdout]    |           ^^^^^^^^^^^
[INFO] [stdout] 
[INFO] [stdout] 
[INFO] [stdout] warning: constant `BREAK_COMMAND_MASK` is never used
[INFO] [stdout]  --> src/cpu/registers.rs:8:11
[INFO] [stdout]   |
[INFO] [stdout] 8 | pub const BREAK_COMMAND_MASK: u8 = 0x10;
[INFO] [stdout]   |           ^^^^^^^^^^^^^^^^^^
[INFO] [stdout] 
[INFO] [stdout] 
[INFO] [stdout] warning: missing documentation for a struct
[INFO] [stdout]    --> src/lib.rs:193:1
[INFO] [stdout]     |
[INFO] [stdout] 193 | pub struct Nes {
[INFO] [stdout]     | ^^^^^^^^^^^^^^
[INFO] [stdout]     |
[INFO] [stdout] note: the lint level is defined here
[INFO] [stdout]    --> src/lib.rs:79:9
[INFO] [stdout]     |
[INFO] [stdout]  79 | #![warn(missing_docs)]
[INFO] [stdout]     |         ^^^^^^^^^^^^
[INFO] [stdout] 
[INFO] [stdout] 
[INFO] [stdout] warning: missing documentation for an associated function
[INFO] [stdout]    --> src/lib.rs:202:5
[INFO] [stdout]     |
[INFO] [stdout] 202 |     pub fn new(sample_freq: f32) -> Self {
[INFO] [stdout]     |     ^^^^^^^^^^^^^^^^^^^^^^^^^^^^^^^^^^^^
[INFO] [stdout] 
[INFO] [stdout] 
[INFO] [stdout] warning: missing documentation for a method
[INFO] [stdout]    --> src/lib.rs:229:5
[INFO] [stdout]     |
[INFO] [stdout] 229 |     pub fn load_rom(&mut self, buffer: &[u8]) {
[INFO] [stdout]     |     ^^^^^^^^^^^^^^^^^^^^^^^^^^^^^^^^^^^^^^^^^
[INFO] [stdout] 
[INFO] [stdout] 
[INFO] [stdout] warning: unused return value of `Box::<T>::from_raw` that must be used
[INFO] [stdout]    --> src/lib.rs:232:17
[INFO] [stdout]     |
[INFO] [stdout] 232 |                 Box::from_raw(mapper);
[INFO] [stdout]     |                 ^^^^^^^^^^^^^^^^^^^^^
[INFO] [stdout]     |
[INFO] [stdout]     = note: call `drop(Box::from_raw(ptr))` if you intend to drop the `Box`
[INFO] [stdout]     = note: `#[warn(unused_must_use)]` (part of `#[warn(unused)]`) on by default
[INFO] [stdout] help: use `let _ = ...` to ignore the resulting value
[INFO] [stdout]     |
[INFO] [stdout] 232 |                 let _ = Box::from_raw(mapper);
[INFO] [stdout]     |                 +++++++
[INFO] [stdout] 
[INFO] [stdout] 
[INFO] [stdout] warning: missing documentation for a method
[INFO] [stdout]    --> src/lib.rs:254:5
[INFO] [stdout]     |
[INFO] [stdout] 254 |     pub fn step_frame(&mut self) {
[INFO] [stdout]     |     ^^^^^^^^^^^^^^^^^^^^^^^^^^^^
[INFO] [stdout] 
[INFO] [stdout] 
[INFO] [stdout] warning: missing documentation for a method
[INFO] [stdout]    --> src/lib.rs:262:5
[INFO] [stdout]     |
[INFO] [stdout] 262 |     pub fn reset(&mut self) {
[INFO] [stdout]     |     ^^^^^^^^^^^^^^^^^^^^^^^
[INFO] [stdout] 
[INFO] [stdout] 
[INFO] [stdout] warning: missing documentation for a method
[INFO] [stdout]    --> src/lib.rs:270:5
[INFO] [stdout]     |
[INFO] [stdout] 270 |     pub fn image_buffer(&self) -> *const u8 {
[INFO] [stdout]     |     ^^^^^^^^^^^^^^^^^^^^^^^^^^^^^^^^^^^^^^^
[INFO] [stdout] 
[INFO] [stdout] 
[INFO] [stdout] warning: missing documentation for a method
[INFO] [stdout]    --> src/lib.rs:274:5
[INFO] [stdout]     |
[INFO] [stdout] 274 |     pub fn audio_buffer(&self) -> *const f32 {
[INFO] [stdout]     |     ^^^^^^^^^^^^^^^^^^^^^^^^^^^^^^^^^^^^^^^^
[INFO] [stdout] 
[INFO] [stdout] 
[INFO] [stdout] warning: missing documentation for a method
[INFO] [stdout]    --> src/lib.rs:278:5
[INFO] [stdout]     |
[INFO] [stdout] 278 |     pub fn audio_buffer_len(&self) -> usize {
[INFO] [stdout]     |     ^^^^^^^^^^^^^^^^^^^^^^^^^^^^^^^^^^^^^^^
[INFO] [stdout] 
[INFO] [stdout] 
[INFO] [stdout] warning: missing documentation for a method
[INFO] [stdout]    --> src/lib.rs:282:5
[INFO] [stdout]     |
[INFO] [stdout] 282 |     pub fn colors(&self) -> *const u32 {
[INFO] [stdout]     |     ^^^^^^^^^^^^^^^^^^^^^^^^^^^^^^^^^^
[INFO] [stdout] 
[INFO] [stdout] 
[INFO] [stdout] warning: missing documentation for a method
[INFO] [stdout]    --> src/lib.rs:286:5
[INFO] [stdout]     |
[INFO] [stdout] 286 |     pub fn palettes(&self) -> *const u8 {
[INFO] [stdout]     |     ^^^^^^^^^^^^^^^^^^^^^^^^^^^^^^^^^^^
[INFO] [stdout] 
[INFO] [stdout] 
[INFO] [stdout] warning: missing documentation for a method
[INFO] [stdout]    --> src/lib.rs:290:5
[INFO] [stdout]     |
[INFO] [stdout] 290 |     pub fn chr_bank(&self, index: usize) -> *const u8 {
[INFO] [stdout]     |     ^^^^^^^^^^^^^^^^^^^^^^^^^^^^^^^^^^^^^^^^^^^^^^^^^
[INFO] [stdout] 
[INFO] [stdout] 
[INFO] [stdout] warning: missing documentation for a method
[INFO] [stdout]    --> src/lib.rs:296:5
[INFO] [stdout]     |
[INFO] [stdout] 296 |     pub fn nametable_bank(&self, index: usize) -> *const u8 {
[INFO] [stdout]     |     ^^^^^^^^^^^^^^^^^^^^^^^^^^^^^^^^^^^^^^^^^^^^^^^^^^^^^^^
[INFO] [stdout] 
[INFO] [stdout] 
[INFO] [stdout] warning: missing documentation for a method
[INFO] [stdout]    --> src/lib.rs:301:5
[INFO] [stdout]     |
[INFO] [stdout] 301 |     pub fn object_attribute_memory(&self) -> *const u8 {
[INFO] [stdout]     |     ^^^^^^^^^^^^^^^^^^^^^^^^^^^^^^^^^^^^^^^^^^^^^^^^^^
[INFO] [stdout] 
[INFO] [stdout] 
[INFO] [stdout] warning: missing documentation for a method
[INFO] [stdout]    --> src/lib.rs:305:5
[INFO] [stdout]     |
[INFO] [stdout] 305 |     pub fn tall_sprites_enabled(&self) -> bool {
[INFO] [stdout]     |     ^^^^^^^^^^^^^^^^^^^^^^^^^^^^^^^^^^^^^^^^^^
[INFO] [stdout] 
[INFO] [stdout] 
[INFO] [stdout] warning: missing documentation for a method
[INFO] [stdout]    --> src/lib.rs:309:5
[INFO] [stdout]     |
[INFO] [stdout] 309 |     pub fn background_chr_bank(&self) -> usize {
[INFO] [stdout]     |     ^^^^^^^^^^^^^^^^^^^^^^^^^^^^^^^^^^^^^^^^^^
[INFO] [stdout] 
[INFO] [stdout] 
[INFO] [stdout] warning: missing documentation for a method
[INFO] [stdout]    --> src/lib.rs:317:5
[INFO] [stdout]     |
[INFO] [stdout] 317 |     pub fn press_button(&mut self, controller_index: usize, button_index: u8) {
[INFO] [stdout]     |     ^^^^^^^^^^^^^^^^^^^^^^^^^^^^^^^^^^^^^^^^^^^^^^^^^^^^^^^^^^^^^^^^^^^^^^^^^
[INFO] [stdout] 
[INFO] [stdout] 
[INFO] [stdout] warning: missing documentation for a method
[INFO] [stdout]    --> src/lib.rs:321:5
[INFO] [stdout]     |
[INFO] [stdout] 321 |     pub fn release_button(&mut self, controller_index: usize, button_index: u8) {
[INFO] [stdout]     |     ^^^^^^^^^^^^^^^^^^^^^^^^^^^^^^^^^^^^^^^^^^^^^^^^^^^^^^^^^^^^^^^^^^^^^^^^^^^
[INFO] [stdout] 
[INFO] [stdout] 
[INFO] [stdout] warning: missing documentation for a method
[INFO] [stdout]    --> src/lib.rs:325:5
[INFO] [stdout]     |
[INFO] [stdout] 325 |     pub fn set_sample_freq(&mut self, sample_freq: f32) {
[INFO] [stdout]     |     ^^^^^^^^^^^^^^^^^^^^^^^^^^^^^^^^^^^^^^^^^^^^^^^^^^^
[INFO] [stdout] 
[INFO] [stdout] 
[INFO] [stdout] warning: missing documentation for a method
[INFO] [stdout]    --> src/lib.rs:332:5
[INFO] [stdout]     |
[INFO] [stdout] 332 |     pub fn save(&self) -> bincode::Result<Option<Vec<u8>>> {
[INFO] [stdout]     |     ^^^^^^^^^^^^^^^^^^^^^^^^^^^^^^^^^^^^^^^^^^^^^^^^^^^^^^
[INFO] [stdout] 
[INFO] [stdout] 
[INFO] [stdout] warning: missing documentation for a method
[INFO] [stdout]    --> src/lib.rs:337:5
[INFO] [stdout]     |
[INFO] [stdout] 337 |     pub fn load(&mut self, save_data: &[u8]) -> bincode::Result<()> {
[INFO] [stdout]     |     ^^^^^^^^^^^^^^^^^^^^^^^^^^^^^^^^^^^^^^^^^^^^^^^^^^^^^^^^^^^^^^^
[INFO] [stdout] 
[INFO] [stdout] 
[INFO] [stdout] warning: missing documentation for a method
[INFO] [stdout]    --> src/lib.rs:342:5
[INFO] [stdout]     |
[INFO] [stdout] 342 |     pub fn save_state(&self) -> bincode::Result<Vec<u8>> {
[INFO] [stdout]     |     ^^^^^^^^^^^^^^^^^^^^^^^^^^^^^^^^^^^^^^^^^^^^^^^^^^^^
[INFO] [stdout] 
[INFO] [stdout] 
[INFO] [stdout] warning: missing documentation for a method
[INFO] [stdout]    --> src/lib.rs:348:5
[INFO] [stdout]     |
[INFO] [stdout] 348 |     pub fn load_state(&mut self, save_state_data: &[u8]) -> bincode::Result<()> {
[INFO] [stdout]     |     ^^^^^^^^^^^^^^^^^^^^^^^^^^^^^^^^^^^^^^^^^^^^^^^^^^^^^^^^^^^^^^^^^^^^^^^^^^^
[INFO] [stdout] 
[INFO] [stdout] 
[INFO] [stdout] warning: unused return value of `Box::<T>::from_raw` that must be used
[INFO] [stdout]    --> src/lib.rs:371:17
[INFO] [stdout]     |
[INFO] [stdout] 371 |                 Box::from_raw(mapper);
[INFO] [stdout]     |                 ^^^^^^^^^^^^^^^^^^^^^
[INFO] [stdout]     |
[INFO] [stdout]     = note: call `drop(Box::from_raw(ptr))` if you intend to drop the `Box`
[INFO] [stdout] help: use `let _ = ...` to ignore the resulting value
[INFO] [stdout]     |
[INFO] [stdout] 371 |                 let _ = Box::from_raw(mapper);
[INFO] [stdout]     |                 +++++++
[INFO] [stdout] 
[INFO] [stdout] 
[INFO] [stderr]     Finished `release` profile [optimized] target(s) in 13.91s
[INFO] running `Command { std: "docker" "inspect" "83784dd5ed7b71f403524ca656674fd8820ab713a17d44793ef40d2f44938274", kill_on_drop: false }`
[INFO] running `Command { std: "docker" "exec" "-e" "SOURCE_DIR=/opt/rustwide/workdir" "-e" "CARGO_HOME=/opt/rustwide/cargo-home" "-e" "RUSTUP_HOME=/opt/rustwide/rustup-home" "-e" "CARGO_TARGET_DIR=/opt/rustwide/target" "-e" "CARGO_INCREMENTAL=0" "-e" "RUST_BACKTRACE=full" "-e" "RUSTFLAGS=--cap-lints=warn" "-e" "RUSTDOCFLAGS=--cap-lints=warn" "-w" "/opt/rustwide/workdir" "--user" "0:0" "83784dd5ed7b71f403524ca656674fd8820ab713a17d44793ef40d2f44938274" "/opt/rustwide/cargo-home/bin/cargo" "+1.100.0-beta.1" "test" "--frozen" "--release", kill_on_drop: false }`
[INFO] [stderr] warning: unexpected `cfg` condition name: `console_error_panic_hook`
[INFO] [stderr]    --> src/lib.rs:187:35
[INFO] [stderr]     |
[INFO] [stderr] 187 | #[cfg(all(target_arch = "wasm32", console_error_panic_hook))]
[INFO] [stderr]     |                                   ^^^^^^^^^^^^^^^^^^^^^^^^ help: found config with similar value: `feature = "console_error_panic_hook"`
[INFO] [stderr]     |
[INFO] [stderr]     = help: expected names are: `docsrs`, `feature`, and `test` and 34 more
[INFO] [stderr]     = help: consider using a Cargo feature instead
[INFO] [stderr]     = help: or consider adding in `Cargo.toml` the `check-cfg` lint config for the lint:
[INFO] [stderr]              [lints.rust]
[INFO] [stderr]              unexpected_cfgs = { level = "warn", check-cfg = ['cfg(console_error_panic_hook)'] }
[INFO] [stderr]     = help: or consider adding `println!("cargo::rustc-check-cfg=cfg(console_error_panic_hook)");` to the top of the `build.rs`
[INFO] [stderr]     = note: see <https://doc.rust-lang.org/nightly/rustc/check-cfg/cargo-specifics.html> for more information about checking conditional configuration
[INFO] [stderr]     = note: `#[warn(unexpected_cfgs)]` on by default
[INFO] [stderr] 
[INFO] [stderr] warning: unexpected `cfg` condition name: `console_error_panic_hook`
[INFO] [stderr]    --> src/lib.rs:203:43
[INFO] [stderr]     |
[INFO] [stderr] 203 |         #[cfg(all(target_arch = "wasm32", console_error_panic_hook))]
[INFO] [stderr]     |                                           ^^^^^^^^^^^^^^^^^^^^^^^^ help: found config with similar value: `feature = "console_error_panic_hook"`
[INFO] [stderr]     |
[INFO] [stderr]     = help: consider using a Cargo feature instead
[INFO] [stderr]     = help: or consider adding in `Cargo.toml` the `check-cfg` lint config for the lint:
[INFO] [stderr]              [lints.rust]
[INFO] [stderr]              unexpected_cfgs = { level = "warn", check-cfg = ['cfg(console_error_panic_hook)'] }
[INFO] [stderr]     = help: or consider adding `println!("cargo::rustc-check-cfg=cfg(console_error_panic_hook)");` to the top of the `build.rs`
[INFO] [stderr]     = note: see <https://doc.rust-lang.org/nightly/rustc/check-cfg/cargo-specifics.html> for more information about checking conditional configuration
[INFO] [stderr] 
[INFO] [stderr] warning: unreachable pattern
[INFO] [stderr]    --> src/cpu/mod.rs:165:13
[INFO] [stderr]     |
[INFO] [stderr] 165 |             _ => panic!("[CPU] Invalid read with memory address: {:#06x}.", addr),
[INFO] [stderr]     |             ^ no value can reach this
[INFO] [stderr]     |
[INFO] [stderr] note: multiple earlier patterns match some of the same values
[INFO] [stderr]    --> src/cpu/mod.rs:165:13
[INFO] [stderr]     |
[INFO] [stderr] 148 |             0x0000..=0x1FFF => self.ram[(addr % 0x0800) as usize],
[INFO] [stderr]     |             --------------- matches some of the same values
[INFO] [stderr] 149 |             0x2000..=0x3FFF => {
[INFO] [stderr]     |             --------------- matches some of the same values
[INFO] [stderr] ...
[INFO] [stderr] 154 |             0x4016 => self.controllers[0].read_value(),
[INFO] [stderr]     |             ------ matches some of the same values
[INFO] [stderr] 155 |             0x4017 => self.controllers[1].read_value(),
[INFO] [stderr]     |             ------ matches some of the same values
[INFO] [stderr] ...
[INFO] [stderr] 165 |             _ => panic!("[CPU] Invalid read with memory address: {:#06x}.", addr),
[INFO] [stderr]     |             ^ ...and 3 other patterns collectively make this unreachable
[INFO] [stderr]     = note: `#[warn(unreachable_patterns)]` (part of `#[warn(unused)]`) on by default
[INFO] [stderr] 
[INFO] [stderr] warning: unreachable pattern
[INFO] [stderr]    --> src/cpu/mod.rs:217:13
[INFO] [stderr]     |
[INFO] [stderr] 217 |             _ => panic!("[CPU] Invalid write with memory address: {:#06x}.", addr),
[INFO] [stderr]     |             ^ no value can reach this
[INFO] [stderr]     |
[INFO] [stderr] note: multiple earlier patterns match some of the same values
[INFO] [stderr]    --> src/cpu/mod.rs:217:13
[INFO] [stderr]     |
[INFO] [stderr] 175 |             0x0000..=0x1FFF => self.ram[(addr % 0x0800) as usize] = val,
[INFO] [stderr]     |             --------------- matches some of the same values
[INFO] [stderr] 176 |             0x2000..=0x3FFF => {
[INFO] [stderr]     |             --------------- matches some of the same values
[INFO] [stderr] ...
[INFO] [stderr] 187 |             0x4014 => {
[INFO] [stderr]     |             ------ matches some of the same values
[INFO] [stderr] ...
[INFO] [stderr] 204 |             0x4016 => {
[INFO] [stderr]     |             ------ matches some of the same values
[INFO] [stderr] ...
[INFO] [stderr] 217 |             _ => panic!("[CPU] Invalid write with memory address: {:#06x}.", addr),
[INFO] [stderr]     |             ^ ...and 3 other patterns collectively make this unreachable
[INFO] [stderr] 
[INFO] [stderr] warning: constant `ABSOLUTE` is never used
[INFO] [stderr]  --> src/cpu/addressing_modes.rs:3:11
[INFO] [stderr]   |
[INFO] [stderr] 3 | pub const ABSOLUTE: usize = 1;
[INFO] [stderr]   |           ^^^^^^^^
[INFO] [stderr]   |
[INFO] [stderr]   = note: `#[warn(dead_code)]` (part of `#[warn(unused)]`) on by default
[INFO] [stderr] 
[INFO] [stderr] warning: constant `ABSOLUTE_X` is never used
[INFO] [stderr]  --> src/cpu/addressing_modes.rs:4:11
[INFO] [stderr]   |
[INFO] [stderr] 4 | pub const ABSOLUTE_X: usize = 2;
[INFO] [stderr]   |           ^^^^^^^^^^
[INFO] [stderr] 
[INFO] [stderr] warning: constant `ABSOLUTE_Y` is never used
[INFO] [stderr]  --> src/cpu/addressing_modes.rs:5:11
[INFO] [stderr]   |
[INFO] [stderr] 5 | pub const ABSOLUTE_Y: usize = 3;
[INFO] [stderr]   |           ^^^^^^^^^^
[INFO] [stderr] 
[INFO] [stderr] warning: constant `IMMEDIATE` is never used
[INFO] [stderr]  --> src/cpu/addressing_modes.rs:7:11
[INFO] [stderr]   |
[INFO] [stderr] 7 | pub const IMMEDIATE: usize = 5;
[INFO] [stderr]   |           ^^^^^^^^^
[INFO] [stderr] 
[INFO] [stderr] warning: constant `INDIRECT` is never used
[INFO] [stderr]  --> src/cpu/addressing_modes.rs:9:11
[INFO] [stderr]   |
[INFO] [stderr] 9 | pub const INDIRECT: usize = 7;
[INFO] [stderr]   |           ^^^^^^^^
[INFO] [stderr] 
[INFO] [stderr] warning: constant `INDIRECT_X` is never used
[INFO] [stderr]   --> src/cpu/addressing_modes.rs:10:11
[INFO] [stderr]    |
[INFO] [stderr] 10 | pub const INDIRECT_X: usize = 8;
[INFO] [stderr]    |           ^^^^^^^^^^
[INFO] [stderr] 
[INFO] [stderr] warning: constant `INDIRECT_Y` is never used
[INFO] [stderr]   --> src/cpu/addressing_modes.rs:11:11
[INFO] [stderr]    |
[INFO] [stderr] 11 | pub const INDIRECT_Y: usize = 9;
[INFO] [stderr]    |           ^^^^^^^^^^
[INFO] [stderr] 
[INFO] [stderr] warning: constant `RELATIVE` is never used
[INFO] [stderr]   --> src/cpu/addressing_modes.rs:12:11
[INFO] [stderr]    |
[INFO] [stderr] 12 | pub const RELATIVE: usize = 10;
[INFO] [stderr]    |           ^^^^^^^^
[INFO] [stderr] 
[INFO] [stderr] warning: constant `ZERO_PAGE` is never used
[INFO] [stderr]   --> src/cpu/addressing_modes.rs:13:11
[INFO] [stderr]    |
[INFO] [stderr] 13 | pub const ZERO_PAGE: usize = 11;
[INFO] [stderr]    |           ^^^^^^^^^
[INFO] [stderr] 
[INFO] [stderr] warning: constant `ZERO_PAGE_X` is never used
[INFO] [stderr]   --> src/cpu/addressing_modes.rs:14:11
[INFO] [stderr]    |
[INFO] [stderr] 14 | pub const ZERO_PAGE_X: usize = 12;
[INFO] [stderr]    |           ^^^^^^^^^^^
[INFO] [stderr] 
[INFO] [stderr] warning: constant `ZERO_PAGE_Y` is never used
[INFO] [stderr]   --> src/cpu/addressing_modes.rs:15:11
[INFO] [stderr]    |
[INFO] [stderr] 15 | pub const ZERO_PAGE_Y: usize = 13;
[INFO] [stderr]    |           ^^^^^^^^^^^
[INFO] [stderr] 
[INFO] [stderr] warning: constant `BREAK_COMMAND_MASK` is never used
[INFO] [stderr]  --> src/cpu/registers.rs:8:11
[INFO] [stderr]   |
[INFO] [stderr] 8 | pub const BREAK_COMMAND_MASK: u8 = 0x10;
[INFO] [stderr]   |           ^^^^^^^^^^^^^^^^^^
[INFO] [stderr] 
[INFO] [stderr] warning: missing documentation for a struct
[INFO] [stderr]    --> src/lib.rs:193:1
[INFO] [stderr]     |
[INFO] [stderr] 193 | pub struct Nes {
[INFO] [stderr]     | ^^^^^^^^^^^^^^
[INFO] [stderr]     |
[INFO] [stderr] note: the lint level is defined here
[INFO] [stderr]    --> src/lib.rs:79:9
[INFO] [stderr]     |
[INFO] [stderr]  79 | #![warn(missing_docs)]
[INFO] [stderr]     |         ^^^^^^^^^^^^
[INFO] [stderr] 
[INFO] [stderr] warning: missing documentation for an associated function
[INFO] [stderr]    --> src/lib.rs:202:5
[INFO] [stderr]     |
[INFO] [stderr] 202 |     pub fn new(sample_freq: f32) -> Self {
[INFO] [stderr]     |     ^^^^^^^^^^^^^^^^^^^^^^^^^^^^^^^^^^^^
[INFO] [stderr] 
[INFO] [stderr] warning: missing documentation for a method
[INFO] [stderr]    --> src/lib.rs:229:5
[INFO] [stderr]     |
[INFO] [stderr] 229 |     pub fn load_rom(&mut self, buffer: &[u8]) {
[INFO] [stderr]     |     ^^^^^^^^^^^^^^^^^^^^^^^^^^^^^^^^^^^^^^^^^
[INFO] [stderr] 
[INFO] [stderr] warning: unused return value of `Box::<T>::from_raw` that must be used
[INFO] [stderr]    --> src/lib.rs:232:17
[INFO] [stderr]     |
[INFO] [stderr] 232 |                 Box::from_raw(mapper);
[INFO] [stderr]     |                 ^^^^^^^^^^^^^^^^^^^^^
[INFO] [stderr]     |
[INFO] [stderr]     = note: call `drop(Box::from_raw(ptr))` if you intend to drop the `Box`
[INFO] [stderr]     = note: `#[warn(unused_must_use)]` (part of `#[warn(unused)]`) on by default
[INFO] [stderr] help: use `let _ = ...` to ignore the resulting value
[INFO] [stderr]     |
[INFO] [stderr] 232 |                 let _ = Box::from_raw(mapper);
[INFO] [stderr]     |                 +++++++
[INFO] [stderr] 
[INFO] [stderr] warning: missing documentation for a method
[INFO] [stderr]    --> src/lib.rs:254:5
[INFO] [stderr]     |
[INFO] [stderr] 254 |     pub fn step_frame(&mut self) {
[INFO] [stderr]     |     ^^^^^^^^^^^^^^^^^^^^^^^^^^^^
[INFO] [stderr] 
[INFO] [stderr] warning: missing documentation for a method
[INFO] [stderr]    --> src/lib.rs:262:5
[INFO] [stderr]     |
[INFO] [stderr] 262 |     pub fn reset(&mut self) {
[INFO] [stderr]     |     ^^^^^^^^^^^^^^^^^^^^^^^
[INFO] [stderr] 
[INFO] [stderr] warning: missing documentation for a method
[INFO] [stderr]    --> src/lib.rs:270:5
[INFO] [stderr]     |
[INFO] [stderr] 270 |     pub fn image_buffer(&self) -> *const u8 {
[INFO] [stderr]     |     ^^^^^^^^^^^^^^^^^^^^^^^^^^^^^^^^^^^^^^^
[INFO] [stderr] 
[INFO] [stderr] warning: missing documentation for a method
[INFO] [stderr]    --> src/lib.rs:274:5
[INFO] [stderr]     |
[INFO] [stderr] 274 |     pub fn audio_buffer(&self) -> *const f32 {
[INFO] [stderr]     |     ^^^^^^^^^^^^^^^^^^^^^^^^^^^^^^^^^^^^^^^^
[INFO] [stderr] 
[INFO] [stderr] warning: missing documentation for a method
[INFO] [stderr]    --> src/lib.rs:278:5
[INFO] [stderr]     |
[INFO] [stderr] 278 |     pub fn audio_buffer_len(&self) -> usize {
[INFO] [stderr]     |     ^^^^^^^^^^^^^^^^^^^^^^^^^^^^^^^^^^^^^^^
[INFO] [stderr] 
[INFO] [stderr] warning: missing documentation for a method
[INFO] [stderr]    --> src/lib.rs:282:5
[INFO] [stderr]     |
[INFO] [stderr] 282 |     pub fn colors(&self) -> *const u32 {
[INFO] [stderr]     |     ^^^^^^^^^^^^^^^^^^^^^^^^^^^^^^^^^^
[INFO] [stderr] 
[INFO] [stderr] warning: missing documentation for a method
[INFO] [stderr]    --> src/lib.rs:286:5
[INFO] [stderr]     |
[INFO] [stderr] 286 |     pub fn palettes(&self) -> *const u8 {
[INFO] [stderr]     |     ^^^^^^^^^^^^^^^^^^^^^^^^^^^^^^^^^^^
[INFO] [stderr] 
[INFO] [stderr] warning: missing documentation for a method
[INFO] [stderr]    --> src/lib.rs:290:5
[INFO] [stderr]     |
[INFO] [stderr] 290 |     pub fn chr_bank(&self, index: usize) -> *const u8 {
[INFO] [stderr]     |     ^^^^^^^^^^^^^^^^^^^^^^^^^^^^^^^^^^^^^^^^^^^^^^^^^
[INFO] [stderr] 
[INFO] [stderr] warning: missing documentation for a method
[INFO] [stderr]    --> src/lib.rs:296:5
[INFO] [stderr]     |
[INFO] [stderr] 296 |     pub fn nametable_bank(&self, index: usize) -> *const u8 {
[INFO] [stderr]     |     ^^^^^^^^^^^^^^^^^^^^^^^^^^^^^^^^^^^^^^^^^^^^^^^^^^^^^^^
[INFO] [stderr] 
[INFO] [stderr] warning: missing documentation for a method
[INFO] [stderr]    --> src/lib.rs:301:5
[INFO] [stderr]     |
[INFO] [stderr] 301 |     pub fn object_attribute_memory(&self) -> *const u8 {
[INFO] [stderr]     |     ^^^^^^^^^^^^^^^^^^^^^^^^^^^^^^^^^^^^^^^^^^^^^^^^^^
[INFO] [stderr] 
[INFO] [stderr] warning: missing documentation for a method
[INFO] [stderr]    --> src/lib.rs:305:5
[INFO] [stderr]     |
[INFO] [stderr] 305 |     pub fn tall_sprites_enabled(&self) -> bool {
[INFO] [stderr]     |     ^^^^^^^^^^^^^^^^^^^^^^^^^^^^^^^^^^^^^^^^^^
[INFO] [stderr] 
[INFO] [stderr] warning: missing documentation for a method
[INFO] [stderr]    --> src/lib.rs:309:5
[INFO] [stderr]     |
[INFO] [stderr] 309 |     pub fn background_chr_bank(&self) -> usize {
[INFO] [stderr]     |     ^^^^^^^^^^^^^^^^^^^^^^^^^^^^^^^^^^^^^^^^^^
[INFO] [stderr] 
[INFO] [stderr] warning: missing documentation for a method
[INFO] [stderr]    --> src/lib.rs:317:5
[INFO] [stderr]     |
[INFO] [stderr] 317 |     pub fn press_button(&mut self, controller_index: usize, button_index: u8) {
[INFO] [stderr]     |     ^^^^^^^^^^^^^^^^^^^^^^^^^^^^^^^^^^^^^^^^^^^^^^^^^^^^^^^^^^^^^^^^^^^^^^^^^
[INFO] [stderr] 
[INFO] [stderr] warning: missing documentation for a method
[INFO] [stderr]    --> src/lib.rs:321:5
[INFO] [stderr]     |
[INFO] [stderr] 321 |     pub fn release_button(&mut self, controller_index: usize, button_index: u8) {
[INFO] [stderr]     |     ^^^^^^^^^^^^^^^^^^^^^^^^^^^^^^^^^^^^^^^^^^^^^^^^^^^^^^^^^^^^^^^^^^^^^^^^^^^
[INFO] [stderr] 
[INFO] [stderr] warning: missing documentation for a method
[INFO] [stderr]    --> src/lib.rs:325:5
[INFO] [stderr]     |
[INFO] [stderr] 325 |     pub fn set_sample_freq(&mut self, sample_freq: f32) {
[INFO] [stderr]     |     ^^^^^^^^^^^^^^^^^^^^^^^^^^^^^^^^^^^^^^^^^^^^^^^^^^^
[INFO] [stderr] 
[INFO] [stderr] warning: missing documentation for a method
[INFO] [stderr]    --> src/lib.rs:332:5
[INFO] [stderr]     |
[INFO] [stderr] 332 |     pub fn save(&self) -> bincode::Result<Option<Vec<u8>>> {
[INFO] [stderr]     |     ^^^^^^^^^^^^^^^^^^^^^^^^^^^^^^^^^^^^^^^^^^^^^^^^^^^^^^
[INFO] [stderr] 
[INFO] [stderr] warning: missing documentation for a method
[INFO] [stderr]    --> src/lib.rs:337:5
[INFO] [stderr]     |
[INFO] [stderr] 337 |     pub fn load(&mut self, save_data: &[u8]) -> bincode::Result<()> {
[INFO] [stderr]     |     ^^^^^^^^^^^^^^^^^^^^^^^^^^^^^^^^^^^^^^^^^^^^^^^^^^^^^^^^^^^^^^^
[INFO] [stderr] 
[INFO] [stderr] warning: missing documentation for a method
[INFO] [stderr]    --> src/lib.rs:342:5
[INFO] [stderr]     |
[INFO] [stderr] 342 |     pub fn save_state(&self) -> bincode::Result<Vec<u8>> {
[INFO] [stderr]     |     ^^^^^^^^^^^^^^^^^^^^^^^^^^^^^^^^^^^^^^^^^^^^^^^^^^^^
[INFO] [stderr] 
[INFO] [stderr] warning: missing documentation for a method
[INFO] [stderr]    --> src/lib.rs:348:5
[INFO] [stderr]     |
[INFO] [stderr] 348 |     pub fn load_state(&mut self, save_state_data: &[u8]) -> bincode::Result<()> {
[INFO] [stderr]     |     ^^^^^^^^^^^^^^^^^^^^^^^^^^^^^^^^^^^^^^^^^^^^^^^^^^^^^^^^^^^^^^^^^^^^^^^^^^^
[INFO] [stderr] 
[INFO] [stderr] warning: unused return value of `Box::<T>::from_raw` that must be used
[INFO] [stderr]    --> src/lib.rs:371:17
[INFO] [stderr]     |
[INFO] [stderr] 371 |                 Box::from_raw(mapper);
[INFO] [stderr]     |                 ^^^^^^^^^^^^^^^^^^^^^
[INFO] [stderr]     |
[INFO] [stderr]     = note: call `drop(Box::from_raw(ptr))` if you intend to drop the `Box`
[INFO] [stderr] help: use `let _ = ...` to ignore the resulting value
[INFO] [stderr]     |
[INFO] [stderr] 371 |                 let _ = Box::from_raw(mapper);
[INFO] [stderr]     |                 +++++++
[INFO] [stderr] 
[INFO] [stderr] warning: `neso` (lib) generated 40 warnings
[INFO] [stderr] warning: `neso` (lib test) generated 40 warnings (40 duplicates)
[INFO] [stderr]     Finished `release` profile [optimized] target(s) in 0.03s
[INFO] [stderr]      Running unittests src/lib.rs (/opt/rustwide/target/release/build/neso/501a33e082f5f5f0/out/neso-501a33e082f5f5f0)
[INFO] [stdout] 
[INFO] [stdout] running 50 tests
[INFO] [stdout] test tests::apu::general::test_02_len_table ... FAILED
[INFO] [stdout] test tests::cpu::instr_tests::test_01_basics ... FAILED
[INFO] [stdout] test tests::apu::general::test_03_irq_flag ... FAILED
[INFO] [stdout] test tests::apu::general::test_07_dmc_basics ... FAILED
[INFO] [stdout] test tests::apu::reset::test_4015_cleared ... FAILED
[INFO] [stdout] test tests::cpu::branch_timing::test_01_branch_basics ... FAILED
[INFO] [stdout] test tests::cpu::branch_timing::test_03_forward_branch ... FAILED
[INFO] [stdout] test tests::apu::reset::test_len_ctrs_enabled ... FAILED
[INFO] [stdout] test tests::apu::general::test_01_len_ctr ... FAILED
[INFO] [stdout] test tests::cpu::instr_misc::test_01_abs_x_wrap ... FAILED
[INFO] [stdout] test tests::apu::reset::test_irq_flag_cleared ... FAILED
[INFO] [stdout] test tests::apu::reset::test_4017_timing ... FAILED
[INFO] [stdout] test tests::cpu::instr_misc::test_02_branch_wrap ... FAILED
[INFO] [stdout] test tests::cpu::instr_tests::test_03_immediate ... FAILED
[INFO] [stdout] test tests::cpu::instr_tests::test_04_zero_page ... FAILED
[INFO] [stdout] test tests::cpu::instr_tests::test_05_zp_xy ... FAILED
[INFO] [stdout] test tests::cpu::branch_timing::test_02_backward_branch ... FAILED
[INFO] [stdout] test tests::cpu::instr_tests::test_02_implied ... FAILED
[INFO] [stdout] test tests::cpu::instr_tests::test_08_ind_x ... FAILED
[INFO] [stdout] test tests::cpu::instr_tests::test_06_absolute ... FAILED
[INFO] [stdout] test tests::cpu::instr_tests::test_13_rts ... FAILED
[INFO] [stdout] test tests::cpu::instr_tests::test_07_abs_xy ... FAILED
[INFO] [stdout] test tests::cpu::instr_tests::test_12_jmp_jsr ... FAILED
[INFO] [stdout] test tests::cpu::reset::test_registers ... FAILED
[INFO] [stdout] test tests::cpu::instr_tests::test_11_stack ... FAILED
[INFO] [stdout] test tests::ppu::general::test_palette_ram ... FAILED
[INFO] [stdout] test tests::ppu::general::test_power_up_palette ... FAILED
[INFO] [stdout] test tests::cpu::instr_timing::test_01_instr_timing ... FAILED
[INFO] [stdout] test tests::ppu::general::test_sprite_ram ... FAILED
[INFO] [stdout] test tests::ppu::sprite_hit::test_02_alignment ... FAILED
[INFO] [stdout] test tests::ppu::sprite_hit::test_01_basics ... FAILED
[INFO] [stdout] test tests::cpu::reset::test_ram_after_reset ... FAILED
[INFO] [stdout] test tests::cpu::instr_tests::test_10_branches ... FAILED
[INFO] [stdout] test tests::ppu::sprite_overflow::test_01_basics ... FAILED
[INFO] [stdout] test tests::cpu::instr_tests::test_09_ind_y ... FAILED
[INFO] [stdout] test tests::ppu::sprite_hit::test_04_flip ... FAILED
[INFO] [stdout] test tests::ppu::sprite_hit::test_03_corners ... FAILED
[INFO] [stdout] test tests::cpu::instr_timing::test_02_branch_timing ... FAILED
[INFO] [stdout] test tests::ppu::sprite_hit::test_07_screen_bottom ... FAILED
[INFO] [stdout] test tests::ppu::sprite_hit::test_10_timing_order ... FAILED
[INFO] [stdout] test tests::ppu::sprite_hit::test_06_right_edge ... FAILED
[INFO] [stdout] test tests::ppu::general::test_vram_access ... FAILED
[INFO] [stdout] test tests::ppu::sprite_overflow::test_05_emulator ... FAILED
[INFO] [stdout] test tests::ppu::sprite_hit::test_08_double_height ... FAILED
[INFO] [stdout] test tests::cpu::instr_timing::test_cpu_timing_test ... FAILED
[INFO] [stdout] test tests::ppu::sprite_hit::test_05_left_clip ... FAILED
[INFO] [stdout] test tests::ppu::test_oam_read ... FAILED
[INFO] [stdout] test tests::ppu::sprite_overflow::test_02_details ... FAILED
[INFO] [stdout] test tests::ppu::vbl_nmi::test_03_clear_time ... FAILED
[INFO] [stdout] test tests::ppu::vbl_nmi::test_01_vbl_basics ... FAILED
[INFO] [stdout] 
[INFO] [stdout] failures:
[INFO] [stdout] 
[INFO] [stdout] ---- tests::apu::general::test_02_len_table stdout ----
[INFO] [stdout] 
[INFO] [stdout] thread 'tests::apu::general::test_02_len_table' (454) panicked at src/lib.rs:640:13:
[INFO] [stdout] Expected test rom to exist.: Os { code: 2, kind: NotFound, message: "No such file or directory" }
[INFO] [stdout] stack backtrace:
[INFO] [stdout]    0:     0x58b6059db807 - <<std[617be2ca0a6fd877]::sys::backtrace::BacktraceLock>::print::DisplayBacktrace as core[a373ad73a504971]::fmt::Display>::fmt
[INFO] [stdout]    1:     0x58b6059a792a - core[a373ad73a504971]::fmt::write
[INFO] [stdout]    2:     0x58b6059dadbb - <alloc[2e1b2a31b91974c5]::vec::Vec<u8> as core[a373ad73a504971]::io::write::Write>::write_fmt
[INFO] [stdout]    3:     0x58b6059da89f - std[617be2ca0a6fd877]::panicking::default_hook::{closure#0}
[INFO] [stdout]    4:     0x58b6059da4ca - std[617be2ca0a6fd877]::panicking::default_hook
[INFO] [stdout]    5:     0x58b6059da005 - std[617be2ca0a6fd877]::panicking::panic_with_hook
[INFO] [stdout]    6:     0x58b605a00e61 - std[617be2ca0a6fd877]::panicking::panic_handler::{closure#0}
[INFO] [stdout]    7:     0x58b605a00e19 - std[617be2ca0a6fd877]::sys::backtrace::__rust_end_short_backtrace::<std[617be2ca0a6fd877]::panicking::panic_handler::{closure#0}, !>
[INFO] [stdout]    8:     0x58b605a0131c - __rustc[ea4f61d10b84890b]::rust_begin_unwind
[INFO] [stdout]    9:     0x58b6059a77bb - core[a373ad73a504971]::panicking::panic_fmt
[INFO] [stdout]   10:     0x58b6059aaa21 - core[a373ad73a504971]::result::unwrap_failed
[INFO] [stdout]   11:     0x58b6059d1484 - <neso[190d8c63a4f08675]::tests::apu::general::test_02_len_table::{closure#0} as core[a373ad73a504971]::ops::function::FnOnce<()>>::call_once
[INFO] [stdout]   12:     0x58b605a19b4b - test[aada8e7e76ba119b]::__rust_begin_short_backtrace::<core[a373ad73a504971]::result::Result<(), alloc[2e1b2a31b91974c5]::string::String>, fn() -> core[a373ad73a504971]::result::Result<(), alloc[2e1b2a31b91974c5]::string::String>>
[INFO] [stdout]   13:     0x58b605a14faf - test[aada8e7e76ba119b]::run_test::{closure#0}
[INFO] [stdout]   14:     0x58b605a14a2c - std[617be2ca0a6fd877]::sys::backtrace::__rust_begin_short_backtrace::<test[aada8e7e76ba119b]::run_test::{closure#1}, ()>
[INFO] [stdout]   15:     0x58b605a34f9c - <std[617be2ca0a6fd877]::thread::lifecycle::spawn_unchecked<test[aada8e7e76ba119b]::run_test::{closure#1}, ()>::{closure#1} as core[a373ad73a504971]::ops::function::FnOnce<()>>::call_once::{shim:vtable#0}
[INFO] [stdout]   16:     0x58b605a02af4 - <std[617be2ca0a6fd877]::sys::thread::unix::Thread>::new::thread_start
[INFO] [stdout]   17:     0x75d31ab9ddfa - <unknown>
[INFO] [stdout]   18:     0x75d31ac313d4 - clone
[INFO] [stdout]   19:                0x0 - <unknown>
[INFO] [stdout] 
[INFO] [stdout] ---- tests::cpu::instr_tests::test_01_basics stdout ----
[INFO] [stdout] 
[INFO] [stdout] thread 'tests::cpu::instr_tests::test_01_basics' (466) panicked at src/lib.rs:539:13:
[INFO] [stdout] Expected test rom to exist.: Os { code: 2, kind: NotFound, message: "No such file or directory" }
[INFO] [stdout] stack backtrace:
[INFO] [stdout]    0:     0x58b6059db807 - <<std[617be2ca0a6fd877]::sys::backtrace::BacktraceLock>::print::DisplayBacktrace as core[a373ad73a504971]::fmt::Display>::fmt
[INFO] [stdout]    1:     0x58b6059a792a - core[a373ad73a504971]::fmt::write
[INFO] [stdout]    2:     0x58b6059dadbb - <alloc[2e1b2a31b91974c5]::vec::Vec<u8> as core[a373ad73a504971]::io::write::Write>::write_fmt
[INFO] [stdout]    3:     0x58b6059da89f - std[617be2ca0a6fd877]::panicking::default_hook::{closure#0}
[INFO] [stdout]    4:     0x58b6059da4ca - std[617be2ca0a6fd877]::panicking::default_hook
[INFO] [stdout]    5:     0x58b6059da005 - std[617be2ca0a6fd877]::panicking::panic_with_hook
[INFO] [stdout]    6:     0x58b605a00e61 - std[617be2ca0a6fd877]::panicking::panic_handler::{closure#0}
[INFO] [stdout]    7:     0x58b605a00e19 - std[617be2ca0a6fd877]::sys::backtrace::__rust_end_short_backtrace::<std[617be2ca0a6fd877]::panicking::panic_handler::{closure#0}, !>
[INFO] [stdout]    8:     0x58b605a0131c - __rustc[ea4f61d10b84890b]::rust_begin_unwind
[INFO] [stdout]    9:     0x58b6059a77bb - core[a373ad73a504971]::panicking::panic_fmt
[INFO] [stdout]   10:     0x58b6059aaa21 - core[a373ad73a504971]::result::unwrap_failed
[INFO] [stdout]   11:     0x58b6059d0404 - <neso[190d8c63a4f08675]::tests::cpu::instr_tests::test_01_basics::{closure#0} as core[a373ad73a504971]::ops::function::FnOnce<()>>::call_once
[INFO] [stdout]   12:     0x58b605a19b4b - test[aada8e7e76ba119b]::__rust_begin_short_backtrace::<core[a373ad73a504971]::result::Result<(), alloc[2e1b2a31b91974c5]::string::String>, fn() -> core[a373ad73a504971]::result::Result<(), alloc[2e1b2a31b91974c5]::string::String>>
[INFO] [stdout]   13:     0x58b605a14faf - test[aada8e7e76ba119b]::run_test::{closure#0}
[INFO] [stdout]   14:     0x58b605a14a2c - std[617be2ca0a6fd877]::sys::backtrace::__rust_begin_short_backtrace::<test[aada8e7e76ba119b]::run_test::{closure#1}, ()>
[INFO] [stdout]   15:     0x58b605a34f9c - <std[617be2ca0a6fd877]::thread::lifecycle::spawn_unchecked<test[aada8e7e76ba119b]::run_test::{closure#1}, ()>::{closure#1} as core[a373ad73a504971]::ops::function::FnOnce<()>>::call_once::{shim:vtable#0}
[INFO] [stdout]   16:     0x58b605a02af4 - <std[617be2ca0a6fd877]::sys::thread::unix::Thread>::new::thread_start
[INFO] [stdout]   17:     0x75d31ab9ddfa - <unknown>
[INFO] [stdout]   18:     0x75d31ac313d4 - clone
[INFO] [stdout]   19:                0x0 - <unknown>
[INFO] [stdout] 
[INFO] [stdout] ---- tests::apu::general::test_03_irq_flag stdout ----
[INFO] [stdout] 
[INFO] [stdout] thread 'tests::apu::general::test_03_irq_flag' (455) panicked at src/lib.rs:640:13:
[INFO] [stdout] Expected test rom to exist.: Os { code: 2, kind: NotFound, message: "No such file or directory" }
[INFO] [stdout] stack backtrace:
[INFO] [stdout]    0:     0x58b6059db807 - <<std[617be2ca0a6fd877]::sys::backtrace::BacktraceLock>::print::DisplayBacktrace as core[a373ad73a504971]::fmt::Display>::fmt
[INFO] [stdout]    1:     0x58b6059a792a - core[a373ad73a504971]::fmt::write
[INFO] [stdout]    2:     0x58b6059dadbb - <alloc[2e1b2a31b91974c5]::vec::Vec<u8> as core[a373ad73a504971]::io::write::Write>::write_fmt
[INFO] [stdout]    3:     0x58b6059da89f - std[617be2ca0a6fd877]::panicking::default_hook::{closure#0}
[INFO] [stdout]    4:     0x58b6059da4ca - std[617be2ca0a6fd877]::panicking::default_hook
[INFO] [stdout]    5:     0x58b6059da005 - std[617be2ca0a6fd877]::panicking::panic_with_hook
[INFO] [stdout]    6:     0x58b605a00e61 - std[617be2ca0a6fd877]::panicking::panic_handler::{closure#0}
[INFO] [stdout]    7:     0x58b605a00e19 - std[617be2ca0a6fd877]::sys::backtrace::__rust_end_short_backtrace::<std[617be2ca0a6fd877]::panicking::panic_handler::{closure#0}, !>
[INFO] [stdout]    8:     0x58b605a0131c - __rustc[ea4f61d10b84890b]::rust_begin_unwind
[INFO] [stdout]    9:     0x58b6059a77bb - core[a373ad73a504971]::panicking::panic_fmt
[INFO] [stdout]   10:     0x58b6059aaa21 - core[a373ad73a504971]::result::unwrap_failed
[INFO] [stdout]   11:     0x58b6059d0f04 - <neso[190d8c63a4f08675]::tests::apu::general::test_03_irq_flag::{closure#0} as core[a373ad73a504971]::ops::function::FnOnce<()>>::call_once
[INFO] [stdout]   12:     0x58b605a19b4b - test[aada8e7e76ba119b]::__rust_begin_short_backtrace::<core[a373ad73a504971]::result::Result<(), alloc[2e1b2a31b91974c5]::string::String>, fn() -> core[a373ad73a504971]::result::Result<(), alloc[2e1b2a31b91974c5]::string::String>>
[INFO] [stdout]   13:     0x58b605a14faf - test[aada8e7e76ba119b]::run_test::{closure#0}
[INFO] [stdout]   14:     0x58b605a14a2c - std[617be2ca0a6fd877]::sys::backtrace::__rust_begin_short_backtrace::<test[aada8e7e76ba119b]::run_test::{closure#1}, ()>
[INFO] [stdout]   15:     0x58b605a34f9c - <std[617be2ca0a6fd877]::thread::lifecycle::spawn_unchecked<test[aada8e7e76ba119b]::run_test::{closure#1}, ()>::{closure#1} as core[a373ad73a504971]::ops::function::FnOnce<()>>::call_once::{shim:vtable#0}
[INFO] [stdout]   16:     0x58b605a02af4 - <std[617be2ca0a6fd877]::sys::thread::unix::Thread>::new::thread_start
[INFO] [stdout]   17:     0x75d31ab9ddfa - <unknown>
[INFO] [stdout]   18:     0x75d31ac313d4 - clone
[INFO] [stdout]   19:                0x0 - <unknown>
[INFO] [stdout] 
[INFO] [stdout] ---- tests::apu::general::test_07_dmc_basics stdout ----
[INFO] [stdout] 
[INFO] [stdout] thread 'tests::apu::general::test_07_dmc_basics' (456) panicked at src/lib.rs:640:13:
[INFO] [stdout] Expected test rom to exist.: Os { code: 2, kind: NotFound, message: "No such file or directory" }
[INFO] [stdout] stack backtrace:
[INFO] [stdout]    0:     0x58b6059db807 - <<std[617be2ca0a6fd877]::sys::backtrace::BacktraceLock>::print::DisplayBacktrace as core[a373ad73a504971]::fmt::Display>::fmt
[INFO] [stdout]    1:     0x58b6059a792a - core[a373ad73a504971]::fmt::write
[INFO] [stdout]    2:     0x58b6059dadbb - <alloc[2e1b2a31b91974c5]::vec::Vec<u8> as core[a373ad73a504971]::io::write::Write>::write_fmt
[INFO] [stdout]    3:     0x58b6059da89f - std[617be2ca0a6fd877]::panicking::default_hook::{closure#0}
[INFO] [stdout]    4:     0x58b6059da4ca - std[617be2ca0a6fd877]::panicking::default_hook
[INFO] [stdout]    5:     0x58b6059da005 - std[617be2ca0a6fd877]::panicking::panic_with_hook
[INFO] [stdout]    6:     0x58b605a00e61 - std[617be2ca0a6fd877]::panicking::panic_handler::{closure#0}
[INFO] [stdout]    7:     0x58b605a00e19 - std[617be2ca0a6fd877]::sys::backtrace::__rust_end_short_backtrace::<std[617be2ca0a6fd877]::panicking::panic_handler::{closure#0}, !>
[INFO] [stdout]    8:     0x58b605a0131c - __rustc[ea4f61d10b84890b]::rust_begin_unwind
[INFO] [stdout]    9:     0x58b6059a77bb - core[a373ad73a504971]::panicking::panic_fmt
[INFO] [stdout]   10:     0x58b6059aaa21 - core[a373ad73a504971]::result::unwrap_failed
[INFO] [stdout]   11:     0x58b6059d0984 - <neso[190d8c63a4f08675]::tests::apu::general::test_07_dmc_basics::{closure#0} as core[a373ad73a504971]::ops::function::FnOnce<()>>::call_once
[INFO] [stdout]   12:     0x58b605a19b4b - test[aada8e7e76ba119b]::__rust_begin_short_backtrace::<core[a373ad73a504971]::result::Result<(), alloc[2e1b2a31b91974c5]::string::String>, fn() -> core[a373ad73a504971]::result::Result<(), alloc[2e1b2a31b91974c5]::string::String>>
[INFO] [stdout]   13:     0x58b605a14faf - test[aada8e7e76ba119b]::run_test::{closure#0}
[INFO] [stdout]   14:     0x58b605a14a2c - std[617be2ca0a6fd877]::sys::backtrace::__rust_begin_short_backtrace::<test[aada8e7e76ba119b]::run_test::{closure#1}, ()>
[INFO] [stdout]   15:     0x58b605a34f9c - <std[617be2ca0a6fd877]::thread::lifecycle::spawn_unchecked<test[aada8e7e76ba119b]::run_test::{closure#1}, ()>::{closure#1} as core[a373ad73a504971]::ops::function::FnOnce<()>>::call_once::{shim:vtable#0}
[INFO] [stdout]   16:     0x58b605a02af4 - <std[617be2ca0a6fd877]::sys::thread::unix::Thread>::new::thread_start
[INFO] [stdout]   17:     0x75d31ab9ddfa - <unknown>
[INFO] [stdout]   18:     0x75d31ac313d4 - clone
[INFO] [stdout]   19:                0x0 - <unknown>
[INFO] [stdout] 
[INFO] [stdout] ---- tests::apu::reset::test_4015_cleared stdout ----
[INFO] [stdout] 
[INFO] [stdout] thread 'tests::apu::reset::test_4015_cleared' (457) panicked at src/lib.rs:627:13:
[INFO] [stdout] Expected test rom to exist.: Os { code: 2, kind: NotFound, message: "No such file or directory" }
[INFO] [stdout] stack backtrace:
[INFO] [stdout]    0:     0x58b6059db807 - <<std[617be2ca0a6fd877]::sys::backtrace::BacktraceLock>::print::DisplayBacktrace as core[a373ad73a504971]::fmt::Display>::fmt
[INFO] [stdout]    1:     0x58b6059a792a - core[a373ad73a504971]::fmt::write
[INFO] [stdout]    2:     0x58b6059dadbb - <alloc[2e1b2a31b91974c5]::vec::Vec<u8> as core[a373ad73a504971]::io::write::Write>::write_fmt
[INFO] [stdout]    3:     0x58b6059da89f - std[617be2ca0a6fd877]::panicking::default_hook::{closure#0}
[INFO] [stdout]    4:     0x58b6059da4ca - std[617be2ca0a6fd877]::panicking::default_hook
[INFO] [stdout]    5:     0x58b6059da005 - std[617be2ca0a6fd877]::panicking::panic_with_hook
[INFO] [stdout]    6:     0x58b605a00e61 - std[617be2ca0a6fd877]::panicking::panic_handler::{closure#0}
[INFO] [stdout]    7:     0x58b605a00e19 - std[617be2ca0a6fd877]::sys::backtrace::__rust_end_short_backtrace::<std[617be2ca0a6fd877]::panicking::panic_handler::{closure#0}, !>
[INFO] [stdout]    8:     0x58b605a0131c - __rustc[ea4f61d10b84890b]::rust_begin_unwind
[INFO] [stdout]    9:     0x58b6059a77bb - core[a373ad73a504971]::panicking::panic_fmt
[INFO] [stdout]   10:     0x58b6059aaa21 - core[a373ad73a504971]::result::unwrap_failed
[INFO] [stdout]   11:     0x58b6059b8aa3 - <neso[190d8c63a4f08675]::tests::apu::reset::test_4015_cleared::{closure#0} as core[a373ad73a504971]::ops::function::FnOnce<()>>::call_once
[INFO] [stdout]   12:     0x58b605a19b4b - test[aada8e7e76ba119b]::__rust_begin_short_backtrace::<core[a373ad73a504971]::result::Result<(), alloc[2e1b2a31b91974c5]::string::String>, fn() -> core[a373ad73a504971]::result::Result<(), alloc[2e1b2a31b91974c5]::string::String>>
[INFO] [stdout]   13:     0x58b605a14faf - test[aada8e7e76ba119b]::run_test::{closure#0}
[INFO] [stdout]   14:     0x58b605a14a2c - std[617be2ca0a6fd877]::sys::backtrace::__rust_begin_short_backtrace::<test[aada8e7e76ba119b]::run_test::{closure#1}, ()>
[INFO] [stdout]   15:     0x58b605a34f9c - <std[617be2ca0a6fd877]::thread::lifecycle::spawn_unchecked<test[aada8e7e76ba119b]::run_test::{closure#1}, ()>::{closure#1} as core[a373ad73a504971]::ops::function::FnOnce<()>>::call_once::{shim:vtable#0}
[INFO] [stdout]   16:     0x58b605a02af4 - <std[617be2ca0a6fd877]::sys::thread::unix::Thread>::new::thread_start
[INFO] [stdout]   17:     0x75d31ab9ddfa - <unknown>
[INFO] [stdout]   18:     0x75d31ac313d4 - clone
[INFO] [stdout]   19:                0x0 - <unknown>
[INFO] [stdout] 
[INFO] [stdout] ---- tests::cpu::branch_timing::test_01_branch_basics stdout ----
[INFO] [stdout] 
[INFO] [stdout] thread 'tests::cpu::branch_timing::test_01_branch_basics' (461) panicked at src/lib.rs:490:13:
[INFO] [stdout] Expected test rom to exist.: Os { code: 2, kind: NotFound, message: "No such file or directory" }
[INFO] [stdout] stack backtrace:
[INFO] [stdout]    0:     0x58b6059db807 - <<std[617be2ca0a6fd877]::sys::backtrace::BacktraceLock>::print::DisplayBacktrace as core[a373ad73a504971]::fmt::Display>::fmt
[INFO] [stdout]    1:     0x58b6059a792a - core[a373ad73a504971]::fmt::write
[INFO] [stdout]    2:     0x58b6059dadbb - <alloc[2e1b2a31b91974c5]::vec::Vec<u8> as core[a373ad73a504971]::io::write::Write>::write_fmt
[INFO] [stdout]    3:     0x58b6059da89f - std[617be2ca0a6fd877]::panicking::default_hook::{closure#0}
[INFO] [stdout]    4:     0x58b6059da4ca - std[617be2ca0a6fd877]::panicking::default_hook
[INFO] [stdout]    5:     0x58b6059da005 - std[617be2ca0a6fd877]::panicking::panic_with_hook
[INFO] [stdout]    6:     0x58b605a00e61 - std[617be2ca0a6fd877]::panicking::panic_handler::{closure#0}
[INFO] [stdout]    7:     0x58b605a00e19 - std[617be2ca0a6fd877]::sys::backtrace::__rust_end_short_backtrace::<std[617be2ca0a6fd877]::panicking::panic_handler::{closure#0}, !>
[INFO] [stdout]    8:     0x58b605a0131c - __rustc[ea4f61d10b84890b]::rust_begin_unwind
[INFO] [stdout]    9:     0x58b6059a77bb - core[a373ad73a504971]::panicking::panic_fmt
[INFO] [stdout]   10:     0x58b6059aaa21 - core[a373ad73a504971]::result::unwrap_failed
[INFO] [stdout]   11:     0x58b6059c1e08 - <neso[190d8c63a4f08675]::tests::cpu::branch_timing::test_01_branch_basics::{closure#0} as core[a373ad73a504971]::ops::function::FnOnce<()>>::call_once
[INFO] [stdout]   12:     0x58b605a19b4b - test[aada8e7e76ba119b]::__rust_begin_short_backtrace::<core[a373ad73a504971]::result::Result<(), alloc[2e1b2a31b91974c5]::string::String>, fn() -> core[a373ad73a504971]::result::Result<(), alloc[2e1b2a31b91974c5]::string::String>>
[INFO] [stdout]   13:     0x58b605a14faf - test[aada8e7e76ba119b]::run_test::{closure#0}
[INFO] [stdout]   14:     0x58b605a14a2c - std[617be2ca0a6fd877]::sys::backtrace::__rust_begin_short_backtrace::<test[aada8e7e76ba119b]::run_test::{closure#1}, ()>
[INFO] [stdout]   15:     0x58b605a34f9c - <std[617be2ca0a6fd877]::thread::lifecycle::spawn_unchecked<test[aada8e7e76ba119b]::run_test::{closure#1}, ()>::{closure#1} as core[a373ad73a504971]::ops::function::FnOnce<()>>::call_once::{shim:vtable#0}
[INFO] [stdout]   16:     0x58b605a02af4 - <std[617be2ca0a6fd877]::sys::thread::unix::Thread>::new::thread_start
[INFO] [stdout]   17:     0x75d31ab9ddfa - <unknown>
[INFO] [stdout]   18:     0x75d31ac313d4 - clone
[INFO] [stdout]   19:                0x0 - <unknown>
[INFO] [stdout] 
[INFO] [stdout] ---- tests::cpu::branch_timing::test_03_forward_branch stdout ----
[INFO] [stdout] 
[INFO] [stdout] thread 'tests::cpu::branch_timing::test_03_forward_branch' (463) panicked at src/lib.rs:490:13:
[INFO] [stdout] Expected test rom to exist.: Os { code: 2, kind: NotFound, message: "No such file or directory" }
[INFO] [stdout] stack backtrace:
[INFO] [stdout]    0:     0x58b6059db807 - <<std[617be2ca0a6fd877]::sys::backtrace::BacktraceLock>::print::DisplayBacktrace as core[a373ad73a504971]::fmt::Display>::fmt
[INFO] [stdout]    1:     0x58b6059a792a - core[a373ad73a504971]::fmt::write
[INFO] [stdout]    2:     0x58b6059dadbb - <alloc[2e1b2a31b91974c5]::vec::Vec<u8> as core[a373ad73a504971]::io::write::Write>::write_fmt
[INFO] [stdout]    3:     0x58b6059da89f - std[617be2ca0a6fd877]::panicking::default_hook::{closure#0}
[INFO] [stdout]    4:     0x58b6059da4ca - std[617be2ca0a6fd877]::panicking::default_hook
[INFO] [stdout]    5:     0x58b6059da005 - std[617be2ca0a6fd877]::panicking::panic_with_hook
[INFO] [stdout]    6:     0x58b605a00e61 - std[617be2ca0a6fd877]::panicking::panic_handler::{closure#0}
[INFO] [stdout]    7:     0x58b605a00e19 - std[617be2ca0a6fd877]::sys::backtrace::__rust_end_short_backtrace::<std[617be2ca0a6fd877]::panicking::panic_handler::{closure#0}, !>
[INFO] [stdout]    8:     0x58b605a0131c - __rustc[ea4f61d10b84890b]::rust_begin_unwind
[INFO] [stdout]    9:     0x58b6059a77bb - core[a373ad73a504971]::panicking::panic_fmt
[INFO] [stdout]   10:     0x58b6059aaa21 - core[a373ad73a504971]::result::unwrap_failed
[INFO] [stdout]   11:     0x58b6059c2778 - <neso[190d8c63a4f08675]::tests::cpu::branch_timing::test_03_forward_branch::{closure#0} as core[a373ad73a504971]::ops::function::FnOnce<()>>::call_once
[INFO] [stdout]   12:     0x58b605a19b4b - test[aada8e7e76ba119b]::__rust_begin_short_backtrace::<core[a373ad73a504971]::result::Result<(), alloc[2e1b2a31b91974c5]::string::String>, fn() -> core[a373ad73a504971]::result::Result<(), alloc[2e1b2a31b91974c5]::string::String>>
[INFO] [stdout]   13:     0x58b605a14faf - test[aada8e7e76ba119b]::run_test::{closure#0}
[INFO] [stdout]   14:     0x58b605a14a2c - std[617be2ca0a6fd877]::sys::backtrace::__rust_begin_short_backtrace::<test[aada8e7e76ba119b]::run_test::{closure#1}, ()>
[INFO] [stdout]   15:     0x58b605a34f9c - <std[617be2ca0a6fd877]::thread::lifecycle::spawn_unchecked<test[aada8e7e76ba119b]::run_test::{closure#1}, ()>::{closure#1} as core[a373ad73a504971]::ops::function::FnOnce<()>>::call_once::{shim:vtable#0}
[INFO] [stdout]   16:     0x58b605a02af4 - <std[617be2ca0a6fd877]::sys::thread::unix::Thread>::new::thread_start
[INFO] [stdout]   17:     0x75d31ab9ddfa - <unknown>
[INFO] [stdout]   18:     0x75d31ac313d4 - clone
[INFO] [stdout]   19:                0x0 - <unknown>
[INFO] [stdout] 
[INFO] [stdout] ---- tests::apu::reset::test_len_ctrs_enabled stdout ----
[INFO] [stdout] 
[INFO] [stdout] thread 'tests::apu::reset::test_len_ctrs_enabled' (460) panicked at src/lib.rs:627:13:
[INFO] [stdout] Expected test rom to exist.: Os { code: 2, kind: NotFound, message: "No such file or directory" }
[INFO] [stdout] stack backtrace:
[INFO] [stdout]    0:     0x58b6059db807 - <<std[617be2ca0a6fd877]::sys::backtrace::BacktraceLock>::print::DisplayBacktrace as core[a373ad73a504971]::fmt::Display>::fmt
[INFO] [stdout]    1:     0x58b6059a792a - core[a373ad73a504971]::fmt::write
[INFO] [stdout]    2:     0x58b6059dadbb - <alloc[2e1b2a31b91974c5]::vec::Vec<u8> as core[a373ad73a504971]::io::write::Write>::write_fmt
[INFO] [stdout]    3:     0x58b6059da89f - std[617be2ca0a6fd877]::panicking::default_hook::{closure#0}
[INFO] [stdout]    4:     0x58b6059da4ca - std[617be2ca0a6fd877]::panicking::default_hook
[INFO] [stdout]    5:     0x58b6059da005 - std[617be2ca0a6fd877]::panicking::panic_with_hook
[INFO] [stdout]    6:     0x58b605a00e61 - std[617be2ca0a6fd877]::panicking::panic_handler::{closure#0}
[INFO] [stdout]    7:     0x58b605a00e19 - std[617be2ca0a6fd877]::sys::backtrace::__rust_end_short_backtrace::<std[617be2ca0a6fd877]::panicking::panic_handler::{closure#0}, !>
[INFO] [stdout]    8:     0x58b605a0131c - __rustc[ea4f61d10b84890b]::rust_begin_unwind
[INFO] [stdout]    9:     0x58b6059a77bb - core[a373ad73a504971]::panicking::panic_fmt
[INFO] [stdout]   10:     0x58b6059aaa21 - core[a373ad73a504971]::result::unwrap_failed
[INFO] [stdout]   11:     0x58b6059b9603 - <neso[190d8c63a4f08675]::tests::apu::reset::test_len_ctrs_enabled::{closure#0} as core[a373ad73a504971]::ops::function::FnOnce<()>>::call_once
[INFO] [stdout]   12:     0x58b605a19b4b - test[aada8e7e76ba119b]::__rust_begin_short_backtrace::<core[a373ad73a504971]::result::Result<(), alloc[2e1b2a31b91974c5]::string::String>, fn() -> core[a373ad73a504971]::result::Result<(), alloc[2e1b2a31b91974c5]::string::String>>
[INFO] [stdout]   13:     0x58b605a14faf - test[aada8e7e76ba119b]::run_test::{closure#0}
[INFO] [stdout]   14:     0x58b605a14a2c - std[617be2ca0a6fd877]::sys::backtrace::__rust_begin_short_backtrace::<test[aada8e7e76ba119b]::run_test::{closure#1}, ()>
[INFO] [stdout]   15:     0x58b605a34f9c - <std[617be2ca0a6fd877]::thread::lifecycle::spawn_unchecked<test[aada8e7e76ba119b]::run_test::{closure#1}, ()>::{closure#1} as core[a373ad73a504971]::ops::function::FnOnce<()>>::call_once::{shim:vtable#0}
[INFO] [stdout]   16:     0x58b605a02af4 - <std[617be2ca0a6fd877]::sys::thread::unix::Thread>::new::thread_start
[INFO] [stdout]   17:     0x75d31ab9ddfa - <unknown>
[INFO] [stdout]   18:     0x75d31ac313d4 - clone
[INFO] [stdout]   19:                0x0 - <unknown>
[INFO] [stdout] 
[INFO] [stdout] ---- tests::apu::general::test_01_len_ctr stdout ----
[INFO] [stdout] 
[INFO] [stdout] thread 'tests::apu::general::test_01_len_ctr' (453) panicked at src/lib.rs:640:13:
[INFO] [stdout] Expected test rom to exist.: Os { code: 2, kind: NotFound, message: "No such file or directory" }
[INFO] [stdout] stack backtrace:
[INFO] [stdout]    0:     0x58b6059db807 - <<std[617be2ca0a6fd877]::sys::backtrace::BacktraceLock>::print::DisplayBacktrace as core[a373ad73a504971]::fmt::Display>::fmt
[INFO] [stdout]    1:     0x58b6059a792a - core[a373ad73a504971]::fmt::write
[INFO] [stdout]    2:     0x58b6059dadbb - <alloc[2e1b2a31b91974c5]::vec::Vec<u8> as core[a373ad73a504971]::io::write::Write>::write_fmt
[INFO] [stdout]    3:     0x58b6059da89f - std[617be2ca0a6fd877]::panicking::default_hook::{closure#0}
[INFO] [stdout]    4:     0x58b6059da4ca - std[617be2ca0a6fd877]::panicking::default_hook
[INFO] [stdout]    5:     0x58b6059da005 - std[617be2ca0a6fd877]::panicking::panic_with_hook
[INFO] [stdout]    6:     0x58b605a00e61 - std[617be2ca0a6fd877]::panicking::panic_handler::{closure#0}
[INFO] [stdout]    7:     0x58b605a00e19 - std[617be2ca0a6fd877]::sys::backtrace::__rust_end_short_backtrace::<std[617be2ca0a6fd877]::panicking::panic_handler::{closure#0}, !>
[INFO] [stdout]    8:     0x58b605a0131c - __rustc[ea4f61d10b84890b]::rust_begin_unwind
[INFO] [stdout]    9:     0x58b6059a77bb - core[a373ad73a504971]::panicking::panic_fmt
[INFO] [stdout]   10:     0x58b6059aaa21 - core[a373ad73a504971]::result::unwrap_failed
[INFO] [stdout]   11:     0x58b6059d1a04 - <neso[190d8c63a4f08675]::tests::apu::general::test_01_len_ctr::{closure#0} as core[a373ad73a504971]::ops::function::FnOnce<()>>::call_once
[INFO] [stdout]   12:     0x58b605a19b4b - test[aada8e7e76ba119b]::__rust_begin_short_backtrace::<core[a373ad73a504971]::result::Result<(), alloc[2e1b2a31b91974c5]::string::String>, fn() -> core[a373ad73a504971]::result::Result<(), alloc[2e1b2a31b91974c5]::string::String>>
[INFO] [stdout]   13:     0x58b605a14faf - test[aada8e7e76ba119b]::run_test::{closure#0}
[INFO] [stdout]   14:     0x58b605a14a2c - std[617be2ca0a6fd877]::sys::backtrace::__rust_begin_short_backtrace::<test[aada8e7e76ba119b]::run_test::{closure#1}, ()>
[INFO] [stdout]   15:     0x58b605a34f9c - <std[617be2ca0a6fd877]::thread::lifecycle::spawn_unchecked<test[aada8e7e76ba119b]::run_test::{closure#1}, ()>::{closure#1} as core[a373ad73a504971]::ops::function::FnOnce<()>>::call_once::{shim:vtable#0}
[INFO] [stdout]   16:     0x58b605a02af4 - <std[617be2ca0a6fd877]::sys::thread::unix::Thread>::new::thread_start
[INFO] [stdout]   17:     0x75d31ab9ddfa - <unknown>
[INFO] [stdout]   18:     0x75d31ac313d4 - clone
[INFO] [stdout]   19:                0x0 - <unknown>
[INFO] [stdout] 
[INFO] [stdout] ---- tests::cpu::instr_misc::test_01_abs_x_wrap stdout ----
[INFO] [stdout] 
[INFO] [stdout] thread 'tests::cpu::instr_misc::test_01_abs_x_wrap' (464) panicked at src/lib.rs:528:13:
[INFO] [stdout] Expected test rom to exist.: Os { code: 2, kind: NotFound, message: "No such file or directory" }
[INFO] [stdout] stack backtrace:
[INFO] [stdout]    0:     0x58b6059db807 - <<std[617be2ca0a6fd877]::sys::backtrace::BacktraceLock>::print::DisplayBacktrace as core[a373ad73a504971]::fmt::Display>::fmt
[INFO] [stdout]    1:     0x58b6059a792a - core[a373ad73a504971]::fmt::write
[INFO] [stdout]    2:     0x58b6059dadbb - <alloc[2e1b2a31b91974c5]::vec::Vec<u8> as core[a373ad73a504971]::io::write::Write>::write_fmt
[INFO] [stdout]    3:     0x58b6059da89f - std[617be2ca0a6fd877]::panicking::default_hook::{closure#0}
[INFO] [stdout]    4:     0x58b6059da4ca - std[617be2ca0a6fd877]::panicking::default_hook
[INFO] [stdout]    5:     0x58b6059da005 - std[617be2ca0a6fd877]::panicking::panic_with_hook
[INFO] [stdout]    6:     0x58b605a00e61 - std[617be2ca0a6fd877]::panicking::panic_handler::{closure#0}
[INFO] [stdout]    7:     0x58b605a00e19 - std[617be2ca0a6fd877]::sys::backtrace::__rust_end_short_backtrace::<std[617be2ca0a6fd877]::panicking::panic_handler::{closure#0}, !>
[INFO] [stdout]    8:     0x58b605a0131c - __rustc[ea4f61d10b84890b]::rust_begin_unwind
[INFO] [stdout]    9:     0x58b6059a77bb - core[a373ad73a504971]::panicking::panic_fmt
[INFO] [stdout]   10:     0x58b6059aaa21 - core[a373ad73a504971]::result::unwrap_failed
[INFO] [stdout]   11:     0x58b6059b9b84 - <neso[190d8c63a4f08675]::tests::cpu::instr_misc::test_01_abs_x_wrap::{closure#0} as core[a373ad73a504971]::ops::function::FnOnce<()>>::call_once
[INFO] [stdout]   12:     0x58b605a19b4b - test[aada8e7e76ba119b]::__rust_begin_short_backtrace::<core[a373ad73a504971]::result::Result<(), alloc[2e1b2a31b91974c5]::string::String>, fn() -> core[a373ad73a504971]::result::Result<(), alloc[2e1b2a31b91974c5]::string::String>>
[INFO] [stdout]   13:     0x58b605a14faf - test[aada8e7e76ba119b]::run_test::{closure#0}
[INFO] [stdout]   14:     0x58b605a14a2c - std[617be2ca0a6fd877]::sys::backtrace::__rust_begin_short_backtrace::<test[aada8e7e76ba119b]::run_test::{closure#1}, ()>
[INFO] [stdout]   15:     0x58b605a34f9c - <std[617be2ca0a6fd877]::thread::lifecycle::spawn_unchecked<test[aada8e7e76ba119b]::run_test::{closure#1}, ()>::{closure#1} as core[a373ad73a504971]::ops::function::FnOnce<()>>::call_once::{shim:vtable#0}
[INFO] [stdout]   16:     0x58b605a02af4 - <std[617be2ca0a6fd877]::sys::thread::unix::Thread>::new::thread_start
[INFO] [stdout]   17:     0x75d31ab9ddfa - <unknown>
[INFO] [stdout]   18:     0x75d31ac313d4 - clone
[INFO] [stdout]   19:                0x0 - <unknown>
[INFO] [stdout] 
[INFO] [stdout] ---- tests::apu::reset::test_irq_flag_cleared stdout ----
[INFO] [stdout] 
[INFO] [stdout] thread 'tests::apu::reset::test_irq_flag_cleared' (459) panicked at src/lib.rs:627:13:
[INFO] [stdout] Expected test rom to exist.: Os { code: 2, kind: NotFound, message: "No such file or directory" }
[INFO] [stdout] stack backtrace:
[INFO] [stdout]    0:     0x58b6059db807 - <<std[617be2ca0a6fd877]::sys::backtrace::BacktraceLock>::print::DisplayBacktrace as core[a373ad73a504971]::fmt::Display>::fmt
[INFO] [stdout]    1:     0x58b6059a792a - core[a373ad73a504971]::fmt::write
[INFO] [stdout]    2:     0x58b6059dadbb - <alloc[2e1b2a31b91974c5]::vec::Vec<u8> as core[a373ad73a504971]::io::write::Write>::write_fmt
[INFO] [stdout]    3:     0x58b6059da89f - std[617be2ca0a6fd877]::panicking::default_hook::{closure#0}
[INFO] [stdout]    4:     0x58b6059da4ca - std[617be2ca0a6fd877]::panicking::default_hook
[INFO] [stdout]    5:     0x58b6059da005 - std[617be2ca0a6fd877]::panicking::panic_with_hook
[INFO] [stdout]    6:     0x58b605a00e61 - std[617be2ca0a6fd877]::panicking::panic_handler::{closure#0}
[INFO] [stdout]    7:     0x58b605a00e19 - std[617be2ca0a6fd877]::sys::backtrace::__rust_end_short_backtrace::<std[617be2ca0a6fd877]::panicking::panic_handler::{closure#0}, !>
[INFO] [stdout]    8:     0x58b605a0131c - __rustc[ea4f61d10b84890b]::rust_begin_unwind
[INFO] [stdout]    9:     0x58b6059a77bb - core[a373ad73a504971]::panicking::panic_fmt
[INFO] [stdout]   10:     0x58b6059aaa21 - core[a373ad73a504971]::result::unwrap_failed
[INFO] [stdout]   11:     0x58b6059b9053 - <neso[190d8c63a4f08675]::tests::apu::reset::test_irq_flag_cleared::{closure#0} as core[a373ad73a504971]::ops::function::FnOnce<()>>::call_once
[INFO] [stdout]   12:     0x58b605a19b4b - test[aada8e7e76ba119b]::__rust_begin_short_backtrace::<core[a373ad73a504971]::result::Result<(), alloc[2e1b2a31b91974c5]::string::String>, fn() -> core[a373ad73a504971]::result::Result<(), alloc[2e1b2a31b91974c5]::string::String>>
[INFO] [stdout]   13:     0x58b605a14faf - test[aada8e7e76ba119b]::run_test::{closure#0}
[INFO] [stdout]   14:     0x58b605a14a2c - std[617be2ca0a6fd877]::sys::backtrace::__rust_begin_short_backtrace::<test[aada8e7e76ba119b]::run_test::{closure#1}, ()>
[INFO] [stdout]   15:     0x58b605a34f9c - <std[617be2ca0a6fd877]::thread::lifecycle::spawn_unchecked<test[aada8e7e76ba119b]::run_test::{closure#1}, ()>::{closure#1} as core[a373ad73a504971]::ops::function::FnOnce<()>>::call_once::{shim:vtable#0}
[INFO] [stdout]   16:     0x58b605a02af4 - <std[617be2ca0a6fd877]::sys::thread::unix::Thread>::new::thread_start
[INFO] [stdout]   17:     0x75d31ab9ddfa - <unknown>
[INFO] [stdout]   18:     0x75d31ac313d4 - clone
[INFO] [stdout]   19:                0x0 - <unknown>
[INFO] [stdout] 
[INFO] [stdout] ---- tests::apu::reset::test_4017_timing stdout ----
[INFO] [stdout] 
[INFO] [stdout] thread 'tests::apu::reset::test_4017_timing' (458) panicked at src/lib.rs:627:13:
[INFO] [stdout] Expected test rom to exist.: Os { code: 2, kind: NotFound, message: "No such file or directory" }
[INFO] [stdout] stack backtrace:
[INFO] [stdout]    0:     0x58b6059db807 - <<std[617be2ca0a6fd877]::sys::backtrace::BacktraceLock>::print::DisplayBacktrace as core[a373ad73a504971]::fmt::Display>::fmt
[INFO] [stdout]    1:     0x58b6059a792a - core[a373ad73a504971]::fmt::write
[INFO] [stdout]    2:     0x58b6059dadbb - <alloc[2e1b2a31b91974c5]::vec::Vec<u8> as core[a373ad73a504971]::io::write::Write>::write_fmt
[INFO] [stdout]    3:     0x58b6059da89f - std[617be2ca0a6fd877]::panicking::default_hook::{closure#0}
[INFO] [stdout]    4:     0x58b6059da4ca - std[617be2ca0a6fd877]::panicking::default_hook
[INFO] [stdout]    5:     0x58b6059da005 - std[617be2ca0a6fd877]::panicking::panic_with_hook
[INFO] [stdout]    6:     0x58b605a00e61 - std[617be2ca0a6fd877]::panicking::panic_handler::{closure#0}
[INFO] [stdout]    7:     0x58b605a00e19 - std[617be2ca0a6fd877]::sys::backtrace::__rust_end_short_backtrace::<std[617be2ca0a6fd877]::panicking::panic_handler::{closure#0}, !>
[INFO] [stdout]    8:     0x58b605a0131c - __rustc[ea4f61d10b84890b]::rust_begin_unwind
[INFO] [stdout]    9:     0x58b6059a77bb - core[a373ad73a504971]::panicking::panic_fmt
[INFO] [stdout]   10:     0x58b6059aaa21 - core[a373ad73a504971]::result::unwrap_failed
[INFO] [stdout]   11:     0x58b6059b82c3 - <neso[190d8c63a4f08675]::tests::apu::reset::test_4017_timing::{closure#0} as core[a373ad73a504971]::ops::function::FnOnce<()>>::call_once
[INFO] [stdout]   12:     0x58b605a19b4b - test[aada8e7e76ba119b]::__rust_begin_short_backtrace::<core[a373ad73a504971]::result::Result<(), alloc[2e1b2a31b91974c5]::string::String>, fn() -> core[a373ad73a504971]::result::Result<(), alloc[2e1b2a31b91974c5]::string::String>>
[INFO] [stdout]   13:     0x58b605a14faf - test[aada8e7e76ba119b]::run_test::{closure#0}
[INFO] [stdout]   14:     0x58b605a14a2c - std[617be2ca0a6fd877]::sys::backtrace::__rust_begin_short_backtrace::<test[aada8e7e76ba119b]::run_test::{closure#1}, ()>
[INFO] [stdout]   15:     0x58b605a34f9c - <std[617be2ca0a6fd877]::thread::lifecycle::spawn_unchecked<test[aada8e7e76ba119b]::run_test::{closure#1}, ()>::{closure#1} as core[a373ad73a504971]::ops::function::FnOnce<()>>::call_once::{shim:vtable#0}
[INFO] [stdout]   16:     0x58b605a02af4 - <std[617be2ca0a6fd877]::sys::thread::unix::Thread>::new::thread_start
[INFO] [stdout]   17:     0x75d31ab9ddfa - <unknown>
[INFO] [stdout]   18:     0x75d31ac313d4 - clone
[INFO] [stdout]   19:                0x0 - <unknown>
[INFO] [stdout] 
[INFO] [stdout] ---- tests::cpu::instr_misc::test_02_branch_wrap stdout ----
[INFO] [stdout] 
[INFO] [stdout] thread 'tests::cpu::instr_misc::test_02_branch_wrap' (465) panicked at src/lib.rs:528:13:
[INFO] [stdout] Expected test rom to exist.: Os { code: 2, kind: NotFound, message: "No such file or directory" }
[INFO] [stdout] stack backtrace:
[INFO] [stdout]    0:     0x58b6059db807 - <<std[617be2ca0a6fd877]::sys::backtrace::BacktraceLock>::print::DisplayBacktrace as core[a373ad73a504971]::fmt::Display>::fmt
[INFO] [stdout]    1:     0x58b6059a792a - core[a373ad73a504971]::fmt::write
[INFO] [stdout]    2:     0x58b6059dadbb - <alloc[2e1b2a31b91974c5]::vec::Vec<u8> as core[a373ad73a504971]::io::write::Write>::write_fmt
[INFO] [stdout]    3:     0x58b6059da89f - std[617be2ca0a6fd877]::panicking::default_hook::{closure#0}
[INFO] [stdout]    4:     0x58b6059da4ca - std[617be2ca0a6fd877]::panicking::default_hook
[INFO] [stdout]    5:     0x58b6059da005 - std[617be2ca0a6fd877]::panicking::panic_with_hook
[INFO] [stdout]    6:     0x58b605a00e61 - std[617be2ca0a6fd877]::panicking::panic_handler::{closure#0}
[INFO] [stdout]    7:     0x58b605a00e19 - std[617be2ca0a6fd877]::sys::backtrace::__rust_end_short_backtrace::<std[617be2ca0a6fd877]::panicking::panic_handler::{closure#0}, !>
[INFO] [stdout]    8:     0x58b605a0131c - __rustc[ea4f61d10b84890b]::rust_begin_unwind
[INFO] [stdout]    9:     0x58b6059a77bb - core[a373ad73a504971]::panicking::panic_fmt
[INFO] [stdout]   10:     0x58b6059aaa21 - core[a373ad73a504971]::result::unwrap_failed
[INFO] [stdout]   11:     0x58b6059ba104 - <neso[190d8c63a4f08675]::tests::cpu::instr_misc::test_02_branch_wrap::{closure#0} as core[a373ad73a504971]::ops::function::FnOnce<()>>::call_once
[INFO] [stdout]   12:     0x58b605a19b4b - test[aada8e7e76ba119b]::__rust_begin_short_backtrace::<core[a373ad73a504971]::result::Result<(), alloc[2e1b2a31b91974c5]::string::String>, fn() -> core[a373ad73a504971]::result::Result<(), alloc[2e1b2a31b91974c5]::string::String>>
[INFO] [stdout]   13:     0x58b605a14faf - test[aada8e7e76ba119b]::run_test::{closure#0}
[INFO] [stdout]   14:     0x58b605a14a2c - std[617be2ca0a6fd877]::sys::backtrace::__rust_begin_short_backtrace::<test[aada8e7e76ba119b]::run_test::{closure#1}, ()>
[INFO] [stdout]   15:     0x58b605a34f9c - <std[617be2ca0a6fd877]::thread::lifecycle::spawn_unchecked<test[aada8e7e76ba119b]::run_test::{closure#1}, ()>::{closure#1} as core[a373ad73a504971]::ops::function::FnOnce<()>>::call_once::{shim:vtable#0}
[INFO] [stdout]   16:     0x58b605a02af4 - <std[617be2ca0a6fd877]::sys::thread::unix::Thread>::new::thread_start
[INFO] [stdout]   17:     0x75d31ab9ddfa - <unknown>
[INFO] [stdout]   18:     0x75d31ac313d4 - clone
[INFO] [stdout]   19:                0x0 - <unknown>
[INFO] [stdout] 
[INFO] [stdout] ---- tests::cpu::instr_tests::test_03_immediate stdout ----
[INFO] [stdout] 
[INFO] [stdout] thread 'tests::cpu::instr_tests::test_03_immediate' (468) panicked at src/lib.rs:539:13:
[INFO] [stdout] Expected test rom to exist.: Os { code: 2, kind: NotFound, message: "No such file or directory" }
[INFO] [stdout] stack backtrace:
[INFO] [stdout]    0:     0x58b6059db807 - <<std[617be2ca0a6fd877]::sys::backtrace::BacktraceLock>::print::DisplayBacktrace as core[a373ad73a504971]::fmt::Display>::fmt
[INFO] [stdout]    1:     0x58b6059a792a - core[a373ad73a504971]::fmt::write
[INFO] [stdout]    2:     0x58b6059dadbb - <alloc[2e1b2a31b91974c5]::vec::Vec<u8> as core[a373ad73a504971]::io::write::Write>::write_fmt
[INFO] [stdout]    3:     0x58b6059da89f - std[617be2ca0a6fd877]::panicking::default_hook::{closure#0}
[INFO] [stdout]    4:     0x58b6059da4ca - std[617be2ca0a6fd877]::panicking::default_hook
[INFO] [stdout]    5:     0x58b6059da005 - std[617be2ca0a6fd877]::panicking::panic_with_hook
[INFO] [stdout]    6:     0x58b605a00e61 - std[617be2ca0a6fd877]::panicking::panic_handler::{closure#0}
[INFO] [stdout]    7:     0x58b605a00e19 - std[617be2ca0a6fd877]::sys::backtrace::__rust_end_short_backtrace::<std[617be2ca0a6fd877]::panicking::panic_handler::{closure#0}, !>
[INFO] [stdout]    8:     0x58b605a0131c - __rustc[ea4f61d10b84890b]::rust_begin_unwind
[INFO] [stdout]    9:     0x58b6059a77bb - core[a373ad73a504971]::panicking::panic_fmt
[INFO] [stdout]   10:     0x58b6059aaa21 - core[a373ad73a504971]::result::unwrap_failed
[INFO] [stdout]   11:     0x58b6059cf904 - <neso[190d8c63a4f08675]::tests::cpu::instr_tests::test_03_immediate::{closure#0} as core[a373ad73a504971]::ops::function::FnOnce<()>>::call_once
[INFO] [stdout]   12:     0x58b605a19b4b - test[aada8e7e76ba119b]::__rust_begin_short_backtrace::<core[a373ad73a504971]::result::Result<(), alloc[2e1b2a31b91974c5]::string::String>, fn() -> core[a373ad73a504971]::result::Result<(), alloc[2e1b2a31b91974c5]::string::String>>
[INFO] [stdout]   13:     0x58b605a14faf - test[aada8e7e76ba119b]::run_test::{closure#0}
[INFO] [stdout]   14:     0x58b605a14a2c - std[617be2ca0a6fd877]::sys::backtrace::__rust_begin_short_backtrace::<test[aada8e7e76ba119b]::run_test::{closure#1}, ()>
[INFO] [stdout]   15:     0x58b605a34f9c - <std[617be2ca0a6fd877]::thread::lifecycle::spawn_unchecked<test[aada8e7e76ba119b]::run_test::{closure#1}, ()>::{closure#1} as core[a373ad73a504971]::ops::function::FnOnce<()>>::call_once::{shim:vtable#0}
[INFO] [stdout]   16:     0x58b605a02af4 - <std[617be2ca0a6fd877]::sys::thread::unix::Thread>::new::thread_start
[INFO] [stdout]   17:     0x75d31ab9ddfa - <unknown>
[INFO] [stdout]   18:     0x75d31ac313d4 - clone
[INFO] [stdout]   19:                0x0 - <unknown>
[INFO] [stdout] 
[INFO] [stdout] ---- tests::cpu::instr_tests::test_04_zero_page stdout ----
[INFO] [stdout] 
[INFO] [stdout] thread 'tests::cpu::instr_tests::test_04_zero_page' (469) panicked at src/lib.rs:539:13:
[INFO] [stdout] Expected test rom to exist.: Os { code: 2, kind: NotFound, message: "No such file or directory" }
[INFO] [stdout] stack backtrace:
[INFO] [stdout]    0:     0x58b6059db807 - <<std[617be2ca0a6fd877]::sys::backtrace::BacktraceLock>::print::DisplayBacktrace as core[a373ad73a504971]::fmt::Display>::fmt
[INFO] [stdout]    1:     0x58b6059a792a - core[a373ad73a504971]::fmt::write
[INFO] [stdout]    2:     0x58b6059dadbb - <alloc[2e1b2a31b91974c5]::vec::Vec<u8> as core[a373ad73a504971]::io::write::Write>::write_fmt
[INFO] [stdout]    3:     0x58b6059da89f - std[617be2ca0a6fd877]::panicking::default_hook::{closure#0}
[INFO] [stdout]    4:     0x58b6059da4ca - std[617be2ca0a6fd877]::panicking::default_hook
[INFO] [stdout]    5:     0x58b6059da005 - std[617be2ca0a6fd877]::panicking::panic_with_hook
[INFO] [stdout]    6:     0x58b605a00e61 - std[617be2ca0a6fd877]::panicking::panic_handler::{closure#0}
[INFO] [stdout]    7:     0x58b605a00e19 - std[617be2ca0a6fd877]::sys::backtrace::__rust_end_short_backtrace::<std[617be2ca0a6fd877]::panicking::panic_handler::{closure#0}, !>
[INFO] [stdout]    8:     0x58b605a0131c - __rustc[ea4f61d10b84890b]::rust_begin_unwind
[INFO] [stdout]    9:     0x58b6059a77bb - core[a373ad73a504971]::panicking::panic_fmt
[INFO] [stdout]   10:     0x58b6059aaa21 - core[a373ad73a504971]::result::unwrap_failed
[INFO] [stdout]   11:     0x58b6059cf384 - <neso[190d8c63a4f08675]::tests::cpu::instr_tests::test_04_zero_page::{closure#0} as core[a373ad73a504971]::ops::function::FnOnce<()>>::call_once
[INFO] [stdout]   12:     0x58b605a19b4b - test[aada8e7e76ba119b]::__rust_begin_short_backtrace::<core[a373ad73a504971]::result::Result<(), alloc[2e1b2a31b91974c5]::string::String>, fn() -> core[a373ad73a504971]::result::Result<(), alloc[2e1b2a31b91974c5]::string::String>>
[INFO] [stdout]   13:     0x58b605a14faf - test[aada8e7e76ba119b]::run_test::{closure#0}
[INFO] [stdout]   14:     0x58b605a14a2c - std[617be2ca0a6fd877]::sys::backtrace::__rust_begin_short_backtrace::<test[aada8e7e76ba119b]::run_test::{closure#1}, ()>
[INFO] [stdout]   15:     0x58b605a34f9c - <std[617be2ca0a6fd877]::thread::lifecycle::spawn_unchecked<test[aada8e7e76ba119b]::run_test::{closure#1}, ()>::{closure#1} as core[a373ad73a504971]::ops::function::FnOnce<()>>::call_once::{shim:vtable#0}
[INFO] [stdout]   16:     0x58b605a02af4 - <std[617be2ca0a6fd877]::sys::thread::unix::Thread>::new::thread_start
[INFO] [stdout]   17:     0x75d31ab9ddfa - <unknown>
[INFO] [stdout]   18:     0x75d31ac313d4 - clone
[INFO] [stdout]   19:                0x0 - <unknown>
[INFO] [stdout] 
[INFO] [stdout] ---- tests::cpu::instr_tests::test_05_zp_xy stdout ----
[INFO] [stdout] 
[INFO] [stdout] thread 'tests::cpu::instr_tests::test_05_zp_xy' (470) panicked at src/lib.rs:539:13:
[INFO] [stdout] Expected test rom to exist.: Os { code: 2, kind: NotFound, message: "No such file or directory" }
[INFO] [stdout] stack backtrace:
[INFO] [stdout]    0:     0x58b6059db807 - <<std[617be2ca0a6fd877]::sys::backtrace::BacktraceLock>::print::DisplayBacktrace as core[a373ad73a504971]::fmt::Display>::fmt
[INFO] [stdout]    1:     0x58b6059a792a - core[a373ad73a504971]::fmt::write
[INFO] [stdout]    2:     0x58b6059dadbb - <alloc[2e1b2a31b91974c5]::vec::Vec<u8> as core[a373ad73a504971]::io::write::Write>::write_fmt
[INFO] [stdout]    3:     0x58b6059da89f - std[617be2ca0a6fd877]::panicking::default_hook::{closure#0}
[INFO] [stdout]    4:     0x58b6059da4ca - std[617be2ca0a6fd877]::panicking::default_hook
[INFO] [stdout]    5:     0x58b6059da005 - std[617be2ca0a6fd877]::panicking::panic_with_hook
[INFO] [stdout]    6:     0x58b605a00e61 - std[617be2ca0a6fd877]::panicking::panic_handler::{closure#0}
[INFO] [stdout]    7:     0x58b605a00e19 - std[617be2ca0a6fd877]::sys::backtrace::__rust_end_short_backtrace::<std[617be2ca0a6fd877]::panicking::panic_handler::{closure#0}, !>
[INFO] [stdout]    8:     0x58b605a0131c - __rustc[ea4f61d10b84890b]::rust_begin_unwind
[INFO] [stdout]    9:     0x58b6059a77bb - core[a373ad73a504971]::panicking::panic_fmt
[INFO] [stdout]   10:     0x58b6059aaa21 - core[a373ad73a504971]::result::unwrap_failed
[INFO] [stdout]   11:     0x58b6059cee04 - <neso[190d8c63a4f08675]::tests::cpu::instr_tests::test_05_zp_xy::{closure#0} as core[a373ad73a504971]::ops::function::FnOnce<()>>::call_once
[INFO] [stdout]   12:     0x58b605a19b4b - test[aada8e7e76ba119b]::__rust_begin_short_backtrace::<core[a373ad73a504971]::result::Result<(), alloc[2e1b2a31b91974c5]::string::String>, fn() -> core[a373ad73a504971]::result::Result<(), alloc[2e1b2a31b91974c5]::string::String>>
[INFO] [stdout]   13:     0x58b605a14faf - test[aada8e7e76ba119b]::run_test::{closure#0}
[INFO] [stdout]   14:     0x58b605a14a2c - std[617be2ca0a6fd877]::sys::backtrace::__rust_begin_short_backtrace::<test[aada8e7e76ba119b]::run_test::{closure#1}, ()>
[INFO] [stdout]   15:     0x58b605a34f9c - <std[617be2ca0a6fd877]::thread::lifecycle::spawn_unchecked<test[aada8e7e76ba119b]::run_test::{closure#1}, ()>::{closure#1} as core[a373ad73a504971]::ops::function::FnOnce<()>>::call_once::{shim:vtable#0}
[INFO] [stdout]   16:     0x58b605a02af4 - <std[617be2ca0a6fd877]::sys::thread::unix::Thread>::new::thread_start
[INFO] [stdout]   17:     0x75d31ab9ddfa - <unknown>
[INFO] [stdout]   18:     0x75d31ac313d4 - clone
[INFO] [stdout]   19:                0x0 - <unknown>
[INFO] [stdout] 
[INFO] [stdout] ---- tests::cpu::branch_timing::test_02_backward_branch stdout ----
[INFO] [stdout] 
[INFO] [stdout] thread 'tests::cpu::branch_timing::test_02_backward_branch' (462) panicked at src/lib.rs:490:13:
[INFO] [stdout] Expected test rom to exist.: Os { code: 2, kind: NotFound, message: "No such file or directory" }
[INFO] [stdout] stack backtrace:
[INFO] [stdout]    0:     0x58b6059db807 - <<std[617be2ca0a6fd877]::sys::backtrace::BacktraceLock>::print::DisplayBacktrace as core[a373ad73a504971]::fmt::Display>::fmt
[INFO] [stdout]    1:     0x58b6059a792a - core[a373ad73a504971]::fmt::write
[INFO] [stdout]    2:     0x58b6059dadbb - <alloc[2e1b2a31b91974c5]::vec::Vec<u8> as core[a373ad73a504971]::io::write::Write>::write_fmt
[INFO] [stdout]    3:     0x58b6059da89f - std[617be2ca0a6fd877]::panicking::default_hook::{closure#0}
[INFO] [stdout]    4:     0x58b6059da4ca - std[617be2ca0a6fd877]::panicking::default_hook
[INFO] [stdout]    5:     0x58b6059da005 - std[617be2ca0a6fd877]::panicking::panic_with_hook
[INFO] [stdout]    6:     0x58b605a00e61 - std[617be2ca0a6fd877]::panicking::panic_handler::{closure#0}
[INFO] [stdout]    7:     0x58b605a00e19 - std[617be2ca0a6fd877]::sys::backtrace::__rust_end_short_backtrace::<std[617be2ca0a6fd877]::panicking::panic_handler::{closure#0}, !>
[INFO] [stdout]    8:     0x58b605a0131c - __rustc[ea4f61d10b84890b]::rust_begin_unwind
[INFO] [stdout]    9:     0x58b6059a77bb - core[a373ad73a504971]::panicking::panic_fmt
[INFO] [stdout]   10:     0x58b6059aaa21 - core[a373ad73a504971]::result::unwrap_failed
[INFO] [stdout]   11:     0x58b6059c2ed8 - <neso[190d8c63a4f08675]::tests::cpu::branch_timing::test_02_backward_branch::{closure#0} as core[a373ad73a504971]::ops::function::FnOnce<()>>::call_once
[INFO] [stdout]   12:     0x58b605a19b4b - test[aada8e7e76ba119b]::__rust_begin_short_backtrace::<core[a373ad73a504971]::result::Result<(), alloc[2e1b2a31b91974c5]::string::String>, fn() -> core[a373ad73a504971]::result::Result<(), alloc[2e1b2a31b91974c5]::string::String>>
[INFO] [stdout]   13:     0x58b605a14faf - test[aada8e7e76ba119b]::run_test::{closure#0}
[INFO] [stdout]   14:     0x58b605a14a2c - std[617be2ca0a6fd877]::sys::backtrace::__rust_begin_short_backtrace::<test[aada8e7e76ba119b]::run_test::{closure#1}, ()>
[INFO] [stdout]   15:     0x58b605a34f9c - <std[617be2ca0a6fd877]::thread::lifecycle::spawn_unchecked<test[aada8e7e76ba119b]::run_test::{closure#1}, ()>::{closure#1} as core[a373ad73a504971]::ops::function::FnOnce<()>>::call_once::{shim:vtable#0}
[INFO] [stdout]   16:     0x58b605a02af4 - <std[617be2ca0a6fd877]::sys::thread::unix::Thread>::new::thread_start
[INFO] [stdout]   17:     0x75d31ab9ddfa - <unknown>
[INFO] [stdout]   18:     0x75d31ac313d4 - clone
[INFO] [stdout]   19:                0x0 - <unknown>
[INFO] [stdout] 
[INFO] [stdout] ---- tests::cpu::instr_tests::test_02_implied stdout ----
[INFO] [stdout] 
[INFO] [stdout] thread 'tests::cpu::instr_tests::test_02_implied' (467) panicked at src/lib.rs:539:13:
[INFO] [stdout] Expected test rom to exist.: Os { code: 2, kind: NotFound, message: "No such file or directory" }
[INFO] [stdout] stack backtrace:
[INFO] [stdout]    0:     0x58b6059db807 - <<std[617be2ca0a6fd877]::sys::backtrace::BacktraceLock>::print::DisplayBacktrace as core[a373ad73a504971]::fmt::Display>::fmt
[INFO] [stdout]    1:     0x58b6059a792a - core[a373ad73a504971]::fmt::write
[INFO] [stdout]    2:     0x58b6059dadbb - <alloc[2e1b2a31b91974c5]::vec::Vec<u8> as core[a373ad73a504971]::io::write::Write>::write_fmt
[INFO] [stdout]    3:     0x58b6059da89f - std[617be2ca0a6fd877]::panicking::default_hook::{closure#0}
[INFO] [stdout]    4:     0x58b6059da4ca - std[617be2ca0a6fd877]::panicking::default_hook
[INFO] [stdout]    5:     0x58b6059da005 - std[617be2ca0a6fd877]::panicking::panic_with_hook
[INFO] [stdout]    6:     0x58b605a00e61 - std[617be2ca0a6fd877]::panicking::panic_handler::{closure#0}
[INFO] [stdout]    7:     0x58b605a00e19 - std[617be2ca0a6fd877]::sys::backtrace::__rust_end_short_backtrace::<std[617be2ca0a6fd877]::panicking::panic_handler::{closure#0}, !>
[INFO] [stdout]    8:     0x58b605a0131c - __rustc[ea4f61d10b84890b]::rust_begin_unwind
[INFO] [stdout]    9:     0x58b6059a77bb - core[a373ad73a504971]::panicking::panic_fmt
[INFO] [stdout]   10:     0x58b6059aaa21 - core[a373ad73a504971]::result::unwrap_failed
[INFO] [stdout]   11:     0x58b6059cfe84 - <neso[190d8c63a4f08675]::tests::cpu::instr_tests::test_02_implied::{closure#0} as core[a373ad73a504971]::ops::function::FnOnce<()>>::call_once
[INFO] [stdout]   12:     0x58b605a19b4b - test[aada8e7e76ba119b]::__rust_begin_short_backtrace::<core[a373ad73a504971]::result::Result<(), alloc[2e1b2a31b91974c5]::string::String>, fn() -> core[a373ad73a504971]::result::Result<(), alloc[2e1b2a31b91974c5]::string::String>>
[INFO] [stdout]   13:     0x58b605a14faf - test[aada8e7e76ba119b]::run_test::{closure#0}
[INFO] [stdout]   14:     0x58b605a14a2c - std[617be2ca0a6fd877]::sys::backtrace::__rust_begin_short_backtrace::<test[aada8e7e76ba119b]::run_test::{closure#1}, ()>
[INFO] [stdout]   15:     0x58b605a34f9c - <std[617be2ca0a6fd877]::thread::lifecycle::spawn_unchecked<test[aada8e7e76ba119b]::run_test::{closure#1}, ()>::{closure#1} as core[a373ad73a504971]::ops::function::FnOnce<()>>::call_once::{shim:vtable#0}
[INFO] [stdout]   16:     0x58b605a02af4 - <std[617be2ca0a6fd877]::sys::thread::unix::Thread>::new::thread_start
[INFO] [stdout]   17:     0x75d31ab9ddfa - <unknown>
[INFO] [stdout]   18:     0x75d31ac313d4 - clone
[INFO] [stdout]   19:                0x0 - <unknown>
[INFO] [stdout] 
[INFO] [stdout] ---- tests::cpu::instr_tests::test_08_ind_x stdout ----
[INFO] [stdout] 
[INFO] [stdout] thread 'tests::cpu::instr_tests::test_08_ind_x' (473) panicked at src/lib.rs:539:13:
[INFO] [stdout] Expected test rom to exist.: Os { code: 2, kind: NotFound, message: "No such file or directory" }
[INFO] [stdout] stack backtrace:
[INFO] [stdout]    0:     0x58b6059db807 - <<std[617be2ca0a6fd877]::sys::backtrace::BacktraceLock>::print::DisplayBacktrace as core[a373ad73a504971]::fmt::Display>::fmt
[INFO] [stdout]    1:     0x58b6059a792a - core[a373ad73a504971]::fmt::write
[INFO] [stdout]    2:     0x58b6059dadbb - <alloc[2e1b2a31b91974c5]::vec::Vec<u8> as core[a373ad73a504971]::io::write::Write>::write_fmt
[INFO] [stdout]    3:     0x58b6059da89f - std[617be2ca0a6fd877]::panicking::default_hook::{closure#0}
[INFO] [stdout]    4:     0x58b6059da4ca - std[617be2ca0a6fd877]::panicking::default_hook
[INFO] [stdout]    5:     0x58b6059da005 - std[617be2ca0a6fd877]::panicking::panic_with_hook
[INFO] [stdout]    6:     0x58b605a00e61 - std[617be2ca0a6fd877]::panicking::panic_handler::{closure#0}
[INFO] [stdout]    7:     0x58b605a00e19 - std[617be2ca0a6fd877]::sys::backtrace::__rust_end_short_backtrace::<std[617be2ca0a6fd877]::panicking::panic_handler::{closure#0}, !>
[INFO] [stdout]    8:     0x58b605a0131c - __rustc[ea4f61d10b84890b]::rust_begin_unwind
[INFO] [stdout]    9:     0x58b6059a77bb - core[a373ad73a504971]::panicking::panic_fmt
[INFO] [stdout]   10:     0x58b6059aaa21 - core[a373ad73a504971]::result::unwrap_failed
[INFO] [stdout]   11:     0x58b6059cdd84 - <neso[190d8c63a4f08675]::tests::cpu::instr_tests::test_08_ind_x::{closure#0} as core[a373ad73a504971]::ops::function::FnOnce<()>>::call_once
[INFO] [stdout]   12:     0x58b605a19b4b - test[aada8e7e76ba119b]::__rust_begin_short_backtrace::<core[a373ad73a504971]::result::Result<(), alloc[2e1b2a31b91974c5]::string::String>, fn() -> core[a373ad73a504971]::result::Result<(), alloc[2e1b2a31b91974c5]::string::String>>
[INFO] [stdout]   13:     0x58b605a14faf - test[aada8e7e76ba119b]::run_test::{closure#0}
[INFO] [stdout]   14:     0x58b605a14a2c - std[617be2ca0a6fd877]::sys::backtrace::__rust_begin_short_backtrace::<test[aada8e7e76ba119b]::run_test::{closure#1}, ()>
[INFO] [stdout]   15:     0x58b605a34f9c - <std[617be2ca0a6fd877]::thread::lifecycle::spawn_unchecked<test[aada8e7e76ba119b]::run_test::{closure#1}, ()>::{closure#1} as core[a373ad73a504971]::ops::function::FnOnce<()>>::call_once::{shim:vtable#0}
[INFO] [stdout]   16:     0x58b605a02af4 - <std[617be2ca0a6fd877]::sys::thread::unix::Thread>::new::thread_start
[INFO] [stdout]   17:     0x75d31ab9ddfa - <unknown>
[INFO] [stdout]   18:     0x75d31ac313d4 - clone
[INFO] [stdout]   19:                0x0 - <unknown>
[INFO] [stdout] 
[INFO] [stdout] ---- tests::cpu::instr_tests::test_06_absolute stdout ----
[INFO] [stdout] 
[INFO] [stdout] thread 'tests::cpu::instr_tests::test_06_absolute' (471) panicked at src/lib.rs:539:13:
[INFO] [stdout] Expected test rom to exist.: Os { code: 2, kind: NotFound, message: "No such file or directory" }
[INFO] [stdout] stack backtrace:
[INFO] [stdout]    0:     0x58b6059db807 - <<std[617be2ca0a6fd877]::sys::backtrace::BacktraceLock>::print::DisplayBacktrace as core[a373ad73a504971]::fmt::Display>::fmt
[INFO] [stdout]    1:     0x58b6059a792a - core[a373ad73a504971]::fmt::write
[INFO] [stdout]    2:     0x58b6059dadbb - <alloc[2e1b2a31b91974c5]::vec::Vec<u8> as core[a373ad73a504971]::io::write::Write>::write_fmt
[INFO] [stdout]    3:     0x58b6059da89f - std[617be2ca0a6fd877]::panicking::default_hook::{closure#0}
[INFO] [stdout]    4:     0x58b6059da4ca - std[617be2ca0a6fd877]::panicking::default_hook
[INFO] [stdout]    5:     0x58b6059da005 - std[617be2ca0a6fd877]::panicking::panic_with_hook
[INFO] [stdout]    6:     0x58b605a00e61 - std[617be2ca0a6fd877]::panicking::panic_handler::{closure#0}
[INFO] [stdout]    7:     0x58b605a00e19 - std[617be2ca0a6fd877]::sys::backtrace::__rust_end_short_backtrace::<std[617be2ca0a6fd877]::panicking::panic_handler::{closure#0}, !>
[INFO] [stdout]    8:     0x58b605a0131c - __rustc[ea4f61d10b84890b]::rust_begin_unwind
[INFO] [stdout]    9:     0x58b6059a77bb - core[a373ad73a504971]::panicking::panic_fmt
[INFO] [stdout]   10:     0x58b6059aaa21 - core[a373ad73a504971]::result::unwrap_failed
[INFO] [stdout]   11:     0x58b6059ce884 - <neso[190d8c63a4f08675]::tests::cpu::instr_tests::test_06_absolute::{closure#0} as core[a373ad73a504971]::ops::function::FnOnce<()>>::call_once
[INFO] [stdout]   12:     0x58b605a19b4b - test[aada8e7e76ba119b]::__rust_begin_short_backtrace::<core[a373ad73a504971]::result::Result<(), alloc[2e1b2a31b91974c5]::string::String>, fn() -> core[a373ad73a504971]::result::Result<(), alloc[2e1b2a31b91974c5]::string::String>>
[INFO] [stdout]   13:     0x58b605a14faf - test[aada8e7e76ba119b]::run_test::{closure#0}
[INFO] [stdout]   14:     0x58b605a14a2c - std[617be2ca0a6fd877]::sys::backtrace::__rust_begin_short_backtrace::<test[aada8e7e76ba119b]::run_test::{closure#1}, ()>
[INFO] [stdout]   15:     0x58b605a34f9c - <std[617be2ca0a6fd877]::thread::lifecycle::spawn_unchecked<test[aada8e7e76ba119b]::run_test::{closure#1}, ()>::{closure#1} as core[a373ad73a504971]::ops::function::FnOnce<()>>::call_once::{shim:vtable#0}
[INFO] [stdout]   16:     0x58b605a02af4 - <std[617be2ca0a6fd877]::sys::thread::unix::Thread>::new::thread_start
[INFO] [stdout]   17:     0x75d31ab9ddfa - <unknown>
[INFO] [stdout]   18:     0x75d31ac313d4 - clone
[INFO] [stdout]   19:                0x0 - <unknown>
[INFO] [stdout] 
[INFO] [stdout] ---- tests::cpu::instr_tests::test_13_rts stdout ----
[INFO] [stdout] 
[INFO] [stdout] thread 'tests::cpu::instr_tests::test_13_rts' (478) panicked at src/lib.rs:539:13:
[INFO] [stdout] Expected test rom to exist.: Os { code: 2, kind: NotFound, message: "No such file or directory" }
[INFO] [stdout] stack backtrace:
[INFO] [stdout]    0:     0x58b6059db807 - <<std[617be2ca0a6fd877]::sys::backtrace::BacktraceLock>::print::DisplayBacktrace as core[a373ad73a504971]::fmt::Display>::fmt
[INFO] [stdout]    1:     0x58b6059a792a - core[a373ad73a504971]::fmt::write
[INFO] [stdout]    2:     0x58b6059dadbb - <alloc[2e1b2a31b91974c5]::vec::Vec<u8> as core[a373ad73a504971]::io::write::Write>::write_fmt
[INFO] [stdout]    3:     0x58b6059da89f - std[617be2ca0a6fd877]::panicking::default_hook::{closure#0}
[INFO] [stdout]    4:     0x58b6059da4ca - std[617be2ca0a6fd877]::panicking::default_hook
[INFO] [stdout]    5:     0x58b6059da005 - std[617be2ca0a6fd877]::panicking::panic_with_hook
[INFO] [stdout]    6:     0x58b605a00e61 - std[617be2ca0a6fd877]::panicking::panic_handler::{closure#0}
[INFO] [stdout]    7:     0x58b605a00e19 - std[617be2ca0a6fd877]::sys::backtrace::__rust_end_short_backtrace::<std[617be2ca0a6fd877]::panicking::panic_handler::{closure#0}, !>
[INFO] [stdout]    8:     0x58b605a0131c - __rustc[ea4f61d10b84890b]::rust_begin_unwind
[INFO] [stdout]    9:     0x58b6059a77bb - core[a373ad73a504971]::panicking::panic_fmt
[INFO] [stdout]   10:     0x58b6059aaa21 - core[a373ad73a504971]::result::unwrap_failed
[INFO] [stdout]   11:     0x58b6059cc204 - <neso[190d8c63a4f08675]::tests::cpu::instr_tests::test_13_rts::{closure#0} as core[a373ad73a504971]::ops::function::FnOnce<()>>::call_once
[INFO] [stdout]   12:     0x58b605a19b4b - test[aada8e7e76ba119b]::__rust_begin_short_backtrace::<core[a373ad73a504971]::result::Result<(), alloc[2e1b2a31b91974c5]::string::String>, fn() -> core[a373ad73a504971]::result::Result<(), alloc[2e1b2a31b91974c5]::string::String>>
[INFO] [stdout]   13:     0x58b605a14faf - test[aada8e7e76ba119b]::run_test::{closure#0}
[INFO] [stdout]   14:     0x58b605a14a2c - std[617be2ca0a6fd877]::sys::backtrace::__rust_begin_short_backtrace::<test[aada8e7e76ba119b]::run_test::{closure#1}, ()>
[INFO] [stdout]   15:     0x58b605a34f9c - <std[617be2ca0a6fd877]::thread::lifecycle::spawn_unchecked<test[aada8e7e76ba119b]::run_test::{closure#1}, ()>::{closure#1} as core[a373ad73a504971]::ops::function::FnOnce<()>>::call_once::{shim:vtable#0}
[INFO] [stdout]   16:     0x58b605a02af4 - <std[617be2ca0a6fd877]::sys::thread::unix::Thread>::new::thread_start
[INFO] [stdout]   17:     0x75d31ab9ddfa - <unknown>
[INFO] [stdout]   18:     0x75d31ac313d4 - clone
[INFO] [stdout]   19:                0x0 - <unknown>
[INFO] [stdout] 
[INFO] [stdout] ---- tests::cpu::instr_tests::test_07_abs_xy stdout ----
[INFO] [stdout] 
[INFO] [stdout] thread 'tests::cpu::instr_tests::test_07_abs_xy' (472) panicked at src/lib.rs:539:13:
[INFO] [stdout] Expected test rom to exist.: Os { code: 2, kind: NotFound, message: "No such file or directory" }
[INFO] [stdout] stack backtrace:
[INFO] [stdout]    0:     0x58b6059db807 - <<std[617be2ca0a6fd877]::sys::backtrace::BacktraceLock>::print::DisplayBacktrace as core[a373ad73a504971]::fmt::Display>::fmt
[INFO] [stdout]    1:     0x58b6059a792a - core[a373ad73a504971]::fmt::write
[INFO] [stdout]    2:     0x58b6059dadbb - <alloc[2e1b2a31b91974c5]::vec::Vec<u8> as core[a373ad73a504971]::io::write::Write>::write_fmt
[INFO] [stdout]    3:     0x58b6059da89f - std[617be2ca0a6fd877]::panicking::default_hook::{closure#0}
[INFO] [stdout]    4:     0x58b6059da4ca - std[617be2ca0a6fd877]::panicking::default_hook
[INFO] [stdout]    5:     0x58b6059da005 - std[617be2ca0a6fd877]::panicking::panic_with_hook
[INFO] [stdout]    6:     0x58b605a00e61 - std[617be2ca0a6fd877]::panicking::panic_handler::{closure#0}
[INFO] [stdout]    7:     0x58b605a00e19 - std[617be2ca0a6fd877]::sys::backtrace::__rust_end_short_backtrace::<std[617be2ca0a6fd877]::panicking::panic_handler::{closure#0}, !>
[INFO] [stdout]    8:     0x58b605a0131c - __rustc[ea4f61d10b84890b]::rust_begin_unwind
[INFO] [stdout]    9:     0x58b6059a77bb - core[a373ad73a504971]::panicking::panic_fmt
[INFO] [stdout]   10:     0x58b6059aaa21 - core[a373ad73a504971]::result::unwrap_failed
[INFO] [stdout]   11:     0x58b6059ce304 - <neso[190d8c63a4f08675]::tests::cpu::instr_tests::test_07_abs_xy::{closure#0} as core[a373ad73a504971]::ops::function::FnOnce<()>>::call_once
[INFO] [stdout]   12:     0x58b605a19b4b - test[aada8e7e76ba119b]::__rust_begin_short_backtrace::<core[a373ad73a504971]::result::Result<(), alloc[2e1b2a31b91974c5]::string::String>, fn() -> core[a373ad73a504971]::result::Result<(), alloc[2e1b2a31b91974c5]::string::String>>
[INFO] [stdout]   13:     0x58b605a14faf - test[aada8e7e76ba119b]::run_test::{closure#0}
[INFO] [stdout]   14:     0x58b605a14a2c - std[617be2ca0a6fd877]::sys::backtrace::__rust_begin_short_backtrace::<test[aada8e7e76ba119b]::run_test::{closure#1}, ()>
[INFO] [stdout]   15:     0x58b605a34f9c - <std[617be2ca0a6fd877]::thread::lifecycle::spawn_unchecked<test[aada8e7e76ba119b]::run_test::{closure#1}, ()>::{closure#1} as core[a373ad73a504971]::ops::function::FnOnce<()>>::call_once::{shim:vtable#0}
[INFO] [stdout]   16:     0x58b605a02af4 - <std[617be2ca0a6fd877]::sys::thread::unix::Thread>::new::thread_start
[INFO] [stdout]   17:     0x75d31ab9ddfa - <unknown>
[INFO] [stdout]   18:     0x75d31ac313d4 - clone
[INFO] [stdout]   19:                0x0 - <unknown>
[INFO] [stdout] 
[INFO] [stdout] ---- tests::cpu::instr_tests::test_12_jmp_jsr stdout ----
[INFO] [stdout] 
[INFO] [stdout] thread 'tests::cpu::instr_tests::test_12_jmp_jsr' (477) panicked at src/lib.rs:539:13:
[INFO] [stdout] Expected test rom to exist.: Os { code: 2, kind: NotFound, message: "No such file or directory" }
[INFO] [stdout] stack backtrace:
[INFO] [stdout]    0:     0x58b6059db807 - <<std[617be2ca0a6fd877]::sys::backtrace::BacktraceLock>::print::DisplayBacktrace as core[a373ad73a504971]::fmt::Display>::fmt
[INFO] [stdout]    1:     0x58b6059a792a - core[a373ad73a504971]::fmt::write
[INFO] [stdout]    2:     0x58b6059dadbb - <alloc[2e1b2a31b91974c5]::vec::Vec<u8> as core[a373ad73a504971]::io::write::Write>::write_fmt
[INFO] [stdout]    3:     0x58b6059da89f - std[617be2ca0a6fd877]::panicking::default_hook::{closure#0}
[INFO] [stdout]    4:     0x58b6059da4ca - std[617be2ca0a6fd877]::panicking::default_hook
[INFO] [stdout]    5:     0x58b6059da005 - std[617be2ca0a6fd877]::panicking::panic_with_hook
[INFO] [stdout]    6:     0x58b605a00e61 - std[617be2ca0a6fd877]::panicking::panic_handler::{closure#0}
[INFO] [stdout]    7:     0x58b605a00e19 - std[617be2ca0a6fd877]::sys::backtrace::__rust_end_short_backtrace::<std[617be2ca0a6fd877]::panicking::panic_handler::{closure#0}, !>
[INFO] [stdout]    8:     0x58b605a0131c - __rustc[ea4f61d10b84890b]::rust_begin_unwind
[INFO] [stdout]    9:     0x58b6059a77bb - core[a373ad73a504971]::panicking::panic_fmt
[INFO] [stdout]   10:     0x58b6059aaa21 - core[a373ad73a504971]::result::unwrap_failed
[INFO] [stdout]   11:     0x58b6059cc784 - <neso[190d8c63a4f08675]::tests::cpu::instr_tests::test_12_jmp_jsr::{closure#0} as core[a373ad73a504971]::ops::function::FnOnce<()>>::call_once
[INFO] [stdout]   12:     0x58b605a19b4b - test[aada8e7e76ba119b]::__rust_begin_short_backtrace::<core[a373ad73a504971]::result::Result<(), alloc[2e1b2a31b91974c5]::string::String>, fn() -> core[a373ad73a504971]::result::Result<(), alloc[2e1b2a31b91974c5]::string::String>>
[INFO] [stdout]   13:     0x58b605a14faf - test[aada8e7e76ba119b]::run_test::{closure#0}
[INFO] [stdout]   14:     0x58b605a14a2c - std[617be2ca0a6fd877]::sys::backtrace::__rust_begin_short_backtrace::<test[aada8e7e76ba119b]::run_test::{closure#1}, ()>
[INFO] [stdout]   15:     0x58b605a34f9c - <std[617be2ca0a6fd877]::thread::lifecycle::spawn_unchecked<test[aada8e7e76ba119b]::run_test::{closure#1}, ()>::{closure#1} as core[a373ad73a504971]::ops::function::FnOnce<()>>::call_once::{shim:vtable#0}
[INFO] [stdout]   16:     0x58b605a02af4 - <std[617be2ca0a6fd877]::sys::thread::unix::Thread>::new::thread_start
[INFO] [stdout]   17:     0x75d31ab9ddfa - <unknown>
[INFO] [stdout]   18:     0x75d31ac313d4 - clone
[INFO] [stdout]   19:                0x0 - <unknown>
[INFO] [stdout] 
[INFO] [stdout] ---- tests::cpu::reset::test_registers stdout ----
[INFO] [stdout] 
[INFO] [stdout] thread 'tests::cpu::reset::test_registers' (483) panicked at src/lib.rs:502:13:
[INFO] [stdout] Expected test rom to exist.: Os { code: 2, kind: NotFound, message: "No such file or directory" }
[INFO] [stdout] stack backtrace:
[INFO] [stdout]    0:     0x58b6059db807 - <<std[617be2ca0a6fd877]::sys::backtrace::BacktraceLock>::print::DisplayBacktrace as core[a373ad73a504971]::fmt::Display>::fmt
[INFO] [stdout]    1:     0x58b6059a792a - core[a373ad73a504971]::fmt::write
[INFO] [stdout]    2:     0x58b6059dadbb - <alloc[2e1b2a31b91974c5]::vec::Vec<u8> as core[a373ad73a504971]::io::write::Write>::write_fmt
[INFO] [stdout]    3:     0x58b6059da89f - std[617be2ca0a6fd877]::panicking::default_hook::{closure#0}
[INFO] [stdout]    4:     0x58b6059da4ca - std[617be2ca0a6fd877]::panicking::default_hook
[INFO] [stdout]    5:     0x58b6059da005 - std[617be2ca0a6fd877]::panicking::panic_with_hook
[INFO] [stdout]    6:     0x58b605a00e61 - std[617be2ca0a6fd877]::panicking::panic_handler::{closure#0}
[INFO] [stdout]    7:     0x58b605a00e19 - std[617be2ca0a6fd877]::sys::backtrace::__rust_end_short_backtrace::<std[617be2ca0a6fd877]::panicking::panic_handler::{closure#0}, !>
[INFO] [stdout]    8:     0x58b605a0131c - __rustc[ea4f61d10b84890b]::rust_begin_unwind
[INFO] [stdout]    9:     0x58b6059a77bb - core[a373ad73a504971]::panicking::panic_fmt
[INFO] [stdout]   10:     0x58b6059aaa21 - core[a373ad73a504971]::result::unwrap_failed
[INFO] [stdout]   11:     0x58b6059ba6b3 - <neso[190d8c63a4f08675]::tests::cpu::reset::test_registers::{closure#0} as core[a373ad73a504971]::ops::function::FnOnce<()>>::call_once
[INFO] [stdout]   12:     0x58b605a19b4b - test[aada8e7e76ba119b]::__rust_begin_short_backtrace::<core[a373ad73a504971]::result::Result<(), alloc[2e1b2a31b91974c5]::string::String>, fn() -> core[a373ad73a504971]::result::Result<(), alloc[2e1b2a31b91974c5]::string::String>>
[INFO] [stdout]   13:     0x58b605a14faf - test[aada8e7e76ba119b]::run_test::{closure#0}
[INFO] [stdout]   14:     0x58b605a14a2c - std[617be2ca0a6fd877]::sys::backtrace::__rust_begin_short_backtrace::<test[aada8e7e76ba119b]::run_test::{closure#1}, ()>
[INFO] [stdout]   15:     0x58b605a34f9c - <std[617be2ca0a6fd877]::thread::lifecycle::spawn_unchecked<test[aada8e7e76ba119b]::run_test::{closure#1}, ()>::{closure#1} as core[a373ad73a504971]::ops::function::FnOnce<()>>::call_once::{shim:vtable#0}
[INFO] [stdout]   16:     0x58b605a02af4 - <std[617be2ca0a6fd877]::sys::thread::unix::Thread>::new::thread_start
[INFO] [stdout]   17:     0x75d31ab9ddfa - <unknown>
[INFO] [stdout]   18:     0x75d31ac313d4 - clone
[INFO] [stdout]   19:                0x0 - <unknown>
[INFO] [stdout] 
[INFO] [stdout] ---- tests::cpu::instr_tests::test_11_stack stdout ----
[INFO] [stdout] 
[INFO] [stdout] thread 'tests::cpu::instr_tests::test_11_stack' (476) panicked at src/lib.rs:539:13:
[INFO] [stdout] Expected test rom to exist.: Os { code: 2, kind: NotFound, message: "No such file or directory" }
[INFO] [stdout] stack backtrace:
[INFO] [stdout]    0:     0x58b6059db807 - <<std[617be2ca0a6fd877]::sys::backtrace::BacktraceLock>::print::DisplayBacktrace as core[a373ad73a504971]::fmt::Display>::fmt
[INFO] [stdout]    1:     0x58b6059a792a - core[a373ad73a504971]::fmt::write
[INFO] [stdout]    2:     0x58b6059dadbb - <alloc[2e1b2a31b91974c5]::vec::Vec<u8> as core[a373ad73a504971]::io::write::Write>::write_fmt
[INFO] [stdout]    3:     0x58b6059da89f - std[617be2ca0a6fd877]::panicking::default_hook::{closure#0}
[INFO] [stdout]    4:     0x58b6059da4ca - std[617be2ca0a6fd877]::panicking::default_hook
[INFO] [stdout]    5:     0x58b6059da005 - std[617be2ca0a6fd877]::panicking::panic_with_hook
[INFO] [stdout]    6:     0x58b605a00e61 - std[617be2ca0a6fd877]::panicking::panic_handler::{closure#0}
[INFO] [stdout]    7:     0x58b605a00e19 - std[617be2ca0a6fd877]::sys::backtrace::__rust_end_short_backtrace::<std[617be2ca0a6fd877]::panicking::panic_handler::{closure#0}, !>
[INFO] [stdout]    8:     0x58b605a0131c - __rustc[ea4f61d10b84890b]::rust_begin_unwind
[INFO] [stdout]    9:     0x58b6059a77bb - core[a373ad73a504971]::panicking::panic_fmt
[INFO] [stdout]   10:     0x58b6059aaa21 - core[a373ad73a504971]::result::unwrap_failed
[INFO] [stdout]   11:     0x58b6059ccd04 - <neso[190d8c63a4f08675]::tests::cpu::instr_tests::test_11_stack::{closure#0} as core[a373ad73a504971]::ops::function::FnOnce<()>>::call_once
[INFO] [stdout]   12:     0x58b605a19b4b - test[aada8e7e76ba119b]::__rust_begin_short_backtrace::<core[a373ad73a504971]::result::Result<(), alloc[2e1b2a31b91974c5]::string::String>, fn() -> core[a373ad73a504971]::result::Result<(), alloc[2e1b2a31b91974c5]::string::String>>
[INFO] [stdout]   13:     0x58b605a14faf - test[aada8e7e76ba119b]::run_test::{closure#0}
[INFO] [stdout]   14:     0x58b605a14a2c - std[617be2ca0a6fd877]::sys::backtrace::__rust_begin_short_backtrace::<test[aada8e7e76ba119b]::run_test::{closure#1}, ()>
[INFO] [stdout]   15:     0x58b605a34f9c - <std[617be2ca0a6fd877]::thread::lifecycle::spawn_unchecked<test[aada8e7e76ba119b]::run_test::{closure#1}, ()>::{closure#1} as core[a373ad73a504971]::ops::function::FnOnce<()>>::call_once::{shim:vtable#0}
[INFO] [stdout]   16:     0x58b605a02af4 - <std[617be2ca0a6fd877]::sys::thread::unix::Thread>::new::thread_start
[INFO] [stdout]   17:     0x75d31ab9ddfa - <unknown>
[INFO] [stdout]   18:     0x75d31ac313d4 - clone
[INFO] [stdout]   19:                0x0 - <unknown>
[INFO] [stdout] 
[INFO] [stdout] ---- tests::ppu::general::test_palette_ram stdout ----
[INFO] [stdout] 
[INFO] [stdout] thread 'tests::ppu::general::test_palette_ram' (484) panicked at src/lib.rs:571:13:
[INFO] [stdout] Expected test rom to exist.: Os { code: 2, kind: NotFound, message: "No such file or directory" }
[INFO] [stdout] stack backtrace:
[INFO] [stdout]    0:     0x58b6059db807 - <<std[617be2ca0a6fd877]::sys::backtrace::BacktraceLock>::print::DisplayBacktrace as core[a373ad73a504971]::fmt::Display>::fmt
[INFO] [stdout]    1:     0x58b6059a792a - core[a373ad73a504971]::fmt::write
[INFO] [stdout]    2:     0x58b6059dadbb - <alloc[2e1b2a31b91974c5]::vec::Vec<u8> as core[a373ad73a504971]::io::write::Write>::write_fmt
[INFO] [stdout]    3:     0x58b6059da89f - std[617be2ca0a6fd877]::panicking::default_hook::{closure#0}
[INFO] [stdout]    4:     0x58b6059da4ca - std[617be2ca0a6fd877]::panicking::default_hook
[INFO] [stdout]    5:     0x58b6059da005 - std[617be2ca0a6fd877]::panicking::panic_with_hook
[INFO] [stdout]    6:     0x58b605a00e61 - std[617be2ca0a6fd877]::panicking::panic_handler::{closure#0}
[INFO] [stdout]    7:     0x58b605a00e19 - std[617be2ca0a6fd877]::sys::backtrace::__rust_end_short_backtrace::<std[617be2ca0a6fd877]::panicking::panic_handler::{closure#0}, !>
[INFO] [stdout]    8:     0x58b605a0131c - __rustc[ea4f61d10b84890b]::rust_begin_unwind
[INFO] [stdout]    9:     0x58b6059a77bb - core[a373ad73a504971]::panicking::panic_fmt
[INFO] [stdout]   10:     0x58b6059aaa21 - core[a373ad73a504971]::result::unwrap_failed
[INFO] [stdout]   11:     0x58b6059cbc78 - <neso[190d8c63a4f08675]::tests::ppu::general::test_palette_ram::{closure#0} as core[a373ad73a504971]::ops::function::FnOnce<()>>::call_once
[INFO] [stdout]   12:     0x58b605a19b4b - test[aada8e7e76ba119b]::__rust_begin_short_backtrace::<core[a373ad73a504971]::result::Result<(), alloc[2e1b2a31b91974c5]::string::String>, fn() -> core[a373ad73a504971]::result::Result<(), alloc[2e1b2a31b91974c5]::string::String>>
[INFO] [stdout]   13:     0x58b605a14faf - test[aada8e7e76ba119b]::run_test::{closure#0}
[INFO] [stdout]   14:     0x58b605a14a2c - std[617be2ca0a6fd877]::sys::backtrace::__rust_begin_short_backtrace::<test[aada8e7e76ba119b]::run_test::{closure#1}, ()>
[INFO] [stdout]   15:     0x58b605a34f9c - <std[617be2ca0a6fd877]::thread::lifecycle::spawn_unchecked<test[aada8e7e76ba119b]::run_test::{closure#1}, ()>::{closure#1} as core[a373ad73a504971]::ops::function::FnOnce<()>>::call_once::{shim:vtable#0}
[INFO] [stdout]   16:     0x58b605a02af4 - <std[617be2ca0a6fd877]::sys::thread::unix::Thread>::new::thread_start
[INFO] [stdout]   17:     0x75d31ab9ddfa - <unknown>
[INFO] [stdout]   18:     0x75d31ac313d4 - clone
[INFO] [stdout]   19:                0x0 - <unknown>
[INFO] [stdout] 
[INFO] [stdout] ---- tests::ppu::general::test_power_up_palette stdout ----
[INFO] [stdout] 
[INFO] [stdout] thread 'tests::ppu::general::test_power_up_palette' (485) panicked at src/lib.rs:571:13:
[INFO] [stdout] Expected test rom to exist.: Os { code: 2, kind: NotFound, message: "No such file or directory" }
[INFO] [stdout] stack backtrace:
[INFO] [stdout]    0:     0x58b6059db807 - <<std[617be2ca0a6fd877]::sys::backtrace::BacktraceLock>::print::DisplayBacktrace as core[a373ad73a504971]::fmt::Display>::fmt
[INFO] [stdout]    1:     0x58b6059a792a - core[a373ad73a504971]::fmt::write
[INFO] [stdout]    2:     0x58b6059dadbb - <alloc[2e1b2a31b91974c5]::vec::Vec<u8> as core[a373ad73a504971]::io::write::Write>::write_fmt
[INFO] [stdout]    3:     0x58b6059da89f - std[617be2ca0a6fd877]::panicking::default_hook::{closure#0}
[INFO] [stdout]    4:     0x58b6059da4ca - std[617be2ca0a6fd877]::panicking::default_hook
[INFO] [stdout]    5:     0x58b6059da005 - std[617be2ca0a6fd877]::panicking::panic_with_hook
[INFO] [stdout]    6:     0x58b605a00e61 - std[617be2ca0a6fd877]::panicking::panic_handler::{closure#0}
[INFO] [stdout]    7:     0x58b605a00e19 - std[617be2ca0a6fd877]::sys::backtrace::__rust_end_short_backtrace::<std[617be2ca0a6fd877]::panicking::panic_handler::{closure#0}, !>
[INFO] [stdout]    8:     0x58b605a0131c - __rustc[ea4f61d10b84890b]::rust_begin_unwind
[INFO] [stdout]    9:     0x58b6059a77bb - core[a373ad73a504971]::panicking::panic_fmt
[INFO] [stdout]   10:     0x58b6059aaa21 - core[a373ad73a504971]::result::unwrap_failed
[INFO] [stdout]   11:     0x58b6059cb518 - <neso[190d8c63a4f08675]::tests::ppu::general::test_power_up_palette::{closure#0} as core[a373ad73a504971]::ops::function::FnOnce<()>>::call_once
[INFO] [stdout]   12:     0x58b605a19b4b - test[aada8e7e76ba119b]::__rust_begin_short_backtrace::<core[a373ad73a504971]::result::Result<(), alloc[2e1b2a31b91974c5]::string::String>, fn() -> core[a373ad73a504971]::result::Result<(), alloc[2e1b2a31b91974c5]::string::String>>
[INFO] [stdout]   13:     0x58b605a14faf - test[aada8e7e76ba119b]::run_test::{closure#0}
[INFO] [stdout]   14:     0x58b605a14a2c - std[617be2ca0a6fd877]::sys::backtrace::__rust_begin_short_backtrace::<test[aada8e7e76ba119b]::run_test::{closure#1}, ()>
[INFO] [stdout]   15:     0x58b605a34f9c - <std[617be2ca0a6fd877]::thread::lifecycle::spawn_unchecked<test[aada8e7e76ba119b]::run_test::{closure#1}, ()>::{closure#1} as core[a373ad73a504971]::ops::function::FnOnce<()>>::call_once::{shim:vtable#0}
[INFO] [stdout]   16:     0x58b605a02af4 - <std[617be2ca0a6fd877]::sys::thread::unix::Thread>::new::thread_start
[INFO] [stdout]   17:     0x75d31ab9ddfa - <unknown>
[INFO] [stdout]   18:     0x75d31ac313d4 - clone
[INFO] [stdout]   19:                0x0 - <unknown>
[INFO] [stdout] 
[INFO] [stdout] ---- tests::cpu::instr_timing::test_01_instr_timing stdout ----
[INFO] [stdout] 
[INFO] [stdout] thread 'tests::cpu::instr_timing::test_01_instr_timing' (479) panicked at src/lib.rs:513:13:
[INFO] [stdout] Expected test rom to exist.: Os { code: 2, kind: NotFound, message: "No such file or directory" }
[INFO] [stdout] stack backtrace:
[INFO] [stdout]    0:     0x58b6059db807 - <<std[617be2ca0a6fd877]::sys::backtrace::BacktraceLock>::print::DisplayBacktrace as core[a373ad73a504971]::fmt::Display>::fmt
[INFO] [stdout]    1:     0x58b6059a792a - core[a373ad73a504971]::fmt::write
[INFO] [stdout]    2:     0x58b6059dadbb - <alloc[2e1b2a31b91974c5]::vec::Vec<u8> as core[a373ad73a504971]::io::write::Write>::write_fmt
[INFO] [stdout]    3:     0x58b6059da89f - std[617be2ca0a6fd877]::panicking::default_hook::{closure#0}
[INFO] [stdout]    4:     0x58b6059da4ca - std[617be2ca0a6fd877]::panicking::default_hook
[INFO] [stdout]    5:     0x58b6059da005 - std[617be2ca0a6fd877]::panicking::panic_with_hook
[INFO] [stdout]    6:     0x58b605a00e61 - std[617be2ca0a6fd877]::panicking::panic_handler::{closure#0}
[INFO] [stdout]    7:     0x58b605a00e19 - std[617be2ca0a6fd877]::sys::backtrace::__rust_end_short_backtrace::<std[617be2ca0a6fd877]::panicking::panic_handler::{closure#0}, !>
[INFO] [stdout]    8:     0x58b605a0131c - __rustc[ea4f61d10b84890b]::rust_begin_unwind
[INFO] [stdout]    9:     0x58b6059a77bb - core[a373ad73a504971]::panicking::panic_fmt
[INFO] [stdout]   10:     0x58b6059aaa21 - core[a373ad73a504971]::result::unwrap_failed
[INFO] [stdout]   11:     0x58b6059bf4a4 - <neso[190d8c63a4f08675]::tests::cpu::instr_timing::test_01_instr_timing::{closure#0} as core[a373ad73a504971]::ops::function::FnOnce<()>>::call_once
[INFO] [stdout]   12:     0x58b605a19b4b - test[aada8e7e76ba119b]::__rust_begin_short_backtrace::<core[a373ad73a504971]::result::Result<(), alloc[2e1b2a31b91974c5]::string::String>, fn() -> core[a373ad73a504971]::result::Result<(), alloc[2e1b2a31b91974c5]::string::String>>
[INFO] [stdout]   13:     0x58b605a14faf - test[aada8e7e76ba119b]::run_test::{closure#0}
[INFO] [stdout]   14:     0x58b605a14a2c - std[617be2ca0a6fd877]::sys::backtrace::__rust_begin_short_backtrace::<test[aada8e7e76ba119b]::run_test::{closure#1}, ()>
[INFO] [stdout]   15:     0x58b605a34f9c - <std[617be2ca0a6fd877]::thread::lifecycle::spawn_unchecked<test[aada8e7e76ba119b]::run_test::{closure#1}, ()>::{closure#1} as core[a373ad73a504971]::ops::function::FnOnce<()>>::call_once::{shim:vtable#0}
[INFO] [stdout]   16:     0x58b605a02af4 - <std[617be2ca0a6fd877]::sys::thread::unix::Thread>::new::thread_start
[INFO] [stdout]   17:     0x75d31ab9ddfa - <unknown>
[INFO] [stdout]   18:     0x75d31ac313d4 - clone
[INFO] [stdout]   19:                0x0 - <unknown>
[INFO] [stdout] 
[INFO] [stdout] ---- tests::ppu::general::test_sprite_ram stdout ----
[INFO] [stdout] 
[INFO] [stdout] thread 'tests::ppu::general::test_sprite_ram' (486) panicked at src/lib.rs:571:13:
[INFO] [stdout] Expected test rom to exist.: Os { code: 2, kind: NotFound, message: "No such file or directory" }
[INFO] [stdout] stack backtrace:
[INFO] [stdout]    0:     0x58b6059db807 - <<std[617be2ca0a6fd877]::sys::backtrace::BacktraceLock>::print::DisplayBacktrace as core[a373ad73a504971]::fmt::Display>::fmt
[INFO] [stdout]    1:     0x58b6059a792a - core[a373ad73a504971]::fmt::write
[INFO] [stdout]    2:     0x58b6059dadbb - <alloc[2e1b2a31b91974c5]::vec::Vec<u8> as core[a373ad73a504971]::io::write::Write>::write_fmt
[INFO] [stdout]    3:     0x58b6059da89f - std[617be2ca0a6fd877]::panicking::default_hook::{closure#0}
[INFO] [stdout]    4:     0x58b6059da4ca - std[617be2ca0a6fd877]::panicking::default_hook
[INFO] [stdout]    5:     0x58b6059da005 - std[617be2ca0a6fd877]::panicking::panic_with_hook
[INFO] [stdout]    6:     0x58b605a00e61 - std[617be2ca0a6fd877]::panicking::panic_handler::{closure#0}
[INFO] [stdout]    7:     0x58b605a00e19 - std[617be2ca0a6fd877]::sys::backtrace::__rust_end_short_backtrace::<std[617be2ca0a6fd877]::panicking::panic_handler::{closure#0}, !>
[INFO] [stdout]    8:     0x58b605a0131c - __rustc[ea4f61d10b84890b]::rust_begin_unwind
[INFO] [stdout]    9:     0x58b6059a77bb - core[a373ad73a504971]::panicking::panic_fmt
[INFO] [stdout]   10:     0x58b6059aaa21 - core[a373ad73a504971]::result::unwrap_failed
[INFO] [stdout]   11:     0x58b6059cadb8 - <neso[190d8c63a4f08675]::tests::ppu::general::test_sprite_ram::{closure#0} as core[a373ad73a504971]::ops::function::FnOnce<()>>::call_once
[INFO] [stdout]   12:     0x58b605a19b4b - test[aada8e7e76ba119b]::__rust_begin_short_backtrace::<core[a373ad73a504971]::result::Result<(), alloc[2e1b2a31b91974c5]::string::String>, fn() -> core[a373ad73a504971]::result::Result<(), alloc[2e1b2a31b91974c5]::string::String>>
[INFO] [stdout]   13:     0x58b605a14faf - test[aada8e7e76ba119b]::run_test::{closure#0}
[INFO] [stdout]   14:     0x58b605a14a2c - std[617be2ca0a6fd877]::sys::backtrace::__rust_begin_short_backtrace::<test[aada8e7e76ba119b]::run_test::{closure#1}, ()>
[INFO] [stdout]   15:     0x58b605a34f9c - <std[617be2ca0a6fd877]::thread::lifecycle::spawn_unchecked<test[aada8e7e76ba119b]::run_test::{closure#1}, ()>::{closure#1} as core[a373ad73a504971]::ops::function::FnOnce<()>>::call_once::{shim:vtable#0}
[INFO] [stdout]   16:     0x58b605a02af4 - <std[617be2ca0a6fd877]::sys::thread::unix::Thread>::new::thread_start
[INFO] [stdout]   17:     0x75d31ab9ddfa - <unknown>
[INFO] [stdout]   18:     0x75d31ac313d4 - clone
[INFO] [stdout]   19:                0x0 - <unknown>
[INFO] [stdout] 
[INFO] [stdout] ---- tests::ppu::sprite_hit::test_02_alignment stdout ----
[INFO] [stdout] 
[INFO] [stdout] thread 'tests::ppu::sprite_hit::test_02_alignment' (489) panicked at src/lib.rs:584:13:
[INFO] [stdout] Expected test rom to exist.: Os { code: 2, kind: NotFound, message: "No such file or directory" }
[INFO] [stdout] stack backtrace:
[INFO] [stdout]    0:     0x58b6059db807 - <<std[617be2ca0a6fd877]::sys::backtrace::BacktraceLock>::print::DisplayBacktrace as core[a373ad73a504971]::fmt::Display>::fmt
[INFO] [stdout]    1:     0x58b6059a792a - core[a373ad73a504971]::fmt::write
[INFO] [stdout]    2:     0x58b6059dadbb - <alloc[2e1b2a31b91974c5]::vec::Vec<u8> as core[a373ad73a504971]::io::write::Write>::write_fmt
[INFO] [stdout]    3:     0x58b6059da89f - std[617be2ca0a6fd877]::panicking::default_hook::{closure#0}
[INFO] [stdout]    4:     0x58b6059da4ca - std[617be2ca0a6fd877]::panicking::default_hook
[INFO] [stdout]    5:     0x58b6059da005 - std[617be2ca0a6fd877]::panicking::panic_with_hook
[INFO] [stdout]    6:     0x58b605a00e61 - std[617be2ca0a6fd877]::panicking::panic_handler::{closure#0}
[INFO] [stdout]    7:     0x58b605a00e19 - std[617be2ca0a6fd877]::sys::backtrace::__rust_end_short_backtrace::<std[617be2ca0a6fd877]::panicking::panic_handler::{closure#0}, !>
[INFO] [stdout]    8:     0x58b605a0131c - __rustc[ea4f61d10b84890b]::rust_begin_unwind
[INFO] [stdout]    9:     0x58b6059a77bb - core[a373ad73a504971]::panicking::panic_fmt
[INFO] [stdout]   10:     0x58b6059aaa21 - core[a373ad73a504971]::result::unwrap_failed
[INFO] [stdout]   11:     0x58b6059bc264 - <neso[190d8c63a4f08675]::tests::ppu::sprite_hit::test_02_alignment::{closure#0} as core[a373ad73a504971]::ops::function::FnOnce<()>>::call_once
[INFO] [stdout]   12:     0x58b605a19b4b - test[aada8e7e76ba119b]::__rust_begin_short_backtrace::<core[a373ad73a504971]::result::Result<(), alloc[2e1b2a31b91974c5]::string::String>, fn() -> core[a373ad73a504971]::result::Result<(), alloc[2e1b2a31b91974c5]::string::String>>
[INFO] [stdout]   13:     0x58b605a14faf - test[aada8e7e76ba119b]::run_test::{closure#0}
[INFO] [stdout]   14:     0x58b605a14a2c - std[617be2ca0a6fd877]::sys::backtrace::__rust_begin_short_backtrace::<test[aada8e7e76ba119b]::run_test::{closure#1}, ()>
[INFO] [stdout]   15:     0x58b605a34f9c - <std[617be2ca0a6fd877]::thread::lifecycle::spawn_unchecked<test[aada8e7e76ba119b]::run_test::{closure#1}, ()>::{closure#1} as core[a373ad73a504971]::ops::function::FnOnce<()>>::call_once::{shim:vtable#0}
[INFO] [stdout]   16:     0x58b605a02af4 - <std[617be2ca0a6fd877]::sys::thread::unix::Thread>::new::thread_start
[INFO] [stdout]   17:     0x75d31ab9ddfa - <unknown>
[INFO] [stdout]   18:     0x75d31ac313d4 - clone
[INFO] [stdout]   19:                0x0 - <unknown>
[INFO] [stdout] 
[INFO] [stdout] ---- tests::ppu::sprite_hit::test_01_basics stdout ----
[INFO] [stdout] 
[INFO] [stdout] thread 'tests::ppu::sprite_hit::test_01_basics' (488) panicked at src/lib.rs:584:13:
[INFO] [stdout] Expected test rom to exist.: Os { code: 2, kind: NotFound, message: "No such file or directory" }
[INFO] [stdout] stack backtrace:
[INFO] [stdout]    0:     0x58b6059db807 - <<std[617be2ca0a6fd877]::sys::backtrace::BacktraceLock>::print::DisplayBacktrace as core[a373ad73a504971]::fmt::Display>::fmt
[INFO] [stdout]    1:     0x58b6059a792a - core[a373ad73a504971]::fmt::write
[INFO] [stdout]    2:     0x58b6059dadbb - <alloc[2e1b2a31b91974c5]::vec::Vec<u8> as core[a373ad73a504971]::io::write::Write>::write_fmt
[INFO] [stdout]    3:     0x58b6059da89f - std[617be2ca0a6fd877]::panicking::default_hook::{closure#0}
[INFO] [stdout]    4:     0x58b6059da4ca - std[617be2ca0a6fd877]::panicking::default_hook
[INFO] [stdout]    5:     0x58b6059da005 - std[617be2ca0a6fd877]::panicking::panic_with_hook
[INFO] [stdout]    6:     0x58b605a00e61 - std[617be2ca0a6fd877]::panicking::panic_handler::{closure#0}
[INFO] [stdout]    7:     0x58b605a00e19 - std[617be2ca0a6fd877]::sys::backtrace::__rust_end_short_backtrace::<std[617be2ca0a6fd877]::panicking::panic_handler::{closure#0}, !>
[INFO] [stdout]    8:     0x58b605a0131c - __rustc[ea4f61d10b84890b]::rust_begin_unwind
[INFO] [stdout]    9:     0x58b6059a77bb - core[a373ad73a504971]::panicking::panic_fmt
[INFO] [stdout]   10:     0x58b6059aaa21 - core[a373ad73a504971]::result::unwrap_failed
[INFO] [stdout]   11:     0x58b6059bb764 - <neso[190d8c63a4f08675]::tests::ppu::sprite_hit::test_01_basics::{closure#0} as core[a373ad73a504971]::ops::function::FnOnce<()>>::call_once
[INFO] [stdout]   12:     0x58b605a19b4b - test[aada8e7e76ba119b]::__rust_begin_short_backtrace::<core[a373ad73a504971]::result::Result<(), alloc[2e1b2a31b91974c5]::string::String>, fn() -> core[a373ad73a504971]::result::Result<(), alloc[2e1b2a31b91974c5]::string::String>>
[INFO] [stdout]   13:     0x58b605a14faf - test[aada8e7e76ba119b]::run_test::{closure#0}
[INFO] [stdout]   14:     0x58b605a14a2c - std[617be2ca0a6fd877]::sys::backtrace::__rust_begin_short_backtrace::<test[aada8e7e76ba119b]::run_test::{closure#1}, ()>
[INFO] [stdout]   15:     0x58b605a34f9c - <std[617be2ca0a6fd877]::thread::lifecycle::spawn_unchecked<test[aada8e7e76ba119b]::run_test::{closure#1}, ()>::{closure#1} as core[a373ad73a504971]::ops::function::FnOnce<()>>::call_once::{shim:vtable#0}
[INFO] [stdout]   16:     0x58b605a02af4 - <std[617be2ca0a6fd877]::sys::thread::unix::Thread>::new::thread_start
[INFO] [stdout]   17:     0x75d31ab9ddfa - <unknown>
[INFO] [stdout]   18:     0x75d31ac313d4 - clone
[INFO] [stdout]   19:                0x0 - <unknown>
[INFO] [stdout] 
[INFO] [stdout] ---- tests::cpu::reset::test_ram_after_reset stdout ----
[INFO] [stdout] 
[INFO] [stdout] thread 'tests::cpu::reset::test_ram_after_reset' (482) panicked at src/lib.rs:502:13:
[INFO] [stdout] Expected test rom to exist.: Os { code: 2, kind: NotFound, message: "No such file or directory" }
[INFO] [stdout] stack backtrace:
[INFO] [stdout]    0:     0x58b6059db807 - <<std[617be2ca0a6fd877]::sys::backtrace::BacktraceLock>::print::DisplayBacktrace as core[a373ad73a504971]::fmt::Display>::fmt
[INFO] [stdout]    1:     0x58b6059a792a - core[a373ad73a504971]::fmt::write
[INFO] [stdout]    2:     0x58b6059dadbb - <alloc[2e1b2a31b91974c5]::vec::Vec<u8> as core[a373ad73a504971]::io::write::Write>::write_fmt
[INFO] [stdout]    3:     0x58b6059da89f - std[617be2ca0a6fd877]::panicking::default_hook::{closure#0}
[INFO] [stdout]    4:     0x58b6059da4ca - std[617be2ca0a6fd877]::panicking::default_hook
[INFO] [stdout]    5:     0x58b6059da005 - std[617be2ca0a6fd877]::panicking::panic_with_hook
[INFO] [stdout]    6:     0x58b605a00e61 - std[617be2ca0a6fd877]::panicking::panic_handler::{closure#0}
[INFO] [stdout]    7:     0x58b605a00e19 - std[617be2ca0a6fd877]::sys::backtrace::__rust_end_short_backtrace::<std[617be2ca0a6fd877]::panicking::panic_handler::{closure#0}, !>
[INFO] [stdout]    8:     0x58b605a0131c - __rustc[ea4f61d10b84890b]::rust_begin_unwind
[INFO] [stdout]    9:     0x58b6059a77bb - core[a373ad73a504971]::panicking::panic_fmt
[INFO] [stdout]   10:     0x58b6059aaa21 - core[a373ad73a504971]::result::unwrap_failed
[INFO] [stdout]   11:     0x58b6059bac63 - <neso[190d8c63a4f08675]::tests::cpu::reset::test_ram_after_reset::{closure#0} as core[a373ad73a504971]::ops::function::FnOnce<()>>::call_once
[INFO] [stdout]   12:     0x58b605a19b4b - test[aada8e7e76ba119b]::__rust_begin_short_backtrace::<core[a373ad73a504971]::result::Result<(), alloc[2e1b2a31b91974c5]::string::String>, fn() -> core[a373ad73a504971]::result::Result<(), alloc[2e1b2a31b91974c5]::string::String>>
[INFO] [stdout]   13:     0x58b605a14faf - test[aada8e7e76ba119b]::run_test::{closure#0}
[INFO] [stdout]   14:     0x58b605a14a2c - std[617be2ca0a6fd877]::sys::backtrace::__rust_begin_short_backtrace::<test[aada8e7e76ba119b]::run_test::{closure#1}, ()>
[INFO] [stdout]   15:     0x58b605a34f9c - <std[617be2ca0a6fd877]::thread::lifecycle::spawn_unchecked<test[aada8e7e76ba119b]::run_test::{closure#1}, ()>::{closure#1} as core[a373ad73a504971]::ops::function::FnOnce<()>>::call_once::{shim:vtable#0}
[INFO] [stdout]   16:     0x58b605a02af4 - <std[617be2ca0a6fd877]::sys::thread::unix::Thread>::new::thread_start
[INFO] [stdout]   17:     0x75d31ab9ddfa - <unknown>
[INFO] [stdout]   18:     0x75d31ac313d4 - clone
[INFO] [stdout]   19:                0x0 - <unknown>
[INFO] [stdout] 
[INFO] [stdout] ---- tests::cpu::instr_tests::test_10_branches stdout ----
[INFO] [stdout] 
[INFO] [stdout] thread 'tests::cpu::instr_tests::test_10_branches' (475) panicked at src/lib.rs:539:13:
[INFO] [stdout] Expected test rom to exist.: Os { code: 2, kind: NotFound, message: "No such file or directory" }
[INFO] [stdout] stack backtrace:
[INFO] [stdout]    0:     0x58b6059db807 - <<std[617be2ca0a6fd877]::sys::backtrace::BacktraceLock>::print::DisplayBacktrace as core[a373ad73a504971]::fmt::Display>::fmt
[INFO] [stdout]    1:     0x58b6059a792a - core[a373ad73a504971]::fmt::write
[INFO] [stdout]    2:     0x58b6059dadbb - <alloc[2e1b2a31b91974c5]::vec::Vec<u8> as core[a373ad73a504971]::io::write::Write>::write_fmt
[INFO] [stdout]    3:     0x58b6059da89f - std[617be2ca0a6fd877]::panicking::default_hook::{closure#0}
[INFO] [stdout]    4:     0x58b6059da4ca - std[617be2ca0a6fd877]::panicking::default_hook
[INFO] [stdout]    5:     0x58b6059da005 - std[617be2ca0a6fd877]::panicking::panic_with_hook
[INFO] [stdout]    6:     0x58b605a00e61 - std[617be2ca0a6fd877]::panicking::panic_handler::{closure#0}
[INFO] [stdout]    7:     0x58b605a00e19 - std[617be2ca0a6fd877]::sys::backtrace::__rust_end_short_backtrace::<std[617be2ca0a6fd877]::panicking::panic_handler::{closure#0}, !>
[INFO] [stdout]    8:     0x58b605a0131c - __rustc[ea4f61d10b84890b]::rust_begin_unwind
[INFO] [stdout]    9:     0x58b6059a77bb - core[a373ad73a504971]::panicking::panic_fmt
[INFO] [stdout]   10:     0x58b6059aaa21 - core[a373ad73a504971]::result::unwrap_failed
[INFO] [stdout]   11:     0x58b6059cd284 - <neso[190d8c63a4f08675]::tests::cpu::instr_tests::test_10_branches::{closure#0} as core[a373ad73a504971]::ops::function::FnOnce<()>>::call_once
[INFO] [stdout]   12:     0x58b605a19b4b - test[aada8e7e76ba119b]::__rust_begin_short_backtrace::<core[a373ad73a504971]::result::Result<(), alloc[2e1b2a31b91974c5]::string::String>, fn() -> core[a373ad73a504971]::result::Result<(), alloc[2e1b2a31b91974c5]::string::String>>
[INFO] [stdout]   13:     0x58b605a14faf - test[aada8e7e76ba119b]::run_test::{closure#0}
[INFO] [stdout]   14:     0x58b605a14a2c - std[617be2ca0a6fd877]::sys::backtrace::__rust_begin_short_backtrace::<test[aada8e7e76ba119b]::run_test::{closure#1}, ()>
[INFO] [stdout]   15:     0x58b605a34f9c - <std[617be2ca0a6fd877]::thread::lifecycle::spawn_unchecked<test[aada8e7e76ba119b]::run_test::{closure#1}, ()>::{closure#1} as core[a373ad73a504971]::ops::function::FnOnce<()>>::call_once::{shim:vtable#0}
[INFO] [stdout]   16:     0x58b605a02af4 - <std[617be2ca0a6fd877]::sys::thread::unix::Thread>::new::thread_start
[INFO] [stdout]   17:     0x75d31ab9ddfa - <unknown>
[INFO] [stdout]   18:     0x75d31ac313d4 - clone
[INFO] [stdout]   19:                0x0 - <unknown>
[INFO] [stdout] 
[INFO] [stdout] ---- tests::ppu::sprite_overflow::test_01_basics stdout ----
[INFO] [stdout] 
[INFO] [stdout] thread 'tests::ppu::sprite_overflow::test_01_basics' (497) panicked at src/lib.rs:602:13:
[INFO] [stdout] Expected test rom to exist.: Os { code: 2, kind: NotFound, message: "No such file or directory" }
[INFO] [stdout] stack backtrace:
[INFO] [stdout]    0:     0x58b6059db807 - <<std[617be2ca0a6fd877]::sys::backtrace::BacktraceLock>::print::DisplayBacktrace as core[a373ad73a504971]::fmt::Display>::fmt
[INFO] [stdout]    1:     0x58b6059a792a - core[a373ad73a504971]::fmt::write
[INFO] [stdout]    2:     0x58b6059dadbb - <alloc[2e1b2a31b91974c5]::vec::Vec<u8> as core[a373ad73a504971]::io::write::Write>::write_fmt
[INFO] [stdout]    3:     0x58b6059da89f - std[617be2ca0a6fd877]::panicking::default_hook::{closure#0}
[INFO] [stdout]    4:     0x58b6059da4ca - std[617be2ca0a6fd877]::panicking::default_hook
[INFO] [stdout]    5:     0x58b6059da005 - std[617be2ca0a6fd877]::panicking::panic_with_hook
[INFO] [stdout]    6:     0x58b605a00e61 - std[617be2ca0a6fd877]::panicking::panic_handler::{closure#0}
[INFO] [stdout]    7:     0x58b605a00e19 - std[617be2ca0a6fd877]::sys::backtrace::__rust_end_short_backtrace::<std[617be2ca0a6fd877]::panicking::panic_handler::{closure#0}, !>
[INFO] [stdout]    8:     0x58b605a0131c - __rustc[ea4f61d10b84890b]::rust_begin_unwind
[INFO] [stdout]    9:     0x58b6059a77bb - core[a373ad73a504971]::panicking::panic_fmt
[INFO] [stdout]   10:     0x58b6059aaa21 - core[a373ad73a504971]::result::unwrap_failed
[INFO] [stdout]   11:     0x58b6059c9ca4 - <neso[190d8c63a4f08675]::tests::ppu::sprite_overflow::test_01_basics::{closure#0} as core[a373ad73a504971]::ops::function::FnOnce<()>>::call_once
[INFO] [stdout]   12:     0x58b605a19b4b - test[aada8e7e76ba119b]::__rust_begin_short_backtrace::<core[a373ad73a504971]::result::Result<(), alloc[2e1b2a31b91974c5]::string::String>, fn() -> core[a373ad73a504971]::result::Result<(), alloc[2e1b2a31b91974c5]::string::String>>
[INFO] [stdout]   13:     0x58b605a14faf - test[aada8e7e76ba119b]::run_test::{closure#0}
[INFO] [stdout]   14:     0x58b605a14a2c - std[617be2ca0a6fd877]::sys::backtrace::__rust_begin_short_backtrace::<test[aada8e7e76ba119b]::run_test::{closure#1}, ()>
[INFO] [stdout]   15:     0x58b605a34f9c - <std[617be2ca0a6fd877]::thread::lifecycle::spawn_unchecked<test[aada8e7e76ba119b]::run_test::{closure#1}, ()>::{closure#1} as core[a373ad73a504971]::ops::function::FnOnce<()>>::call_once::{shim:vtable#0}
[INFO] [stdout]   16:     0x58b605a02af4 - <std[617be2ca0a6fd877]::sys::thread::unix::Thread>::new::thread_start
[INFO] [stdout]   17:     0x75d31ab9ddfa - <unknown>
[INFO] [stdout]   18:     0x75d31ac313d4 - clone
[INFO] [stdout]   19:                0x0 - <unknown>
[INFO] [stdout] 
[INFO] [stdout] ---- tests::cpu::instr_tests::test_09_ind_y stdout ----
[INFO] [stdout] 
[INFO] [stdout] thread 'tests::cpu::instr_tests::test_09_ind_y' (474) panicked at src/lib.rs:539:13:
[INFO] [stdout] Expected test rom to exist.: Os { code: 2, kind: NotFound, message: "No such file or directory" }
[INFO] [stdout] stack backtrace:
[INFO] [stdout]    0:     0x58b6059db807 - <<std[617be2ca0a6fd877]::sys::backtrace::BacktraceLock>::print::DisplayBacktrace as core[a373ad73a504971]::fmt::Display>::fmt
[INFO] [stdout]    1:     0x58b6059a792a - core[a373ad73a504971]::fmt::write
[INFO] [stdout]    2:     0x58b6059dadbb - <alloc[2e1b2a31b91974c5]::vec::Vec<u8> as core[a373ad73a504971]::io::write::Write>::write_fmt
[INFO] [stdout]    3:     0x58b6059da89f - std[617be2ca0a6fd877]::panicking::default_hook::{closure#0}
[INFO] [stdout]    4:     0x58b6059da4ca - std[617be2ca0a6fd877]::panicking::default_hook
[INFO] [stdout]    5:     0x58b6059da005 - std[617be2ca0a6fd877]::panicking::panic_with_hook
[INFO] [stdout]    6:     0x58b605a00e61 - std[617be2ca0a6fd877]::panicking::panic_handler::{closure#0}
[INFO] [stdout]    7:     0x58b605a00e19 - std[617be2ca0a6fd877]::sys::backtrace::__rust_end_short_backtrace::<std[617be2ca0a6fd877]::panicking::panic_handler::{closure#0}, !>
[INFO] [stdout]    8:     0x58b605a0131c - __rustc[ea4f61d10b84890b]::rust_begin_unwind
[INFO] [stdout]    9:     0x58b6059a77bb - core[a373ad73a504971]::panicking::panic_fmt
[INFO] [stdout]   10:     0x58b6059aaa21 - core[a373ad73a504971]::result::unwrap_failed
[INFO] [stdout]   11:     0x58b6059cd804 - <neso[190d8c63a4f08675]::tests::cpu::instr_tests::test_09_ind_y::{closure#0} as core[a373ad73a504971]::ops::function::FnOnce<()>>::call_once
[INFO] [stdout]   12:     0x58b605a19b4b - test[aada8e7e76ba119b]::__rust_begin_short_backtrace::<core[a373ad73a504971]::result::Result<(), alloc[2e1b2a31b91974c5]::string::String>, fn() -> core[a373ad73a504971]::result::Result<(), alloc[2e1b2a31b91974c5]::string::String>>
[INFO] [stdout]   13:     0x58b605a14faf - test[aada8e7e76ba119b]::run_test::{closure#0}
[INFO] [stdout]   14:     0x58b605a14a2c - std[617be2ca0a6fd877]::sys::backtrace::__rust_begin_short_backtrace::<test[aada8e7e76ba119b]::run_test::{closure#1}, ()>
[INFO] [stdout]   15:     0x58b605a34f9c - <std[617be2ca0a6fd877]::thread::lifecycle::spawn_unchecked<test[aada8e7e76ba119b]::run_test::{closure#1}, ()>::{closure#1} as core[a373ad73a504971]::ops::function::FnOnce<()>>::call_once::{shim:vtable#0}
[INFO] [stdout]   16:     0x58b605a02af4 - <std[617be2ca0a6fd877]::sys::thread::unix::Thread>::new::thread_start
[INFO] [stdout]   17:     0x75d31ab9ddfa - <unknown>
[INFO] [stdout]   18:     0x75d31ac313d4 - clone
[INFO] [stdout]   19:                0x0 - <unknown>
[INFO] [stdout] 
[INFO] [stdout] ---- tests::ppu::sprite_hit::test_04_flip stdout ----
[INFO] [stdout] 
[INFO] [stdout] thread 'tests::ppu::sprite_hit::test_04_flip' (491) panicked at src/lib.rs:584:13:
[INFO] [stdout] Expected test rom to exist.: Os { code: 2, kind: NotFound, message: "No such file or directory" }
[INFO] [stdout] stack backtrace:
[INFO] [stdout]    0:     0x58b6059db807 - <<std[617be2ca0a6fd877]::sys::backtrace::BacktraceLock>::print::DisplayBacktrace as core[a373ad73a504971]::fmt::Display>::fmt
[INFO] [stdout]    1:     0x58b6059a792a - core[a373ad73a504971]::fmt::write
[INFO] [stdout]    2:     0x58b6059dadbb - <alloc[2e1b2a31b91974c5]::vec::Vec<u8> as core[a373ad73a504971]::io::write::Write>::write_fmt
[INFO] [stdout]    3:     0x58b6059da89f - std[617be2ca0a6fd877]::panicking::default_hook::{closure#0}
[INFO] [stdout]    4:     0x58b6059da4ca - std[617be2ca0a6fd877]::panicking::default_hook
[INFO] [stdout]    5:     0x58b6059da005 - std[617be2ca0a6fd877]::panicking::panic_with_hook
[INFO] [stdout]    6:     0x58b605a00e61 - std[617be2ca0a6fd877]::panicking::panic_handler::{closure#0}
[INFO] [stdout]    7:     0x58b605a00e19 - std[617be2ca0a6fd877]::sys::backtrace::__rust_end_short_backtrace::<std[617be2ca0a6fd877]::panicking::panic_handler::{closure#0}, !>
[INFO] [stdout]    8:     0x58b605a0131c - __rustc[ea4f61d10b84890b]::rust_begin_unwind
[INFO] [stdout]    9:     0x58b6059a77bb - core[a373ad73a504971]::panicking::panic_fmt
[INFO] [stdout]   10:     0x58b6059aaa21 - core[a373ad73a504971]::result::unwrap_failed
[INFO] [stdout]   11:     0x58b6059bb1e4 - <neso[190d8c63a4f08675]::tests::ppu::sprite_hit::test_04_flip::{closure#0} as core[a373ad73a504971]::ops::function::FnOnce<()>>::call_once
[INFO] [stdout]   12:     0x58b605a19b4b - test[aada8e7e76ba119b]::__rust_begin_short_backtrace::<core[a373ad73a504971]::result::Result<(), alloc[2e1b2a31b91974c5]::string::String>, fn() -> core[a373ad73a504971]::result::Result<(), alloc[2e1b2a31b91974c5]::string::String>>
[INFO] [stdout]   13:     0x58b605a14faf - test[aada8e7e76ba119b]::run_test::{closure#0}
[INFO] [stdout]   14:     0x58b605a14a2c - std[617be2ca0a6fd877]::sys::backtrace::__rust_begin_short_backtrace::<test[aada8e7e76ba119b]::run_test::{closure#1}, ()>
[INFO] [stdout]   15:     0x58b605a34f9c - <std[617be2ca0a6fd877]::thread::lifecycle::spawn_unchecked<test[aada8e7e76ba119b]::run_test::{closure#1}, ()>::{closure#1} as core[a373ad73a504971]::ops::function::FnOnce<()>>::call_once::{shim:vtable#0}
[INFO] [stdout]   16:     0x58b605a02af4 - <std[617be2ca0a6fd877]::sys::thread::unix::Thread>::new::thread_start
[INFO] [stdout]   17:     0x75d31ab9ddfa - <unknown>
[INFO] [stdout]   18:     0x75d31ac313d4 - clone
[INFO] [stdout]   19:                0x0 - <unknown>
[INFO] [stdout] 
[INFO] [stdout] ---- tests::ppu::sprite_hit::test_03_corners stdout ----
[INFO] [stdout] 
[INFO] [stdout] thread 'tests::ppu::sprite_hit::test_03_corners' (490) panicked at src/lib.rs:584:13:
[INFO] [stdout] Expected test rom to exist.: Os { code: 2, kind: NotFound, message: "No such file or directory" }
[INFO] [stdout] stack backtrace:
[INFO] [stdout]    0:     0x58b6059db807 - <<std[617be2ca0a6fd877]::sys::backtrace::BacktraceLock>::print::DisplayBacktrace as core[a373ad73a504971]::fmt::Display>::fmt
[INFO] [stdout]    1:     0x58b6059a792a - core[a373ad73a504971]::fmt::write
[INFO] [stdout]    2:     0x58b6059dadbb - <alloc[2e1b2a31b91974c5]::vec::Vec<u8> as core[a373ad73a504971]::io::write::Write>::write_fmt
[INFO] [stdout]    3:     0x58b6059da89f - std[617be2ca0a6fd877]::panicking::default_hook::{closure#0}
[INFO] [stdout]    4:     0x58b6059da4ca - std[617be2ca0a6fd877]::panicking::default_hook
[INFO] [stdout]    5:     0x58b6059da005 - std[617be2ca0a6fd877]::panicking::panic_with_hook
[INFO] [stdout]    6:     0x58b605a00e61 - std[617be2ca0a6fd877]::panicking::panic_handler::{closure#0}
[INFO] [stdout]    7:     0x58b605a00e19 - std[617be2ca0a6fd877]::sys::backtrace::__rust_end_short_backtrace::<std[617be2ca0a6fd877]::panicking::panic_handler::{closure#0}, !>
[INFO] [stdout]    8:     0x58b605a0131c - __rustc[ea4f61d10b84890b]::rust_begin_unwind
[INFO] [stdout]    9:     0x58b6059a77bb - core[a373ad73a504971]::panicking::panic_fmt
[INFO] [stdout]   10:     0x58b6059aaa21 - core[a373ad73a504971]::result::unwrap_failed
[INFO] [stdout]   11:     0x58b6059bbce4 - <neso[190d8c63a4f08675]::tests::ppu::sprite_hit::test_03_corners::{closure#0} as core[a373ad73a504971]::ops::function::FnOnce<()>>::call_once
[INFO] [stdout]   12:     0x58b605a19b4b - test[aada8e7e76ba119b]::__rust_begin_short_backtrace::<core[a373ad73a504971]::result::Result<(), alloc[2e1b2a31b91974c5]::string::String>, fn() -> core[a373ad73a504971]::result::Result<(), alloc[2e1b2a31b91974c5]::string::String>>
[INFO] [stdout]   13:     0x58b605a14faf - test[aada8e7e76ba119b]::run_test::{closure#0}
[INFO] [stdout]   14:     0x58b605a14a2c - std[617be2ca0a6fd877]::sys::backtrace::__rust_begin_short_backtrace::<test[aada8e7e76ba119b]::run_test::{closure#1}, ()>
[INFO] [stdout]   15:     0x58b605a34f9c - <std[617be2ca0a6fd877]::thread::lifecycle::spawn_unchecked<test[aada8e7e76ba119b]::run_test::{closure#1}, ()>::{closure#1} as core[a373ad73a504971]::ops::function::FnOnce<()>>::call_once::{shim:vtable#0}
[INFO] [stdout]   16:     0x58b605a02af4 - <std[617be2ca0a6fd877]::sys::thread::unix::Thread>::new::thread_start
[INFO] [stdout]   17:     0x75d31ab9ddfa - <unknown>
[INFO] [stdout]   18:     0x75d31ac313d4 - clone
[INFO] [stdout]   19:                0x0 - <unknown>
[INFO] [stdout] 
[INFO] [stdout] ---- tests::cpu::instr_timing::test_02_branch_timing stdout ----
[INFO] [stdout] 
[INFO] [stdout] thread 'tests::cpu::instr_timing::test_02_branch_timing' (480) panicked at src/lib.rs:513:13:
[INFO] [stdout] Expected test rom to exist.: Os { code: 2, kind: NotFound, message: "No such file or directory" }
[INFO] [stdout] stack backtrace:
[INFO] [stdout]    0:     0x58b6059db807 - <<std[617be2ca0a6fd877]::sys::backtrace::BacktraceLock>::print::DisplayBacktrace as core[a373ad73a504971]::fmt::Display>::fmt
[INFO] [stdout]    1:     0x58b6059a792a - core[a373ad73a504971]::fmt::write
[INFO] [stdout]    2:     0x58b6059dadbb - <alloc[2e1b2a31b91974c5]::vec::Vec<u8> as core[a373ad73a504971]::io::write::Write>::write_fmt
[INFO] [stdout]    3:     0x58b6059da89f - std[617be2ca0a6fd877]::panicking::default_hook::{closure#0}
[INFO] [stdout]    4:     0x58b6059da4ca - std[617be2ca0a6fd877]::panicking::default_hook
[INFO] [stdout]    5:     0x58b6059da005 - std[617be2ca0a6fd877]::panicking::panic_with_hook
[INFO] [stdout]    6:     0x58b605a00e61 - std[617be2ca0a6fd877]::panicking::panic_handler::{closure#0}
[INFO] [stdout]    7:     0x58b605a00e19 - std[617be2ca0a6fd877]::sys::backtrace::__rust_end_short_backtrace::<std[617be2ca0a6fd877]::panicking::panic_handler::{closure#0}, !>
[INFO] [stdout]    8:     0x58b605a0131c - __rustc[ea4f61d10b84890b]::rust_begin_unwind
[INFO] [stdout]    9:     0x58b6059a77bb - core[a373ad73a504971]::panicking::panic_fmt
[INFO] [stdout]   10:     0x58b6059aaa21 - core[a373ad73a504971]::result::unwrap_failed
[INFO] [stdout]   11:     0x58b6059c0824 - <neso[190d8c63a4f08675]::tests::cpu::instr_timing::test_02_branch_timing::{closure#0} as core[a373ad73a504971]::ops::function::FnOnce<()>>::call_once
[INFO] [stdout]   12:     0x58b605a19b4b - test[aada8e7e76ba119b]::__rust_begin_short_backtrace::<core[a373ad73a504971]::result::Result<(), alloc[2e1b2a31b91974c5]::string::String>, fn() -> core[a373ad73a504971]::result::Result<(), alloc[2e1b2a31b91974c5]::string::String>>
[INFO] [stdout]   13:     0x58b605a14faf - test[aada8e7e76ba119b]::run_test::{closure#0}
[INFO] [stdout]   14:     0x58b605a14a2c - std[617be2ca0a6fd877]::sys::backtrace::__rust_begin_short_backtrace::<test[aada8e7e76ba119b]::run_test::{closure#1}, ()>
[INFO] [stdout]   15:     0x58b605a34f9c - <std[617be2ca0a6fd877]::thread::lifecycle::spawn_unchecked<test[aada8e7e76ba119b]::run_test::{closure#1}, ()>::{closure#1} as core[a373ad73a504971]::ops::function::FnOnce<()>>::call_once::{shim:vtable#0}
[INFO] [stdout]   16:     0x58b605a02af4 - <std[617be2ca0a6fd877]::sys::thread::unix::Thread>::new::thread_start
[INFO] [stdout]   17:     0x75d31ab9ddfa - <unknown>
[INFO] [stdout]   18:     0x75d31ac313d4 - clone
[INFO] [stdout]   19:                0x0 - <unknown>
[INFO] [stdout] 
[INFO] [stdout] ---- tests::ppu::sprite_hit::test_07_screen_bottom stdout ----
[INFO] [stdout] 
[INFO] [stdout] thread 'tests::ppu::sprite_hit::test_07_screen_bottom' (494) panicked at src/lib.rs:584:13:
[INFO] [stdout] Expected test rom to exist.: Os { code: 2, kind: NotFound, message: "No such file or directory" }
[INFO] [stdout] stack backtrace:
[INFO] [stdout]    0:     0x58b6059db807 - <<std[617be2ca0a6fd877]::sys::backtrace::BacktraceLock>::print::DisplayBacktrace as core[a373ad73a504971]::fmt::Display>::fmt
[INFO] [stdout]    1:     0x58b6059a792a - core[a373ad73a504971]::fmt::write
[INFO] [stdout]    2:     0x58b6059dadbb - <alloc[2e1b2a31b91974c5]::vec::Vec<u8> as core[a373ad73a504971]::io::write::Write>::write_fmt
[INFO] [stdout]    3:     0x58b6059da89f - std[617be2ca0a6fd877]::panicking::default_hook::{closure#0}
[INFO] [stdout]    4:     0x58b6059da4ca - std[617be2ca0a6fd877]::panicking::default_hook
[INFO] [stdout]    5:     0x58b6059da005 - std[617be2ca0a6fd877]::panicking::panic_with_hook
[INFO] [stdout]    6:     0x58b605a00e61 - std[617be2ca0a6fd877]::panicking::panic_handler::{closure#0}
[INFO] [stdout]    7:     0x58b605a00e19 - std[617be2ca0a6fd877]::sys::backtrace::__rust_end_short_backtrace::<std[617be2ca0a6fd877]::panicking::panic_handler::{closure#0}, !>
[INFO] [stdout]    8:     0x58b605a0131c - __rustc[ea4f61d10b84890b]::rust_begin_unwind
[INFO] [stdout]    9:     0x58b6059a77bb - core[a373ad73a504971]::panicking::panic_fmt
[INFO] [stdout]   10:     0x58b6059aaa21 - core[a373ad73a504971]::result::unwrap_failed
[INFO] [stdout]   11:     0x58b6059bd864 - <neso[190d8c63a4f08675]::tests::ppu::sprite_hit::test_07_screen_bottom::{closure#0} as core[a373ad73a504971]::ops::function::FnOnce<()>>::call_once
[INFO] [stdout]   12:     0x58b605a19b4b - test[aada8e7e76ba119b]::__rust_begin_short_backtrace::<core[a373ad73a504971]::result::Result<(), alloc[2e1b2a31b91974c5]::string::String>, fn() -> core[a373ad73a504971]::result::Result<(), alloc[2e1b2a31b91974c5]::string::String>>
[INFO] [stdout]   13:     0x58b605a14faf - test[aada8e7e76ba119b]::run_test::{closure#0}
[INFO] [stdout]   14:     0x58b605a14a2c - std[617be2ca0a6fd877]::sys::backtrace::__rust_begin_short_backtrace::<test[aada8e7e76ba119b]::run_test::{closure#1}, ()>
[INFO] [stdout]   15:     0x58b605a34f9c - <std[617be2ca0a6fd877]::thread::lifecycle::spawn_unchecked<test[aada8e7e76ba119b]::run_test::{closure#1}, ()>::{closure#1} as core[a373ad73a504971]::ops::function::FnOnce<()>>::call_once::{shim:vtable#0}
[INFO] [stdout]   16:     0x58b605a02af4 - <std[617be2ca0a6fd877]::sys::thread::unix::Thread>::new::thread_start
[INFO] [stdout]   17:     0x75d31ab9ddfa - <unknown>
[INFO] [stdout]   18:     0x75d31ac313d4 - clone
[INFO] [stdout]   19:                0x0 - <unknown>
[INFO] [stdout] 
[INFO] [stdout] ---- tests::ppu::sprite_hit::test_10_timing_order stdout ----
[INFO] [stdout] 
[INFO] [stdout] thread 'tests::ppu::sprite_hit::test_10_timing_order' (496) panicked at src/lib.rs:584:13:
[INFO] [stdout] Expected test rom to exist.: Os { code: 2, kind: NotFound, message: "No such file or directory" }
[INFO] [stdout] stack backtrace:
[INFO] [stdout]    0:     0x58b6059db807 - <<std[617be2ca0a6fd877]::sys::backtrace::BacktraceLock>::print::DisplayBacktrace as core[a373ad73a504971]::fmt::Display>::fmt
[INFO] [stdout]    1:     0x58b6059a792a - core[a373ad73a504971]::fmt::write
[INFO] [stdout]    2:     0x58b6059dadbb - <alloc[2e1b2a31b91974c5]::vec::Vec<u8> as core[a373ad73a504971]::io::write::Write>::write_fmt
[INFO] [stdout]    3:     0x58b6059da89f - std[617be2ca0a6fd877]::panicking::default_hook::{closure#0}
[INFO] [stdout]    4:     0x58b6059da4ca - std[617be2ca0a6fd877]::panicking::default_hook
[INFO] [stdout]    5:     0x58b6059da005 - std[617be2ca0a6fd877]::panicking::panic_with_hook
[INFO] [stderr] error: test failed, to rerun pass `--lib`
[INFO] [stdout]    6:     0x58b605a00e61 - std[617be2ca0a6fd877]::panicking::panic_handler::{closure#0}
[INFO] [stdout]    7:     0x58b605a00e19 - std[617be2ca0a6fd877]::sys::backtrace::__rust_end_short_backtrace::<std[617be2ca0a6fd877]::panicking::panic_handler::{closure#0}, !>
[INFO] [stdout]    8:     0x58b605a0131c - __rustc[ea4f61d10b84890b]::rust_begin_unwind
[INFO] [stdout]    9:     0x58b6059a77bb - core[a373ad73a504971]::panicking::panic_fmt
[INFO] [stdout]   10:     0x58b6059aaa21 - core[a373ad73a504971]::result::unwrap_failed
[INFO] [stdout]   11:     0x58b6059bd2e4 - <neso[190d8c63a4f08675]::tests::ppu::sprite_hit::test_10_timing_order::{closure#0} as core[a373ad73a504971]::ops::function::FnOnce<()>>::call_once
[INFO] [stdout]   12:     0x58b605a19b4b - test[aada8e7e76ba119b]::__rust_begin_short_backtrace::<core[a373ad73a504971]::result::Result<(), alloc[2e1b2a31b91974c5]::string::String>, fn() -> core[a373ad73a504971]::result::Result<(), alloc[2e1b2a31b91974c5]::string::String>>
[INFO] [stdout]   13:     0x58b605a14faf - test[aada8e7e76ba119b]::run_test::{closure#0}
[INFO] [stdout]   14:     0x58b605a14a2c - std[617be2ca0a6fd877]::sys::backtrace::__rust_begin_short_backtrace::<test[aada8e7e76ba119b]::run_test::{closure#1}, ()>
[INFO] [stdout]   15:     0x58b605a34f9c - <std[617be2ca0a6fd877]::thread::lifecycle::spawn_unchecked<test[aada8e7e76ba119b]::run_test::{closure#1}, ()>::{closure#1} as core[a373ad73a504971]::ops::function::FnOnce<()>>::call_once::{shim:vtable#0}
[INFO] [stdout]   16:     0x58b605a02af4 - <std[617be2ca0a6fd877]::sys::thread::unix::Thread>::new::thread_start
[INFO] [stdout]   17:     0x75d31ab9ddfa - <unknown>
[INFO] [stdout]   18:     0x75d31ac313d4 - clone
[INFO] [stdout]   19:                0x0 - <unknown>
[INFO] [stdout] 
[INFO] [stdout] ---- tests::ppu::sprite_hit::test_06_right_edge stdout ----
[INFO] [stdout] 
[INFO] [stdout] thread 'tests::ppu::sprite_hit::test_06_right_edge' (493) panicked at src/lib.rs:584:13:
[INFO] [stdout] Expected test rom to exist.: Os { code: 2, kind: NotFound, message: "No such file or directory" }
[INFO] [stdout] stack backtrace:
[INFO] [stdout]    0:     0x58b6059db807 - <<std[617be2ca0a6fd877]::sys::backtrace::BacktraceLock>::print::DisplayBacktrace as core[a373ad73a504971]::fmt::Display>::fmt
[INFO] [stdout]    1:     0x58b6059a792a - core[a373ad73a504971]::fmt::write
[INFO] [stdout]    2:     0x58b6059dadbb - <alloc[2e1b2a31b91974c5]::vec::Vec<u8> as core[a373ad73a504971]::io::write::Write>::write_fmt
[INFO] [stdout]    3:     0x58b6059da89f - std[617be2ca0a6fd877]::panicking::default_hook::{closure#0}
[INFO] [stdout]    4:     0x58b6059da4ca - std[617be2ca0a6fd877]::panicking::default_hook
[INFO] [stdout]    5:     0x58b6059da005 - std[617be2ca0a6fd877]::panicking::panic_with_hook
[INFO] [stdout]    6:     0x58b605a00e61 - std[617be2ca0a6fd877]::panicking::panic_handler::{closure#0}
[INFO] [stdout]    7:     0x58b605a00e19 - std[617be2ca0a6fd877]::sys::backtrace::__rust_end_short_backtrace::<std[617be2ca0a6fd877]::panicking::panic_handler::{closure#0}, !>
[INFO] [stdout]    8:     0x58b605a0131c - __rustc[ea4f61d10b84890b]::rust_begin_unwind
[INFO] [stdout]    9:     0x58b6059a77bb - core[a373ad73a504971]::panicking::panic_fmt
[INFO] [stdout]   10:     0x58b6059aaa21 - core[a373ad73a504971]::result::unwrap_failed
[INFO] [stdout]   11:     0x58b6059bcd64 - <neso[190d8c63a4f08675]::tests::ppu::sprite_hit::test_06_right_edge::{closure#0} as core[a373ad73a504971]::ops::function::FnOnce<()>>::call_once
[INFO] [stdout]   12:     0x58b605a19b4b - test[aada8e7e76ba119b]::__rust_begin_short_backtrace::<core[a373ad73a504971]::result::Result<(), alloc[2e1b2a31b91974c5]::string::String>, fn() -> core[a373ad73a504971]::result::Result<(), alloc[2e1b2a31b91974c5]::string::String>>
[INFO] [stdout]   13:     0x58b605a14faf - test[aada8e7e76ba119b]::run_test::{closure#0}
[INFO] [stdout]   14:     0x58b605a14a2c - std[617be2ca0a6fd877]::sys::backtrace::__rust_begin_short_backtrace::<test[aada8e7e76ba119b]::run_test::{closure#1}, ()>
[INFO] [stdout]   15:     0x58b605a34f9c - <std[617be2ca0a6fd877]::thread::lifecycle::spawn_unchecked<test[aada8e7e76ba119b]::run_test::{closure#1}, ()>::{closure#1} as core[a373ad73a504971]::ops::function::FnOnce<()>>::call_once::{shim:vtable#0}
[INFO] [stdout]   16:     0x58b605a02af4 - <std[617be2ca0a6fd877]::sys::thread::unix::Thread>::new::thread_start
[INFO] [stdout]   17:     0x75d31ab9ddfa - <unknown>
[INFO] [stdout]   18:     0x75d31ac313d4 - clone
[INFO] [stdout]   19:                0x0 - <unknown>
[INFO] [stdout] 
[INFO] [stdout] ---- tests::ppu::general::test_vram_access stdout ----
[INFO] [stdout] 
[INFO] [stdout] thread 'tests::ppu::general::test_vram_access' (487) panicked at src/lib.rs:571:13:
[INFO] [stdout] Expected test rom to exist.: Os { code: 2, kind: NotFound, message: "No such file or directory" }
[INFO] [stdout] stack backtrace:
[INFO] [stdout]    0:     0x58b6059db807 - <<std[617be2ca0a6fd877]::sys::backtrace::BacktraceLock>::print::DisplayBacktrace as core[a373ad73a504971]::fmt::Display>::fmt
[INFO] [stdout]    1:     0x58b6059a792a - core[a373ad73a504971]::fmt::write
[INFO] [stdout]    2:     0x58b6059dadbb - <alloc[2e1b2a31b91974c5]::vec::Vec<u8> as core[a373ad73a504971]::io::write::Write>::write_fmt
[INFO] [stdout]    3:     0x58b6059da89f - std[617be2ca0a6fd877]::panicking::default_hook::{closure#0}
[INFO] [stdout]    4:     0x58b6059da4ca - std[617be2ca0a6fd877]::panicking::default_hook
[INFO] [stdout]    5:     0x58b6059da005 - std[617be2ca0a6fd877]::panicking::panic_with_hook
[INFO] [stdout]    6:     0x58b605a00e61 - std[617be2ca0a6fd877]::panicking::panic_handler::{closure#0}
[INFO] [stdout]    7:     0x58b605a00e19 - std[617be2ca0a6fd877]::sys::backtrace::__rust_end_short_backtrace::<std[617be2ca0a6fd877]::panicking::panic_handler::{closure#0}, !>
[INFO] [stdout]    8:     0x58b605a0131c - __rustc[ea4f61d10b84890b]::rust_begin_unwind
[INFO] [stdout]    9:     0x58b6059a77bb - core[a373ad73a504971]::panicking::panic_fmt
[INFO] [stdout]   10:     0x58b6059aaa21 - core[a373ad73a504971]::result::unwrap_failed
[INFO] [stdout]   11:     0x58b6059ca3f8 - <neso[190d8c63a4f08675]::tests::ppu::general::test_vram_access::{closure#0} as core[a373ad73a504971]::ops::function::FnOnce<()>>::call_once
[INFO] [stdout]   12:     0x58b605a19b4b - test[aada8e7e76ba119b]::__rust_begin_short_backtrace::<core[a373ad73a504971]::result::Result<(), alloc[2e1b2a31b91974c5]::string::String>, fn() -> core[a373ad73a504971]::result::Result<(), alloc[2e1b2a31b91974c5]::string::String>>
[INFO] [stdout]   13:     0x58b605a14faf - test[aada8e7e76ba119b]::run_test::{closure#0}
[INFO] [stdout]   14:     0x58b605a14a2c - std[617be2ca0a6fd877]::sys::backtrace::__rust_begin_short_backtrace::<test[aada8e7e76ba119b]::run_test::{closure#1}, ()>
[INFO] [stdout]   15:     0x58b605a34f9c - <std[617be2ca0a6fd877]::thread::lifecycle::spawn_unchecked<test[aada8e7e76ba119b]::run_test::{closure#1}, ()>::{closure#1} as core[a373ad73a504971]::ops::function::FnOnce<()>>::call_once::{shim:vtable#0}
[INFO] [stdout]   16:     0x58b605a02af4 - <std[617be2ca0a6fd877]::sys::thread::unix::Thread>::new::thread_start
[INFO] [stdout]   17:     0x75d31ab9ddfa - <unknown>
[INFO] [stdout]   18:     0x75d31ac313d4 - clone
[INFO] [stdout]   19:                0x0 - <unknown>
[INFO] [stdout] 
[INFO] [stdout] ---- tests::ppu::sprite_overflow::test_05_emulator stdout ----
[INFO] [stdout] 
[INFO] [stdout] thread 'tests::ppu::sprite_overflow::test_05_emulator' (499) panicked at src/lib.rs:602:13:
[INFO] [stdout] Expected test rom to exist.: Os { code: 2, kind: NotFound, message: "No such file or directory" }
[INFO] [stdout] stack backtrace:
[INFO] [stdout]    0:     0x58b6059db807 - <<std[617be2ca0a6fd877]::sys::backtrace::BacktraceLock>::print::DisplayBacktrace as core[a373ad73a504971]::fmt::Display>::fmt
[INFO] [stdout]    1:     0x58b6059a792a - core[a373ad73a504971]::fmt::write
[INFO] [stdout]    2:     0x58b6059dadbb - <alloc[2e1b2a31b91974c5]::vec::Vec<u8> as core[a373ad73a504971]::io::write::Write>::write_fmt
[INFO] [stdout]    3:     0x58b6059da89f - std[617be2ca0a6fd877]::panicking::default_hook::{closure#0}
[INFO] [stdout]    4:     0x58b6059da4ca - std[617be2ca0a6fd877]::panicking::default_hook
[INFO] [stdout]    5:     0x58b6059da005 - std[617be2ca0a6fd877]::panicking::panic_with_hook
[INFO] [stdout]    6:     0x58b605a00e61 - std[617be2ca0a6fd877]::panicking::panic_handler::{closure#0}
[INFO] [stdout]    7:     0x58b605a00e19 - std[617be2ca0a6fd877]::sys::backtrace::__rust_end_short_backtrace::<std[617be2ca0a6fd877]::panicking::panic_handler::{closure#0}, !>
[INFO] [stdout]    8:     0x58b605a0131c - __rustc[ea4f61d10b84890b]::rust_begin_unwind
[INFO] [stdout]    9:     0x58b6059a77bb - core[a373ad73a504971]::panicking::panic_fmt
[INFO] [stdout]   10:     0x58b6059aaa21 - core[a373ad73a504971]::result::unwrap_failed
[INFO] [stdout]   11:     0x58b6059c91a4 - <neso[190d8c63a4f08675]::tests::ppu::sprite_overflow::test_05_emulator::{closure#0} as core[a373ad73a504971]::ops::function::FnOnce<()>>::call_once
[INFO] [stdout]   12:     0x58b605a19b4b - test[aada8e7e76ba119b]::__rust_begin_short_backtrace::<core[a373ad73a504971]::result::Result<(), alloc[2e1b2a31b91974c5]::string::String>, fn() -> core[a373ad73a504971]::result::Result<(), alloc[2e1b2a31b91974c5]::string::String>>
[INFO] [stdout]   13:     0x58b605a14faf - test[aada8e7e76ba119b]::run_test::{closure#0}
[INFO] [stdout]   14:     0x58b605a14a2c - std[617be2ca0a6fd877]::sys::backtrace::__rust_begin_short_backtrace::<test[aada8e7e76ba119b]::run_test::{closure#1}, ()>
[INFO] [stdout]   15:     0x58b605a34f9c - <std[617be2ca0a6fd877]::thread::lifecycle::spawn_unchecked<test[aada8e7e76ba119b]::run_test::{closure#1}, ()>::{closure#1} as core[a373ad73a504971]::ops::function::FnOnce<()>>::call_once::{shim:vtable#0}
[INFO] [stdout]   16:     0x58b605a02af4 - <std[617be2ca0a6fd877]::sys::thread::unix::Thread>::new::thread_start
[INFO] [stdout]   17:     0x75d31ab9ddfa - <unknown>
[INFO] [stdout]   18:     0x75d31ac313d4 - clone
[INFO] [stdout]   19:                0x0 - <unknown>
[INFO] [stdout] 
[INFO] [stdout] ---- tests::ppu::sprite_hit::test_08_double_height stdout ----
[INFO] [stdout] 
[INFO] [stdout] thread 'tests::ppu::sprite_hit::test_08_double_height' (495) panicked at src/lib.rs:584:13:
[INFO] [stdout] Expected test rom to exist.: Os { code: 2, kind: NotFound, message: "No such file or directory" }
[INFO] [stdout] stack backtrace:
[INFO] [stdout]    0:     0x58b6059db807 - <<std[617be2ca0a6fd877]::sys::backtrace::BacktraceLock>::print::DisplayBacktrace as core[a373ad73a504971]::fmt::Display>::fmt
[INFO] [stdout]    1:     0x58b6059a792a - core[a373ad73a504971]::fmt::write
[INFO] [stdout]    2:     0x58b6059dadbb - <alloc[2e1b2a31b91974c5]::vec::Vec<u8> as core[a373ad73a504971]::io::write::Write>::write_fmt
[INFO] [stdout]    3:     0x58b6059da89f - std[617be2ca0a6fd877]::panicking::default_hook::{closure#0}
[INFO] [stdout]    4:     0x58b6059da4ca - std[617be2ca0a6fd877]::panicking::default_hook
[INFO] [stdout]    5:     0x58b6059da005 - std[617be2ca0a6fd877]::panicking::panic_with_hook
[INFO] [stdout]    6:     0x58b605a00e61 - std[617be2ca0a6fd877]::panicking::panic_handler::{closure#0}
[INFO] [stdout]    7:     0x58b605a00e19 - std[617be2ca0a6fd877]::sys::backtrace::__rust_end_short_backtrace::<std[617be2ca0a6fd877]::panicking::panic_handler::{closure#0}, !>
[INFO] [stdout]    8:     0x58b605a0131c - __rustc[ea4f61d10b84890b]::rust_begin_unwind
[INFO] [stdout]    9:     0x58b6059a77bb - core[a373ad73a504971]::panicking::panic_fmt
[INFO] [stdout]   10:     0x58b6059aaa21 - core[a373ad73a504971]::result::unwrap_failed
[INFO] [stdout]   11:     0x58b6059bdde4 - <neso[190d8c63a4f08675]::tests::ppu::sprite_hit::test_08_double_height::{closure#0} as core[a373ad73a504971]::ops::function::FnOnce<()>>::call_once
[INFO] [stdout]   12:     0x58b605a19b4b - test[aada8e7e76ba119b]::__rust_begin_short_backtrace::<core[a373ad73a504971]::result::Result<(), alloc[2e1b2a31b91974c5]::string::String>, fn() -> core[a373ad73a504971]::result::Result<(), alloc[2e1b2a31b91974c5]::string::String>>
[INFO] [stdout]   13:     0x58b605a14faf - test[aada8e7e76ba119b]::run_test::{closure#0}
[INFO] [stdout]   14:     0x58b605a14a2c - std[617be2ca0a6fd877]::sys::backtrace::__rust_begin_short_backtrace::<test[aada8e7e76ba119b]::run_test::{closure#1}, ()>
[INFO] [stdout]   15:     0x58b605a34f9c - <std[617be2ca0a6fd877]::thread::lifecycle::spawn_unchecked<test[aada8e7e76ba119b]::run_test::{closure#1}, ()>::{closure#1} as core[a373ad73a504971]::ops::function::FnOnce<()>>::call_once::{shim:vtable#0}
[INFO] [stdout]   16:     0x58b605a02af4 - <std[617be2ca0a6fd877]::sys::thread::unix::Thread>::new::thread_start
[INFO] [stdout]   17:     0x75d31ab9ddfa - <unknown>
[INFO] [stdout]   18:     0x75d31ac313d4 - clone
[INFO] [stdout]   19:                0x0 - <unknown>
[INFO] [stdout] 
[INFO] [stdout] ---- tests::cpu::instr_timing::test_cpu_timing_test stdout ----
[INFO] [stdout] 
[INFO] [stdout] thread 'tests::cpu::instr_timing::test_cpu_timing_test' (481) panicked at src/lib.rs:518:13:
[INFO] [stdout] Expected test rom to exist.: Os { code: 2, kind: NotFound, message: "No such file or directory" }
[INFO] [stdout] stack backtrace:
[INFO] [stdout]    0:     0x58b6059db807 - <<std[617be2ca0a6fd877]::sys::backtrace::BacktraceLock>::print::DisplayBacktrace as core[a373ad73a504971]::fmt::Display>::fmt
[INFO] [stdout]    1:     0x58b6059a792a - core[a373ad73a504971]::fmt::write
[INFO] [stdout]    2:     0x58b6059dadbb - <alloc[2e1b2a31b91974c5]::vec::Vec<u8> as core[a373ad73a504971]::io::write::Write>::write_fmt
[INFO] [stdout]    3:     0x58b6059da89f - std[617be2ca0a6fd877]::panicking::default_hook::{closure#0}
[INFO] [stdout]    4:     0x58b6059da4ca - std[617be2ca0a6fd877]::panicking::default_hook
[INFO] [stdout]    5:     0x58b6059da005 - std[617be2ca0a6fd877]::panicking::panic_with_hook
[INFO] [stdout]    6:     0x58b605a00e61 - std[617be2ca0a6fd877]::panicking::panic_handler::{closure#0}
[INFO] [stdout]    7:     0x58b605a00e19 - std[617be2ca0a6fd877]::sys::backtrace::__rust_end_short_backtrace::<std[617be2ca0a6fd877]::panicking::panic_handler::{closure#0}, !>
[INFO] [stdout]    8:     0x58b605a0131c - __rustc[ea4f61d10b84890b]::rust_begin_unwind
[INFO] [stdout]    9:     0x58b6059a77bb - core[a373ad73a504971]::panicking::panic_fmt
[INFO] [stdout]   10:     0x58b6059aaa21 - core[a373ad73a504971]::result::unwrap_failed
[INFO] [stdout]   11:     0x58b6059c0298 - <neso[190d8c63a4f08675]::tests::cpu::instr_timing::test_cpu_timing_test::{closure#0} as core[a373ad73a504971]::ops::function::FnOnce<()>>::call_once
[INFO] [stdout]   12:     0x58b605a19b4b - test[aada8e7e76ba119b]::__rust_begin_short_backtrace::<core[a373ad73a504971]::result::Result<(), alloc[2e1b2a31b91974c5]::string::String>, fn() -> core[a373ad73a504971]::result::Result<(), alloc[2e1b2a31b91974c5]::string::String>>
[INFO] [stdout]   13:     0x58b605a14faf - test[aada8e7e76ba119b]::run_test::{closure#0}
[INFO] [stdout]   14:     0x58b605a14a2c - std[617be2ca0a6fd877]::sys::backtrace::__rust_begin_short_backtrace::<test[aada8e7e76ba119b]::run_test::{closure#1}, ()>
[INFO] [stdout]   15:     0x58b605a34f9c - <std[617be2ca0a6fd877]::thread::lifecycle::spawn_unchecked<test[aada8e7e76ba119b]::run_test::{closure#1}, ()>::{closure#1} as core[a373ad73a504971]::ops::function::FnOnce<()>>::call_once::{shim:vtable#0}
[INFO] [stdout]   16:     0x58b605a02af4 - <std[617be2ca0a6fd877]::sys::thread::unix::Thread>::new::thread_start
[INFO] [stdout]   17:     0x75d31ab9ddfa - <unknown>
[INFO] [stdout]   18:     0x75d31ac313d4 - clone
[INFO] [stdout]   19:                0x0 - <unknown>
[INFO] [stdout] 
[INFO] [stdout] ---- tests::ppu::sprite_hit::test_05_left_clip stdout ----
[INFO] [stdout] 
[INFO] [stdout] thread 'tests::ppu::sprite_hit::test_05_left_clip' (492) panicked at src/lib.rs:584:13:
[INFO] [stdout] Expected test rom to exist.: Os { code: 2, kind: NotFound, message: "No such file or directory" }
[INFO] [stdout] stack backtrace:
[INFO] [stdout]    0:     0x58b6059db807 - <<std[617be2ca0a6fd877]::sys::backtrace::BacktraceLock>::print::DisplayBacktrace as core[a373ad73a504971]::fmt::Display>::fmt
[INFO] [stdout]    1:     0x58b6059a792a - core[a373ad73a504971]::fmt::write
[INFO] [stdout]    2:     0x58b6059dadbb - <alloc[2e1b2a31b91974c5]::vec::Vec<u8> as core[a373ad73a504971]::io::write::Write>::write_fmt
[INFO] [stdout]    3:     0x58b6059da89f - std[617be2ca0a6fd877]::panicking::default_hook::{closure#0}
[INFO] [stdout]    4:     0x58b6059da4ca - std[617be2ca0a6fd877]::panicking::default_hook
[INFO] [stdout]    5:     0x58b6059da005 - std[617be2ca0a6fd877]::panicking::panic_with_hook
[INFO] [stdout]    6:     0x58b605a00e61 - std[617be2ca0a6fd877]::panicking::panic_handler::{closure#0}
[INFO] [stdout]    7:     0x58b605a00e19 - std[617be2ca0a6fd877]::sys::backtrace::__rust_end_short_backtrace::<std[617be2ca0a6fd877]::panicking::panic_handler::{closure#0}, !>
[INFO] [stdout]    8:     0x58b605a0131c - __rustc[ea4f61d10b84890b]::rust_begin_unwind
[INFO] [stdout]    9:     0x58b6059a77bb - core[a373ad73a504971]::panicking::panic_fmt
[INFO] [stdout]   10:     0x58b6059aaa21 - core[a373ad73a504971]::result::unwrap_failed
[INFO] [stdout]   11:     0x58b6059bc7e4 - <neso[190d8c63a4f08675]::tests::ppu::sprite_hit::test_05_left_clip::{closure#0} as core[a373ad73a504971]::ops::function::FnOnce<()>>::call_once
[INFO] [stdout]   12:     0x58b605a19b4b - test[aada8e7e76ba119b]::__rust_begin_short_backtrace::<core[a373ad73a504971]::result::Result<(), alloc[2e1b2a31b91974c5]::string::String>, fn() -> core[a373ad73a504971]::result::Result<(), alloc[2e1b2a31b91974c5]::string::String>>
[INFO] [stdout]   13:     0x58b605a14faf - test[aada8e7e76ba119b]::run_test::{closure#0}
[INFO] [stdout]   14:     0x58b605a14a2c - std[617be2ca0a6fd877]::sys::backtrace::__rust_begin_short_backtrace::<test[aada8e7e76ba119b]::run_test::{closure#1}, ()>
[INFO] [stdout]   15:     0x58b605a34f9c - <std[617be2ca0a6fd877]::thread::lifecycle::spawn_unchecked<test[aada8e7e76ba119b]::run_test::{closure#1}, ()>::{closure#1} as core[a373ad73a504971]::ops::function::FnOnce<()>>::call_once::{shim:vtable#0}
[INFO] [stdout]   16:     0x58b605a02af4 - <std[617be2ca0a6fd877]::sys::thread::unix::Thread>::new::thread_start
[INFO] [stdout]   17:     0x75d31ab9ddfa - <unknown>
[INFO] [stdout]   18:     0x75d31ac313d4 - clone
[INFO] [stdout]   19:                0x0 - <unknown>
[INFO] [stdout] 
[INFO] [stdout] ---- tests::ppu::test_oam_read stdout ----
[INFO] [stdout] 
[INFO] [stdout] thread 'tests::ppu::test_oam_read' (500) panicked at src/lib.rs:562:9:
[INFO] [stdout] Expected test rom to exist.: Os { code: 2, kind: NotFound, message: "No such file or directory" }
[INFO] [stdout] stack backtrace:
[INFO] [stdout]    0:     0x58b6059db807 - <<std[617be2ca0a6fd877]::sys::backtrace::BacktraceLock>::print::DisplayBacktrace as core[a373ad73a504971]::fmt::Display>::fmt
[INFO] [stdout]    1:     0x58b6059a792a - core[a373ad73a504971]::fmt::write
[INFO] [stdout]    2:     0x58b6059dadbb - <alloc[2e1b2a31b91974c5]::vec::Vec<u8> as core[a373ad73a504971]::io::write::Write>::write_fmt
[INFO] [stdout]    3:     0x58b6059da89f - std[617be2ca0a6fd877]::panicking::default_hook::{closure#0}
[INFO] [stdout]    4:     0x58b6059da4ca - std[617be2ca0a6fd877]::panicking::default_hook
[INFO] [stdout]    5:     0x58b6059da005 - std[617be2ca0a6fd877]::panicking::panic_with_hook
[INFO] [stdout]    6:     0x58b605a00e61 - std[617be2ca0a6fd877]::panicking::panic_handler::{closure#0}
[INFO] [stdout]    7:     0x58b605a00e19 - std[617be2ca0a6fd877]::sys::backtrace::__rust_end_short_backtrace::<std[617be2ca0a6fd877]::panicking::panic_handler::{closure#0}, !>
[INFO] [stdout]    8:     0x58b605a0131c - __rustc[ea4f61d10b84890b]::rust_begin_unwind
[INFO] [stdout]    9:     0x58b6059a77bb - core[a373ad73a504971]::panicking::panic_fmt
[INFO] [stdout]   10:     0x58b6059aaa21 - core[a373ad73a504971]::result::unwrap_failed
[INFO] [stdout]   11:     0x58b6059c7e24 - <neso[190d8c63a4f08675]::tests::ppu::test_oam_read::{closure#0} as core[a373ad73a504971]::ops::function::FnOnce<()>>::call_once
[INFO] [stdout]   12:     0x58b605a19b4b - test[aada8e7e76ba119b]::__rust_begin_short_backtrace::<core[a373ad73a504971]::result::Result<(), alloc[2e1b2a31b91974c5]::string::String>, fn() -> core[a373ad73a504971]::result::Result<(), alloc[2e1b2a31b91974c5]::string::String>>
[INFO] [stdout]   13:     0x58b605a14faf - test[aada8e7e76ba119b]::run_test::{closure#0}
[INFO] [stdout]   14:     0x58b605a14a2c - std[617be2ca0a6fd877]::sys::backtrace::__rust_begin_short_backtrace::<test[aada8e7e76ba119b]::run_test::{closure#1}, ()>
[INFO] [stdout]   15:     0x58b605a34f9c - <std[617be2ca0a6fd877]::thread::lifecycle::spawn_unchecked<test[aada8e7e76ba119b]::run_test::{closure#1}, ()>::{closure#1} as core[a373ad73a504971]::ops::function::FnOnce<()>>::call_once::{shim:vtable#0}
[INFO] [stdout]   16:     0x58b605a02af4 - <std[617be2ca0a6fd877]::sys::thread::unix::Thread>::new::thread_start
[INFO] [stdout]   17:     0x75d31ab9ddfa - <unknown>
[INFO] [stdout]   18:     0x75d31ac313d4 - clone
[INFO] [stdout]   19:                0x0 - <unknown>
[INFO] [stdout] 
[INFO] [stdout] ---- tests::ppu::sprite_overflow::test_02_details stdout ----
[INFO] [stdout] 
[INFO] [stdout] thread 'tests::ppu::sprite_overflow::test_02_details' (498) panicked at src/lib.rs:602:13:
[INFO] [stdout] Expected test rom to exist.: Os { code: 2, kind: NotFound, message: "No such file or directory" }
[INFO] [stdout] stack backtrace:
[INFO] [stdout]    0:     0x58b6059db807 - <<std[617be2ca0a6fd877]::sys::backtrace::BacktraceLock>::print::DisplayBacktrace as core[a373ad73a504971]::fmt::Display>::fmt
[INFO] [stdout]    1:     0x58b6059a792a - core[a373ad73a504971]::fmt::write
[INFO] [stdout]    2:     0x58b6059dadbb - <alloc[2e1b2a31b91974c5]::vec::Vec<u8> as core[a373ad73a504971]::io::write::Write>::write_fmt
[INFO] [stdout]    3:     0x58b6059da89f - std[617be2ca0a6fd877]::panicking::default_hook::{closure#0}
[INFO] [stdout]    4:     0x58b6059da4ca - std[617be2ca0a6fd877]::panicking::default_hook
[INFO] [stdout]    5:     0x58b6059da005 - std[617be2ca0a6fd877]::panicking::panic_with_hook
[INFO] [stdout]    6:     0x58b605a00e61 - std[617be2ca0a6fd877]::panicking::panic_handler::{closure#0}
[INFO] [stdout]    7:     0x58b605a00e19 - std[617be2ca0a6fd877]::sys::backtrace::__rust_end_short_backtrace::<std[617be2ca0a6fd877]::panicking::panic_handler::{closure#0}, !>
[INFO] [stdout]    8:     0x58b605a0131c - __rustc[ea4f61d10b84890b]::rust_begin_unwind
[INFO] [stdout]    9:     0x58b6059a77bb - core[a373ad73a504971]::panicking::panic_fmt
[INFO] [stdout]   10:     0x58b6059aaa21 - core[a373ad73a504971]::result::unwrap_failed
[INFO] [stdout]   11:     0x58b6059c9724 - <neso[190d8c63a4f08675]::tests::ppu::sprite_overflow::test_02_details::{closure#0} as core[a373ad73a504971]::ops::function::FnOnce<()>>::call_once
[INFO] [stdout]   12:     0x58b605a19b4b - test[aada8e7e76ba119b]::__rust_begin_short_backtrace::<core[a373ad73a504971]::result::Result<(), alloc[2e1b2a31b91974c5]::string::String>, fn() -> core[a373ad73a504971]::result::Result<(), alloc[2e1b2a31b91974c5]::string::String>>
[INFO] [stdout]   13:     0x58b605a14faf - test[aada8e7e76ba119b]::run_test::{closure#0}
[INFO] [stdout]   14:     0x58b605a14a2c - std[617be2ca0a6fd877]::sys::backtrace::__rust_begin_short_backtrace::<test[aada8e7e76ba119b]::run_test::{closure#1}, ()>
[INFO] [stdout]   15:     0x58b605a34f9c - <std[617be2ca0a6fd877]::thread::lifecycle::spawn_unchecked<test[aada8e7e76ba119b]::run_test::{closure#1}, ()>::{closure#1} as core[a373ad73a504971]::ops::function::FnOnce<()>>::call_once::{shim:vtable#0}
[INFO] [stdout]   16:     0x58b605a02af4 - <std[617be2ca0a6fd877]::sys::thread::unix::Thread>::new::thread_start
[INFO] [stdout]   17:     0x75d31ab9ddfa - <unknown>
[INFO] [stdout]   18:     0x75d31ac313d4 - clone
[INFO] [stdout]   19:                0x0 - <unknown>
[INFO] [stdout] 
[INFO] [stdout] ---- tests::ppu::vbl_nmi::test_03_clear_time stdout ----
[INFO] [stdout] 
[INFO] [stdout] thread 'tests::ppu::vbl_nmi::test_03_clear_time' (502) panicked at src/lib.rs:614:13:
[INFO] [stdout] Expected test rom to exist.: Os { code: 2, kind: NotFound, message: "No such file or directory" }
[INFO] [stdout] stack backtrace:
[INFO] [stdout]    0:     0x58b6059db807 - <<std[617be2ca0a6fd877]::sys::backtrace::BacktraceLock>::print::DisplayBacktrace as core[a373ad73a504971]::fmt::Display>::fmt
[INFO] [stdout]    1:     0x58b6059a792a - core[a373ad73a504971]::fmt::write
[INFO] [stdout]    2:     0x58b6059dadbb - <alloc[2e1b2a31b91974c5]::vec::Vec<u8> as core[a373ad73a504971]::io::write::Write>::write_fmt
[INFO] [stdout]    3:     0x58b6059da89f - std[617be2ca0a6fd877]::panicking::default_hook::{closure#0}
[INFO] [stdout]    4:     0x58b6059da4ca - std[617be2ca0a6fd877]::panicking::default_hook
[INFO] [stdout]    5:     0x58b6059da005 - std[617be2ca0a6fd877]::panicking::panic_with_hook
[INFO] [stdout]    6:     0x58b605a00e61 - std[617be2ca0a6fd877]::panicking::panic_handler::{closure#0}
[INFO] [stdout]    7:     0x58b605a00e19 - std[617be2ca0a6fd877]::sys::backtrace::__rust_end_short_backtrace::<std[617be2ca0a6fd877]::panicking::panic_handler::{closure#0}, !>
[INFO] [stdout]    8:     0x58b605a0131c - __rustc[ea4f61d10b84890b]::rust_begin_unwind
[INFO] [stdout]    9:     0x58b6059a77bb - core[a373ad73a504971]::panicking::panic_fmt
[INFO] [stdout]   10:     0x58b6059aaa21 - core[a373ad73a504971]::result::unwrap_failed
[INFO] [stdout]   11:     0x58b6059c1324 - <neso[190d8c63a4f08675]::tests::ppu::vbl_nmi::test_03_clear_time::{closure#0} as core[a373ad73a504971]::ops::function::FnOnce<()>>::call_once
[INFO] [stdout]   12:     0x58b605a19b4b - test[aada8e7e76ba119b]::__rust_begin_short_backtrace::<core[a373ad73a504971]::result::Result<(), alloc[2e1b2a31b91974c5]::string::String>, fn() -> core[a373ad73a504971]::result::Result<(), alloc[2e1b2a31b91974c5]::string::String>>
[INFO] [stdout]   13:     0x58b605a14faf - test[aada8e7e76ba119b]::run_test::{closure#0}
[INFO] [stdout]   14:     0x58b605a14a2c - std[617be2ca0a6fd877]::sys::backtrace::__rust_begin_short_backtrace::<test[aada8e7e76ba119b]::run_test::{closure#1}, ()>
[INFO] [stdout]   15:     0x58b605a34f9c - <std[617be2ca0a6fd877]::thread::lifecycle::spawn_unchecked<test[aada8e7e76ba119b]::run_test::{closure#1}, ()>::{closure#1} as core[a373ad73a504971]::ops::function::FnOnce<()>>::call_once::{shim:vtable#0}
[INFO] [stdout]   16:     0x58b605a02af4 - <std[617be2ca0a6fd877]::sys::thread::unix::Thread>::new::thread_start
[INFO] [stdout]   17:     0x75d31ab9ddfa - <unknown>
[INFO] [stdout]   18:     0x75d31ac313d4 - clone
[INFO] [stdout]   19:                0x0 - <unknown>
[INFO] [stdout] 
[INFO] [stdout] ---- tests::ppu::vbl_nmi::test_01_vbl_basics stdout ----
[INFO] [stdout] 
[INFO] [stdout] thread 'tests::ppu::vbl_nmi::test_01_vbl_basics' (501) panicked at src/lib.rs:614:13:
[INFO] [stdout] Expected test rom to exist.: Os { code: 2, kind: NotFound, message: "No such file or directory" }
[INFO] [stdout] stack backtrace:
[INFO] [stdout]    0:     0x58b6059db807 - <<std[617be2ca0a6fd877]::sys::backtrace::BacktraceLock>::print::DisplayBacktrace as core[a373ad73a504971]::fmt::Display>::fmt
[INFO] [stdout]    1:     0x58b6059a792a - core[a373ad73a504971]::fmt::write
[INFO] [stdout]    2:     0x58b6059dadbb - <alloc[2e1b2a31b91974c5]::vec::Vec<u8> as core[a373ad73a504971]::io::write::Write>::write_fmt
[INFO] [stdout]    3:     0x58b6059da89f - std[617be2ca0a6fd877]::panicking::default_hook::{closure#0}
[INFO] [stdout]    4:     0x58b6059da4ca - std[617be2ca0a6fd877]::panicking::default_hook
[INFO] [stdout]    5:     0x58b6059da005 - std[617be2ca0a6fd877]::panicking::panic_with_hook
[INFO] [stdout]    6:     0x58b605a00e61 - std[617be2ca0a6fd877]::panicking::panic_handler::{closure#0}
[INFO] [stdout]    7:     0x58b605a00e19 - std[617be2ca0a6fd877]::sys::backtrace::__rust_end_short_backtrace::<std[617be2ca0a6fd877]::panicking::panic_handler::{closure#0}, !>
[INFO] [stdout]    8:     0x58b605a0131c - __rustc[ea4f61d10b84890b]::rust_begin_unwind
[INFO] [stdout]    9:     0x58b6059a77bb - core[a373ad73a504971]::panicking::panic_fmt
[INFO] [stdout]   10:     0x58b6059aaa21 - core[a373ad73a504971]::result::unwrap_failed
[INFO] [stdout]   11:     0x58b6059c0da4 - <neso[190d8c63a4f08675]::tests::ppu::vbl_nmi::test_01_vbl_basics::{closure#0} as core[a373ad73a504971]::ops::function::FnOnce<()>>::call_once
[INFO] [stdout]   12:     0x58b605a19b4b - test[aada8e7e76ba119b]::__rust_begin_short_backtrace::<core[a373ad73a504971]::result::Result<(), alloc[2e1b2a31b91974c5]::string::String>, fn() -> core[a373ad73a504971]::result::Result<(), alloc[2e1b2a31b91974c5]::string::String>>
[INFO] [stdout]   13:     0x58b605a14faf - test[aada8e7e76ba119b]::run_test::{closure#0}
[INFO] [stdout]   14:     0x58b605a14a2c - std[617be2ca0a6fd877]::sys::backtrace::__rust_begin_short_backtrace::<test[aada8e7e76ba119b]::run_test::{closure#1}, ()>
[INFO] [stdout]   15:     0x58b605a34f9c - <std[617be2ca0a6fd877]::thread::lifecycle::spawn_unchecked<test[aada8e7e76ba119b]::run_test::{closure#1}, ()>::{closure#1} as core[a373ad73a504971]::ops::function::FnOnce<()>>::call_once::{shim:vtable#0}
[INFO] [stdout]   16:     0x58b605a02af4 - <std[617be2ca0a6fd877]::sys::thread::unix::Thread>::new::thread_start
[INFO] [stdout]   17:     0x75d31ab9ddfa - <unknown>
[INFO] [stdout]   18:     0x75d31ac313d4 - clone
[INFO] [stdout]   19:                0x0 - <unknown>
[INFO] [stdout] 
[INFO] [stdout] 
[INFO] [stdout] failures:
[INFO] [stdout]     tests::apu::general::test_01_len_ctr
[INFO] [stdout]     tests::apu::general::test_02_len_table
[INFO] [stdout]     tests::apu::general::test_03_irq_flag
[INFO] [stdout]     tests::apu::general::test_07_dmc_basics
[INFO] [stdout]     tests::apu::reset::test_4015_cleared
[INFO] [stdout]     tests::apu::reset::test_4017_timing
[INFO] [stdout]     tests::apu::reset::test_irq_flag_cleared
[INFO] [stdout]     tests::apu::reset::test_len_ctrs_enabled
[INFO] [stdout]     tests::cpu::branch_timing::test_01_branch_basics
[INFO] [stdout]     tests::cpu::branch_timing::test_02_backward_branch
[INFO] [stdout]     tests::cpu::branch_timing::test_03_forward_branch
[INFO] [stdout]     tests::cpu::instr_misc::test_01_abs_x_wrap
[INFO] [stdout]     tests::cpu::instr_misc::test_02_branch_wrap
[INFO] [stdout]     tests::cpu::instr_tests::test_01_basics
[INFO] [stdout]     tests::cpu::instr_tests::test_02_implied
[INFO] [stdout]     tests::cpu::instr_tests::test_03_immediate
[INFO] [stdout]     tests::cpu::instr_tests::test_04_zero_page
[INFO] [stdout]     tests::cpu::instr_tests::test_05_zp_xy
[INFO] [stdout]     tests::cpu::instr_tests::test_06_absolute
[INFO] [stdout]     tests::cpu::instr_tests::test_07_abs_xy
[INFO] [stdout]     tests::cpu::instr_tests::test_08_ind_x
[INFO] [stdout]     tests::cpu::instr_tests::test_09_ind_y
[INFO] [stdout]     tests::cpu::instr_tests::test_10_branches
[INFO] [stdout]     tests::cpu::instr_tests::test_11_stack
[INFO] [stdout]     tests::cpu::instr_tests::test_12_jmp_jsr
[INFO] [stdout]     tests::cpu::instr_tests::test_13_rts
[INFO] [stdout]     tests::cpu::instr_timing::test_01_instr_timing
[INFO] [stdout]     tests::cpu::instr_timing::test_02_branch_timing
[INFO] [stdout]     tests::cpu::instr_timing::test_cpu_timing_test
[INFO] [stdout]     tests::cpu::reset::test_ram_after_reset
[INFO] [stdout]     tests::cpu::reset::test_registers
[INFO] [stdout]     tests::ppu::general::test_palette_ram
[INFO] [stdout]     tests::ppu::general::test_power_up_palette
[INFO] [stdout]     tests::ppu::general::test_sprite_ram
[INFO] [stdout]     tests::ppu::general::test_vram_access
[INFO] [stdout]     tests::ppu::sprite_hit::test_01_basics
[INFO] [stdout]     tests::ppu::sprite_hit::test_02_alignment
[INFO] [stdout]     tests::ppu::sprite_hit::test_03_corners
[INFO] [stdout]     tests::ppu::sprite_hit::test_04_flip
[INFO] [stdout]     tests::ppu::sprite_hit::test_05_left_clip
[INFO] [stdout]     tests::ppu::sprite_hit::test_06_right_edge
[INFO] [stdout]     tests::ppu::sprite_hit::test_07_screen_bottom
[INFO] [stdout]     tests::ppu::sprite_hit::test_08_double_height
[INFO] [stdout]     tests::ppu::sprite_hit::test_10_timing_order
[INFO] [stdout]     tests::ppu::sprite_overflow::test_01_basics
[INFO] [stdout]     tests::ppu::sprite_overflow::test_02_details
[INFO] [stdout]     tests::ppu::sprite_overflow::test_05_emulator
[INFO] [stdout]     tests::ppu::test_oam_read
[INFO] [stdout]     tests::ppu::vbl_nmi::test_01_vbl_basics
[INFO] [stdout]     tests::ppu::vbl_nmi::test_03_clear_time
[INFO] [stdout] 
[INFO] [stdout] test result: FAILED. 0 passed; 50 failed; 0 ignored; 0 measured; 0 filtered out; finished in 0.01s
[INFO] [stdout] 
[INFO] running `Command { std: "docker" "inspect" "83784dd5ed7b71f403524ca656674fd8820ab713a17d44793ef40d2f44938274", kill_on_drop: false }`
[INFO] running `Command { std: "docker" "rm" "-f" "83784dd5ed7b71f403524ca656674fd8820ab713a17d44793ef40d2f44938274", kill_on_drop: false }`
[INFO] [stdout] 83784dd5ed7b71f403524ca656674fd8820ab713a17d44793ef40d2f44938274
