[INFO] fetching crate nesdie 0.2.0...
[INFO] testing nesdie-0.2.0 against 1.100.0-beta.1+cargoflags=--release for beta-release-1.100-2
[INFO] extracting crate nesdie 0.2.0 into /workspace/builds/worker-6-tc2/source
[INFO] started tweaking crates.io crate nesdie 0.2.0
[INFO] finished tweaking crates.io crate nesdie 0.2.0
[INFO] tweaked toml for crates.io crate nesdie 0.2.0 written to /workspace/builds/worker-6-tc2/source/Cargo.toml
[INFO] validating manifest of crates.io crate nesdie 0.2.0 on toolchain 1.100.0-beta.1
[INFO] running `Command { std: CARGO_HOME="/workspace/cargo-home" RUSTUP_HOME="/workspace/rustup-home" "/workspace/cargo-home/bin/cargo" "+1.100.0-beta.1" "metadata" "--manifest-path" "Cargo.toml" "--no-deps", kill_on_drop: false }`
[INFO] running `Command { std: CARGO_HOME="/workspace/cargo-home" RUSTUP_HOME="/workspace/rustup-home" "/workspace/cargo-home/bin/cargo" "+1.100.0-beta.1" "generate-lockfile" "--manifest-path" "Cargo.toml", kill_on_drop: false }`
[INFO] [stderr]     Updating crates.io index
[INFO] [stderr]      Locking 69 packages to highest compatible versions
[INFO] [stderr]       Adding near-primitives-core v0.4.0 (available: v0.37.4)
[INFO] [stderr]       Adding near-sys v0.1.0 (available: v0.2.14)
[INFO] running `Command { std: CARGO_HOME="/workspace/cargo-home" RUSTUP_HOME="/workspace/rustup-home" "/workspace/cargo-home/bin/cargo" "+1.100.0-beta.1" "fetch" "--manifest-path" "Cargo.toml", kill_on_drop: false }`
[INFO] running `Command { std: "docker" "create" "-v" "/var/lib/crater-agent-workspace/builds/worker-6-tc2/source:/opt/rustwide/workdir:ro,Z" "-v" "/var/lib/crater-agent-workspace/builds/worker-6-tc2/target:/opt/rustwide/target:rw,Z" "-v" "/var/lib/crater-agent-workspace/cargo-home:/opt/rustwide/cargo-home:ro,Z" "-v" "/var/lib/crater-agent-workspace/rustup-home:/opt/rustwide/rustup-home:ro,Z" "-m" "1610612736" "--network" "none" "ghcr.io/rust-lang/crates-build-env/linux@sha256:77db811e55d90add9212f6832c23229e3de5f1c1f9905e8cb07319ea15df73ac" "sleep" "infinity", kill_on_drop: false }`
[INFO] [stdout] b3658e5bc774fa123f68405a2873e3cedcd2596af27d0c2805d54c5816f6fde0
[INFO] running `Command { std: "docker" "start" "b3658e5bc774fa123f68405a2873e3cedcd2596af27d0c2805d54c5816f6fde0", kill_on_drop: false }`
[INFO] running `Command { std: "docker" "inspect" "b3658e5bc774fa123f68405a2873e3cedcd2596af27d0c2805d54c5816f6fde0", kill_on_drop: false }`
[INFO] running `Command { std: "docker" "exec" "-e" "SOURCE_DIR=/opt/rustwide/workdir" "-e" "CARGO_HOME=/opt/rustwide/cargo-home" "-e" "RUSTUP_HOME=/opt/rustwide/rustup-home" "-e" "CARGO_TARGET_DIR=/opt/rustwide/target" "-w" "/opt/rustwide/workdir" "--user" "0:0" "b3658e5bc774fa123f68405a2873e3cedcd2596af27d0c2805d54c5816f6fde0" "/opt/rustwide/cargo-home/bin/cargo" "+1.100.0-beta.1" "metadata" "--no-deps" "--format-version=1", kill_on_drop: false }`
[INFO] running `Command { std: "docker" "inspect" "b3658e5bc774fa123f68405a2873e3cedcd2596af27d0c2805d54c5816f6fde0", kill_on_drop: false }`
[INFO] running `Command { std: "docker" "exec" "-e" "SOURCE_DIR=/opt/rustwide/workdir" "-e" "CARGO_HOME=/opt/rustwide/cargo-home" "-e" "RUSTUP_HOME=/opt/rustwide/rustup-home" "-e" "CARGO_TARGET_DIR=/opt/rustwide/target" "-e" "CARGO_INCREMENTAL=0" "-e" "RUST_BACKTRACE=full" "-e" "RUSTFLAGS=--cap-lints=warn" "-e" "RUSTDOCFLAGS=--cap-lints=warn" "-w" "/opt/rustwide/workdir" "--user" "0:0" "b3658e5bc774fa123f68405a2873e3cedcd2596af27d0c2805d54c5816f6fde0" "/opt/rustwide/cargo-home/bin/cargo" "+1.100.0-beta.1" "build" "--frozen" "--message-format=json" "--release", kill_on_drop: false }`
[INFO] [stderr]    Compiling proc-macro2 v1.0.107
[INFO] [stderr]    Compiling unicode-ident v1.0.27
[INFO] [stderr]    Compiling quote v1.0.47
[INFO] [stderr]    Compiling serde_core v1.0.229
[INFO] [stderr]    Compiling serde v1.0.229
[INFO] [stderr]    Compiling autocfg v1.5.1
[INFO] [stderr]    Compiling zmij v1.0.23
[INFO] [stderr]    Compiling syn v1.0.109
[INFO] [stderr]    Compiling serde_json v1.0.154
[INFO] [stderr]    Compiling version_check v0.9.5
[INFO] [stderr]    Compiling typenum v1.20.1
[INFO] [stderr]    Compiling memchr v2.8.3
[INFO] [stderr]    Compiling equivalent v1.0.3
[INFO] [stderr]    Compiling hashbrown v0.17.1
[INFO] [stderr]    Compiling block-padding v0.2.1
[INFO] [stderr]    Compiling foldhash v0.2.0
[INFO] [stderr]    Compiling itoa v1.0.18
[INFO] [stderr]    Compiling ahash v0.4.8
[INFO] [stderr]    Compiling opaque-debug v0.3.1
[INFO] [stderr]    Compiling regex-syntax v0.8.11
[INFO] [stderr]    Compiling cpufeatures v0.2.17
[INFO] [stderr]    Compiling hashbrown v0.9.1
[INFO] [stderr]    Compiling hex v0.4.3
[INFO] [stderr]    Compiling convert_case v0.4.0
[INFO] [stderr]    Compiling generic-array v0.14.9
[INFO] [stderr]    Compiling libc v0.2.191
[INFO] [stderr]    Compiling lazy_static v1.5.1
[INFO] [stderr]    Compiling cfg-if v1.0.5
[INFO] [stderr]    Compiling num-traits v0.2.19
[INFO] [stderr]    Compiling num-bigint v0.3.3
[INFO] [stderr]    Compiling indexmap v2.14.2
[INFO] [stderr]    Compiling num-rational v0.3.2
[INFO] [stderr]    Compiling wee_alloc v0.4.5
[INFO] [stderr]    Compiling aho-corasick v1.1.5
[INFO] [stderr]    Compiling keccak v0.1.6
[INFO] [stderr]    Compiling base64 v0.13.1
[INFO] [stderr]    Compiling bs58 v0.4.0
[INFO] [stderr]    Compiling memory_units v0.4.0
[INFO] [stderr]    Compiling syn v3.0.9
[INFO] [stderr]    Compiling syn v2.0.119
[INFO] [stderr]    Compiling cfg-if v0.1.10
[INFO] [stderr]    Compiling block-buffer v0.9.0
[INFO] [stderr]    Compiling digest v0.9.0
[INFO] [stderr]    Compiling byteorder v1.5.0
[INFO] [stderr]    Compiling near-sys v0.1.0
[INFO] [stderr]    Compiling sha2 v0.9.9
[INFO] [stderr]    Compiling sha3 v0.9.1
[INFO] [stderr]    Compiling num-integer v0.1.47
[INFO] [stderr]    Compiling regex-automata v0.4.18
[INFO] [stderr]    Compiling serde_derive v1.0.229
[INFO] [stderr]    Compiling derive_more v0.99.20
[INFO] [stderr]    Compiling borsh-schema-derive-internal v0.8.2
[INFO] [stderr]    Compiling borsh-derive-internal v0.8.2
[INFO] [stderr]    Compiling toml v0.5.11
[INFO] [stderr]    Compiling near-rpc-error-core v0.1.0
[INFO] [stderr]    Compiling regex v1.13.1
[INFO] [stderr]    Compiling near-rpc-error-macro v0.1.0
[INFO] [stderr]    Compiling near-runtime-utils v4.0.0-pre.1
[INFO] [stderr]    Compiling proc-macro-crate v0.1.5
[INFO] [stderr]    Compiling borsh-derive v0.8.2
[INFO] [stderr]    Compiling borsh v0.8.2
[INFO] [stderr]    Compiling near-primitives-core v0.4.0
[INFO] [stderr]    Compiling near-vm-errors v4.0.0-pre.1
[INFO] [stderr]    Compiling near-vm-logic v4.0.0-pre.1
[INFO] [stderr]    Compiling nesdie v0.2.0 (/opt/rustwide/workdir)
[INFO] [stdout] warning: unexpected `cfg` condition name: `doc_cfg`
[INFO] [stdout]   --> src/lib.rs:12:13
[INFO] [stdout]    |
[INFO] [stdout] 12 | #![cfg_attr(doc_cfg, feature(doc_cfg))]
[INFO] [stdout]    |             ^^^^^^^
[INFO] [stdout]    |
[INFO] [stdout]    = help: expected names are: `docsrs`, `feature`, and `test` and 34 more
[INFO] [stdout]    = help: consider using a Cargo feature instead
[INFO] [stdout]    = help: or consider adding in `Cargo.toml` the `check-cfg` lint config for the lint:
[INFO] [stdout]             [lints.rust]
[INFO] [stdout]             unexpected_cfgs = { level = "warn", check-cfg = ['cfg(doc_cfg)'] }
[INFO] [stdout]    = help: or consider adding `println!("cargo::rustc-check-cfg=cfg(doc_cfg)");` to the top of the `build.rs`
[INFO] [stdout]    = note: see <https://doc.rust-lang.org/nightly/rustc/check-cfg/cargo-specifics.html> for more information about checking conditional configuration
[INFO] [stdout]    = note: `#[warn(unexpected_cfgs)]` on by default
[INFO] [stdout] 
[INFO] [stdout] 
[INFO] [stdout] warning: use of deprecated constant `std::u64::MAX`: replaced by the `MAX` associated constant on this type
[INFO] [stdout]  --> src/env.rs:8:44
[INFO] [stdout]   |
[INFO] [stdout] 8 | const ATOMIC_OP_REGISTER: u64 = core::u64::MAX - 1;
[INFO] [stdout]   |                                            ^^^
[INFO] [stdout]   |
[INFO] [stdout]   = note: `#[warn(deprecated)]` on by default
[INFO] [stdout] 
[INFO] [stdout] 
[INFO] [stdout] warning: use of deprecated constant `std::u64::MAX`: replaced by the `MAX` associated constant on this type
[INFO] [stdout]   --> src/env.rs:10:42
[INFO] [stdout]    |
[INFO] [stdout] 10 | const EVICTED_REGISTER: u64 = core::u64::MAX - 2;
[INFO] [stdout]    |                                          ^^^
[INFO] [stdout] 
[INFO] [stdout] 
[INFO] [stdout] warning: use of deprecated constant `std::u64::MAX`: replaced by the `MAX` associated constant on this type
[INFO] [stdout]   --> src/env.rs:62:26
[INFO] [stdout]    |
[INFO] [stdout] 62 |     if len == core::u64::MAX {
[INFO] [stdout]    |                          ^^^
[INFO] [stdout] 
[INFO] [stdout] 
[INFO] [stderr] warning: unused dependency `wee_alloc`
[INFO] [stderr]  --> Cargo.toml:4:15
[INFO] [stderr]   |
[INFO] [stderr] 4 | [dependencies.wee_alloc]
[INFO] [stderr]   |               ^^^^^^^^^^
[INFO] [stderr]   |
[INFO] [stderr]   = note: `cargo::unused_dependencies` is set to `warn` by default
[INFO] [stderr] help: consider removing the dependency on `wee_alloc`
[INFO] [stderr] warning: `nesdie` (manifest) generated 1 warning
[INFO] [stderr]     Finished `release` profile [optimized] target(s) in 35.65s
[INFO] running `Command { std: "docker" "inspect" "b3658e5bc774fa123f68405a2873e3cedcd2596af27d0c2805d54c5816f6fde0", kill_on_drop: false }`
[INFO] running `Command { std: "docker" "exec" "-e" "SOURCE_DIR=/opt/rustwide/workdir" "-e" "CARGO_HOME=/opt/rustwide/cargo-home" "-e" "RUSTUP_HOME=/opt/rustwide/rustup-home" "-e" "CARGO_TARGET_DIR=/opt/rustwide/target" "-e" "CARGO_INCREMENTAL=0" "-e" "RUST_BACKTRACE=full" "-e" "RUSTFLAGS=--cap-lints=warn" "-e" "RUSTDOCFLAGS=--cap-lints=warn" "-w" "/opt/rustwide/workdir" "--user" "0:0" "b3658e5bc774fa123f68405a2873e3cedcd2596af27d0c2805d54c5816f6fde0" "/opt/rustwide/cargo-home/bin/cargo" "+1.100.0-beta.1" "test" "--frozen" "--no-run" "--message-format=json" "--release", kill_on_drop: false }`
[INFO] [stderr]    Compiling typenum v1.20.1
[INFO] [stderr]    Compiling memchr v2.8.3
[INFO] [stderr]    Compiling block-padding v0.2.1
[INFO] [stderr]    Compiling ahash v0.4.8
[INFO] [stderr]    Compiling serde_core v1.0.229
[INFO] [stderr]    Compiling opaque-debug v0.3.1
[INFO] [stderr]    Compiling equivalent v1.0.3
[INFO] [stderr]    Compiling hashbrown v0.17.1
[INFO] [stderr]    Compiling num-traits v0.2.19
[INFO] [stderr]    Compiling regex-syntax v0.8.11
[INFO] [stderr]    Compiling zmij v1.0.23
[INFO] [stderr]    Compiling foldhash v0.2.0
[INFO] [stderr]    Compiling lazy_static v1.5.1
[INFO] [stderr]    Compiling cfg-if v1.0.5
[INFO] [stderr]    Compiling itoa v1.0.18
[INFO] [stderr]    Compiling hex v0.4.3
[INFO] [stderr]    Compiling cpufeatures v0.2.17
[INFO] [stderr]    Compiling keccak v0.1.6
[INFO] [stderr]    Compiling bs58 v0.4.0
[INFO] [stderr]    Compiling base64 v0.13.1
[INFO] [stderr]    Compiling libc v0.2.191
[INFO] [stderr]    Compiling cfg-if v0.1.10
[INFO] [stderr]    Compiling byteorder v1.5.0
[INFO] [stderr]    Compiling memory_units v0.4.0
[INFO] [stderr]    Compiling near-sys v0.1.0
[INFO] [stderr]    Compiling hashbrown v0.9.1
[INFO] [stderr]    Compiling aho-corasick v1.1.5
[INFO] [stderr]    Compiling borsh v0.8.2
[INFO] [stderr]    Compiling num-integer v0.1.47
[INFO] [stderr]    Compiling indexmap v2.14.2
[INFO] [stderr]    Compiling generic-array v0.14.9
[INFO] [stderr]    Compiling num-bigint v0.3.3
[INFO] [stderr]    Compiling digest v0.9.0
[INFO] [stderr]    Compiling block-buffer v0.9.0
[INFO] [stderr]    Compiling sha2 v0.9.9
[INFO] [stderr]    Compiling sha3 v0.9.1
[INFO] [stderr]    Compiling wee_alloc v0.4.5
[INFO] [stderr]    Compiling regex-automata v0.4.18
[INFO] [stderr]    Compiling serde v1.0.229
[INFO] [stderr]    Compiling serde_json v1.0.154
[INFO] [stderr]    Compiling num-rational v0.3.2
[INFO] [stderr]    Compiling near-vm-errors v4.0.0-pre.1
[INFO] [stderr]    Compiling near-primitives-core v0.4.0
[INFO] [stderr]    Compiling regex v1.13.1
[INFO] [stderr]    Compiling near-runtime-utils v4.0.0-pre.1
[INFO] [stderr]    Compiling near-vm-logic v4.0.0-pre.1
[INFO] [stderr]    Compiling nesdie v0.2.0 (/opt/rustwide/workdir)
[INFO] [stdout] warning: unexpected `cfg` condition name: `doc_cfg`
[INFO] [stdout]   --> src/lib.rs:12:13
[INFO] [stdout]    |
[INFO] [stdout] 12 | #![cfg_attr(doc_cfg, feature(doc_cfg))]
[INFO] [stdout]    |             ^^^^^^^
[INFO] [stdout]    |
[INFO] [stdout]    = help: expected names are: `docsrs`, `feature`, and `test` and 34 more
[INFO] [stdout]    = help: consider using a Cargo feature instead
[INFO] [stdout]    = help: or consider adding in `Cargo.toml` the `check-cfg` lint config for the lint:
[INFO] [stdout]             [lints.rust]
[INFO] [stdout]             unexpected_cfgs = { level = "warn", check-cfg = ['cfg(doc_cfg)'] }
[INFO] [stdout]    = help: or consider adding `println!("cargo::rustc-check-cfg=cfg(doc_cfg)");` to the top of the `build.rs`
[INFO] [stdout]    = note: see <https://doc.rust-lang.org/nightly/rustc/check-cfg/cargo-specifics.html> for more information about checking conditional configuration
[INFO] [stdout]    = note: `#[warn(unexpected_cfgs)]` on by default
[INFO] [stdout] 
[INFO] [stdout] 
[INFO] [stdout] warning: use of deprecated constant `std::u64::MAX`: replaced by the `MAX` associated constant on this type
[INFO] [stdout]  --> src/env.rs:8:44
[INFO] [stdout]   |
[INFO] [stdout] 8 | const ATOMIC_OP_REGISTER: u64 = core::u64::MAX - 1;
[INFO] [stdout]   |                                            ^^^
[INFO] [stdout]   |
[INFO] [stdout]   = note: `#[warn(deprecated)]` on by default
[INFO] [stdout] 
[INFO] [stdout] 
[INFO] [stdout] warning: use of deprecated constant `std::u64::MAX`: replaced by the `MAX` associated constant on this type
[INFO] [stdout]   --> src/env.rs:10:42
[INFO] [stdout]    |
[INFO] [stdout] 10 | const EVICTED_REGISTER: u64 = core::u64::MAX - 2;
[INFO] [stdout]    |                                          ^^^
[INFO] [stdout] 
[INFO] [stdout] 
[INFO] [stdout] warning: use of deprecated constant `std::u64::MAX`: replaced by the `MAX` associated constant on this type
[INFO] [stdout]   --> src/env.rs:62:26
[INFO] [stdout]    |
[INFO] [stdout] 62 |     if len == core::u64::MAX {
[INFO] [stdout]    |                          ^^^
[INFO] [stdout] 
[INFO] [stdout] 
[INFO] [stdout] warning: unexpected `cfg` condition name: `doc_cfg`
[INFO] [stdout]   --> src/lib.rs:12:13
[INFO] [stdout]    |
[INFO] [stdout] 12 | #![cfg_attr(doc_cfg, feature(doc_cfg))]
[INFO] [stdout]    |             ^^^^^^^
[INFO] [stdout]    |
[INFO] [stdout]    = help: expected names are: `docsrs`, `feature`, and `test` and 34 more
[INFO] [stdout]    = help: consider using a Cargo feature instead
[INFO] [stdout]    = help: or consider adding in `Cargo.toml` the `check-cfg` lint config for the lint:
[INFO] [stdout]             [lints.rust]
[INFO] [stdout]             unexpected_cfgs = { level = "warn", check-cfg = ['cfg(doc_cfg)'] }
[INFO] [stdout]    = help: or consider adding `println!("cargo::rustc-check-cfg=cfg(doc_cfg)");` to the top of the `build.rs`
[INFO] [stdout]    = note: see <https://doc.rust-lang.org/nightly/rustc/check-cfg/cargo-specifics.html> for more information about checking conditional configuration
[INFO] [stdout]    = note: `#[warn(unexpected_cfgs)]` on by default
[INFO] [stdout] 
[INFO] [stdout] 
[INFO] [stdout] warning: use of deprecated constant `std::u64::MAX`: replaced by the `MAX` associated constant on this type
[INFO] [stdout]  --> src/env.rs:8:44
[INFO] [stdout]   |
[INFO] [stdout] 8 | const ATOMIC_OP_REGISTER: u64 = core::u64::MAX - 1;
[INFO] [stdout]   |                                            ^^^
[INFO] [stdout]   |
[INFO] [stdout]   = note: `#[warn(deprecated)]` on by default
[INFO] [stdout] 
[INFO] [stdout] 
[INFO] [stdout] warning: use of deprecated constant `std::u64::MAX`: replaced by the `MAX` associated constant on this type
[INFO] [stdout]   --> src/env.rs:10:42
[INFO] [stdout]    |
[INFO] [stdout] 10 | const EVICTED_REGISTER: u64 = core::u64::MAX - 2;
[INFO] [stdout]    |                                          ^^^
[INFO] [stdout] 
[INFO] [stdout] 
[INFO] [stdout] warning: use of deprecated constant `std::u64::MAX`: replaced by the `MAX` associated constant on this type
[INFO] [stdout]   --> src/env.rs:62:26
[INFO] [stdout]    |
[INFO] [stdout] 62 |     if len == core::u64::MAX {
[INFO] [stdout]    |                          ^^^
[INFO] [stdout] 
[INFO] [stdout] 
[INFO] [stderr] warning: unused dependency `wee_alloc`
[INFO] [stderr]  --> Cargo.toml:4:15
[INFO] [stderr]   |
[INFO] [stderr] 4 | [dependencies.wee_alloc]
[INFO] [stderr]   |               ^^^^^^^^^^
[INFO] [stderr]   |
[INFO] [stderr]   = note: `cargo::unused_dependencies` is set to `warn` by default
[INFO] [stderr] help: consider removing the dependency on `wee_alloc`
[INFO] [stderr] warning: `nesdie` (manifest) generated 1 warning
[INFO] [stderr]     Finished `release` profile [optimized] target(s) in 34.23s
[INFO] running `Command { std: "docker" "inspect" "b3658e5bc774fa123f68405a2873e3cedcd2596af27d0c2805d54c5816f6fde0", kill_on_drop: false }`
[INFO] running `Command { std: "docker" "exec" "-e" "SOURCE_DIR=/opt/rustwide/workdir" "-e" "CARGO_HOME=/opt/rustwide/cargo-home" "-e" "RUSTUP_HOME=/opt/rustwide/rustup-home" "-e" "CARGO_TARGET_DIR=/opt/rustwide/target" "-e" "CARGO_INCREMENTAL=0" "-e" "RUST_BACKTRACE=full" "-e" "RUSTFLAGS=--cap-lints=warn" "-e" "RUSTDOCFLAGS=--cap-lints=warn" "-w" "/opt/rustwide/workdir" "--user" "0:0" "b3658e5bc774fa123f68405a2873e3cedcd2596af27d0c2805d54c5816f6fde0" "/opt/rustwide/cargo-home/bin/cargo" "+1.100.0-beta.1" "test" "--frozen" "--release", kill_on_drop: false }`
[INFO] [stderr] warning: unexpected `cfg` condition name: `doc_cfg`
[INFO] [stderr]   --> src/lib.rs:12:13
[INFO] [stderr]    |
[INFO] [stderr] 12 | #![cfg_attr(doc_cfg, feature(doc_cfg))]
[INFO] [stderr]    |             ^^^^^^^
[INFO] [stderr]    |
[INFO] [stderr]    = help: expected names are: `docsrs`, `feature`, and `test` and 34 more
[INFO] [stderr]    = help: consider using a Cargo feature instead
[INFO] [stderr]    = help: or consider adding in `Cargo.toml` the `check-cfg` lint config for the lint:
[INFO] [stderr]             [lints.rust]
[INFO] [stderr]             unexpected_cfgs = { level = "warn", check-cfg = ['cfg(doc_cfg)'] }
[INFO] [stderr]    = help: or consider adding `println!("cargo::rustc-check-cfg=cfg(doc_cfg)");` to the top of the `build.rs`
[INFO] [stderr]    = note: see <https://doc.rust-lang.org/nightly/rustc/check-cfg/cargo-specifics.html> for more information about checking conditional configuration
[INFO] [stderr]    = note: `#[warn(unexpected_cfgs)]` on by default
[INFO] [stderr] 
[INFO] [stderr] warning: use of deprecated constant `std::u64::MAX`: replaced by the `MAX` associated constant on this type
[INFO] [stderr]  --> src/env.rs:8:44
[INFO] [stderr]   |
[INFO] [stderr] 8 | const ATOMIC_OP_REGISTER: u64 = core::u64::MAX - 1;
[INFO] [stderr]   |                                            ^^^
[INFO] [stderr]   |
[INFO] [stderr]   = note: `#[warn(deprecated)]` on by default
[INFO] [stderr] 
[INFO] [stderr] warning: use of deprecated constant `std::u64::MAX`: replaced by the `MAX` associated constant on this type
[INFO] [stderr]   --> src/env.rs:10:42
[INFO] [stderr]    |
[INFO] [stderr] 10 | const EVICTED_REGISTER: u64 = core::u64::MAX - 2;
[INFO] [stderr]    |                                          ^^^
[INFO] [stderr] 
[INFO] [stderr] warning: use of deprecated constant `std::u64::MAX`: replaced by the `MAX` associated constant on this type
[INFO] [stderr]   --> src/env.rs:62:26
[INFO] [stderr]    |
[INFO] [stderr] 62 |     if len == core::u64::MAX {
[INFO] [stderr]    |                          ^^^
[INFO] [stderr] 
[INFO] [stderr] warning: `nesdie` (lib) generated 4 warnings
[INFO] [stderr] warning: `nesdie` (lib test) generated 4 warnings (4 duplicates)
[INFO] [stderr] warning: unused dependency `wee_alloc`
[INFO] [stderr]  --> Cargo.toml:4:15
[INFO] [stderr]   |
[INFO] [stderr] 4 | [dependencies.wee_alloc]
[INFO] [stderr]   |               ^^^^^^^^^^
[INFO] [stderr]   |
[INFO] [stderr]   = note: `cargo::unused_dependencies` is set to `warn` by default
[INFO] [stderr] help: consider removing the dependency on `wee_alloc`
[INFO] [stderr] warning: `nesdie` (manifest) generated 1 warning
[INFO] [stderr]     Finished `release` profile [optimized] target(s) in 0.13s
[INFO] [stderr]      Running unittests src/lib.rs (/opt/rustwide/target/release/build/nesdie/eb41487c9ea5477d/out/nesdie-eb41487c9ea5477d)
[INFO] [stdout] 
[INFO] [stdout] running 46 tests
[INFO] [stdout] test types::heapless::string::tests::as_mut_str ... ok
[INFO] [stdout] test types::heapless::string::tests::as_bytes ... ok
[INFO] [stdout] test types::heapless::string::tests::as_str ... ok
[INFO] [stdout] test types::heapless::string::tests::cmp ... ok
[INFO] [stdout] test types::heapless::string::tests::empty ... ok
[INFO] [stdout] test types::heapless::string::tests::clone ... ok
[INFO] [stdout] test types::heapless::string::tests::from ... ok
[INFO] [stdout] test types::heapless::string::tests::from_num ... ok
[INFO] [stdout] test types::heapless::string::tests::is_empty ... ok
[INFO] [stdout] test types::heapless::string::tests::pop ... ok
[INFO] [stdout] test types::heapless::string::tests::static_new ... ok
[INFO] [stdout] test types::heapless::string::tests::clear ... ok
[INFO] [stdout] test types::heapless::string::tests::debug ... ok
[INFO] [stdout] test types::heapless::string::tests::from_str ... ok
[INFO] [stdout] test types::heapless::string::tests::truncate ... ok
[INFO] [stdout] test types::heapless::vec::tests::cmp ... ok
[INFO] [stdout] test types::heapless::vec::tests::cmp_heterogenous_size ... ok
[INFO] [stdout] test types::heapless::vec::tests::extend_from_slice ... ok
[INFO] [stdout] test types::heapless::vec::tests::from_slice ... ok
[INFO] [stdout] test types::heapless::vec::tests::full ... ok
[INFO] [stdout] test types::heapless::vec::tests::iter_move ... ok
[INFO] [stdout] test types::heapless::string::tests::cmp_heterogenous_size ... ok
[INFO] [stdout] test types::heapless::vec::tests::is_full_empty ... ok
[INFO] [stdout] test types::heapless::vec::tests::iter_move_drop ... ok
[INFO] [stdout] test types::heapless::vec::tests::iter_mut ... ok
[INFO] [stdout] test types::heapless::string::tests::display ... ok
[INFO] [stdout] test types::heapless::vec::tests::push_and_pop ... ok
[INFO] [stdout] test types::heapless::vec::tests::resize_default ... ok
[INFO] [stdout] test types::heapless::vec::tests::resize_size_limit ... ok
[INFO] [stdout] test types::heapless::vec::tests::resize_length_cases ... ok
[INFO] [stdout] test types::heapless::string::tests::from_panic - should panic ... ok
[INFO] [stdout] test types::heapless::string::tests::push_str ... ok
[INFO] [stdout] test types::heapless::vec::tests::collect_from_iter ... ok
[INFO] [stdout] test types::heapless::vec::tests::stack_new ... ok
[INFO] [stdout] test types::heapless::vec::tests::starts_with ... ok
[INFO] [stdout] test types::heapless::vec::tests::static_new ... ok
[INFO] [stdout] test types::heapless::vec::tests::write ... ok
[INFO] [stdout] test types::heapless::vec::tests::eq ... ok
[INFO] [stdout] test types::heapless::string::tests::push ... ok
[INFO] [stdout] test types::heapless::vec::tests::iter ... ok
[INFO] [stdout] test types::heapless::vec::tests::collect_from_iter_overfull - should panic ... ok
[INFO] [stdout] test types::heapless::vec::tests::ends_with ... ok
[INFO] [stdout] test types::heapless::string::tests::into_bytes ... ok
[INFO] [stdout] test types::heapless::vec::tests::resize_contents ... ok
[INFO] [stdout] test types::heapless::vec::tests::drop ... ok
[INFO] [stdout] test types::heapless::string::tests::pop_uenc ... ok
[INFO] [stdout] 
[INFO] [stdout] test result: ok. 46 passed; 0 failed; 0 ignored; 0 measured; 0 filtered out; finished in 0.01s
[INFO] [stdout] 
[INFO] [stderr]      Running tests/code_size.rs (/opt/rustwide/target/release/build/nesdie/3fc42c5406d61b11/out/code_size-3fc42c5406d61b11)
[INFO] [stdout] 
[INFO] [stdout] running 3 tests
[INFO] [stdout] test proxy_code_size_check ... ignored, proxy can't be compiled on stable (alloc error handler)
[INFO] [stderr] error: manifest path `./examples/smol_ft/Cargo.toml` does not exist
[INFO] [stderr] error: manifest path `./examples/raw-contract/Cargo.toml` does not exist
[INFO] [stdout] test raw_contract_code_size_check ... FAILED
[INFO] [stdout] test fungible_token_code_size_check ... FAILED
[INFO] [stdout] 
[INFO] [stdout] failures:
[INFO] [stdout] 
[INFO] [stdout] ---- raw_contract_code_size_check stdout ----
[INFO] [stdout] 
[INFO] [stdout] thread 'raw_contract_code_size_check' (1855) panicked at tests/code_size.rs:16:9:
[INFO] [stdout] building wasm example returned non-zero code exit status: 101
[INFO] [stdout] stack backtrace:
[INFO] [stdout]    0:     0x57f8437385b7 - <<std[617be2ca0a6fd877]::sys::backtrace::BacktraceLock>::print::DisplayBacktrace as core[a373ad73a504971]::fmt::Display>::fmt
[INFO] [stdout]    1:     0x57f8437209ca - core[a373ad73a504971]::fmt::write
[INFO] [stdout]    2:     0x57f843737b6b - <alloc[2e1b2a31b91974c5]::vec::Vec<u8> as core[a373ad73a504971]::io::write::Write>::write_fmt
[INFO] [stdout]    3:     0x57f84373764f - std[617be2ca0a6fd877]::panicking::default_hook::{closure#0}
[INFO] [stdout]    4:     0x57f84373727a - std[617be2ca0a6fd877]::panicking::default_hook
[INFO] [stdout]    5:     0x57f843736db5 - std[617be2ca0a6fd877]::panicking::panic_with_hook
[INFO] [stderr] error: test failed, to rerun pass `--test code_size`
[INFO] [stdout]    6:     0x57f84375db61 - std[617be2ca0a6fd877]::panicking::panic_handler::{closure#0}
[INFO] [stdout]    7:     0x57f84375db19 - std[617be2ca0a6fd877]::sys::backtrace::__rust_end_short_backtrace::<std[617be2ca0a6fd877]::panicking::panic_handler::{closure#0}, !>
[INFO] [stdout]    8:     0x57f84375e01c - __rustc[ea4f61d10b84890b]::rust_begin_unwind
[INFO] [stdout]    9:     0x57f84372085b - core[a373ad73a504971]::panicking::panic_fmt
[INFO] [stdout]   10:     0x57f84371d9e3 - code_size[21f61fbb8a7a600]::check_example_size
[INFO] [stdout]   11:     0x57f84371f275 - <code_size[21f61fbb8a7a600]::raw_contract_code_size_check::{closure#0} as core[a373ad73a504971]::ops::function::FnOnce<()>>::call_once
[INFO] [stdout]   12:     0x57f8437764fb - test[aada8e7e76ba119b]::__rust_begin_short_backtrace::<core[a373ad73a504971]::result::Result<(), alloc[2e1b2a31b91974c5]::string::String>, fn() -> core[a373ad73a504971]::result::Result<(), alloc[2e1b2a31b91974c5]::string::String>>
[INFO] [stdout]   13:     0x57f843771fb0 - test[aada8e7e76ba119b]::run_test::{closure#0}
[INFO] [stdout]   14:     0x57f8437716dc - std[617be2ca0a6fd877]::sys::backtrace::__rust_begin_short_backtrace::<test[aada8e7e76ba119b]::run_test::{closure#1}, ()>
[INFO] [stdout]   15:     0x57f84379194c - <std[617be2ca0a6fd877]::thread::lifecycle::spawn_unchecked<test[aada8e7e76ba119b]::run_test::{closure#1}, ()>::{closure#1} as core[a373ad73a504971]::ops::function::FnOnce<()>>::call_once::{shim:vtable#0}
[INFO] [stdout]   16:     0x57f84375f7f4 - <std[617be2ca0a6fd877]::sys::thread::unix::Thread>::new::thread_start
[INFO] [stdout]   17:     0x7b14ac400dfa - <unknown>
[INFO] [stdout]   18:     0x7b14ac4943d4 - clone
[INFO] [stdout]   19:                0x0 - <unknown>
[INFO] [stdout] 
[INFO] [stdout] ---- fungible_token_code_size_check stdout ----
[INFO] [stdout] 
[INFO] [stdout] thread 'fungible_token_code_size_check' (1854) panicked at tests/code_size.rs:16:9:
[INFO] [stdout] building wasm example returned non-zero code exit status: 101
[INFO] [stdout] stack backtrace:
[INFO] [stdout]    0:     0x57f8437385b7 - <<std[617be2ca0a6fd877]::sys::backtrace::BacktraceLock>::print::DisplayBacktrace as core[a373ad73a504971]::fmt::Display>::fmt
[INFO] [stdout]    1:     0x57f8437209ca - core[a373ad73a504971]::fmt::write
[INFO] [stdout]    2:     0x57f843737b6b - <alloc[2e1b2a31b91974c5]::vec::Vec<u8> as core[a373ad73a504971]::io::write::Write>::write_fmt
[INFO] [stdout]    3:     0x57f84373764f - std[617be2ca0a6fd877]::panicking::default_hook::{closure#0}
[INFO] [stdout]    4:     0x57f84373727a - std[617be2ca0a6fd877]::panicking::default_hook
[INFO] [stdout]    5:     0x57f843736db5 - std[617be2ca0a6fd877]::panicking::panic_with_hook
[INFO] [stdout]    6:     0x57f84375db61 - std[617be2ca0a6fd877]::panicking::panic_handler::{closure#0}
[INFO] [stdout]    7:     0x57f84375db19 - std[617be2ca0a6fd877]::sys::backtrace::__rust_end_short_backtrace::<std[617be2ca0a6fd877]::panicking::panic_handler::{closure#0}, !>
[INFO] [stdout]    8:     0x57f84375e01c - __rustc[ea4f61d10b84890b]::rust_begin_unwind
[INFO] [stdout]    9:     0x57f84372085b - core[a373ad73a504971]::panicking::panic_fmt
[INFO] [stdout]   10:     0x57f84371d9e3 - code_size[21f61fbb8a7a600]::check_example_size
[INFO] [stdout]   11:     0x57f84371f2c5 - <code_size[21f61fbb8a7a600]::fungible_token_code_size_check::{closure#0} as core[a373ad73a504971]::ops::function::FnOnce<()>>::call_once
[INFO] [stdout]   12:     0x57f8437764fb - test[aada8e7e76ba119b]::__rust_begin_short_backtrace::<core[a373ad73a504971]::result::Result<(), alloc[2e1b2a31b91974c5]::string::String>, fn() -> core[a373ad73a504971]::result::Result<(), alloc[2e1b2a31b91974c5]::string::String>>
[INFO] [stdout]   13:     0x57f843771fb0 - test[aada8e7e76ba119b]::run_test::{closure#0}
[INFO] [stdout]   14:     0x57f8437716dc - std[617be2ca0a6fd877]::sys::backtrace::__rust_begin_short_backtrace::<test[aada8e7e76ba119b]::run_test::{closure#1}, ()>
[INFO] [stdout]   15:     0x57f84379194c - <std[617be2ca0a6fd877]::thread::lifecycle::spawn_unchecked<test[aada8e7e76ba119b]::run_test::{closure#1}, ()>::{closure#1} as core[a373ad73a504971]::ops::function::FnOnce<()>>::call_once::{shim:vtable#0}
[INFO] [stdout]   16:     0x57f84375f7f4 - <std[617be2ca0a6fd877]::sys::thread::unix::Thread>::new::thread_start
[INFO] [stdout]   17:     0x7b14ac400dfa - <unknown>
[INFO] [stdout]   18:     0x7b14ac4943d4 - clone
[INFO] [stdout]   19:                0x0 - <unknown>
[INFO] [stdout] 
[INFO] [stdout] 
[INFO] [stdout] failures:
[INFO] [stdout]     fungible_token_code_size_check
[INFO] [stdout]     raw_contract_code_size_check
[INFO] [stdout] 
[INFO] [stdout] test result: FAILED. 0 passed; 2 failed; 1 ignored; 0 measured; 0 filtered out; finished in 0.06s
[INFO] [stdout] 
[INFO] running `Command { std: "docker" "inspect" "b3658e5bc774fa123f68405a2873e3cedcd2596af27d0c2805d54c5816f6fde0", kill_on_drop: false }`
[INFO] running `Command { std: "docker" "rm" "-f" "b3658e5bc774fa123f68405a2873e3cedcd2596af27d0c2805d54c5816f6fde0", kill_on_drop: false }`
[INFO] [stdout] b3658e5bc774fa123f68405a2873e3cedcd2596af27d0c2805d54c5816f6fde0
