[INFO] fetching crate nescore 0.2.0...
[INFO] testing nescore-0.2.0 against 1.99.0-beta.8+cargoflags=--release for beta-release-1.100-2
[INFO] extracting crate nescore 0.2.0 into /workspace/builds/worker-4-tc1/source
[INFO] started tweaking crates.io crate nescore 0.2.0
[INFO] removed 0 missing tests
[INFO] finished tweaking crates.io crate nescore 0.2.0
[INFO] tweaked toml for crates.io crate nescore 0.2.0 written to /workspace/builds/worker-4-tc1/source/Cargo.toml
[INFO] validating manifest of crates.io crate nescore 0.2.0 on toolchain 1.99.0-beta.8
[INFO] running `Command { std: CARGO_HOME="/workspace/cargo-home" RUSTUP_HOME="/workspace/rustup-home" "/workspace/cargo-home/bin/cargo" "+1.99.0-beta.8" "metadata" "--manifest-path" "Cargo.toml" "--no-deps", kill_on_drop: false }`
[INFO] running `Command { std: CARGO_HOME="/workspace/cargo-home" RUSTUP_HOME="/workspace/rustup-home" "/workspace/cargo-home/bin/cargo" "+1.99.0-beta.8" "generate-lockfile" "--manifest-path" "Cargo.toml", kill_on_drop: false }`
[INFO] [stderr]     Updating crates.io index
[INFO] [stderr]      Locking 68 packages to highest compatible versions
[INFO] [stderr]       Adding criterion v0.3.6 (available: v0.8.2)
[INFO] running `Command { std: CARGO_HOME="/workspace/cargo-home" RUSTUP_HOME="/workspace/rustup-home" "/workspace/cargo-home/bin/cargo" "+1.99.0-beta.8" "fetch" "--manifest-path" "Cargo.toml", kill_on_drop: false }`
[INFO] [stderr]  Downloading crates ...
[INFO] [stderr]   Downloaded half v1.8.3
[INFO] [stderr]   Downloaded serde_cbor v0.11.2
[INFO] [stderr]   Downloaded criterion-plot v0.4.5
[INFO] [stderr]   Downloaded criterion v0.3.6
[INFO] running `Command { std: "docker" "create" "-v" "/var/lib/crater-agent-workspace/builds/worker-4-tc1/source:/opt/rustwide/workdir:ro,Z" "-v" "/var/lib/crater-agent-workspace/builds/worker-4-tc1/target:/opt/rustwide/target:rw,Z" "-v" "/var/lib/crater-agent-workspace/cargo-home:/opt/rustwide/cargo-home:ro,Z" "-v" "/var/lib/crater-agent-workspace/rustup-home:/opt/rustwide/rustup-home:ro,Z" "-m" "1610612736" "--network" "none" "ghcr.io/rust-lang/crates-build-env/linux@sha256:77db811e55d90add9212f6832c23229e3de5f1c1f9905e8cb07319ea15df73ac" "sleep" "infinity", kill_on_drop: false }`
[INFO] [stdout] fee200c2b29ec79e7b4273bb9a2fb6854767314dcfd299e707a05cee95166ec2
[INFO] running `Command { std: "docker" "start" "fee200c2b29ec79e7b4273bb9a2fb6854767314dcfd299e707a05cee95166ec2", kill_on_drop: false }`
[INFO] running `Command { std: "docker" "inspect" "fee200c2b29ec79e7b4273bb9a2fb6854767314dcfd299e707a05cee95166ec2", kill_on_drop: false }`
[INFO] running `Command { std: "docker" "exec" "-e" "SOURCE_DIR=/opt/rustwide/workdir" "-e" "CARGO_HOME=/opt/rustwide/cargo-home" "-e" "RUSTUP_HOME=/opt/rustwide/rustup-home" "-e" "CARGO_TARGET_DIR=/opt/rustwide/target" "-w" "/opt/rustwide/workdir" "--user" "0:0" "fee200c2b29ec79e7b4273bb9a2fb6854767314dcfd299e707a05cee95166ec2" "/opt/rustwide/cargo-home/bin/cargo" "+1.99.0-beta.8" "metadata" "--no-deps" "--format-version=1", kill_on_drop: false }`
[INFO] running `Command { std: "docker" "inspect" "fee200c2b29ec79e7b4273bb9a2fb6854767314dcfd299e707a05cee95166ec2", kill_on_drop: false }`
[INFO] running `Command { std: "docker" "exec" "-e" "SOURCE_DIR=/opt/rustwide/workdir" "-e" "CARGO_HOME=/opt/rustwide/cargo-home" "-e" "RUSTUP_HOME=/opt/rustwide/rustup-home" "-e" "CARGO_TARGET_DIR=/opt/rustwide/target" "-e" "CARGO_INCREMENTAL=0" "-e" "RUST_BACKTRACE=full" "-e" "RUSTFLAGS=--cap-lints=warn" "-e" "RUSTDOCFLAGS=--cap-lints=warn" "-w" "/opt/rustwide/workdir" "--user" "0:0" "fee200c2b29ec79e7b4273bb9a2fb6854767314dcfd299e707a05cee95166ec2" "/opt/rustwide/cargo-home/bin/cargo" "+1.99.0-beta.8" "build" "--frozen" "--message-format=json" "--release", kill_on_drop: false }`
[INFO] [stderr]    Compiling nescore v0.2.0 (/opt/rustwide/workdir)
[INFO] [stdout] warning: named argument `instr` is not used by name
[INFO] [stdout]    --> src/asm/mod.rs:187:75
[INFO] [stdout]     |
[INFO] [stdout] 187 |                 _ => unreachable!("Matching ZeroPage to categories {:?}", instr=instr),
[INFO] [stdout]     |                                                                           ^^^^^ this named argument is referred to by position in formatting string
[INFO] [stdout]     |
[INFO] [stdout]     = note: `#[warn(named_arguments_used_positionally)]` on by default
[INFO] [stdout] 
[INFO] [stdout] 
[INFO] [stdout] warning: associated function `new` is never used
[INFO] [stdout]   --> src/common.rs:42:8
[INFO] [stdout]    |
[INFO] [stdout] 41 | pub trait Register<T> {
[INFO] [stdout]    |           -------- associated function in this trait
[INFO] [stdout] 42 |     fn new(value: T) -> Self
[INFO] [stdout]    |        ^^^
[INFO] [stdout]    |
[INFO] [stdout]    = note: `#[warn(dead_code)]` (part of `#[warn(unused)]`) on by default
[INFO] [stdout] 
[INFO] [stdout] 
[INFO] [stderr]     Finished `release` profile [optimized] target(s) in 1.33s
[INFO] running `Command { std: "docker" "inspect" "fee200c2b29ec79e7b4273bb9a2fb6854767314dcfd299e707a05cee95166ec2", kill_on_drop: false }`
[INFO] running `Command { std: "docker" "exec" "-e" "SOURCE_DIR=/opt/rustwide/workdir" "-e" "CARGO_HOME=/opt/rustwide/cargo-home" "-e" "RUSTUP_HOME=/opt/rustwide/rustup-home" "-e" "CARGO_TARGET_DIR=/opt/rustwide/target" "-e" "CARGO_INCREMENTAL=0" "-e" "RUST_BACKTRACE=full" "-e" "RUSTFLAGS=--cap-lints=warn" "-e" "RUSTDOCFLAGS=--cap-lints=warn" "-w" "/opt/rustwide/workdir" "--user" "0:0" "fee200c2b29ec79e7b4273bb9a2fb6854767314dcfd299e707a05cee95166ec2" "/opt/rustwide/cargo-home/bin/cargo" "+1.99.0-beta.8" "test" "--frozen" "--no-run" "--message-format=json" "--release", kill_on_drop: false }`
[INFO] [stderr]    Compiling serde_core v1.0.229
[INFO] [stderr]    Compiling crossbeam-utils v0.8.23
[INFO] [stderr]    Compiling crossbeam-epoch v0.9.21
[INFO] [stderr]    Compiling crossbeam-deque v0.8.8
[INFO] [stderr]    Compiling serde v1.0.229
[INFO] [stderr]    Compiling either v1.19.0
[INFO] [stderr]    Compiling serde_json v1.0.154
[INFO] [stderr]    Compiling libc v0.2.191
[INFO] [stderr]    Compiling rayon-core v1.13.0
[INFO] [stderr]    Compiling num-traits v0.2.19
[INFO] [stderr]    Compiling plotters-backend v0.3.7
[INFO] [stderr]    Compiling unicode-width v0.1.14
[INFO] [stderr]    Compiling regex-syntax v0.8.11
[INFO] [stderr]    Compiling csv-core v0.1.13
[INFO] [stderr]    Compiling half v1.8.3
[INFO] [stderr]    Compiling syn v3.0.9
[INFO] [stderr]    Compiling itertools v0.10.5
[INFO] [stderr]    Compiling cast v0.3.0
[INFO] [stderr]    Compiling lazy_static v1.5.1
[INFO] [stderr]    Compiling oorandom v11.1.5
[INFO] [stdout] warning: named argument `instr` is not used by name
[INFO] [stdout]    --> src/asm/mod.rs:187:75
[INFO] [stdout]     |
[INFO] [stdout] 187 |                 _ => unreachable!("Matching ZeroPage to categories {:?}", instr=instr),
[INFO] [stdout]     |                                                                           ^^^^^ this named argument is referred to by position in formatting string
[INFO] [stdout]     |
[INFO] [stdout]     = note: `#[warn(named_arguments_used_positionally)]` on by default
[INFO] [stdout] 
[INFO] [stdout] 
[INFO] [stdout] warning: associated function `new` is never used
[INFO] [stdout]   --> src/common.rs:42:8
[INFO] [stdout]    |
[INFO] [stdout] 41 | pub trait Register<T> {
[INFO] [stdout]    |           -------- associated function in this trait
[INFO] [stdout] 42 |     fn new(value: T) -> Self
[INFO] [stdout]    |        ^^^
[INFO] [stdout]    |
[INFO] [stdout]    = note: `#[warn(dead_code)]` (part of `#[warn(unused)]`) on by default
[INFO] [stdout] 
[INFO] [stdout] 
[INFO] [stderr]    Compiling textwrap v0.11.0
[INFO] [stderr]    Compiling plotters-svg v0.3.7
[INFO] [stderr]    Compiling clap v2.34.0
[INFO] [stderr]    Compiling rayon v1.12.0
[INFO] [stderr]    Compiling plotters v0.3.7
[INFO] [stderr]    Compiling regex-automata v0.4.18
[INFO] [stderr]    Compiling atty v0.2.14
[INFO] [stderr]    Compiling criterion-plot v0.4.5
[INFO] [stderr]    Compiling csv v1.4.0
[INFO] [stderr]    Compiling serde_cbor v0.11.2
[INFO] [stderr]    Compiling tinytemplate v1.2.1
[INFO] [stderr]    Compiling regex v1.13.1
[INFO] [stderr]    Compiling serde_derive v1.0.229
[INFO] [stderr]    Compiling criterion v0.3.6
[INFO] [stderr]    Compiling nescore v0.2.0 (/opt/rustwide/workdir)
[INFO] [stdout] warning: named argument `instr` is not used by name
[INFO] [stdout]    --> src/asm/mod.rs:187:75
[INFO] [stdout]     |
[INFO] [stdout] 187 |                 _ => unreachable!("Matching ZeroPage to categories {:?}", instr=instr),
[INFO] [stdout]     |                                                                           ^^^^^ this named argument is referred to by position in formatting string
[INFO] [stdout]     |
[INFO] [stdout]     = note: `#[warn(named_arguments_used_positionally)]` on by default
[INFO] [stdout] 
[INFO] [stdout] 
[INFO] [stderr]     Finished `release` profile [optimized] target(s) in 50.78s
[INFO] running `Command { std: "docker" "inspect" "fee200c2b29ec79e7b4273bb9a2fb6854767314dcfd299e707a05cee95166ec2", kill_on_drop: false }`
[INFO] running `Command { std: "docker" "exec" "-e" "SOURCE_DIR=/opt/rustwide/workdir" "-e" "CARGO_HOME=/opt/rustwide/cargo-home" "-e" "RUSTUP_HOME=/opt/rustwide/rustup-home" "-e" "CARGO_TARGET_DIR=/opt/rustwide/target" "-e" "CARGO_INCREMENTAL=0" "-e" "RUST_BACKTRACE=full" "-e" "RUSTFLAGS=--cap-lints=warn" "-e" "RUSTDOCFLAGS=--cap-lints=warn" "-w" "/opt/rustwide/workdir" "--user" "0:0" "fee200c2b29ec79e7b4273bb9a2fb6854767314dcfd299e707a05cee95166ec2" "/opt/rustwide/cargo-home/bin/cargo" "+1.99.0-beta.8" "test" "--frozen" "--release", kill_on_drop: false }`
[INFO] [stderr] warning: named argument `instr` is not used by name
[INFO] [stderr]    --> src/asm/mod.rs:187:75
[INFO] [stderr]     |
[INFO] [stderr] 187 |                 _ => unreachable!("Matching ZeroPage to categories {:?}", instr=instr),
[INFO] [stderr]     |                                                                           ^^^^^ this named argument is referred to by position in formatting string
[INFO] [stderr]     |
[INFO] [stderr]     = note: `#[warn(named_arguments_used_positionally)]` on by default
[INFO] [stderr] 
[INFO] [stderr] warning: associated function `new` is never used
[INFO] [stderr]   --> src/common.rs:42:8
[INFO] [stderr]    |
[INFO] [stderr] 41 | pub trait Register<T> {
[INFO] [stderr]    |           -------- associated function in this trait
[INFO] [stderr] 42 |     fn new(value: T) -> Self
[INFO] [stderr]    |        ^^^
[INFO] [stderr]    |
[INFO] [stderr]    = note: `#[warn(dead_code)]` (part of `#[warn(unused)]`) on by default
[INFO] [stderr] 
[INFO] [stderr] warning: `nescore` (lib) generated 2 warnings
[INFO] [stderr] warning: `nescore` (lib test) generated 1 warning (1 duplicate)
[INFO] [stderr]     Finished `release` profile [optimized] target(s) in 0.10s
[INFO] [stderr]      Running unittests src/lib.rs (/opt/rustwide/target/release/deps/nescore-ce06250eb0ba3b1d)
[INFO] [stdout] 
[INFO] [stdout] running 209 tests
[INFO] [stdout] test apu::chnl::envelope::tests::constant ... ok
[INFO] [stdout] test apu::chnl::envelope::tests::decay_reload ... ok
[INFO] [stdout] test apu::chnl::lenctr::tests::simple ... ok
[INFO] [stdout] test apu::chnl::pulse::tests::waveform_seq_duty ... ok
[INFO] [stdout] test apu::chnl::pulse::tests::waveform_reset_phase ... ok
[INFO] [stdout] test apu::chnl::timer::tests::timer_set ... ok
[INFO] [stdout] test apu::chnl::triangle::tests::basic_triangle ... ok
[INFO] [stdout] test bit::tests::bit_reverse ... ok
[INFO] [stdout] test bit::tests::test_bit_as_value ... ok
[INFO] [stdout] test bit::tests::test_bit_set ... ok
[INFO] [stdout] test apu::chnl::envelope::tests::decay_no_reload ... ok
[INFO] [stdout] test apu::chnl::lenctr::tests::no_load_when_disabled ... ok
[INFO] [stdout] test apu::seq::tests::clocks_for_step5_mode ... ok
[INFO] [stdout] test bit::tests::test_high_byte ... ok
[INFO] [stdout] test apu::chnl::div::tests::down_counter ... ok
[INFO] [stdout] test apu::seq::tests::clocks_for_step4_mode ... ok
[INFO] [stdout] test bit::tests::test_bit_value ... ok
[INFO] [stdout] test bit::tests::test_low_byte ... ok
[INFO] [stdout] test bit::tests::test_mask_is_set ... ok
[INFO] [stdout] test bit::tests::test_bit_is_set ... ok
[INFO] [stdout] test apu::chnl::lenctr::tests::halt ... ok
[INFO] [stdout] test apu::chnl::pulse::tests::sweep_negate_ones ... ok
[INFO] [stdout] test bit::tests::test_bit_clear ... ok
[INFO] [stdout] test apu::chnl::pulse::tests::sweep_negate_twos ... ok
[INFO] [stdout] test apu::chnl::pulse::tests::sweep_no_negate ... ok
[INFO] [stdout] test bit::tests::test_mask_is_clear ... ok
[INFO] [stdout] test cart::tests::get_format_ines ... ok
[INFO] [stdout] test bit::tests::test_mask_clear ... ok
[INFO] [stdout] test bit::tests::test_mask_set ... ok
[INFO] [stdout] test cart::tests::mirroring_horizontal ... ok
[INFO] [stdout] test cart::tests::get_format_nes2 ... ok
[INFO] [stdout] test cart::tests::mirroring_vertical ... ok
[INFO] [stdout] test cart::tests::mapper_number ... ok
[INFO] [stdout] test cart::tests::invalid_sig - should panic ... ok
[INFO] [stdout] test cart::tests::invalid_format - should panic ... ok
[INFO] [stdout] test apu::apu::tests::pulse_lenctr ... ok
[INFO] [stdout] test bit::tests::bit_group ... ok
[INFO] [stdout] test cpu::cpu::tests::adc_immediate_with_carry_set ... ok
[INFO] [stdout] test cpu::bus::tests::ppu_mirrored_registers ... ok
[INFO] [stdout] test cart::tests::load_cart_from_vec ... ok
[INFO] [stdout] test cpu::bus::tests::mirror_ram ... ok
[INFO] [stdout] test cpu::bus::tests::mirroring_function ... ok
[INFO] [stdout] test cpu::cpu::tests::adc_immediate_no_carry ... ok
[INFO] [stdout] test cpu::cpu::tests::adc_immediate_carry ... ok
[INFO] [stdout] test cart::tests::load_invalid_sig ... ok
[INFO] [stdout] test cpu::cpu::tests::adc_overflow_2 ... ok
[INFO] [stdout] test cpu::cpu::tests::adc_overflow_3 ... ok
[INFO] [stdout] test cpu::cpu::tests::b_flag ... ok
[INFO] [stdout] test cpu::cpu::tests::asl_accumulator_carry_and_negative_set ... ok
[INFO] [stdout] test cpu::cpu::tests::asl_accumulator_is_zero ... ok
[INFO] [stdout] test cpu::cpu::tests::and_immediate ... ok
[INFO] [stdout] test cpu::cpu::tests::adc_overflow_1 ... ok
[INFO] [stdout] test cpu::cpu::tests::and_immediate_zero_set ... ok
[INFO] [stdout] test cpu::cpu::tests::bit_check_mask_not_set ... ok
[INFO] [stdout] test cart::tests::not_enough_data - should panic ... ok
[INFO] [stdout] test cpu::cpu::tests::bcc_carry_not_set ... ok
[INFO] [stdout] test cpu::cpu::tests::asl_accumulator ... ok
[INFO] [stdout] test cpu::cpu::tests::beq_zero_not_set ... ok
[INFO] [stdout] test cart::tests::number_of_prg_and_chr_rom_banks ... ok
[INFO] [stdout] test cpu::cpu::tests::bne_zero_not_set ... ok
[INFO] [stdout] test cpu::cpu::tests::bne_zero_not_set_negative_offset ... ok
[INFO] [stdout] test cpu::cpu::tests::bne_zero_set ... ok
[INFO] [stdout] test cpu::cpu::tests::bpl_negative_set ... ok
[INFO] [stdout] test cpu::cpu::tests::brk ... ok
[INFO] [stdout] test cpu::cpu::tests::bvc_overflow_set ... ok
[INFO] [stdout] test cpu::cpu::tests::bvs_overflow_not_set ... ok
[INFO] [stdout] test cpu::cpu::tests::bvs_overflow_set ... ok
[INFO] [stdout] test apu::seq::tests::set_mode ... ok
[INFO] [stdout] test cpu::cpu::tests::beq_zero_set ... ok
[INFO] [stdout] test cpu::cpu::tests::bcc_carry_set ... ok
[INFO] [stdout] test cpu::cpu::tests::clear_flags_instructions ... ok
[INFO] [stdout] test cpu::cpu::tests::bcs_carry_not_set ... ok
[INFO] [stdout] test cpu::cpu::tests::bit_check_mask ... ok
[INFO] [stdout] test cpu::cpu::tests::bpl_negative_not_set ... ok
[INFO] [stdout] test cpu::cpu::tests::adc_overflow_4 ... ok
[INFO] [stdout] test cpu::cpu::tests::iny ... ok
[INFO] [stdout] test cpu::cpu::tests::dex ... ok
[INFO] [stdout] test cpu::cpu::tests::inx ... ok
[INFO] [stdout] test cpu::cpu::tests::bcs_carry_set ... ok
[INFO] [stdout] test cpu::cpu::tests::cmp_negative_set ... ok
[INFO] [stdout] test cpu::cpu::tests::irq_interrupt_masked ... ok
[INFO] [stdout] test cpu::cpu::tests::bmi_negative_not_set ... ok
[INFO] [stdout] test cpu::cpu::tests::irq_interrupt_not_masked ... ok
[INFO] [stdout] test cpu::cpu::tests::cmp_zero_set ... ok
[INFO] [stdout] test cpu::cpu::tests::dey ... ok
[INFO] [stdout] test cpu::cpu::tests::inc_mem ... ok
[INFO] [stdout] test cpu::cpu::tests::bvc_overflow_not_set ... ok
[INFO] [stdout] test cpu::cpu::tests::eor ... ok
[INFO] [stdout] test cpu::cpu::tests::bit_check_mask_absolute ... ok
[INFO] [stdout] test cpu::cpu::tests::bmi_negative_set ... ok
[INFO] [stdout] test cpu::cpu::tests::dcp ... ok
[INFO] [stdout] test cpu::cpu::tests::dec_mem ... ok
[INFO] [stdout] test cpu::cpu::tests::lda_immediate ... ok
[INFO] [stdout] test cpu::cpu::tests::jsr ... ok
[INFO] [stdout] test cpu::cpu::tests::jmp_absolute ... ok
[INFO] [stdout] test cpu::cpu::tests::jmp_indirect ... ok
[INFO] [stdout] test cpu::cpu::tests::jmp_indirect_page_cross ... ok
[INFO] [stdout] test cpu::cpu::tests::is_holding ... ok
[INFO] [stdout] test cpu::cpu::tests::isb ... ok
[INFO] [stdout] test cpu::cpu::tests::lda_absolute_y ... ok
[INFO] [stdout] test cpu::cpu::tests::lda_indexed_indirect ... ok
[INFO] [stdout] test cpu::cpu::tests::lda_zeropage ... ok
[INFO] [stdout] test cpu::cpu::tests::ldx_absolute ... ok
[INFO] [stdout] test cpu::cpu::tests::lsr_zero_set ... ok
[INFO] [stdout] test cpu::cpu::tests::lax ... ok
[INFO] [stdout] test cpu::cpu::tests::ldy_immediate ... ok
[INFO] [stdout] test cpu::cpu::tests::lda_absolute ... ok
[INFO] [stdout] test cpu::cpu::tests::lda_flags_negative ... ok
[INFO] [stdout] test cpu::cpu::tests::lda_flags_zero ... ok
[INFO] [stdout] test cpu::cpu::tests::lda_absolute_x ... ok
[INFO] [stdout] test cpu::cpu::tests::lda_zeropage_x ... ok
[INFO] [stdout] test cpu::cpu::tests::lda_indirect_indexed ... ok
[INFO] [stdout] test cpu::cpu::tests::php ... ok
[INFO] [stdout] test cpu::cpu::tests::ldx_immediate ... ok
[INFO] [stdout] test cpu::cpu::tests::ora ... ok
[INFO] [stdout] test cpu::cpu::tests::sax ... ok
[INFO] [stdout] test cpu::cpu::tests::nop ... ok
[INFO] [stdout] test cpu::cpu::tests::rol_carry ... ok
[INFO] [stdout] test cpu::cpu::tests::ror_carry ... ok
[INFO] [stdout] test cpu::cpu::tests::rti ... ok
[INFO] [stdout] test cpu::cpu::tests::plp ... ok
[INFO] [stdout] test cpu::cpu::tests::sty ... ok
[INFO] [stdout] test cpu::cpu::tests::tax ... ok
[INFO] [stdout] test cpu::cpu::tests::tay ... ok
[INFO] [stdout] test cpu::cpu::tests::pc_after_reset ... ok
[INFO] [stdout] test cpu::cpu::tests::txa ... ok
[INFO] [stdout] test cpu::cpu::tests::pha ... ok
[INFO] [stdout] test cpu::cpu::tests::tya ... ok
[INFO] [stdout] test cpu::cpu::tests::txs ... ok
[INFO] [stdout] test cpu::cpu::tests::sta_zeropage ... ok
[INFO] [stdout] test cpu::cpu::tests::rts ... ok
[INFO] [stdout] test cpu::cpu::tests::sbc ... ok
[INFO] [stdout] test cpu::cpu::tests::sbc_overflow_2 ... ok
[INFO] [stdout] test cpu::cpu::tests::tsx ... ok
[INFO] [stdout] test cpu::cpu::tests::sbc2 ... ok
[INFO] [stdout] test cpu::cpu::tests::pla ... ok
[INFO] [stdout] test cpu::cpu::tests::sbc_overflow_1 ... ok
[INFO] [stdout] test cpu::cpu::tests::set_flags_instructions ... ok
[INFO] [stdout] test cpu::cpu::tests::stx ... ok
[INFO] [stdout] test mapper::base::tests::mirror_palette ... ok
[INFO] [stdout] test mapper::base::tests::nametable_mirroring ... ok
[INFO] [stdout] test mapper::base::tests::vertical_mirroring ... ok
[INFO] [stdout] test joy::tests::basic_input_2 ... ok
[INFO] [stdout] test mapper::mem::tests::read_bank ... ok
[INFO] [stdout] test mapper::mem::tests::read_bank_out_of_range - should panic ... ok
[INFO] [stdout] test cpu::cpu::tests::zero_flag_cleared ... ok
[INFO] [stdout] test joy::tests::controller2_basic_input_1 ... ok
[INFO] [stdout] test mapper::mmc1::tests::read_chr_4k_switch ... ok
[INFO] [stdout] test joy::tests::basic_input_1 ... ok
[INFO] [stdout] test mapper::base::tests::horizontal_mirroring ... ok
[INFO] [stdout] test mapper::mem::tests::read_bank_2 ... ok
[INFO] [stdout] test mapper::base::tests::special_palette_mirroring ... ok
[INFO] [stdout] test mapper::base::tests::one_screen_mirroring ... ok
[INFO] [stdout] test mapper::base::tests::battery_ram ... ok
[INFO] [stdout] test mapper::nrom::tests::read_first_bank ... ok
[INFO] [stdout] test ppu::hw::tests::pallette_register_load_and_shift ... ok
[INFO] [stdout] test ppu::ppu::tests::oam_write ... ok
[INFO] [stdout] test mapper::mmc1::tests::read_prg_32k ... ok
[INFO] [stdout] test ppu::ppu::tests::mux ... ok
[INFO] [stdout] test ppu::hw::tests::sprite_register_load_and_shift ... ok
[INFO] [stdout] test mapper::nrom::tests::read_last_bank ... ok
[INFO] [stdout] test ppu::hw::tests::tile_register_load_and_shift ... ok
[INFO] [stdout] test mapper::nrom::tests::read_mirrored ... ok
[INFO] [stdout] test ppu::hw::tests::sprite_register_load_zero ... ok
[INFO] [stdout] test ppu::ppu::tests::determine_attribute_address ... ok
[INFO] [stdout] test ppu::ppu::tests::determine_nametable_address ... ok
[INFO] [stdout] test ppu::ppu::tests::render_one_sprite_pixel_hide_left_x_gr_zero ... ok
[INFO] [stdout] test ppu::ppu::tests::render_one_sprite_pixel_x1 ... ok
[INFO] [stdout] test mapper::nrom::tests::read_chr ... ok
[INFO] [stdout] test ppu::ppu::tests::render_eight_pixels_tile1 ... ok
[INFO] [stdout] test ppu::ppu::tests::render_one_pixel ... ok
[INFO] [stdout] test ppu::ppu::tests::vram_write_inc32 ... ok
[INFO] [stdout] test mapper::unrom::tests::irq ... ok
[INFO] [stdout] test ppu::ppu::tests::render_one_sprite_pixel ... ok
[INFO] [stdout] test ppu::ppu::tests::vram_write ... ok
[INFO] [stdout] test ppu::ppu::tests::render_one_sprite_pixel_dma ... ok
[INFO] [stdout] test ppu::ppu::tests::vram_read ... ok
[INFO] [stdout] test ppu::regs::tests::ppuaddr_increment_h ... ok
[INFO] [stdout] test ppu::ppu::tests::scanline_state_invalid - should panic ... ok
[INFO] [stdout] test ppu::ppu::tests::scanline_transition ... ok
[INFO] [stdout] test ppu::ppu::tests::visible_pixel_output ... ok
[INFO] [stdout] test ppu::regs::tests::ppuaddr ... ok
[INFO] [stdout] test ppu::regs::tests::ppuaddr_fine_y ... ok
[INFO] [stdout] test ppu::ppu::tests::vblank ... ok
[INFO] [stdout] test ppu::regs::tests::ppumask_show_background_left ... ok
[INFO] [stdout] test ppu::regs::tests::ppuaddr_set_y ... ok
[INFO] [stdout] test ppu::regs::tests::ppuaddr_reload_x ... ok
[INFO] [stdout] test ppu::regs::tests::ppuctrl ... ok
[INFO] [stdout] test ppu::regs::tests::ppuaddr_set_nametable ... ok
[INFO] [stdout] test ppu::regs::tests::ppumask ... ok
[INFO] [stdout] test ppu::regs::tests::ppustatus ... ok
[INFO] [stdout] test ppu::regs::tests::ppustatus_lsb ... ok
[INFO] [stdout] test ppu::ppu::tests::scanline_state ... ok
[INFO] [stdout] test ppu::regs::tests::ppuaddr_set_high ... ok
[INFO] [stdout] test ppu::regs::tests::ppuaddr_set_coarse_x ... ok
[INFO] [stdout] test utils::sampler::tests::downsample ... ok
[INFO] [stdout] test ppu::sprite::tests::sprite_attributes ... ok
[INFO] [stdout] test ppu::sprite::tests::sprite_y_255 ... ok
[INFO] [stdout] test ppu::regs::tests::sprite_height ... ok
[INFO] [stdout] test ppu::regs::tests::sprite_zero_hit ... ok
[INFO] [stdout] test ppu::regs::tests::ppuaddr_reload_y ... ok
[INFO] [stdout] test ppu::ppu::tests::render_one_sprite_pixel_y_238 ... ok
[INFO] [stdout] test ppu::ppu::tests::render_one_sprite_pixel_y_238_sprite_hit ... ok
[INFO] [stdout] test ppu::sprite::tests::load_from_slice ... ok
[INFO] [stdout] test ppu::regs::tests::ppuaddr_increment_v ... ok
[INFO] [stdout] test ppu::sprite::tests::sprite_8x16_mode ... ok
[INFO] [stdout] test ppu::regs::tests::ppuaddr_set_low ... ok
[INFO] [stdout] test cart::tests::loader_no_rom ... ok
[INFO] [stderr]      Running tests/apu.rs (/opt/rustwide/target/release/deps/apu-887eadcc81a72cf7)
[INFO] [stdout] test mapper::unrom::tests::bank_select ... ok
[INFO] [stdout] 
[INFO] [stdout] test result: ok. 209 passed; 0 failed; 0 ignored; 0 measured; 0 filtered out; finished in 0.21s
[INFO] [stdout] 
[INFO] [stdout] 
[INFO] [stdout] running 6 tests
[INFO] [stdout] test apu_irq_timing ... ignored
[INFO] [stdout] test apu_len_ctr_blargg ... ignored, Times out
[INFO] [stdout] test apu_len_timing ... ignored
[INFO] [stdout] test apu_irq ... FAILED
[INFO] [stdout] test apu_len_table ... FAILED
[INFO] [stdout] test apu_len_ctr ... FAILED
[INFO] [stdout] 
[INFO] [stdout] failures:
[INFO] [stdout] 
[INFO] [stdout] ---- apu_irq stdout ----
[INFO] [stdout] 
[INFO] [stdout] thread 'apu_irq' (1345) panicked at tests/common/mod.rs:4:93:
[INFO] [stdout] called `Result::unwrap()` on an `Err` value: ReadFail(Os { code: 2, kind: NotFound, message: "No such file or directory" })
[INFO] [stdout] stack backtrace:
[INFO] [stdout]    0:     0x62a2ee54e911 - <<std[70759c8f55707aa4]::sys::backtrace::BacktraceLock>::print::DisplayBacktrace as core[df12db4294e9bfd3]::fmt::Display>::fmt
[INFO] [stdout]    1:     0x62a2ee562b9a - core[df12db4294e9bfd3]::fmt::write
[INFO] [stdout]    2:     0x62a2ee552e5c - <alloc[2182bb758b4b3781]::vec::Vec<u8> as core[df12db4294e9bfd3]::io::write::Write>::write_fmt
[INFO] [stdout]    3:     0x62a2ee52af06 - std[70759c8f55707aa4]::panicking::default_hook::{closure#0}
[INFO] [stdout]    4:     0x62a2ee547079 - std[70759c8f55707aa4]::panicking::default_hook
[INFO] [stdout]    5:     0x62a2ee4d9ce0 - test[9d35eded1c95d3be]::test_main_inner::<test[9d35eded1c95d3be]::test_main_static::{closure#0}>::{closure#0}
[INFO] [stdout]    6:     0x62a2ee547232 - std[70759c8f55707aa4]::panicking::panic_with_hook
[INFO] [stdout]    7:     0x62a2ee52afb2 - std[70759c8f55707aa4]::panicking::panic_handler::{closure#0}
[INFO] [stdout]    8:     0x62a2ee523d09 - std[70759c8f55707aa4]::sys::backtrace::__rust_end_short_backtrace::<std[70759c8f55707aa4]::panicking::panic_handler::{closure#0}, !>
[INFO] [stdout]    9:     0x62a2ee52bbad - __rustc[8fa7c3cbc660c2b3]::rust_begin_unwind
[INFO] [stdout]   10:     0x62a2ee5632fc - core[df12db4294e9bfd3]::panicking::panic_fmt
[INFO] [stdout]   11:     0x62a2ee5630d2 - core[df12db4294e9bfd3]::result::unwrap_failed
[INFO] [stdout]   12:     0x62a2ee4cbfcc - apu[7a93b718ce15a8a0]::common::init_nes
[INFO] [stdout]   13:     0x62a2ee4ccf21 - <apu[7a93b718ce15a8a0]::apu_irq::{closure#0} as core[df12db4294e9bfd3]::ops::function::FnOnce<()>>::call_once
[INFO] [stdout]   14:     0x62a2ee4ccfcb - test[9d35eded1c95d3be]::__rust_begin_short_backtrace::<core[df12db4294e9bfd3]::result::Result<(), alloc[2182bb758b4b3781]::string::String>, fn() -> core[df12db4294e9bfd3]::result::Result<(), alloc[2182bb758b4b3781]::string::String>>
[INFO] [stdout]   15:     0x62a2ee4da635 - test[9d35eded1c95d3be]::run_test::{closure#0}
[INFO] [stdout]   16:     0x62a2ee4d3ef4 - std[70759c8f55707aa4]::sys::backtrace::__rust_begin_short_backtrace::<test[9d35eded1c95d3be]::run_test::{closure#1}, ()>
[INFO] [stdout]   17:     0x62a2ee4dd792 - <std[70759c8f55707aa4]::thread::lifecycle::spawn_unchecked<test[9d35eded1c95d3be]::run_test::{closure#1}, ()>::{closure#1} as core[df12db4294e9bfd3]::ops::function::FnOnce<()>>::call_once::{shim:vtable#0}
[INFO] [stdout]   18:     0x62a2ee54e1e9 - <std[70759c8f55707aa4]::sys::thread::unix::Thread>::new::thread_start
[INFO] [stdout]   19:     0x703e74d37dfa - <unknown>
[INFO] [stdout]   20:     0x703e74dcb3d4 - clone
[INFO] [stdout]   21:                0x0 - <unknown>
[INFO] [stdout] 
[INFO] [stdout] ---- apu_len_table stdout ----
[INFO] [stdout] 
[INFO] [stdout] thread 'apu_len_table' (1347) panicked at tests/common/mod.rs:4:93:
[INFO] [stdout] called `Result::unwrap()` on an `Err` value: ReadFail(Os { code: 2, kind: NotFound, message: "No such file or directory" })
[INFO] [stdout] stack backtrace:
[INFO] [stdout]    0:     0x62a2ee54e911 - <<std[70759c8f55707aa4]::sys::backtrace::BacktraceLock>::print::DisplayBacktrace as core[df12db4294e9bfd3]::fmt::Display>::fmt
[INFO] [stdout]    1:     0x62a2ee562b9a - core[df12db4294e9bfd3]::fmt::write
[INFO] [stdout]    2:     0x62a2ee552e5c - <alloc[2182bb758b4b3781]::vec::Vec<u8> as core[df12db4294e9bfd3]::io::write::Write>::write_fmt
[INFO] [stdout]    3:     0x62a2ee52af06 - std[70759c8f55707aa4]::panicking::default_hook::{closure#0}
[INFO] [stdout]    4:     0x62a2ee547079 - std[70759c8f55707aa4]::panicking::default_hook
[INFO] [stdout]    5:     0x62a2ee4d9ce0 - test[9d35eded1c95d3be]::test_main_inner::<test[9d35eded1c95d3be]::test_main_static::{closure#0}>::{closure#0}
[INFO] [stdout]    6:     0x62a2ee547232 - std[70759c8f55707aa4]::panicking::panic_with_hook
[INFO] [stdout]    7:     0x62a2ee52afb2 - std[70759c8f55707aa4]::panicking::panic_handler::{closure#0}
[INFO] [stdout]    8:     0x62a2ee523d09 - std[70759c8f55707aa4]::sys::backtrace::__rust_end_short_backtrace::<std[70759c8f55707aa4]::panicking::panic_handler::{closure#0}, !>
[INFO] [stdout]    9:     0x62a2ee52bbad - __rustc[8fa7c3cbc660c2b3]::rust_begin_unwind
[INFO] [stdout]   10:     0x62a2ee5632fc - core[df12db4294e9bfd3]::panicking::panic_fmt
[INFO] [stdout]   11:     0x62a2ee5630d2 - core[df12db4294e9bfd3]::result::unwrap_failed
[INFO] [stdout]   12:     0x62a2ee4cbfcc - apu[7a93b718ce15a8a0]::common::init_nes
[INFO] [stdout]   13:     0x62a2ee4ccd61 - <apu[7a93b718ce15a8a0]::apu_len_table::{closure#0} as core[df12db4294e9bfd3]::ops::function::FnOnce<()>>::call_once
[INFO] [stdout]   14:     0x62a2ee4ccfcb - test[9d35eded1c95d3be]::__rust_begin_short_backtrace::<core[df12db4294e9bfd3]::result::Result<(), alloc[2182bb758b4b3781]::string::String>, fn() -> core[df12db4294e9bfd3]::result::Result<(), alloc[2182bb758b4b3781]::string::String>>
[INFO] [stdout]   15:     0x62a2ee4da635 - test[9d35eded1c95d3be]::run_test::{closure#0}
[INFO] [stdout]   16:     0x62a2ee4d3ef4 - std[70759c8f55707aa4]::sys::backtrace::__rust_begin_short_backtrace::<test[9d35eded1c95d3be]::run_test::{closure#1}, ()>
[INFO] [stdout]   17:     0x62a2ee4dd792 - <std[70759c8f55707aa4]::thread::lifecycle::spawn_unchecked<test[9d35eded1c95d3be]::run_test::{closure#1}, ()>::{closure#1} as core[df12db4294e9bfd3]::ops::function::FnOnce<()>>::call_once::{shim:vtable#0}
[INFO] [stdout]   18:     0x62a2ee54e1e9 - <std[70759c8f55707aa4]::sys::thread::unix::Thread>::new::thread_start
[INFO] [stdout]   19:     0x703e74d37dfa - <unknown>
[INFO] [stdout]   20:     0x703e74dcb3d4 - clone
[INFO] [stdout]   21:                0x0 - <unknown>
[INFO] [stdout] 
[INFO] [stdout] ---- apu_len_ctr stdout ----
[INFO] [stdout] 
[INFO] [stdout] thread 'apu_len_ctr' (1346) panicked at tests/common/mod.rs:4:93:
[INFO] [stdout] called `Result::unwrap()` on an `Err` value: ReadFail(Os { code: 2, kind: NotFound, message: "No such file or directory" })
[INFO] [stdout] stack backtrace:
[INFO] [stdout]    0:     0x62a2ee54e911 - <<std[70759c8f55707aa4]::sys::backtrace::BacktraceLock>::print::DisplayBacktrace as core[df12db4294e9bfd3]::fmt::Display>::fmt
[INFO] [stdout]    1:     0x62a2ee562b9a - core[df12db4294e9bfd3]::fmt::write
[INFO] [stdout]    2:     0x62a2ee552e5c - <alloc[2182bb758b4b3781]::vec::Vec<u8> as core[df12db4294e9bfd3]::io::write::Write>::write_fmt
[INFO] [stdout]    3:     0x62a2ee52af06 - std[70759c8f55707aa4]::panicking::default_hook::{closure#0}
[INFO] [stdout]    4:     0x62a2ee547079 - std[70759c8f55707aa4]::panicking::default_hook
[INFO] [stdout]    5:     0x62a2ee4d9ce0 - test[9d35eded1c95d3be]::test_main_inner::<test[9d35eded1c95d3be]::test_main_static::{closure#0}>::{closure#0}
[INFO] [stdout]    6:     0x62a2ee547232 - std[70759c8f55707aa4]::panicking::panic_with_hook
[INFO] [stdout]    7:     0x62a2ee52afb2 - std[70759c8f55707aa4]::panicking::panic_handler::{closure#0}
[INFO] [stdout]    8:     0x62a2ee523d09 - std[70759c8f55707aa4]::sys::backtrace::__rust_end_short_backtrace::<std[70759c8f55707aa4]::panicking::panic_handler::{closure#0}, !>
[INFO] [stdout]    9:     0x62a2ee52bbad - __rustc[8fa7c3cbc660c2b3]::rust_begin_unwind
[INFO] [stdout]   10:     0x62a2ee5632fc - core[df12db4294e9bfd3]::panicking::panic_fmt
[INFO] [stdout]   11:     0x62a2ee5630d2 - core[df12db4294e9bfd3]::result::unwrap_failed
[INFO] [stdout]   12:     0x62a2ee4cbfcc - apu[7a93b718ce15a8a0]::common::init_nes
[INFO] [stdout]   13:     0x62a2ee4cccf1 - <apu[7a93b718ce15a8a0]::apu_len_ctr::{closure#0} as core[df12db4294e9bfd3]::ops::function::FnOnce<()>>::call_once
[INFO] [stdout]   14:     0x62a2ee4ccfcb - test[9d35eded1c95d3be]::__rust_begin_short_backtrace::<core[df12db4294e9bfd3]::result::Result<(), alloc[2182bb758b4b3781]::string::String>, fn() -> core[df12db4294e9bfd3]::result::Result<(), alloc[2182bb758b4b3781]::string::String>>
[INFO] [stdout]   15:     0x62a2ee4da635 - test[9d35eded1c95d3be]::run_test::{closure#0}
[INFO] [stdout]   16:     0x62a2ee4d3ef4 - std[70759c8f55707aa4]::sys::backtrace::__rust_begin_short_backtrace::<test[9d35eded1c95d3be]::run_test::{closure#1}, ()>
[INFO] [stdout]   17:     0x62a2ee4dd792 - <std[70759c8f55707aa4]::thread::lifecycle::spawn_unchecked<test[9d35eded1c95d3be]::run_test::{closure#1}, ()>::{closure#1} as core[df12db4294e9bfd3]::ops::function::FnOnce<()>>::call_once::{shim:vtable#0}
[INFO] [stdout]   18:     0x62a2ee54e1e9 - <std[70759c8f55707aa4]::sys::thread::unix::Thread>::new::thread_start
[INFO] [stdout]   19:     0x703e74d37dfa - <unknown>
[INFO] [stdout]   20:     0x703e74dcb3d4 - clone
[INFO] [stdout]   21:                0x0 - <unknown>
[INFO] [stdout] 
[INFO] [stdout] 
[INFO] [stdout] failures:
[INFO] [stdout]     apu_irq
[INFO] [stdout]     apu_len_ctr
[INFO] [stdout]     apu_len_table
[INFO] [stdout] 
[INFO] [stdout] test result: FAILED. 0 passed; 3 failed; 3 ignored; 0 measured; 0 filtered out; finished in 0.01s
[INFO] [stdout] 
[INFO] [stderr] error: test failed, to rerun pass `--test apu`
[INFO] running `Command { std: "docker" "inspect" "fee200c2b29ec79e7b4273bb9a2fb6854767314dcfd299e707a05cee95166ec2", kill_on_drop: false }`
[INFO] running `Command { std: "docker" "rm" "-f" "fee200c2b29ec79e7b4273bb9a2fb6854767314dcfd299e707a05cee95166ec2", kill_on_drop: false }`
[INFO] [stdout] fee200c2b29ec79e7b4273bb9a2fb6854767314dcfd299e707a05cee95166ec2
