[INFO] fetching crate nerpa-transport 0.3.0...
[INFO] testing nerpa-transport-0.3.0 against 1.100.0-beta.1+cargoflags=--release for beta-release-1.100-2
[INFO] extracting crate nerpa-transport 0.3.0 into /workspace/builds/worker-4-tc2/source
[INFO] started tweaking crates.io crate nerpa-transport 0.3.0
[INFO] removed 0 missing tests
[INFO] finished tweaking crates.io crate nerpa-transport 0.3.0
[INFO] tweaked toml for crates.io crate nerpa-transport 0.3.0 written to /workspace/builds/worker-4-tc2/source/Cargo.toml
[INFO] validating manifest of crates.io crate nerpa-transport 0.3.0 on toolchain 1.100.0-beta.1
[INFO] running `Command { std: CARGO_HOME="/workspace/cargo-home" RUSTUP_HOME="/workspace/rustup-home" "/workspace/cargo-home/bin/cargo" "+1.100.0-beta.1" "metadata" "--manifest-path" "Cargo.toml" "--no-deps", kill_on_drop: false }`
[INFO] crate crates.io crate nerpa-transport 0.3.0 already has a lockfile, it will not be regenerated
[INFO] running `Command { std: CARGO_HOME="/workspace/cargo-home" RUSTUP_HOME="/workspace/rustup-home" "/workspace/cargo-home/bin/cargo" "+1.100.0-beta.1" "fetch" "--manifest-path" "Cargo.toml", kill_on_drop: false }`
[INFO] [stderr] warning: `package.homepage` is redundant with `package.repository`
[INFO] [stderr]   --> Cargo.toml:77:12
[INFO] [stderr]    |
[INFO] [stderr] 77 | homepage = "https://github.com/nerpa-run/nerpa"
[INFO] [stderr]    |            ^^^^^^^^^^^^^^^^^^^^^^^^^^^^^^^^^^^^
[INFO] [stderr] ...
[INFO] [stderr] 82 | repository = "https://github.com/nerpa-run/nerpa"
[INFO] [stderr]    |              ------------------------------------
[INFO] [stderr]    |
[INFO] [stderr]    = note: `cargo::redundant_homepage` is set to `warn` by default
[INFO] [stderr] help: consider removing `package.homepage`
[INFO] [stderr] warning: `nerpa-transport` (manifest) generated 1 warning
[INFO] running `Command { std: "docker" "create" "-v" "/var/lib/crater-agent-workspace/builds/worker-4-tc2/source:/opt/rustwide/workdir:ro,Z" "-v" "/var/lib/crater-agent-workspace/builds/worker-4-tc2/target:/opt/rustwide/target:rw,Z" "-v" "/var/lib/crater-agent-workspace/cargo-home:/opt/rustwide/cargo-home:ro,Z" "-v" "/var/lib/crater-agent-workspace/rustup-home:/opt/rustwide/rustup-home:ro,Z" "-m" "1610612736" "--network" "none" "ghcr.io/rust-lang/crates-build-env/linux@sha256:77db811e55d90add9212f6832c23229e3de5f1c1f9905e8cb07319ea15df73ac" "sleep" "infinity", kill_on_drop: false }`
[INFO] [stdout] 7d3d4a31efc2fc4ce750ecfbe21f5e365349e49da34e5a8720efcc1e42a958ca
[INFO] running `Command { std: "docker" "start" "7d3d4a31efc2fc4ce750ecfbe21f5e365349e49da34e5a8720efcc1e42a958ca", kill_on_drop: false }`
[INFO] running `Command { std: "docker" "inspect" "7d3d4a31efc2fc4ce750ecfbe21f5e365349e49da34e5a8720efcc1e42a958ca", kill_on_drop: false }`
[INFO] running `Command { std: "docker" "exec" "-e" "SOURCE_DIR=/opt/rustwide/workdir" "-e" "CARGO_HOME=/opt/rustwide/cargo-home" "-e" "RUSTUP_HOME=/opt/rustwide/rustup-home" "-e" "CARGO_TARGET_DIR=/opt/rustwide/target" "-w" "/opt/rustwide/workdir" "--user" "0:0" "7d3d4a31efc2fc4ce750ecfbe21f5e365349e49da34e5a8720efcc1e42a958ca" "/opt/rustwide/cargo-home/bin/cargo" "+1.100.0-beta.1" "metadata" "--no-deps" "--format-version=1", kill_on_drop: false }`
[INFO] running `Command { std: "docker" "inspect" "7d3d4a31efc2fc4ce750ecfbe21f5e365349e49da34e5a8720efcc1e42a958ca", kill_on_drop: false }`
[INFO] running `Command { std: "docker" "exec" "-e" "SOURCE_DIR=/opt/rustwide/workdir" "-e" "CARGO_HOME=/opt/rustwide/cargo-home" "-e" "RUSTUP_HOME=/opt/rustwide/rustup-home" "-e" "CARGO_TARGET_DIR=/opt/rustwide/target" "-e" "CARGO_INCREMENTAL=0" "-e" "RUST_BACKTRACE=full" "-e" "RUSTFLAGS=--cap-lints=warn" "-e" "RUSTDOCFLAGS=--cap-lints=warn" "-w" "/opt/rustwide/workdir" "--user" "0:0" "7d3d4a31efc2fc4ce750ecfbe21f5e365349e49da34e5a8720efcc1e42a958ca" "/opt/rustwide/cargo-home/bin/cargo" "+1.100.0-beta.1" "build" "--frozen" "--message-format=json" "--release", kill_on_drop: false }`
[INFO] [stderr] warning: `package.homepage` is redundant with `package.repository`
[INFO] [stderr]   --> Cargo.toml:77:12
[INFO] [stderr]    |
[INFO] [stderr] 77 | homepage = "https://github.com/nerpa-run/nerpa"
[INFO] [stderr]    |            ^^^^^^^^^^^^^^^^^^^^^^^^^^^^^^^^^^^^
[INFO] [stderr] ...
[INFO] [stderr] 82 | repository = "https://github.com/nerpa-run/nerpa"
[INFO] [stderr]    |              ------------------------------------
[INFO] [stderr]    |
[INFO] [stderr]    = note: `cargo::redundant_homepage` is set to `warn` by default
[INFO] [stderr] help: consider removing `package.homepage`
[INFO] [stderr] warning: `nerpa-transport` (manifest) generated 1 warning
[INFO] [stderr]    Compiling unicode-ident v1.0.26
[INFO] [stderr]    Compiling zerocopy v0.8.59
[INFO] [stderr]    Compiling cc v1.5.1
[INFO] [stderr]    Compiling thiserror v2.0.21
[INFO] [stderr]    Compiling dacc-core v0.5.2
[INFO] [stderr]    Compiling libc v0.2.189
[INFO] [stderr]    Compiling serde_bytes v0.11.19
[INFO] [stderr]    Compiling proc-macro2 v1.0.107
[INFO] [stderr]    Compiling serde_json v1.0.151
[INFO] [stderr]    Compiling dacc-derive v0.5.2
[INFO] [stderr]    Compiling chrono v0.4.45
[INFO] [stderr]    Compiling quote v1.0.47
[INFO] [stderr]    Compiling syn v2.0.119
[INFO] [stderr]    Compiling syn v3.0.6
[INFO] [stderr]    Compiling blake3 v1.8.2
[INFO] [stderr]    Compiling getrandom v0.4.3
[INFO] [stderr]    Compiling serde_derive v1.0.229
[INFO] [stderr]    Compiling thiserror-impl v2.0.21
[INFO] [stderr]    Compiling zerocopy-derive v0.8.59
[INFO] [stderr]    Compiling serde v1.0.229
[INFO] [stderr]    Compiling half v2.7.1
[INFO] [stderr]    Compiling ciborium-ll v0.2.2
[INFO] [stderr]    Compiling ciborium v0.2.2
[INFO] [stderr]    Compiling nerpa-proto v0.3.0
[INFO] [stderr]    Compiling nerpa-executor v0.3.0
[INFO] [stderr]    Compiling nerpa-core v0.3.0
[INFO] [stderr]    Compiling nerpa-transport v0.3.0 (/opt/rustwide/workdir)
[INFO] [stderr]     Finished `release` profile [optimized] target(s) in 58.63s
[INFO] running `Command { std: "docker" "inspect" "7d3d4a31efc2fc4ce750ecfbe21f5e365349e49da34e5a8720efcc1e42a958ca", kill_on_drop: false }`
[INFO] running `Command { std: "docker" "exec" "-e" "SOURCE_DIR=/opt/rustwide/workdir" "-e" "CARGO_HOME=/opt/rustwide/cargo-home" "-e" "RUSTUP_HOME=/opt/rustwide/rustup-home" "-e" "CARGO_TARGET_DIR=/opt/rustwide/target" "-e" "CARGO_INCREMENTAL=0" "-e" "RUST_BACKTRACE=full" "-e" "RUSTFLAGS=--cap-lints=warn" "-e" "RUSTDOCFLAGS=--cap-lints=warn" "-w" "/opt/rustwide/workdir" "--user" "0:0" "7d3d4a31efc2fc4ce750ecfbe21f5e365349e49da34e5a8720efcc1e42a958ca" "/opt/rustwide/cargo-home/bin/cargo" "+1.100.0-beta.1" "test" "--frozen" "--no-run" "--message-format=json" "--release", kill_on_drop: false }`
[INFO] [stderr] warning: `package.homepage` is redundant with `package.repository`
[INFO] [stderr]   --> Cargo.toml:77:12
[INFO] [stderr]    |
[INFO] [stderr] 77 | homepage = "https://github.com/nerpa-run/nerpa"
[INFO] [stderr]    |            ^^^^^^^^^^^^^^^^^^^^^^^^^^^^^^^^^^^^
[INFO] [stderr] ...
[INFO] [stderr] 82 | repository = "https://github.com/nerpa-run/nerpa"
[INFO] [stderr]    |              ------------------------------------
[INFO] [stderr]    |
[INFO] [stderr]    = note: `cargo::redundant_homepage` is set to `warn` by default
[INFO] [stderr] help: consider removing `package.homepage`
[INFO] [stderr] warning: `nerpa-transport` (manifest) generated 1 warning
[INFO] [stderr]    Compiling tempfile v3.27.0
[INFO] [stderr]    Compiling nerpa-transport v0.3.0 (/opt/rustwide/workdir)
[INFO] [stderr]     Finished `release` profile [optimized] target(s) in 4.60s
[INFO] running `Command { std: "docker" "inspect" "7d3d4a31efc2fc4ce750ecfbe21f5e365349e49da34e5a8720efcc1e42a958ca", kill_on_drop: false }`
[INFO] running `Command { std: "docker" "exec" "-e" "SOURCE_DIR=/opt/rustwide/workdir" "-e" "CARGO_HOME=/opt/rustwide/cargo-home" "-e" "RUSTUP_HOME=/opt/rustwide/rustup-home" "-e" "CARGO_TARGET_DIR=/opt/rustwide/target" "-e" "CARGO_INCREMENTAL=0" "-e" "RUST_BACKTRACE=full" "-e" "RUSTFLAGS=--cap-lints=warn" "-e" "RUSTDOCFLAGS=--cap-lints=warn" "-w" "/opt/rustwide/workdir" "--user" "0:0" "7d3d4a31efc2fc4ce750ecfbe21f5e365349e49da34e5a8720efcc1e42a958ca" "/opt/rustwide/cargo-home/bin/cargo" "+1.100.0-beta.1" "test" "--frozen" "--release", kill_on_drop: false }`
[INFO] [stderr] warning: `package.homepage` is redundant with `package.repository`
[INFO] [stderr]   --> Cargo.toml:77:12
[INFO] [stderr]    |
[INFO] [stderr] 77 | homepage = "https://github.com/nerpa-run/nerpa"
[INFO] [stderr]    |            ^^^^^^^^^^^^^^^^^^^^^^^^^^^^^^^^^^^^
[INFO] [stderr] ...
[INFO] [stderr] 82 | repository = "https://github.com/nerpa-run/nerpa"
[INFO] [stderr]    |              ------------------------------------
[INFO] [stderr]    |
[INFO] [stderr]    = note: `cargo::redundant_homepage` is set to `warn` by default
[INFO] [stderr] help: consider removing `package.homepage`
[INFO] [stderr] warning: `nerpa-transport` (manifest) generated 1 warning
[INFO] [stderr]     Finished `release` profile [optimized] target(s) in 0.06s
[INFO] [stderr]      Running unittests src/lib.rs (/opt/rustwide/target/release/build/nerpa-transport/661f948d5a5347b8/out/nerpa_transport-661f948d5a5347b8)
[INFO] [stdout] 
[INFO] [stdout] running 8 tests
[INFO] [stdout] test delivery::tests::a_connection_ssh_could_not_make_is_tried_again ... ok
[INFO] [stdout] test delivery::tests::a_connection_that_never_comes_gives_up ... ok
[INFO] [stdout] test delivery::tests::a_far_side_that_answered_is_not_asked_twice ... ok
[INFO] [stdout] test delivery::tests::no_identity_reaches_the_ssh_command ... ok
[INFO] [stdout] test delivery::tests::a_far_side_that_talks_while_it_is_written_to_does_not_hang ... ok
[INFO] [stdout] test delivery::tests::a_short_copy_already_there_is_not_taken_for_the_executor ... ok
[INFO] [stdout] test delivery::tests::what_an_earlier_attempt_left_behind_is_swept ... ok
[INFO] [stdout] test delivery::tests::an_interrupted_copy_is_never_put_under_the_executors_name ... ok
[INFO] [stdout] 
[INFO] [stdout] test result: ok. 8 passed; 0 failed; 0 ignored; 0 measured; 0 filtered out; finished in 0.09s
[INFO] [stdout] 
[INFO] [stderr]      Running tests/piped.rs (/opt/rustwide/target/release/build/nerpa-transport/dda84f648d6a21d7/out/piped-dda84f648d6a21d7)
[INFO] [stdout] 
[INFO] [stdout] running 9 tests
[INFO] [stdout] test a_far_end_that_cannot_say_which_build_it_is_is_not_taken_for_the_right_one ... ok
[INFO] [stdout] test a_handshake_ssh_could_not_make_is_tried_again ... FAILED
[INFO] [stdout] test one_connection_carries_a_whole_run ... FAILED
[INFO] [stdout] test the_executor_this_nerpa_carries_is_recognised ... FAILED
[INFO] [stdout] test a_far_end_that_dies_is_reported_as_the_machine_and_not_as_a_resource ... ok
[INFO] [stdout] test an_executor_from_another_build_is_refused_naming_both ... FAILED
[INFO] [stdout] test a_command_that_does_not_exist_is_a_machine_out_of_reach ... ok
[INFO] [stdout] test a_far_end_that_complains_before_it_goes_is_quoted_in_the_refusal ... ok
[INFO] [stdout] test a_conversation_that_broke_is_not_asked_again_as_though_it_were_in_step ... ok
[INFO] [stdout] 
[INFO] [stdout] failures:
[INFO] [stdout] 
[INFO] [stdout] ---- a_handshake_ssh_could_not_make_is_tried_again stdout ----
[INFO] [stdout] 
[INFO] [stdout] thread 'a_handshake_ssh_could_not_make_is_tried_again' (786) panicked at tests/piped.rs:30:5:
[INFO] [stdout] /opt/rustwide/target/release/build/nerpa-transport/dda84f648d6a21d7/nerpa-executor is not built; this test needs the whole workspace
[INFO] [stdout] stack backtrace:
[INFO] [stdout]    0:     0x601173109f21 - <<std[617be2ca0a6fd877]::sys::backtrace::BacktraceLock>::print::DisplayBacktrace as core[a373ad73a504971]::fmt::Display>::fmt
[INFO] [stdout]    1:     0x60117311f36a - core[a373ad73a504971]::fmt::write
[INFO] [stdout]    2:     0x60117310e6fc - <alloc[2e1b2a31b91974c5]::vec::Vec<u8> as core[a373ad73a504971]::io::write::Write>::write_fmt
[INFO] [stdout]    3:     0x6011730e4266 - std[617be2ca0a6fd877]::panicking::default_hook::{closure#0}
[INFO] [stdout]    4:     0x601173101449 - std[617be2ca0a6fd877]::panicking::default_hook
[INFO] [stdout]    5:     0x6011730422f0 - test[aada8e7e76ba119b]::test_main_inner::{closure#0}
[INFO] [stdout]    6:     0x601173101602 - std[617be2ca0a6fd877]::panicking::panic_with_hook
[INFO] [stdout]    7:     0x6011730e4312 - std[617be2ca0a6fd877]::panicking::panic_handler::{closure#0}
[INFO] [stdout]    8:     0x6011730dcd79 - std[617be2ca0a6fd877]::sys::backtrace::__rust_end_short_backtrace::<std[617be2ca0a6fd877]::panicking::panic_handler::{closure#0}, !>
[INFO] [stdout]    9:     0x6011730e4fdd - __rustc[ea4f61d10b84890b]::rust_begin_unwind
[INFO] [stdout]   10:     0x60117311fa9c - core[a373ad73a504971]::panicking::panic_fmt
[INFO] [stdout]   11:     0x601173023b22 - piped[48225bef3a4c0f65]::executor
[INFO] [stdout]   12:     0x601173025d30 - <piped[48225bef3a4c0f65]::a_handshake_ssh_could_not_make_is_tried_again::{closure#0} as core[a373ad73a504971]::ops::function::FnOnce<()>>::call_once
[INFO] [stdout]   13:     0x60117303573b - test[aada8e7e76ba119b]::__rust_begin_short_backtrace::<core[a373ad73a504971]::result::Result<(), alloc[2e1b2a31b91974c5]::string::String>, fn() -> core[a373ad73a504971]::result::Result<(), alloc[2e1b2a31b91974c5]::string::String>>
[INFO] [stdout]   14:     0x601173042915 - test[aada8e7e76ba119b]::run_test::{closure#0}
[INFO] [stdout]   15:     0x60117303c204 - std[617be2ca0a6fd877]::sys::backtrace::__rust_begin_short_backtrace::<test[aada8e7e76ba119b]::run_test::{closure#1}, ()>
[INFO] [stdout]   16:     0x6011730459a2 - <std[617be2ca0a6fd877]::thread::lifecycle::spawn_unchecked<test[aada8e7e76ba119b]::run_test::{closure#1}, ()>::{closure#1} as core[a373ad73a504971]::ops::function::FnOnce<()>>::call_once::{shim:vtable#0}
[INFO] [stdout]   17:     0x601173108f2f - <std[617be2ca0a6fd877]::sys::thread::unix::Thread>::new::thread_start
[INFO] [stdout]   18:     0x7b325e5b4dfa - <unknown>
[INFO] [stdout]   19:     0x7b325e6483d4 - clone
[INFO] [stdout]   20:                0x0 - <unknown>
[INFO] [stdout] 
[INFO] [stdout] ---- one_connection_carries_a_whole_run stdout ----
[INFO] [stdout] 
[INFO] [stdout] thread 'one_connection_carries_a_whole_run' (788) panicked at tests/piped.rs:30:5:
[INFO] [stdout] /opt/rustwide/target/release/build/nerpa-transport/dda84f648d6a21d7/nerpa-executor is not built; this test needs the whole workspace
[INFO] [stdout] stack backtrace:
[INFO] [stdout]    0:     0x601173109f21 - <<std[617be2ca0a6fd877]::sys::backtrace::BacktraceLock>::print::DisplayBacktrace as core[a373ad73a504971]::fmt::Display>::fmt
[INFO] [stdout]    1:     0x60117311f36a - core[a373ad73a504971]::fmt::write
[INFO] [stdout]    2:     0x60117310e6fc - <alloc[2e1b2a31b91974c5]::vec::Vec<u8> as core[a373ad73a504971]::io::write::Write>::write_fmt
[INFO] [stdout]    3:     0x6011730e4266 - std[617be2ca0a6fd877]::panicking::default_hook::{closure#0}
[INFO] [stdout]    4:     0x601173101449 - std[617be2ca0a6fd877]::panicking::default_hook
[INFO] [stdout]    5:     0x6011730422f0 - test[aada8e7e76ba119b]::test_main_inner::{closure#0}
[INFO] [stdout]    6:     0x601173101602 - std[617be2ca0a6fd877]::panicking::panic_with_hook
[INFO] [stdout]    7:     0x6011730e4312 - std[617be2ca0a6fd877]::panicking::panic_handler::{closure#0}
[INFO] [stdout]    8:     0x6011730dcd79 - std[617be2ca0a6fd877]::sys::backtrace::__rust_end_short_backtrace::<std[617be2ca0a6fd877]::panicking::panic_handler::{closure#0}, !>
[INFO] [stdout]    9:     0x6011730e4fdd - __rustc[ea4f61d10b84890b]::rust_begin_unwind
[INFO] [stdout]   10:     0x60117311fa9c - core[a373ad73a504971]::panicking::panic_fmt
[INFO] [stdout]   11:     0x601173023b22 - piped[48225bef3a4c0f65]::executor
[INFO] [stdout]   12:     0x601173025101 - <piped[48225bef3a4c0f65]::one_connection_carries_a_whole_run::{closure#0} as core[a373ad73a504971]::ops::function::FnOnce<()>>::call_once
[INFO] [stdout]   13:     0x60117303573b - test[aada8e7e76ba119b]::__rust_begin_short_backtrace::<core[a373ad73a504971]::result::Result<(), alloc[2e1b2a31b91974c5]::string::String>, fn() -> core[a373ad73a504971]::result::Result<(), alloc[2e1b2a31b91974c5]::string::String>>
[INFO] [stdout]   14:     0x601173042915 - test[aada8e7e76ba119b]::run_test::{closure#0}
[INFO] [stdout]   15:     0x60117303c204 - std[617be2ca0a6fd877]::sys::backtrace::__rust_begin_short_backtrace::<test[aada8e7e76ba119b]::run_test::{closure#1}, ()>
[INFO] [stdout]   16:     0x6011730459a2 - <std[617be2ca0a6fd877]::thread::lifecycle::spawn_unchecked<test[aada8e7e76ba119b]::run_test::{closure#1}, ()>::{closure#1} as core[a373ad73a504971]::ops::function::FnOnce<()>>::call_once::{shim:vtable#0}
[INFO] [stdout]   17:     0x601173108f2f - <std[617be2ca0a6fd877]::sys::thread::unix::Thread>::new::thread_start
[INFO] [stdout]   18:     0x7b325e5b4dfa - <unknown>
[INFO] [stdout]   19:     0x7b325e6483d4 - clone
[INFO] [stdout]   20:                0x0 - <unknown>
[INFO] [stdout] 
[INFO] [stdout] ---- the_executor_this_nerpa_carries_is_recognised stdout ----
[INFO] [stdout] 
[INFO] [stdout] thread 'the_executor_this_nerpa_carries_is_recognised' (789) panicked at tests/piped.rs:30:5:
[INFO] [stdout] /opt/rustwide/target/release/build/nerpa-transport/dda84f648d6a21d7/nerpa-executor is not built; this test needs the whole workspace
[INFO] [stdout] stack backtrace:
[INFO] [stdout]    0:     0x601173109f21 - <<std[617be2ca0a6fd877]::sys::backtrace::BacktraceLock>::print::DisplayBacktrace as core[a373ad73a504971]::fmt::Display>::fmt
[INFO] [stdout]    1:     0x60117311f36a - core[a373ad73a504971]::fmt::write
[INFO] [stdout]    2:     0x60117310e6fc - <alloc[2e1b2a31b91974c5]::vec::Vec<u8> as core[a373ad73a504971]::io::write::Write>::write_fmt
[INFO] [stdout]    3:     0x6011730e4266 - std[617be2ca0a6fd877]::panicking::default_hook::{closure#0}
[INFO] [stdout]    4:     0x601173101449 - std[617be2ca0a6fd877]::panicking::default_hook
[INFO] [stdout]    5:     0x6011730422f0 - test[aada8e7e76ba119b]::test_main_inner::{closure#0}
[INFO] [stdout]    6:     0x601173101602 - std[617be2ca0a6fd877]::panicking::panic_with_hook
[INFO] [stdout]    7:     0x6011730e4312 - std[617be2ca0a6fd877]::panicking::panic_handler::{closure#0}
[INFO] [stdout]    8:     0x6011730dcd79 - std[617be2ca0a6fd877]::sys::backtrace::__rust_end_short_backtrace::<std[617be2ca0a6fd877]::panicking::panic_handler::{closure#0}, !>
[INFO] [stdout]    9:     0x6011730e4fdd - __rustc[ea4f61d10b84890b]::rust_begin_unwind
[INFO] [stdout]   10:     0x60117311fa9c - core[a373ad73a504971]::panicking::panic_fmt
[INFO] [stdout]   11:     0x601173023b22 - piped[48225bef3a4c0f65]::executor
[INFO] [stdout]   12:     0x60117302666e - <piped[48225bef3a4c0f65]::the_executor_this_nerpa_carries_is_recognised::{closure#0} as core[a373ad73a504971]::ops::function::FnOnce<()>>::call_once
[INFO] [stdout]   13:     0x60117303573b - test[aada8e7e76ba119b]::__rust_begin_short_backtrace::<core[a373ad73a504971]::result::Result<(), alloc[2e1b2a31b91974c5]::string::String>, fn() -> core[a373ad73a504971]::result::Result<(), alloc[2e1b2a31b91974c5]::string::String>>
[INFO] [stdout]   14:     0x601173042915 - test[aada8e7e76ba119b]::run_test::{closure#0}
[INFO] [stdout]   15:     0x60117303c204 - std[617be2ca0a6fd877]::sys::backtrace::__rust_begin_short_backtrace::<test[aada8e7e76ba119b]::run_test::{closure#1}, ()>
[INFO] [stdout]   16:     0x6011730459a2 - <std[617be2ca0a6fd877]::thread::lifecycle::spawn_unchecked<test[aada8e7e76ba119b]::run_test::{closure#1}, ()>::{closure#1} as core[a373ad73a504971]::ops::function::FnOnce<()>>::call_once::{shim:vtable#0}
[INFO] [stdout]   17:     0x601173108f2f - <std[617be2ca0a6fd877]::sys::thread::unix::Thread>::new::thread_start
[INFO] [stdout]   18:     0x7b325e5b4dfa - <unknown>
[INFO] [stdout]   19:     0x7b325e6483d4 - clone
[INFO] [stdout]   20:                0x0 - <unknown>
[INFO] [stdout] 
[INFO] [stdout] ---- an_executor_from_another_build_is_refused_naming_both stdout ----
[INFO] [stdout] 
[INFO] [stdout] thread 'an_executor_from_another_build_is_refused_naming_both' (787) panicked at tests/piped.rs:30:5:
[INFO] [stdout] /opt/rustwide/target/release/build/nerpa-transport/dda84f648d6a21d7/nerpa-executor is not built; this test needs the whole workspace
[INFO] [stdout] stack backtrace:
[INFO] [stdout]    0:     0x601173109f21 - <<std[617be2ca0a6fd877]::sys::backtrace::BacktraceLock>::print::DisplayBacktrace as core[a373ad73a504971]::fmt::Display>::fmt
[INFO] [stdout]    1:     0x60117311f36a - core[a373ad73a504971]::fmt::write
[INFO] [stdout]    2:     0x60117310e6fc - <alloc[2e1b2a31b91974c5]::vec::Vec<u8> as core[a373ad73a504971]::io::write::Write>::write_fmt
[INFO] [stdout]    3:     0x6011730e4266 - std[617be2ca0a6fd877]::panicking::default_hook::{closure#0}
[INFO] [stdout]    4:     0x601173101449 - std[617be2ca0a6fd877]::panicking::default_hook
[INFO] [stdout]    5:     0x6011730422f0 - test[aada8e7e76ba119b]::test_main_inner::{closure#0}
[INFO] [stdout]    6:     0x601173101602 - std[617be2ca0a6fd877]::panicking::panic_with_hook
[INFO] [stdout]    7:     0x6011730e4312 - std[617be2ca0a6fd877]::panicking::panic_handler::{closure#0}
[INFO] [stdout]    8:     0x6011730dcd79 - std[617be2ca0a6fd877]::sys::backtrace::__rust_end_short_backtrace::<std[617be2ca0a6fd877]::panicking::panic_handler::{closure#0}, !>
[INFO] [stdout]    9:     0x6011730e4fdd - __rustc[ea4f61d10b84890b]::rust_begin_unwind
[INFO] [stdout]   10:     0x60117311fa9c - core[a373ad73a504971]::panicking::panic_fmt
[INFO] [stdout]   11:     0x601173023b22 - piped[48225bef3a4c0f65]::executor
[INFO] [stdout]   12:     0x601173026bd3 - <piped[48225bef3a4c0f65]::an_executor_from_another_build_is_refused_naming_both::{closure#0} as core[a373ad73a504971]::ops::function::FnOnce<()>>::call_once
[INFO] [stdout]   13:     0x60117303573b - test[aada8e7e76ba119b]::__rust_begin_short_backtrace::<core[a373ad73a504971]::result::Result<(), alloc[2e1b2a31b91974c5]::string::String>, fn() -> core[a373ad73a504971]::result::Result<(), alloc[2e1b2a31b91974c5]::string::String>>
[INFO] [stdout]   14:     0x601173042915 - test[aada8e7e76ba119b]::run_test::{closure#0}
[INFO] [stdout]   15:     0x60117303c204 - std[617be2ca0a6fd877]::sys::backtrace::__rust_begin_short_backtrace::<test[aada8e7e76ba119b]::run_test::{closure#1}, ()>
[INFO] [stdout]   16:     0x6011730459a2 - <std[617be2ca0a6fd877]::thread::lifecycle::spawn_unchecked<test[aada8e7e76ba119b]::run_test::{closure#1}, ()>::{closure#1} as core[a373ad73a504971]::ops::function::FnOnce<()>>::call_once::{shim:vtable#0}
[INFO] [stdout]   17:     0x601173108f2f - <std[617be2ca0a6fd877]::sys::thread::unix::Thread>::new::thread_start
[INFO] [stdout]   18:     0x7b325e5b4dfa - <unknown>
[INFO] [stdout]   19:     0x7b325e6483d4 - clone
[INFO] [stdout]   20:                0x0 - <unknown>
[INFO] [stdout] 
[INFO] [stdout] 
[INFO] [stdout] failures:
[INFO] [stdout]     a_handshake_ssh_could_not_make_is_tried_again
[INFO] [stdout]     an_executor_from_another_build_is_refused_naming_both
[INFO] [stdout]     one_connection_carries_a_whole_run
[INFO] [stdout]     the_executor_this_nerpa_carries_is_recognised
[INFO] [stdout] 
[INFO] [stdout] test result: FAILED. 5 passed; 4 failed; 0 ignored; 0 measured; 0 filtered out; finished in 0.04s
[INFO] [stdout] 
[INFO] [stderr] error: test failed, to rerun pass `--test piped`
[INFO] running `Command { std: "docker" "inspect" "7d3d4a31efc2fc4ce750ecfbe21f5e365349e49da34e5a8720efcc1e42a958ca", kill_on_drop: false }`
[INFO] running `Command { std: "docker" "rm" "-f" "7d3d4a31efc2fc4ce750ecfbe21f5e365349e49da34e5a8720efcc1e42a958ca", kill_on_drop: false }`
[INFO] [stdout] 7d3d4a31efc2fc4ce750ecfbe21f5e365349e49da34e5a8720efcc1e42a958ca
