[INFO] fetching crate nerpa-provider-yandex 0.3.0...
[INFO] testing nerpa-provider-yandex-0.3.0 against 1.99.0-beta.8+cargoflags=--release for beta-release-1.100-2
[INFO] extracting crate nerpa-provider-yandex 0.3.0 into /workspace/builds/worker-1-tc1/source
[INFO] started tweaking crates.io crate nerpa-provider-yandex 0.3.0
[INFO] removed 0 missing tests
[INFO] finished tweaking crates.io crate nerpa-provider-yandex 0.3.0
[INFO] tweaked toml for crates.io crate nerpa-provider-yandex 0.3.0 written to /workspace/builds/worker-1-tc1/source/Cargo.toml
[INFO] validating manifest of crates.io crate nerpa-provider-yandex 0.3.0 on toolchain 1.99.0-beta.8
[INFO] running `Command { std: CARGO_HOME="/workspace/cargo-home" RUSTUP_HOME="/workspace/rustup-home" "/workspace/cargo-home/bin/cargo" "+1.99.0-beta.8" "metadata" "--manifest-path" "Cargo.toml" "--no-deps", kill_on_drop: false }`
[INFO] crate crates.io crate nerpa-provider-yandex 0.3.0 already has a lockfile, it will not be regenerated
[INFO] running `Command { std: CARGO_HOME="/workspace/cargo-home" RUSTUP_HOME="/workspace/rustup-home" "/workspace/cargo-home/bin/cargo" "+1.99.0-beta.8" "fetch" "--manifest-path" "Cargo.toml", kill_on_drop: false }`
[INFO] [stderr]     Updating crates.io index
[INFO] [stderr]  Downloading crates ...
[INFO] [stderr]   Downloaded dacc-core v0.5.2
[INFO] [stderr]   Downloaded annotate-snippets v0.12.16
[INFO] [stderr]   Downloaded dacc-derive v0.5.2
[INFO] [stderr]   Downloaded nerpa-proto v0.3.0
[INFO] [stderr]   Downloaded nerpa-core v0.3.0
[INFO] running `Command { std: "docker" "create" "-v" "/var/lib/crater-agent-workspace/builds/worker-1-tc1/source:/opt/rustwide/workdir:ro,Z" "-v" "/var/lib/crater-agent-workspace/builds/worker-1-tc1/target:/opt/rustwide/target:rw,Z" "-v" "/var/lib/crater-agent-workspace/cargo-home:/opt/rustwide/cargo-home:ro,Z" "-v" "/var/lib/crater-agent-workspace/rustup-home:/opt/rustwide/rustup-home:ro,Z" "-m" "1610612736" "--network" "none" "ghcr.io/rust-lang/crates-build-env/linux@sha256:77db811e55d90add9212f6832c23229e3de5f1c1f9905e8cb07319ea15df73ac" "sleep" "infinity", kill_on_drop: false }`
[INFO] [stdout] b836fd0940dddbfb939ce99b64d4987e8c7228b9a2fd22b7d5ecdf46f1812c42
[INFO] running `Command { std: "docker" "start" "b836fd0940dddbfb939ce99b64d4987e8c7228b9a2fd22b7d5ecdf46f1812c42", kill_on_drop: false }`
[INFO] running `Command { std: "docker" "inspect" "b836fd0940dddbfb939ce99b64d4987e8c7228b9a2fd22b7d5ecdf46f1812c42", kill_on_drop: false }`
[INFO] running `Command { std: "docker" "exec" "-e" "SOURCE_DIR=/opt/rustwide/workdir" "-e" "CARGO_HOME=/opt/rustwide/cargo-home" "-e" "RUSTUP_HOME=/opt/rustwide/rustup-home" "-e" "CARGO_TARGET_DIR=/opt/rustwide/target" "-w" "/opt/rustwide/workdir" "--user" "0:0" "b836fd0940dddbfb939ce99b64d4987e8c7228b9a2fd22b7d5ecdf46f1812c42" "/opt/rustwide/cargo-home/bin/cargo" "+1.99.0-beta.8" "metadata" "--no-deps" "--format-version=1", kill_on_drop: false }`
[INFO] running `Command { std: "docker" "inspect" "b836fd0940dddbfb939ce99b64d4987e8c7228b9a2fd22b7d5ecdf46f1812c42", kill_on_drop: false }`
[INFO] running `Command { std: "docker" "exec" "-e" "SOURCE_DIR=/opt/rustwide/workdir" "-e" "CARGO_HOME=/opt/rustwide/cargo-home" "-e" "RUSTUP_HOME=/opt/rustwide/rustup-home" "-e" "CARGO_TARGET_DIR=/opt/rustwide/target" "-e" "CARGO_INCREMENTAL=0" "-e" "RUST_BACKTRACE=full" "-e" "RUSTFLAGS=--cap-lints=warn" "-e" "RUSTDOCFLAGS=--cap-lints=warn" "-w" "/opt/rustwide/workdir" "--user" "0:0" "b836fd0940dddbfb939ce99b64d4987e8c7228b9a2fd22b7d5ecdf46f1812c42" "/opt/rustwide/cargo-home/bin/cargo" "+1.99.0-beta.8" "build" "--frozen" "--message-format=json" "--release", kill_on_drop: false }`
[INFO] [stderr]    Compiling serde_core v1.0.229
[INFO] [stderr]    Compiling libc v0.2.189
[INFO] [stderr]    Compiling zerocopy v0.8.59
[INFO] [stderr]    Compiling blake3 v1.8.2
[INFO] [stderr]    Compiling httparse v1.10.1
[INFO] [stderr]    Compiling ring v0.17.14
[INFO] [stderr]    Compiling constant_time_eq v0.3.1
[INFO] [stderr]    Compiling dacc-core v0.5.2
[INFO] [stderr]    Compiling zerocopy-derive v0.8.59
[INFO] [stderr]    Compiling http v1.5.0
[INFO] [stderr]    Compiling anstyle v1.0.14
[INFO] [stderr]    Compiling arraydeque v0.5.1
[INFO] [stderr]    Compiling encoding_rs_io v0.1.8
[INFO] [stderr]    Compiling chrono v0.4.45
[INFO] [stderr]    Compiling utf8-zero v0.8.1
[INFO] [stderr]    Compiling annotate-snippets v0.12.16
[INFO] [stderr]    Compiling granit-parser v1.3.0
[INFO] [stderr]    Compiling dacc-derive v0.5.2
[INFO] [stderr]    Compiling ureq-proto v0.6.4
[INFO] [stderr]    Compiling getrandom v0.2.17
[INFO] [stderr]    Compiling getrandom v0.4.3
[INFO] [stderr]    Compiling serde v1.0.229
[INFO] [stderr]    Compiling serde_json v1.0.151
[INFO] [stderr]    Compiling serde_bytes v0.11.19
[INFO] [stderr]    Compiling serde-saphyr v1.3.0
[INFO] [stderr]    Compiling half v2.7.1
[INFO] [stderr]    Compiling ciborium-ll v0.2.2
[INFO] [stderr]    Compiling ciborium v0.2.2
[INFO] [stderr]    Compiling nerpa-proto v0.3.0
[INFO] [stderr]    Compiling nerpa-core v0.3.0
[INFO] [stderr]    Compiling rustls v0.23.45
[INFO] [stderr]    Compiling rustls-webpki v0.103.15
[INFO] [stderr]    Compiling ureq v3.4.2
[INFO] [stderr]    Compiling nerpa-provider-yandex v0.3.0 (/opt/rustwide/workdir)
[INFO] [stderr]     Finished `release` profile [optimized] target(s) in 42.07s
[INFO] running `Command { std: "docker" "inspect" "b836fd0940dddbfb939ce99b64d4987e8c7228b9a2fd22b7d5ecdf46f1812c42", kill_on_drop: false }`
[INFO] running `Command { std: "docker" "exec" "-e" "SOURCE_DIR=/opt/rustwide/workdir" "-e" "CARGO_HOME=/opt/rustwide/cargo-home" "-e" "RUSTUP_HOME=/opt/rustwide/rustup-home" "-e" "CARGO_TARGET_DIR=/opt/rustwide/target" "-e" "CARGO_INCREMENTAL=0" "-e" "RUST_BACKTRACE=full" "-e" "RUSTFLAGS=--cap-lints=warn" "-e" "RUSTDOCFLAGS=--cap-lints=warn" "-w" "/opt/rustwide/workdir" "--user" "0:0" "b836fd0940dddbfb939ce99b64d4987e8c7228b9a2fd22b7d5ecdf46f1812c42" "/opt/rustwide/cargo-home/bin/cargo" "+1.99.0-beta.8" "test" "--frozen" "--no-run" "--message-format=json" "--release", kill_on_drop: false }`
[INFO] [stderr]    Compiling nerpa-provider-yandex v0.3.0 (/opt/rustwide/workdir)
[INFO] [stderr]     Finished `release` profile [optimized] target(s) in 4.23s
[INFO] running `Command { std: "docker" "inspect" "b836fd0940dddbfb939ce99b64d4987e8c7228b9a2fd22b7d5ecdf46f1812c42", kill_on_drop: false }`
[INFO] running `Command { std: "docker" "exec" "-e" "SOURCE_DIR=/opt/rustwide/workdir" "-e" "CARGO_HOME=/opt/rustwide/cargo-home" "-e" "RUSTUP_HOME=/opt/rustwide/rustup-home" "-e" "CARGO_TARGET_DIR=/opt/rustwide/target" "-e" "CARGO_INCREMENTAL=0" "-e" "RUST_BACKTRACE=full" "-e" "RUSTFLAGS=--cap-lints=warn" "-e" "RUSTDOCFLAGS=--cap-lints=warn" "-w" "/opt/rustwide/workdir" "--user" "0:0" "b836fd0940dddbfb939ce99b64d4987e8c7228b9a2fd22b7d5ecdf46f1812c42" "/opt/rustwide/cargo-home/bin/cargo" "+1.99.0-beta.8" "test" "--frozen" "--release", kill_on_drop: false }`
[INFO] [stderr]     Finished `release` profile [optimized] target(s) in 0.12s
[INFO] [stderr]      Running unittests src/lib.rs (/opt/rustwide/target/release/deps/nerpa_provider_yandex-f7404d09a4e085a8)
[INFO] [stdout] 
[INFO] [stdout] running 5 tests
[INFO] [stdout] test auth::tests::a_spent_token_is_resolved_again ... ok
[INFO] [stdout] test auth::tests::a_fresh_token_is_reused_without_resolving_again ... ok
[INFO] [stdout] test auth::tests::a_missing_active_profile_is_named ... ok
[INFO] [stdout] test auth::tests::the_active_profile_yields_its_oauth_token ... ok
[INFO] [stdout] test auth::tests::an_oauth_token_exchanges_for_an_iam_token ... FAILED
[INFO] [stdout] 
[INFO] [stdout] failures:
[INFO] [stdout] 
[INFO] [stdout] ---- auth::tests::an_oauth_token_exchanges_for_an_iam_token stdout ----
[INFO] [stdout] 
[INFO] [stdout] thread 'auth::tests::an_oauth_token_exchanges_for_an_iam_token' (1110) panicked at src/auth.rs:253:9:
[INFO] [stdout] the exchange carries the token's expiry
[INFO] [stdout] stack backtrace:
[INFO] [stdout]    0:     0x558ed0ee68d1 - <<std[70759c8f55707aa4]::sys::backtrace::BacktraceLock>::print::DisplayBacktrace as core[df12db4294e9bfd3]::fmt::Display>::fmt
[INFO] [stdout]    1:     0x558ed0efbafa - core[df12db4294e9bfd3]::fmt::write
[INFO] [stdout]    2:     0x558ed0eeae0c - <alloc[2182bb758b4b3781]::vec::Vec<u8> as core[df12db4294e9bfd3]::io::write::Write>::write_fmt
[INFO] [stdout]    3:     0x558ed0ec2ea6 - std[70759c8f55707aa4]::panicking::default_hook::{closure#0}
[INFO] [stdout]    4:     0x558ed0edf019 - std[70759c8f55707aa4]::panicking::default_hook
[INFO] [stdout]    5:     0x558ed0e73a70 - test[9d35eded1c95d3be]::test_main_inner::<test[9d35eded1c95d3be]::test_main_static::{closure#0}>::{closure#0}
[INFO] [stdout]    6:     0x558ed0edf1d2 - std[70759c8f55707aa4]::panicking::panic_with_hook
[INFO] [stdout]    7:     0x558ed0ec2f84 - std[70759c8f55707aa4]::panicking::panic_handler::{closure#0}
[INFO] [stdout]    8:     0x558ed0ebbcd9 - std[70759c8f55707aa4]::sys::backtrace::__rust_end_short_backtrace::<std[70759c8f55707aa4]::panicking::panic_handler::{closure#0}, !>
[INFO] [stdout]    9:     0x558ed0ec3b4d - __rustc[8fa7c3cbc660c2b3]::rust_begin_unwind
[INFO] [stdout]   10:     0x558ed0efc25c - core[df12db4294e9bfd3]::panicking::panic_fmt
[INFO] [stdout]   11:     0x558ed0da8639 - nerpa_provider_yandex[e5dece885fd6c8b]::auth::tests::an_oauth_token_exchanges_for_an_iam_token
[INFO] [stdout]   12:     0x558ed0da4829 - <nerpa_provider_yandex[e5dece885fd6c8b]::auth::tests::an_oauth_token_exchanges_for_an_iam_token::{closure#0} as core[df12db4294e9bfd3]::ops::function::FnOnce<()>>::call_once
[INFO] [stdout]   13:     0x558ed0e66d5b - test[9d35eded1c95d3be]::__rust_begin_short_backtrace::<core[df12db4294e9bfd3]::result::Result<(), alloc[2182bb758b4b3781]::string::String>, fn() -> core[df12db4294e9bfd3]::result::Result<(), alloc[2182bb758b4b3781]::string::String>>
[INFO] [stdout]   14:     0x558ed0e743c5 - test[9d35eded1c95d3be]::run_test::{closure#0}
[INFO] [stdout]   15:     0x558ed0e6dc84 - std[70759c8f55707aa4]::sys::backtrace::__rust_begin_short_backtrace::<test[9d35eded1c95d3be]::run_test::{closure#1}, ()>
[INFO] [stdout]   16:     0x558ed0e77522 - <std[70759c8f55707aa4]::thread::lifecycle::spawn_unchecked<test[9d35eded1c95d3be]::run_test::{closure#1}, ()>::{closure#1} as core[df12db4294e9bfd3]::ops::function::FnOnce<()>>::call_once::{shim:vtable#0}
[INFO] [stdout]   17:     0x558ed0ee61a9 - <std[70759c8f55707aa4]::sys::thread::unix::Thread>::new::thread_start
[INFO] [stdout]   18:     0x75e798f18dfa - <unknown>
[INFO] [stdout]   19:     0x75e798fac3d4 - clone
[INFO] [stdout]   20:                0x0 - <unknown>
[INFO] [stdout] 
[INFO] [stdout] 
[INFO] [stdout] failures:
[INFO] [stdout]     auth::tests::an_oauth_token_exchanges_for_an_iam_token
[INFO] [stdout] 
[INFO] [stdout] test result: FAILED. 4 passed; 1 failed; 0 ignored; 0 measured; 0 filtered out; finished in 0.00s
[INFO] [stdout] 
[INFO] [stderr] error: test failed, to rerun pass `--lib`
[INFO] running `Command { std: "docker" "inspect" "b836fd0940dddbfb939ce99b64d4987e8c7228b9a2fd22b7d5ecdf46f1812c42", kill_on_drop: false }`
[INFO] running `Command { std: "docker" "rm" "-f" "b836fd0940dddbfb939ce99b64d4987e8c7228b9a2fd22b7d5ecdf46f1812c42", kill_on_drop: false }`
[INFO] [stdout] b836fd0940dddbfb939ce99b64d4987e8c7228b9a2fd22b7d5ecdf46f1812c42
