[INFO] fetching crate nerpa-provider-os 0.3.0...
[INFO] testing nerpa-provider-os-0.3.0 against 1.99.0-beta.8+cargoflags=--release for beta-release-1.100-2
[INFO] extracting crate nerpa-provider-os 0.3.0 into /workspace/builds/worker-6-tc1/source
[INFO] started tweaking crates.io crate nerpa-provider-os 0.3.0
[INFO] removed 0 missing tests
[INFO] finished tweaking crates.io crate nerpa-provider-os 0.3.0
[INFO] tweaked toml for crates.io crate nerpa-provider-os 0.3.0 written to /workspace/builds/worker-6-tc1/source/Cargo.toml
[INFO] validating manifest of crates.io crate nerpa-provider-os 0.3.0 on toolchain 1.99.0-beta.8
[INFO] running `Command { std: CARGO_HOME="/workspace/cargo-home" RUSTUP_HOME="/workspace/rustup-home" "/workspace/cargo-home/bin/cargo" "+1.99.0-beta.8" "metadata" "--manifest-path" "Cargo.toml" "--no-deps", kill_on_drop: false }`
[INFO] crate crates.io crate nerpa-provider-os 0.3.0 already has a lockfile, it will not be regenerated
[INFO] running `Command { std: CARGO_HOME="/workspace/cargo-home" RUSTUP_HOME="/workspace/rustup-home" "/workspace/cargo-home/bin/cargo" "+1.99.0-beta.8" "fetch" "--manifest-path" "Cargo.toml", kill_on_drop: false }`
[INFO] [stderr]     Updating crates.io index
[INFO] [stderr]  Downloading crates ...
[INFO] [stderr]   Downloaded dacc-derive v0.5.2
[INFO] [stderr]   Downloaded dacc-core v0.5.2
[INFO] [stderr]   Downloaded nerpa-proto v0.3.0
[INFO] [stderr]   Downloaded nerpa-executor v0.3.0
[INFO] [stderr]   Downloaded nerpa-transport v0.3.0
[INFO] [stderr]   Downloaded nerpa-core v0.3.0
[INFO] running `Command { std: "docker" "create" "-v" "/var/lib/crater-agent-workspace/builds/worker-6-tc1/source:/opt/rustwide/workdir:ro,Z" "-v" "/var/lib/crater-agent-workspace/builds/worker-6-tc1/target:/opt/rustwide/target:rw,Z" "-v" "/var/lib/crater-agent-workspace/cargo-home:/opt/rustwide/cargo-home:ro,Z" "-v" "/var/lib/crater-agent-workspace/rustup-home:/opt/rustwide/rustup-home:ro,Z" "-m" "1610612736" "--network" "none" "ghcr.io/rust-lang/crates-build-env/linux@sha256:77db811e55d90add9212f6832c23229e3de5f1c1f9905e8cb07319ea15df73ac" "sleep" "infinity", kill_on_drop: false }`
[INFO] [stdout] 4cef039a5d41a5bcb70999aa9b0b7409267dbdc63a146c3595443bc3dbfc6f4a
[INFO] running `Command { std: "docker" "start" "4cef039a5d41a5bcb70999aa9b0b7409267dbdc63a146c3595443bc3dbfc6f4a", kill_on_drop: false }`
[INFO] running `Command { std: "docker" "inspect" "4cef039a5d41a5bcb70999aa9b0b7409267dbdc63a146c3595443bc3dbfc6f4a", kill_on_drop: false }`
[INFO] running `Command { std: "docker" "exec" "-e" "SOURCE_DIR=/opt/rustwide/workdir" "-e" "CARGO_HOME=/opt/rustwide/cargo-home" "-e" "RUSTUP_HOME=/opt/rustwide/rustup-home" "-e" "CARGO_TARGET_DIR=/opt/rustwide/target" "-w" "/opt/rustwide/workdir" "--user" "0:0" "4cef039a5d41a5bcb70999aa9b0b7409267dbdc63a146c3595443bc3dbfc6f4a" "/opt/rustwide/cargo-home/bin/cargo" "+1.99.0-beta.8" "metadata" "--no-deps" "--format-version=1", kill_on_drop: false }`
[INFO] running `Command { std: "docker" "inspect" "4cef039a5d41a5bcb70999aa9b0b7409267dbdc63a146c3595443bc3dbfc6f4a", kill_on_drop: false }`
[INFO] running `Command { std: "docker" "exec" "-e" "SOURCE_DIR=/opt/rustwide/workdir" "-e" "CARGO_HOME=/opt/rustwide/cargo-home" "-e" "RUSTUP_HOME=/opt/rustwide/rustup-home" "-e" "CARGO_TARGET_DIR=/opt/rustwide/target" "-e" "CARGO_INCREMENTAL=0" "-e" "RUST_BACKTRACE=full" "-e" "RUSTFLAGS=--cap-lints=warn" "-e" "RUSTDOCFLAGS=--cap-lints=warn" "-w" "/opt/rustwide/workdir" "--user" "0:0" "4cef039a5d41a5bcb70999aa9b0b7409267dbdc63a146c3595443bc3dbfc6f4a" "/opt/rustwide/cargo-home/bin/cargo" "+1.99.0-beta.8" "build" "--frozen" "--message-format=json" "--release", kill_on_drop: false }`
[INFO] [stderr]    Compiling zerocopy v0.8.59
[INFO] [stderr]    Compiling zerocopy-derive v0.8.59
[INFO] [stderr]    Compiling arrayvec v0.7.8
[INFO] [stderr]    Compiling dacc-core v0.5.2
[INFO] [stderr]    Compiling blake3 v1.8.2
[INFO] [stderr]    Compiling thiserror v2.0.21
[INFO] [stderr]    Compiling serde_json v1.0.151
[INFO] [stderr]    Compiling base64 v0.23.1
[INFO] [stderr]    Compiling chrono v0.4.45
[INFO] [stderr]    Compiling dacc-derive v0.5.2
[INFO] [stderr]    Compiling half v2.7.1
[INFO] [stderr]    Compiling ciborium-ll v0.2.2
[INFO] [stderr]    Compiling ciborium v0.2.2
[INFO] [stderr]    Compiling nerpa-proto v0.3.0
[INFO] [stderr]    Compiling nerpa-core v0.3.0
[INFO] [stderr]    Compiling nerpa-provider-os v0.3.0 (/opt/rustwide/workdir)
[INFO] [stderr]     Finished `release` profile [optimized] target(s) in 32.33s
[INFO] running `Command { std: "docker" "inspect" "4cef039a5d41a5bcb70999aa9b0b7409267dbdc63a146c3595443bc3dbfc6f4a", kill_on_drop: false }`
[INFO] running `Command { std: "docker" "exec" "-e" "SOURCE_DIR=/opt/rustwide/workdir" "-e" "CARGO_HOME=/opt/rustwide/cargo-home" "-e" "RUSTUP_HOME=/opt/rustwide/rustup-home" "-e" "CARGO_TARGET_DIR=/opt/rustwide/target" "-e" "CARGO_INCREMENTAL=0" "-e" "RUST_BACKTRACE=full" "-e" "RUSTFLAGS=--cap-lints=warn" "-e" "RUSTDOCFLAGS=--cap-lints=warn" "-w" "/opt/rustwide/workdir" "--user" "0:0" "4cef039a5d41a5bcb70999aa9b0b7409267dbdc63a146c3595443bc3dbfc6f4a" "/opt/rustwide/cargo-home/bin/cargo" "+1.99.0-beta.8" "test" "--frozen" "--no-run" "--message-format=json" "--release", kill_on_drop: false }`
[INFO] [stderr]    Compiling nerpa-executor v0.3.0
[INFO] [stderr]    Compiling nerpa-transport v0.3.0
[INFO] [stderr]    Compiling nerpa-provider-os v0.3.0 (/opt/rustwide/workdir)
[INFO] [stderr]     Finished `release` profile [optimized] target(s) in 8.33s
[INFO] running `Command { std: "docker" "inspect" "4cef039a5d41a5bcb70999aa9b0b7409267dbdc63a146c3595443bc3dbfc6f4a", kill_on_drop: false }`
[INFO] running `Command { std: "docker" "exec" "-e" "SOURCE_DIR=/opt/rustwide/workdir" "-e" "CARGO_HOME=/opt/rustwide/cargo-home" "-e" "RUSTUP_HOME=/opt/rustwide/rustup-home" "-e" "CARGO_TARGET_DIR=/opt/rustwide/target" "-e" "CARGO_INCREMENTAL=0" "-e" "RUST_BACKTRACE=full" "-e" "RUSTFLAGS=--cap-lints=warn" "-e" "RUSTDOCFLAGS=--cap-lints=warn" "-w" "/opt/rustwide/workdir" "--user" "0:0" "4cef039a5d41a5bcb70999aa9b0b7409267dbdc63a146c3595443bc3dbfc6f4a" "/opt/rustwide/cargo-home/bin/cargo" "+1.99.0-beta.8" "test" "--frozen" "--release", kill_on_drop: false }`
[INFO] [stderr]     Finished `release` profile [optimized] target(s) in 0.04s
[INFO] [stderr]      Running unittests src/lib.rs (/opt/rustwide/target/release/deps/nerpa_provider_os-7b3e93e1a4f3408a)
[INFO] [stdout] 
[INFO] [stdout] running 0 tests
[INFO] [stdout] 
[INFO] [stdout] test result: ok. 0 passed; 0 failed; 0 ignored; 0 measured; 0 filtered out; finished in 0.00s
[INFO] [stdout] 
[INFO] [stderr]      Running tests/contract.rs (/opt/rustwide/target/release/deps/contract-02ed6a8e4a7a7ccb)
[INFO] [stdout] 
[INFO] [stdout] running 9 tests
[INFO] [stdout] test a_package_is_installed_and_then_looked_at_again ... ok
[INFO] [stdout] test a_file_is_one_write_that_carries_what_it_was_given ... ok
[INFO] [stdout] test a_replacement_is_one_batch_with_the_forgetting_between_its_halves ... ok
[INFO] [stdout] test a_removal_is_built_from_what_was_recorded_and_concludes_gone ... ok
[INFO] [stdout] test a_package_left_unrecorded_is_sent_again_and_a_file_is_read ... ok
[INFO] [stdout] test a_service_that_is_roused_settles_before_it_is_restarted_and_is_watched_after ... ok
[INFO] [stdout] test a_write_that_carries_a_secret_says_so ... ok
[INFO] [stdout] test only_a_change_that_sends_something_reaches_a_provider ... ok
[INFO] [stdout] test a_write_the_engine_confirmed_is_concluded_from_what_was_written ... ok
[INFO] [stdout] 
[INFO] [stdout] test result: ok. 9 passed; 0 failed; 0 ignored; 0 measured; 0 filtered out; finished in 0.00s
[INFO] [stdout] 
[INFO] [stderr]      Running tests/converge.rs (/opt/rustwide/target/release/deps/converge-bfa420b7f669947a)
[INFO] [stdout] 
[INFO] [stdout] running 35 tests
[INFO] [stdout] test a_machine_in_memory_touches_nothing ... ok
[INFO] [stdout] test a_declaration_without_a_path_is_refused_rather_than_guessed_at ... ok
[INFO] [stdout] test a_mode_beyond_the_permission_bits_is_refused_while_planning ... ok
[INFO] [stdout] test a_machine_that_says_something_unaccounted_for_is_refused ... ok
[INFO] [stdout] test a_declared_attribute_the_provider_does_not_own_is_refused ... ok
[INFO] [stdout] test a_directory_comes_before_the_file_in_it ... ok
[INFO] [stdout] test a_file_that_was_adopted_is_removed_once_its_declaration_is ... ok
[INFO] [stdout] test a_kind_this_provider_does_not_own_is_refused ... ok
[INFO] [stdout] test a_file_is_written_and_the_second_run_has_nothing_to_do ... ok
[INFO] [stdout] test a_declared_rename_keeps_its_identity ... ok
[INFO] [stdout] test a_file_that_was_already_there_is_adopted_rather_than_remade ... ok
[INFO] [stdout] test a_mode_written_as_a_number_is_refused_and_says_to_quote_it ... ok
[INFO] [stdout] test a_drifting_resource_marked_for_merging_is_reported_never_corrected ... ok
[INFO] [stdout] test a_resource_removed_from_the_configuration_is_removed_from_the_machine ... ok
[INFO] [stdout] test a_file_moved_onto_a_path_a_removal_frees_leaves_nothing_at_the_old_path ... ok
[INFO] [stdout] test the_registry_merges_what_each_provider_refuses_to_change ... ok
[INFO] [stdout] test one_provider_serves_two_threads_at_once ... ok
[INFO] [stdout] test an_unresolved_value_is_settled_from_the_stage_before_it ... ok
[INFO] [stdout] test what_came_after_a_thing_is_removed_before_the_thing ... ok
[INFO] [stdout] test what_is_adopted_is_written_down_once_rather_than_once_for_each ... ok
[INFO] [stdout] test what_depended_on_a_thing_is_removed_before_the_thing ... ok
[INFO] [stdout] test a_resource_renamed_at_the_same_path_converges_in_one_run ... ok
[INFO] [stdout] test a_replaced_directory_waits_for_the_file_moving_out_of_it ... ok
[INFO] [stdout] test what_was_already_made_is_recorded_before_the_next_thing_is_touched ... ok
[INFO] [stdout] test a_value_chosen_by_a_fact_settles_from_the_machine ... ok
[INFO] [stdout] test a_file_declared_where_a_replacement_moves_one_away_is_made_after_it ... ok
[INFO] [stdout] test an_edge_added_to_a_resource_that_already_matches_is_remembered ... ok
[INFO] [stdout] test what_read_from_a_thing_that_already_existed_is_removed_before_the_thing ... ok
[INFO] [stdout] test a_mode_is_compared_as_the_number_it_spells ... ok
[INFO] [stdout] test a_replaced_directory_waits_for_the_removal_of_what_was_inside_it ... ok
[INFO] [stdout] test a_file_that_moved_after_the_plan_was_made_is_not_written_over ... ok
[INFO] [stdout] test a_directory_is_removed_after_the_file_moved_out_of_it ... ok
[INFO] [stdout] test a_file_edited_by_hand_is_brought_back ... ok
[INFO] [stdout] test moving_a_file_replaces_it_and_takes_the_old_one_with_it ... ok
[INFO] [stdout] test a_package_that_is_installed_is_read_back_with_its_version ... ok
[INFO] [stdout] 
[INFO] [stdout] test result: ok. 35 passed; 0 failed; 0 ignored; 0 measured; 0 filtered out; finished in 0.37s
[INFO] [stdout] 
[INFO] [stderr]      Running tests/rousing.rs (/opt/rustwide/target/release/deps/rousing-3aaa6fd878a7bf24)
[INFO] [stdout] 
[INFO] [stdout] running 4 tests
[INFO] [stdout] test a_service_changing_and_roused_is_settled_then_restarted ... ok
[INFO] [stdout] test being_roused_restarts_a_service_only_if_it_is_running ... ok
[INFO] [stdout] test the_os_provider_says_a_package_cannot_react ... ok
[INFO] [stdout] test a_service_owed_a_restart_is_restarted_when_it_changes_as_well ... ok
[INFO] [stdout] 
[INFO] [stdout] test result: ok. 4 passed; 0 failed; 0 ignored; 0 measured; 0 filtered out; finished in 0.00s
[INFO] [stdout] 
[INFO] [stderr]      Running tests/secret.rs (/opt/rustwide/target/release/deps/secret-abace8bc2fa5b42c)
[INFO] [stdout] 
[INFO] [stdout] running 5 tests
[INFO] [stdout] test a_secret_that_cannot_be_fetched_stops_the_plan ... ok
[INFO] [stdout] test a_password_reaches_the_file_and_nothing_else ... ok
[INFO] [stdout] test a_rotated_secret_is_reported_as_changed ... ok
[INFO] [stdout] test a_secret_that_did_not_change_converges ... ok
[INFO] [stdout] test a_rotated_secret_leaves_no_unkeyed_digest_of_the_old_one_in_the_plan ... ok
[INFO] [stdout] 
[INFO] [stdout] test result: ok. 5 passed; 0 failed; 0 ignored; 0 measured; 0 filtered out; finished in 0.03s
[INFO] [stdout] 
[INFO] [stderr]      Running tests/twice.rs (/opt/rustwide/target/release/deps/twice-70ff0bec126b8164)
[INFO] [stdout] 
[INFO] [stdout] running 6 tests
[INFO] [stdout] test a_package_is_installed_and_the_second_run_has_nothing_to_do ... ok
[INFO] [stdout] test a_package_whose_declaration_goes_is_removed ... ok
[INFO] [stdout] test a_removed_service_declaration_stops_or_disables_nothing ... ok
[INFO] [stdout] test a_service_declared_without_enabled_or_running_is_not_disabled_or_stopped ... ok
[INFO] [stdout] test a_service_is_settled_and_the_second_run_has_nothing_to_do ... ok
[INFO] [stdout] test a_running_service_takes_a_changed_file_once ... ok
[INFO] [stdout] 
[INFO] [stdout] test result: ok. 6 passed; 0 failed; 0 ignored; 0 measured; 0 filtered out; finished in 0.00s
[INFO] [stdout] 
[INFO] [stderr]      Running tests/unreadable.rs (/opt/rustwide/target/release/deps/unreadable-86731d263e5f17b5)
[INFO] [stdout] 
[INFO] [stdout] running 15 tests
[INFO] [stdout] test a_file_that_is_not_text_is_read_as_the_bytes_it_holds ... ok
[INFO] [stdout] test a_reading_answered_with_the_wrong_number_of_things_is_refused ... ok
[INFO] [stdout] test the_os_provider_names_files_and_directories_by_path_in_one_namespace ... ok
[INFO] [stdout] test the_os_provider_bounds_content_at_what_one_operation_carries ... ok
[INFO] [stdout] test a_binary_file_converges ... ok
[INFO] [stdout] test deleting_a_directory_does_not_take_what_nerpa_did_not_make ... ok
[INFO] [stdout] test a_file_that_is_text_is_still_read_as_text ... ok
[INFO] [stdout] test a_symlink_is_reported_as_a_symlink_and_not_followed ... ok
[INFO] [stdout] test a_file_ends_up_with_the_mode_it_was_declared ... ok
[INFO] [stdout] test writing_where_a_symlink_is_replaces_the_link_and_leaves_its_target_alone ... ok
[INFO] [stdout] test a_file_that_cannot_be_read_is_refused_rather_than_called_absent ... FAILED
[INFO] [stdout] test an_empty_directory_is_still_removed ... ok
[INFO] [stdout] test a_broken_symlink_is_there_rather_than_absent ... ok
[INFO] [stdout] test making_a_directory_where_a_symlink_is_leaves_what_it_pointed_at_alone ... ok
[INFO] [stdout] test content_too_large_is_refused_before_the_machine_is_asked ... ok
[INFO] [stdout] 
[INFO] [stdout] failures:
[INFO] [stdout] 
[INFO] [stdout] ---- a_file_that_cannot_be_read_is_refused_rather_than_called_absent stdout ----
[INFO] [stdout] 
[INFO] [stdout] thread 'a_file_that_cannot_be_read_is_refused_rather_than_called_absent' (989) panicked at tests/unreadable.rs:93:5:
[INFO] [stdout] this test needs a file it cannot read; running as root?
[INFO] [stdout] stack backtrace:
[INFO] [stdout]    0:     0x5a33e12ba101 - <<std[70759c8f55707aa4]::sys::backtrace::BacktraceLock>::print::DisplayBacktrace as core[df12db4294e9bfd3]::fmt::Display>::fmt
[INFO] [stdout]    1:     0x5a33e12cf7ca - core[df12db4294e9bfd3]::fmt::write
[INFO] [stdout]    2:     0x5a33e12be94c - <alloc[2182bb758b4b3781]::vec::Vec<u8> as core[df12db4294e9bfd3]::io::write::Write>::write_fmt
[INFO] [stdout]    3:     0x5a33e12939c6 - std[70759c8f55707aa4]::panicking::default_hook::{closure#0}
[INFO] [stdout]    4:     0x5a33e12b0e19 - std[70759c8f55707aa4]::panicking::default_hook
[INFO] [stdout]    5:     0x5a33e1202db0 - test[9d35eded1c95d3be]::test_main_inner::<test[9d35eded1c95d3be]::test_main_static::{closure#0}>::{closure#0}
[INFO] [stdout]    6:     0x5a33e12b1142 - std[70759c8f55707aa4]::panicking::panic_with_hook
[INFO] [stdout]    7:     0x5a33e1293aa4 - std[70759c8f55707aa4]::panicking::panic_handler::{closure#0}
[INFO] [stdout]    8:     0x5a33e128c449 - std[70759c8f55707aa4]::sys::backtrace::__rust_end_short_backtrace::<std[70759c8f55707aa4]::panicking::panic_handler::{closure#0}, !>
[INFO] [stdout]    9:     0x5a33e129481d - __rustc[8fa7c3cbc660c2b3]::rust_begin_unwind
[INFO] [stdout]   10:     0x5a33e12cfefc - core[df12db4294e9bfd3]::panicking::panic_fmt
[INFO] [stdout]   11:     0x5a33e11ea48f - <unreadable[17a018ac57fed91a]::a_file_that_cannot_be_read_is_refused_rather_than_called_absent::{closure#0} as core[df12db4294e9bfd3]::ops::function::FnOnce<()>>::call_once
[INFO] [stdout]   12:     0x5a33e11f609b - test[9d35eded1c95d3be]::__rust_begin_short_backtrace::<core[df12db4294e9bfd3]::result::Result<(), alloc[2182bb758b4b3781]::string::String>, fn() -> core[df12db4294e9bfd3]::result::Result<(), alloc[2182bb758b4b3781]::string::String>>
[INFO] [stdout]   13:     0x5a33e1203705 - test[9d35eded1c95d3be]::run_test::{closure#0}
[INFO] [stdout]   14:     0x5a33e11fcfc4 - std[70759c8f55707aa4]::sys::backtrace::__rust_begin_short_backtrace::<test[9d35eded1c95d3be]::run_test::{closure#1}, ()>
[INFO] [stdout]   15:     0x5a33e1206862 - <std[70759c8f55707aa4]::thread::lifecycle::spawn_unchecked<test[9d35eded1c95d3be]::run_test::{closure#1}, ()>::{closure#1} as core[df12db4294e9bfd3]::ops::function::FnOnce<()>>::call_once::{shim:vtable#0}
[INFO] [stdout]   16:     0x5a33e12b9149 - <std[70759c8f55707aa4]::sys::thread::unix::Thread>::new::thread_start
[INFO] [stdout]   17:     0x7a800f3d3dfa - <unknown>
[INFO] [stdout]   18:     0x7a800f4673d4 - clone
[INFO] [stdout]   19:                0x0 - <unknown>
[INFO] [stdout] 
[INFO] [stdout] 
[INFO] [stdout] failures:
[INFO] [stdout]     a_file_that_cannot_be_read_is_refused_rather_than_called_absent
[INFO] [stdout] 
[INFO] [stdout] test result: FAILED. 14 passed; 1 failed; 0 ignored; 0 measured; 0 filtered out; finished in 0.07s
[INFO] [stdout] 
[INFO] [stderr] error: test failed, to rerun pass `--test unreadable`
[INFO] running `Command { std: "docker" "inspect" "4cef039a5d41a5bcb70999aa9b0b7409267dbdc63a146c3595443bc3dbfc6f4a", kill_on_drop: false }`
[INFO] running `Command { std: "docker" "rm" "-f" "4cef039a5d41a5bcb70999aa9b0b7409267dbdc63a146c3595443bc3dbfc6f4a", kill_on_drop: false }`
[INFO] [stdout] 4cef039a5d41a5bcb70999aa9b0b7409267dbdc63a146c3595443bc3dbfc6f4a
