[INFO] fetching crate nerpa-executor 0.3.0...
[INFO] testing nerpa-executor-0.3.0 against 1.99.0-beta.8+cargoflags=--release for beta-release-1.100-2
[INFO] extracting crate nerpa-executor 0.3.0 into /workspace/builds/worker-0-tc1/source
[INFO] started tweaking crates.io crate nerpa-executor 0.3.0
[INFO] removed 0 missing tests
[INFO] finished tweaking crates.io crate nerpa-executor 0.3.0
[INFO] tweaked toml for crates.io crate nerpa-executor 0.3.0 written to /workspace/builds/worker-0-tc1/source/Cargo.toml
[INFO] validating manifest of crates.io crate nerpa-executor 0.3.0 on toolchain 1.99.0-beta.8
[INFO] running `Command { std: CARGO_HOME="/workspace/cargo-home" RUSTUP_HOME="/workspace/rustup-home" "/workspace/cargo-home/bin/cargo" "+1.99.0-beta.8" "metadata" "--manifest-path" "Cargo.toml" "--no-deps", kill_on_drop: false }`
[INFO] crate crates.io crate nerpa-executor 0.3.0 already has a lockfile, it will not be regenerated
[INFO] running `Command { std: CARGO_HOME="/workspace/cargo-home" RUSTUP_HOME="/workspace/rustup-home" "/workspace/cargo-home/bin/cargo" "+1.99.0-beta.8" "fetch" "--manifest-path" "Cargo.toml", kill_on_drop: false }`
[INFO] [stderr]     Updating crates.io index
[INFO] [stderr]  Downloading crates ...
[INFO] [stderr]   Downloaded dacc-derive v0.5.2
[INFO] [stderr]   Downloaded dacc-core v0.5.2
[INFO] [stderr]   Downloaded nerpa-proto v0.3.0
[INFO] running `Command { std: "docker" "create" "-v" "/var/lib/crater-agent-workspace/builds/worker-0-tc1/source:/opt/rustwide/workdir:ro,Z" "-v" "/var/lib/crater-agent-workspace/builds/worker-0-tc1/target:/opt/rustwide/target:rw,Z" "-v" "/var/lib/crater-agent-workspace/cargo-home:/opt/rustwide/cargo-home:ro,Z" "-v" "/var/lib/crater-agent-workspace/rustup-home:/opt/rustwide/rustup-home:ro,Z" "-m" "1610612736" "--network" "none" "ghcr.io/rust-lang/crates-build-env/linux@sha256:77db811e55d90add9212f6832c23229e3de5f1c1f9905e8cb07319ea15df73ac" "sleep" "infinity", kill_on_drop: false }`
[INFO] [stdout] f5923a9f2844a8411caceed3c2df2a1dbd9f3a35225c81f0c1c01e0cd8201ff7
[INFO] running `Command { std: "docker" "start" "f5923a9f2844a8411caceed3c2df2a1dbd9f3a35225c81f0c1c01e0cd8201ff7", kill_on_drop: false }`
[INFO] running `Command { std: "docker" "inspect" "f5923a9f2844a8411caceed3c2df2a1dbd9f3a35225c81f0c1c01e0cd8201ff7", kill_on_drop: false }`
[INFO] running `Command { std: "docker" "exec" "-e" "SOURCE_DIR=/opt/rustwide/workdir" "-e" "CARGO_HOME=/opt/rustwide/cargo-home" "-e" "RUSTUP_HOME=/opt/rustwide/rustup-home" "-e" "CARGO_TARGET_DIR=/opt/rustwide/target" "-w" "/opt/rustwide/workdir" "--user" "0:0" "f5923a9f2844a8411caceed3c2df2a1dbd9f3a35225c81f0c1c01e0cd8201ff7" "/opt/rustwide/cargo-home/bin/cargo" "+1.99.0-beta.8" "metadata" "--no-deps" "--format-version=1", kill_on_drop: false }`
[INFO] running `Command { std: "docker" "inspect" "f5923a9f2844a8411caceed3c2df2a1dbd9f3a35225c81f0c1c01e0cd8201ff7", kill_on_drop: false }`
[INFO] running `Command { std: "docker" "exec" "-e" "SOURCE_DIR=/opt/rustwide/workdir" "-e" "CARGO_HOME=/opt/rustwide/cargo-home" "-e" "RUSTUP_HOME=/opt/rustwide/rustup-home" "-e" "CARGO_TARGET_DIR=/opt/rustwide/target" "-e" "CARGO_INCREMENTAL=0" "-e" "RUST_BACKTRACE=full" "-e" "RUSTFLAGS=--cap-lints=warn" "-e" "RUSTDOCFLAGS=--cap-lints=warn" "-w" "/opt/rustwide/workdir" "--user" "0:0" "f5923a9f2844a8411caceed3c2df2a1dbd9f3a35225c81f0c1c01e0cd8201ff7" "/opt/rustwide/cargo-home/bin/cargo" "+1.99.0-beta.8" "build" "--frozen" "--message-format=json" "--release", kill_on_drop: false }`
[INFO] [stderr]    Compiling syn v3.0.6
[INFO] [stderr]    Compiling zerocopy v0.8.59
[INFO] [stderr]    Compiling zerocopy-derive v0.8.59
[INFO] [stderr]    Compiling constant_time_eq v0.3.1
[INFO] [stderr]    Compiling dacc-core v0.5.2
[INFO] [stderr]    Compiling cc v1.5.1
[INFO] [stderr]    Compiling serde_bytes v0.11.19
[INFO] [stderr]    Compiling dacc-derive v0.5.2
[INFO] [stderr]    Compiling blake3 v1.8.2
[INFO] [stderr]    Compiling serde_derive v1.0.229
[INFO] [stderr]    Compiling thiserror-impl v2.0.21
[INFO] [stderr]    Compiling thiserror v2.0.21
[INFO] [stderr]    Compiling serde v1.0.229
[INFO] [stderr]    Compiling half v2.7.1
[INFO] [stderr]    Compiling ciborium-ll v0.2.2
[INFO] [stderr]    Compiling ciborium v0.2.2
[INFO] [stderr]    Compiling nerpa-proto v0.3.0
[INFO] [stderr]    Compiling nerpa-executor v0.3.0 (/opt/rustwide/workdir)
[INFO] [stderr]     Finished `release` profile [optimized] target(s) in 14.74s
[INFO] running `Command { std: "docker" "inspect" "f5923a9f2844a8411caceed3c2df2a1dbd9f3a35225c81f0c1c01e0cd8201ff7", kill_on_drop: false }`
[INFO] running `Command { std: "docker" "exec" "-e" "SOURCE_DIR=/opt/rustwide/workdir" "-e" "CARGO_HOME=/opt/rustwide/cargo-home" "-e" "RUSTUP_HOME=/opt/rustwide/rustup-home" "-e" "CARGO_TARGET_DIR=/opt/rustwide/target" "-e" "CARGO_INCREMENTAL=0" "-e" "RUST_BACKTRACE=full" "-e" "RUSTFLAGS=--cap-lints=warn" "-e" "RUSTDOCFLAGS=--cap-lints=warn" "-w" "/opt/rustwide/workdir" "--user" "0:0" "f5923a9f2844a8411caceed3c2df2a1dbd9f3a35225c81f0c1c01e0cd8201ff7" "/opt/rustwide/cargo-home/bin/cargo" "+1.99.0-beta.8" "test" "--frozen" "--no-run" "--message-format=json" "--release", kill_on_drop: false }`
[INFO] [stderr]    Compiling getrandom v0.4.3
[INFO] [stderr]    Compiling tempfile v3.27.0
[INFO] [stderr]    Compiling nerpa-executor v0.3.0 (/opt/rustwide/workdir)
[INFO] [stderr]     Finished `release` profile [optimized] target(s) in 4.65s
[INFO] running `Command { std: "docker" "inspect" "f5923a9f2844a8411caceed3c2df2a1dbd9f3a35225c81f0c1c01e0cd8201ff7", kill_on_drop: false }`
[INFO] running `Command { std: "docker" "exec" "-e" "SOURCE_DIR=/opt/rustwide/workdir" "-e" "CARGO_HOME=/opt/rustwide/cargo-home" "-e" "RUSTUP_HOME=/opt/rustwide/rustup-home" "-e" "CARGO_TARGET_DIR=/opt/rustwide/target" "-e" "CARGO_INCREMENTAL=0" "-e" "RUST_BACKTRACE=full" "-e" "RUSTFLAGS=--cap-lints=warn" "-e" "RUSTDOCFLAGS=--cap-lints=warn" "-w" "/opt/rustwide/workdir" "--user" "0:0" "f5923a9f2844a8411caceed3c2df2a1dbd9f3a35225c81f0c1c01e0cd8201ff7" "/opt/rustwide/cargo-home/bin/cargo" "+1.99.0-beta.8" "test" "--frozen" "--release", kill_on_drop: false }`
[INFO] [stderr]     Finished `release` profile [optimized] target(s) in 0.10s
[INFO] [stderr]      Running unittests src/lib.rs (/opt/rustwide/target/release/deps/nerpa_executor-3cbacae068baa5b8)
[INFO] [stdout] 
[INFO] [stdout] running 0 tests
[INFO] [stdout] 
[INFO] [stdout] test result: ok. 0 passed; 0 failed; 0 ignored; 0 measured; 0 filtered out; finished in 0.00s
[INFO] [stdout] 
[INFO] [stderr]      Running unittests src/main.rs (/opt/rustwide/target/release/deps/nerpa_executor-2c270fdddb7f0e56)
[INFO] [stdout] 
[INFO] [stdout] running 0 tests
[INFO] [stdout] 
[INFO] [stdout] test result: ok. 0 passed; 0 failed; 0 ignored; 0 measured; 0 filtered out; finished in 0.00s
[INFO] [stdout] 
[INFO] [stderr]      Running tests/act.rs (/opt/rustwide/target/release/deps/act-736e61973e03aec8)
[INFO] [stdout] 
[INFO] [stdout] running 23 tests
[INFO] [stdout] test a_fingerprint_is_refused_rather_than_invented ... ok
[INFO] [stdout] test a_write_is_answered_with_a_digest_and_never_with_the_contents ... ok
[INFO] [stdout] test a_premise_sealed_for_another_machine_does_not_hold ... ok
[INFO] [stdout] test a_batch_whose_premise_moved_does_nothing_and_says_which ... ok
[INFO] [stdout] test a_sealed_look_without_a_seal_is_refused_before_anything_is_looked_at ... ok
[INFO] [stdout] test a_refusal_before_anything_is_not_where_the_first_premise_is ... FAILED
[INFO] [stdout] test a_sealed_observation_answers_with_a_seal_and_never_the_contents ... ok
[INFO] [stdout] test removing_a_directory_does_not_take_what_is_in_it ... ok
[INFO] [stdout] test asking_what_a_path_holds_follows_a_link_and_asking_what_is_there_does_not ... ok
[INFO] [stdout] test looking_at_a_path_says_what_is_there_or_that_nothing_is ... ok
[INFO] [stdout] test what_it_did_is_read_back_rather_than_echoed ... ok
[INFO] [stdout] test a_private_process_answers_with_a_seal_and_never_with_what_it_said ... ok
[INFO] [stdout] test a_path_that_holds_nothing_because_it_is_not_there_says_so ... ok
[INFO] [stdout] test a_write_carrying_a_secret_without_a_seal_is_refused_before_anything ... ok
[INFO] [stdout] test looking_at_a_program_reports_what_it_said ... ok
[INFO] [stdout] test a_private_process_that_fails_does_not_quote_what_it_said ... ok
[INFO] [stdout] test a_private_input_is_not_repeated_into_the_failure ... ok
[INFO] [stdout] test an_exit_code_that_was_asked_for_is_not_a_failure ... ok
[INFO] [stdout] test a_program_that_does_not_read_its_input_is_not_a_failure ... ok
[INFO] [stdout] test a_path_it_may_not_read_is_a_failure_rather_than_nothing ... FAILED
[INFO] [stdout] test a_premise_that_arrives_without_its_seal_is_refused_before_anything_is_done ... ok
[INFO] [stdout] test which_build_is_read_off_the_binary_that_is_running ... ok
[INFO] [stdout] test input_larger_than_a_pipe_buffer_does_not_hold_both_ends ... ok
[INFO] [stdout] 
[INFO] [stdout] failures:
[INFO] [stdout] 
[INFO] [stdout] ---- a_refusal_before_anything_is_not_where_the_first_premise_is stdout ----
[INFO] [stdout] 
[INFO] [stdout] thread 'a_refusal_before_anything_is_not_where_the_first_premise_is' (666) panicked at tests/act.rs:530:5:
[INFO] [stdout] this test needs a file it cannot read; running as root?
[INFO] [stderr] error: test failed, to rerun pass `--test act`
[INFO] [stdout] stack backtrace:
[INFO] [stdout]    0:     0x62d1a7bdfc91 - <<std[70759c8f55707aa4]::sys::backtrace::BacktraceLock>::print::DisplayBacktrace as core[df12db4294e9bfd3]::fmt::Display>::fmt
[INFO] [stdout]    1:     0x62d1a7bf4cfa - core[df12db4294e9bfd3]::fmt::write
[INFO] [stdout]    2:     0x62d1a7be446c - <alloc[2182bb758b4b3781]::vec::Vec<u8> as core[df12db4294e9bfd3]::io::write::Write>::write_fmt
[INFO] [stdout]    3:     0x62d1a7bb96e6 - std[70759c8f55707aa4]::panicking::default_hook::{closure#0}
[INFO] [stdout]    4:     0x62d1a7bd6bb9 - std[70759c8f55707aa4]::panicking::default_hook
[INFO] [stdout]    5:     0x62d1a7b598f0 - test[9d35eded1c95d3be]::test_main_inner::<test[9d35eded1c95d3be]::test_main_static::{closure#0}>::{closure#0}
[INFO] [stdout]    6:     0x62d1a7bd6ee2 - std[70759c8f55707aa4]::panicking::panic_with_hook
[INFO] [stdout]    7:     0x62d1a7bb97c4 - std[70759c8f55707aa4]::panicking::panic_handler::{closure#0}
[INFO] [stdout]    8:     0x62d1a7bb2209 - std[70759c8f55707aa4]::sys::backtrace::__rust_end_short_backtrace::<std[70759c8f55707aa4]::panicking::panic_handler::{closure#0}, !>
[INFO] [stdout]    9:     0x62d1a7bba53d - __rustc[8fa7c3cbc660c2b3]::rust_begin_unwind
[INFO] [stdout]   10:     0x62d1a7bf542c - core[df12db4294e9bfd3]::panicking::panic_fmt
[INFO] [stdout]   11:     0x62d1a7b46851 - <act[2fa73e4a2933c151]::a_refusal_before_anything_is_not_where_the_first_premise_is::{closure#0} as core[df12db4294e9bfd3]::ops::function::FnOnce<()>>::call_once
[INFO] [stdout]   12:     0x62d1a7b4cbdb - test[9d35eded1c95d3be]::__rust_begin_short_backtrace::<core[df12db4294e9bfd3]::result::Result<(), alloc[2182bb758b4b3781]::string::String>, fn() -> core[df12db4294e9bfd3]::result::Result<(), alloc[2182bb758b4b3781]::string::String>>
[INFO] [stdout]   13:     0x62d1a7b5a245 - test[9d35eded1c95d3be]::run_test::{closure#0}
[INFO] [stdout]   14:     0x62d1a7b53b04 - std[70759c8f55707aa4]::sys::backtrace::__rust_begin_short_backtrace::<test[9d35eded1c95d3be]::run_test::{closure#1}, ()>
[INFO] [stdout]   15:     0x62d1a7b5d3a2 - <std[70759c8f55707aa4]::thread::lifecycle::spawn_unchecked<test[9d35eded1c95d3be]::run_test::{closure#1}, ()>::{closure#1} as core[df12db4294e9bfd3]::ops::function::FnOnce<()>>::call_once::{shim:vtable#0}
[INFO] [stdout]   16:     0x62d1a7bdecd9 - <std[70759c8f55707aa4]::sys::thread::unix::Thread>::new::thread_start
[INFO] [stdout]   17:     0x7849152c2dfa - <unknown>
[INFO] [stdout]   18:     0x7849153563d4 - clone
[INFO] [stdout]   19:                0x0 - <unknown>
[INFO] [stdout] 
[INFO] [stdout] ---- a_path_it_may_not_read_is_a_failure_rather_than_nothing stdout ----
[INFO] [stdout] 
[INFO] [stdout] thread 'a_path_it_may_not_read_is_a_failure_rather_than_nothing' (657) panicked at tests/act.rs:75:5:
[INFO] [stdout] this test needs a file it cannot read; running as root?
[INFO] [stdout] stack backtrace:
[INFO] [stdout]    0:     0x62d1a7bdfc91 - <<std[70759c8f55707aa4]::sys::backtrace::BacktraceLock>::print::DisplayBacktrace as core[df12db4294e9bfd3]::fmt::Display>::fmt
[INFO] [stdout]    1:     0x62d1a7bf4cfa - core[df12db4294e9bfd3]::fmt::write
[INFO] [stdout]    2:     0x62d1a7be446c - <alloc[2182bb758b4b3781]::vec::Vec<u8> as core[df12db4294e9bfd3]::io::write::Write>::write_fmt
[INFO] [stdout]    3:     0x62d1a7bb96e6 - std[70759c8f55707aa4]::panicking::default_hook::{closure#0}
[INFO] [stdout]    4:     0x62d1a7bd6bb9 - std[70759c8f55707aa4]::panicking::default_hook
[INFO] [stdout]    5:     0x62d1a7b598f0 - test[9d35eded1c95d3be]::test_main_inner::<test[9d35eded1c95d3be]::test_main_static::{closure#0}>::{closure#0}
[INFO] [stdout]    6:     0x62d1a7bd6ee2 - std[70759c8f55707aa4]::panicking::panic_with_hook
[INFO] [stdout]    7:     0x62d1a7bb97c4 - std[70759c8f55707aa4]::panicking::panic_handler::{closure#0}
[INFO] [stdout]    8:     0x62d1a7bb2209 - std[70759c8f55707aa4]::sys::backtrace::__rust_end_short_backtrace::<std[70759c8f55707aa4]::panicking::panic_handler::{closure#0}, !>
[INFO] [stdout]    9:     0x62d1a7bba53d - __rustc[8fa7c3cbc660c2b3]::rust_begin_unwind
[INFO] [stdout]   10:     0x62d1a7bf542c - core[df12db4294e9bfd3]::panicking::panic_fmt
[INFO] [stdout]   11:     0x62d1a7b44350 - <act[2fa73e4a2933c151]::a_path_it_may_not_read_is_a_failure_rather_than_nothing::{closure#0} as core[df12db4294e9bfd3]::ops::function::FnOnce<()>>::call_once
[INFO] [stdout]   12:     0x62d1a7b4cbdb - test[9d35eded1c95d3be]::__rust_begin_short_backtrace::<core[df12db4294e9bfd3]::result::Result<(), alloc[2182bb758b4b3781]::string::String>, fn() -> core[df12db4294e9bfd3]::result::Result<(), alloc[2182bb758b4b3781]::string::String>>
[INFO] [stdout]   13:     0x62d1a7b5a245 - test[9d35eded1c95d3be]::run_test::{closure#0}
[INFO] [stdout]   14:     0x62d1a7b53b04 - std[70759c8f55707aa4]::sys::backtrace::__rust_begin_short_backtrace::<test[9d35eded1c95d3be]::run_test::{closure#1}, ()>
[INFO] [stdout]   15:     0x62d1a7b5d3a2 - <std[70759c8f55707aa4]::thread::lifecycle::spawn_unchecked<test[9d35eded1c95d3be]::run_test::{closure#1}, ()>::{closure#1} as core[df12db4294e9bfd3]::ops::function::FnOnce<()>>::call_once::{shim:vtable#0}
[INFO] [stdout]   16:     0x62d1a7bdecd9 - <std[70759c8f55707aa4]::sys::thread::unix::Thread>::new::thread_start
[INFO] [stdout]   17:     0x7849152c2dfa - <unknown>
[INFO] [stdout]   18:     0x7849153563d4 - clone
[INFO] [stdout]   19:                0x0 - <unknown>
[INFO] [stdout] 
[INFO] [stdout] 
[INFO] [stdout] failures:
[INFO] [stdout]     a_path_it_may_not_read_is_a_failure_rather_than_nothing
[INFO] [stdout]     a_refusal_before_anything_is_not_where_the_first_premise_is
[INFO] [stdout] 
[INFO] [stdout] test result: FAILED. 21 passed; 2 failed; 0 ignored; 0 measured; 0 filtered out; finished in 0.03s
[INFO] [stdout] 
[INFO] running `Command { std: "docker" "inspect" "f5923a9f2844a8411caceed3c2df2a1dbd9f3a35225c81f0c1c01e0cd8201ff7", kill_on_drop: false }`
[INFO] running `Command { std: "docker" "rm" "-f" "f5923a9f2844a8411caceed3c2df2a1dbd9f3a35225c81f0c1c01e0cd8201ff7", kill_on_drop: false }`
[INFO] [stdout] f5923a9f2844a8411caceed3c2df2a1dbd9f3a35225c81f0c1c01e0cd8201ff7
