[INFO] fetching crate nerdbank-gitversioning 3.11.206-beta.g71caefc180...
[INFO] testing nerdbank-gitversioning-3.11.206-beta.g71caefc180 against 1.100.0-beta.1+cargoflags=--release for beta-release-1.100-2
[INFO] extracting crate nerdbank-gitversioning 3.11.206-beta.g71caefc180 into /workspace/builds/worker-3-tc2/source
[INFO] started tweaking crates.io crate nerdbank-gitversioning 3.11.206-beta.g71caefc180
[INFO] finished tweaking crates.io crate nerdbank-gitversioning 3.11.206-beta.g71caefc180
[INFO] tweaked toml for crates.io crate nerdbank-gitversioning 3.11.206-beta.g71caefc180 written to /workspace/builds/worker-3-tc2/source/Cargo.toml
[INFO] validating manifest of crates.io crate nerdbank-gitversioning 3.11.206-beta.g71caefc180 on toolchain 1.100.0-beta.1
[INFO] running `Command { std: CARGO_HOME="/workspace/cargo-home" RUSTUP_HOME="/workspace/rustup-home" "/workspace/cargo-home/bin/cargo" "+1.100.0-beta.1" "metadata" "--manifest-path" "Cargo.toml" "--no-deps", kill_on_drop: false }`
[INFO] crate crates.io crate nerdbank-gitversioning 3.11.206-beta.g71caefc180 already has a lockfile, it will not be regenerated
[INFO] running `Command { std: CARGO_HOME="/workspace/cargo-home" RUSTUP_HOME="/workspace/rustup-home" "/workspace/cargo-home/bin/cargo" "+1.100.0-beta.1" "fetch" "--manifest-path" "Cargo.toml", kill_on_drop: false }`
[INFO] [stderr] warning: `package.homepage` is redundant with `package.repository`
[INFO] [stderr]   --> Cargo.toml:56:12
[INFO] [stderr]    |
[INFO] [stderr] 56 | homepage = "https://github.com/dotnet/Nerdbank.GitVersioning"
[INFO] [stderr]    |            ^^^^^^^^^^^^^^^^^^^^^^^^^^^^^^^^^^^^^^^^^^^^^^^^^^
[INFO] [stderr] ...
[INFO] [stderr] 61 | repository = "https://github.com/dotnet/Nerdbank.GitVersioning"
[INFO] [stderr]    |              --------------------------------------------------
[INFO] [stderr]    |
[INFO] [stderr]    = note: `cargo::redundant_homepage` is set to `warn` by default
[INFO] [stderr] help: consider removing `package.homepage`
[INFO] [stderr] warning: `nerdbank-gitversioning` (manifest) generated 1 warning
[INFO] running `Command { std: "docker" "create" "-v" "/var/lib/crater-agent-workspace/builds/worker-3-tc2/source:/opt/rustwide/workdir:ro,Z" "-v" "/var/lib/crater-agent-workspace/builds/worker-3-tc2/target:/opt/rustwide/target:rw,Z" "-v" "/var/lib/crater-agent-workspace/cargo-home:/opt/rustwide/cargo-home:ro,Z" "-v" "/var/lib/crater-agent-workspace/rustup-home:/opt/rustwide/rustup-home:ro,Z" "-m" "1610612736" "--network" "none" "ghcr.io/rust-lang/crates-build-env/linux@sha256:77db811e55d90add9212f6832c23229e3de5f1c1f9905e8cb07319ea15df73ac" "sleep" "infinity", kill_on_drop: false }`
[INFO] [stdout] 9f0f569f2a377a1c58eb9d499b18edae9401b2d91d5e07a0cf391b62ba3e4cad
[INFO] running `Command { std: "docker" "start" "9f0f569f2a377a1c58eb9d499b18edae9401b2d91d5e07a0cf391b62ba3e4cad", kill_on_drop: false }`
[INFO] running `Command { std: "docker" "inspect" "9f0f569f2a377a1c58eb9d499b18edae9401b2d91d5e07a0cf391b62ba3e4cad", kill_on_drop: false }`
[INFO] running `Command { std: "docker" "exec" "-e" "SOURCE_DIR=/opt/rustwide/workdir" "-e" "CARGO_HOME=/opt/rustwide/cargo-home" "-e" "RUSTUP_HOME=/opt/rustwide/rustup-home" "-e" "CARGO_TARGET_DIR=/opt/rustwide/target" "-w" "/opt/rustwide/workdir" "--user" "0:0" "9f0f569f2a377a1c58eb9d499b18edae9401b2d91d5e07a0cf391b62ba3e4cad" "/opt/rustwide/cargo-home/bin/cargo" "+1.100.0-beta.1" "metadata" "--no-deps" "--format-version=1", kill_on_drop: false }`
[INFO] running `Command { std: "docker" "inspect" "9f0f569f2a377a1c58eb9d499b18edae9401b2d91d5e07a0cf391b62ba3e4cad", kill_on_drop: false }`
[INFO] running `Command { std: "docker" "exec" "-e" "SOURCE_DIR=/opt/rustwide/workdir" "-e" "CARGO_HOME=/opt/rustwide/cargo-home" "-e" "RUSTUP_HOME=/opt/rustwide/rustup-home" "-e" "CARGO_TARGET_DIR=/opt/rustwide/target" "-e" "CARGO_INCREMENTAL=0" "-e" "RUST_BACKTRACE=full" "-e" "RUSTFLAGS=--cap-lints=warn" "-e" "RUSTDOCFLAGS=--cap-lints=warn" "-w" "/opt/rustwide/workdir" "--user" "0:0" "9f0f569f2a377a1c58eb9d499b18edae9401b2d91d5e07a0cf391b62ba3e4cad" "/opt/rustwide/cargo-home/bin/cargo" "+1.100.0-beta.1" "build" "--frozen" "--message-format=json" "--release", kill_on_drop: false }`
[INFO] [stderr] warning: `package.homepage` is redundant with `package.repository`
[INFO] [stderr]   --> Cargo.toml:56:12
[INFO] [stderr]    |
[INFO] [stderr] 56 | homepage = "https://github.com/dotnet/Nerdbank.GitVersioning"
[INFO] [stderr]    |            ^^^^^^^^^^^^^^^^^^^^^^^^^^^^^^^^^^^^^^^^^^^^^^^^^^
[INFO] [stderr] ...
[INFO] [stderr] 61 | repository = "https://github.com/dotnet/Nerdbank.GitVersioning"
[INFO] [stderr]    |              --------------------------------------------------
[INFO] [stderr]    |
[INFO] [stderr]    = note: `cargo::redundant_homepage` is set to `warn` by default
[INFO] [stderr] help: consider removing `package.homepage`
[INFO] [stderr] warning: `nerdbank-gitversioning` (manifest) generated 1 warning
[INFO] [stderr]    Compiling libc v0.2.190
[INFO] [stderr]    Compiling aho-corasick v1.1.5
[INFO] [stderr]    Compiling bit-set v0.8.0
[INFO] [stderr]    Compiling dunce v1.0.5
[INFO] [stderr]    Compiling syn v3.0.6
[INFO] [stderr]    Compiling bitflags v2.13.2
[INFO] [stderr]    Compiling regex-automata v0.4.18
[INFO] [stderr]    Compiling jobserver v0.1.35
[INFO] [stderr]    Compiling cc v1.6.0
[INFO] [stderr]    Compiling serde_derive v1.0.229
[INFO] [stderr]    Compiling thiserror-impl v2.0.21
[INFO] [stderr]    Compiling libz-sys v1.1.29
[INFO] [stderr]    Compiling libgit2-sys v0.18.8+1.9.7
[INFO] [stderr]    Compiling thiserror v2.0.21
[INFO] [stderr]    Compiling serde v1.0.229
[INFO] [stderr]    Compiling fancy-regex v0.19.2
[INFO] [stderr]    Compiling chrono v0.4.45
[INFO] [stderr]    Compiling regex v1.13.1
[INFO] [stderr]    Compiling git2 v0.21.0
[INFO] [stderr]    Compiling nerdbank-gitversioning v3.11.206-beta.g71caefc180 (/opt/rustwide/workdir)
[INFO] [stderr]     Finished `release` profile [optimized] target(s) in 42.64s
[INFO] running `Command { std: "docker" "inspect" "9f0f569f2a377a1c58eb9d499b18edae9401b2d91d5e07a0cf391b62ba3e4cad", kill_on_drop: false }`
[INFO] running `Command { std: "docker" "exec" "-e" "SOURCE_DIR=/opt/rustwide/workdir" "-e" "CARGO_HOME=/opt/rustwide/cargo-home" "-e" "RUSTUP_HOME=/opt/rustwide/rustup-home" "-e" "CARGO_TARGET_DIR=/opt/rustwide/target" "-e" "CARGO_INCREMENTAL=0" "-e" "RUST_BACKTRACE=full" "-e" "RUSTFLAGS=--cap-lints=warn" "-e" "RUSTDOCFLAGS=--cap-lints=warn" "-w" "/opt/rustwide/workdir" "--user" "0:0" "9f0f569f2a377a1c58eb9d499b18edae9401b2d91d5e07a0cf391b62ba3e4cad" "/opt/rustwide/cargo-home/bin/cargo" "+1.100.0-beta.1" "test" "--frozen" "--no-run" "--message-format=json" "--release", kill_on_drop: false }`
[INFO] [stderr] warning: `package.homepage` is redundant with `package.repository`
[INFO] [stderr]   --> Cargo.toml:56:12
[INFO] [stderr]    |
[INFO] [stderr] 56 | homepage = "https://github.com/dotnet/Nerdbank.GitVersioning"
[INFO] [stderr]    |            ^^^^^^^^^^^^^^^^^^^^^^^^^^^^^^^^^^^^^^^^^^^^^^^^^^
[INFO] [stderr] ...
[INFO] [stderr] 61 | repository = "https://github.com/dotnet/Nerdbank.GitVersioning"
[INFO] [stderr]    |              --------------------------------------------------
[INFO] [stderr]    |
[INFO] [stderr]    = note: `cargo::redundant_homepage` is set to `warn` by default
[INFO] [stderr] help: consider removing `package.homepage`
[INFO] [stderr] warning: `nerdbank-gitversioning` (manifest) generated 1 warning
[INFO] [stderr]    Compiling zerocopy v0.8.59
[INFO] [stderr]    Compiling syn v2.0.119
[INFO] [stderr]    Compiling clap_lex v1.1.1
[INFO] [stderr]    Compiling itertools v0.13.0
[INFO] [stderr]    Compiling bitflags v2.13.2
[INFO] [stderr]    Compiling alloca v0.4.0
[INFO] [stderr]    Compiling serde v1.0.229
[INFO] [stderr]    Compiling plotters v0.3.7
[INFO] [stderr]    Compiling page_size v0.6.0
[INFO] [stderr]    Compiling clap_builder v4.6.7
[INFO] [stderr]    Compiling git2 v0.21.0
[INFO] [stderr]    Compiling tinytemplate v1.2.1
[INFO] [stderr]    Compiling chrono v0.4.45
[INFO] [stderr]    Compiling criterion-plot v0.8.2
[INFO] [stderr]    Compiling clap v4.6.7
[INFO] [stderr]    Compiling zerocopy-derive v0.8.59
[INFO] [stderr]    Compiling nerdbank-gitversioning v3.11.206-beta.g71caefc180 (/opt/rustwide/workdir)
[INFO] [stderr]    Compiling half v2.7.1
[INFO] [stderr]    Compiling ciborium-ll v0.2.2
[INFO] [stderr]    Compiling ciborium v0.2.2
[INFO] [stderr]    Compiling criterion v0.8.2
[INFO] [stderr]     Finished `release` profile [optimized] target(s) in 31.34s
[INFO] running `Command { std: "docker" "inspect" "9f0f569f2a377a1c58eb9d499b18edae9401b2d91d5e07a0cf391b62ba3e4cad", kill_on_drop: false }`
[INFO] running `Command { std: "docker" "exec" "-e" "SOURCE_DIR=/opt/rustwide/workdir" "-e" "CARGO_HOME=/opt/rustwide/cargo-home" "-e" "RUSTUP_HOME=/opt/rustwide/rustup-home" "-e" "CARGO_TARGET_DIR=/opt/rustwide/target" "-e" "CARGO_INCREMENTAL=0" "-e" "RUST_BACKTRACE=full" "-e" "RUSTFLAGS=--cap-lints=warn" "-e" "RUSTDOCFLAGS=--cap-lints=warn" "-w" "/opt/rustwide/workdir" "--user" "0:0" "9f0f569f2a377a1c58eb9d499b18edae9401b2d91d5e07a0cf391b62ba3e4cad" "/opt/rustwide/cargo-home/bin/cargo" "+1.100.0-beta.1" "test" "--frozen" "--release", kill_on_drop: false }`
[INFO] [stderr] warning: `package.homepage` is redundant with `package.repository`
[INFO] [stderr]   --> Cargo.toml:56:12
[INFO] [stderr]    |
[INFO] [stderr] 56 | homepage = "https://github.com/dotnet/Nerdbank.GitVersioning"
[INFO] [stderr]    |            ^^^^^^^^^^^^^^^^^^^^^^^^^^^^^^^^^^^^^^^^^^^^^^^^^^
[INFO] [stderr] ...
[INFO] [stderr] 61 | repository = "https://github.com/dotnet/Nerdbank.GitVersioning"
[INFO] [stderr]    |              --------------------------------------------------
[INFO] [stderr]    |
[INFO] [stderr]    = note: `cargo::redundant_homepage` is set to `warn` by default
[INFO] [stderr] help: consider removing `package.homepage`
[INFO] [stderr] warning: `nerdbank-gitversioning` (manifest) generated 1 warning
[INFO] [stderr]     Finished `release` profile [optimized] target(s) in 0.10s
[INFO] [stderr]      Running unittests src/lib.rs (/opt/rustwide/target/release/build/nerdbank-gitversioning/3574cea6a35b69eb/out/nerdbank_gitversioning-3574cea6a35b69eb)
[INFO] [stdout] 
[INFO] [stdout] running 98 tests
[INFO] [stdout] test cloud_build_services::github_actions::tests::formats_multiline_values_as_heredocs ... ok
[INFO] [stdout] test cloud::tests::ref_helpers_match_cloud_build_conventions ... ok
[INFO] [stdout] test cloud_build_services::github_actions::tests::formats_single_line_values ... ok
[INFO] [stdout] test cloud::tests::provider_order_matches_managed_library ... ok
[INFO] [stdout] test cloud_build_services::github_actions::tests::rejects_invalid_arguments ... ok
[INFO] [stdout] test cloud_build_services::tests::detects_each_provider ... ok
[INFO] [stdout] test cloud_build_services::tests::provider_refs_match_managed_behavior ... ok
[INFO] [stdout] test cloud_build_services::github_actions::tests::appends_utf8_and_terminates_existing_line ... FAILED
[INFO] [stdout] test filter_path::tests::converts_to_pathspec ... ok
[INFO] [stdout] test cloud_command::tests::reports_unknown_provider_and_exact_duplicates ... FAILED
[INFO] [stdout] test filter_path::tests::includes_and_excludes_paths ... ok
[INFO] [stdout] test cloud_build_services::tests::service_message_outputs_and_environment_updates_are_exact ... ok
[INFO] [stdout] test filter_path::tests::comparisons_honor_case_setting ... ok
[INFO] [stdout] test filter_path::tests::parses_to_repo_relative_path ... ok
[INFO] [stdout] test filter_path::tests::rejects_invalid_pathspecs ... ok
[INFO] [stdout] test git_context::tests::applies_effective_engine_policy ... ok
[INFO] [stdout] test filter_path::tests::wildcard_filter_may_include_children ... ok
[INFO] [stdout] test filter_path::tests::serde_uses_a_pathspec_string_and_round_trips ... ok
[INFO] [stdout] test cloud_command::tests::explicit_provider_sets_number_variables_and_returns_environment ... FAILED
[INFO] [stdout] test cloud_build_services::github_actions::tests::concurrent_appends_are_complete_and_distinct ... FAILED
[INFO] [stdout] test filter_path::tests::wildcard_dp_matches_segments_and_descendants ... ok
[INFO] [stdout] test history::tests::ambiguity_is_reported_but_all_matches_are_available ... FAILED
[INFO] [stdout] test history::tests::encoding_uses_big_endian_cap_offset_and_defaults ... ok
[INFO] [stdout] test history::tests::filters_count_add_modify_delete_and_ignore_other_paths ... FAILED
[INFO] [stdout] test history::tests::height_uses_longest_merge_path_and_stops_each_path ... FAILED
[INFO] [stdout] test history::tests::included_file_mode_change_increases_height ... FAILED
[INFO] [stdout] test history::tests::include_filter_honors_ignore_case ... FAILED
[INFO] [stdout] test history::tests::missing_shallow_parent_is_an_error ... FAILED
[INFO] [stdout] test history::tests::replacing_file_with_included_directory_increases_height ... FAILED
[INFO] [stdout] test history::tests::only_exclude_filter_counts_deleting_an_included_file ... FAILED
[INFO] [stdout] test history::tests::replacing_included_directory_with_file_increases_height ... FAILED
[INFO] [stdout] test history::tests::reverse_lookup_accepts_both_endians_and_subdirectories ... FAILED
[INFO] [stdout] test history::tests::reverse_lookup_rejects_versions_missing_the_height_component ... FAILED
[INFO] [stdout] test history::tests::version_changes_reset_height_and_working_copy_can_reset_to_zero ... FAILED
[INFO] [stdout] test history::tests::wildcard_include_filter_counts_matching_path ... FAILED
[INFO] [stdout] test release_manager::tests::advances_an_existing_release_branch ... FAILED
[INFO] [stdout] test release_manager::tests::detects_validation_failures ... FAILED
[INFO] [stdout] test release_manager::tests::dry_run_reports_without_mutating ... FAILED
[INFO] [stdout] test release_manager::tests::custom_commit_message_is_formatted ... FAILED
[INFO] [stdout] test release_manager::tests::no_merge_leaves_divergent_single_parent_commits ... FAILED
[INFO] [stdout] test release_manager::tests::formats_branch_and_tag_templates ... ok
[INFO] [stdout] test release_manager::tests::prepares_and_merges_release_with_json_result ... FAILED
[INFO] [stdout] test release_manager::tests::rejects_version_decrement_and_no_increment ... FAILED
[INFO] [stdout] test release_manager::tests::rejects_dirty_detached_existing_and_invalid_increment ... FAILED
[INFO] [stdout] test release_manager::tests::signing_failure_is_explicit ... FAILED
[INFO] [stdout] test semantic_version::tests::checks_reset_matching_and_containment ... ok
[INFO] [stdout] test semantic_version::tests::computes_height_and_commit_positions ... ok
[INFO] [stdout] test semantic_version::tests::constructors_validate_suffixes ... ok
[INFO] [stdout] test semantic_version::tests::edits_and_normalizes_prerelease ... ok
[INFO] [stdout] test semantic_version::tests::increments_and_preserves_suffixes_and_precision ... ok
[INFO] [stdout] test semantic_version::tests::managed_increment_and_first_tag_compatibility_vectors ... ok
[INFO] [stdout] test semantic_version::tests::parses_full_supported_grammar ... ok
[INFO] [stdout] test semantic_version::tests::rejects_bad_grammar_and_leading_zeroes ... ok
[INFO] [stdout] test version::tests::creates_from_system_version_parts ... ok
[INFO] [stdout] test version::tests::parses_and_displays_two_to_four_components ... ok
[INFO] [stdout] test version::tests::safe_format_fills_unspecified_components ... ok
[INFO] [stdout] test version::tests::rejects_invalid_versions ... ok
[INFO] [stdout] test version::tests::unspecified_components_affect_equality_and_ordering ... ok
[INFO] [stdout] test version_file::tests::existing_version_txt_is_preserved_or_upgraded ... FAILED
[INFO] [stdout] test git_context::tests::selects_local_remote_and_annotated_tag_refs ... ok
[INFO] [stdout] test version_file::tests::historical_lookup_and_ignore_case ... FAILED
[INFO] [stdout] test version_file::tests::historical_lookup_can_use_existing_repository_and_commit ... FAILED
[INFO] [stdout] test version_file::tests::historical_lookup_uses_selected_commit ... FAILED
[INFO] [stdout] test version_file::tests::managed_json_compatibility_forms_round_trip_to_canonical_output ... ok
[INFO] [stdout] test version_file::tests::inheritance_merges_and_resolves_relative_filters ... FAILED
[INFO] [stdout] test version_file::tests::multilevel_inheritance_matches_managed_merge_semantics ... FAILED
[INFO] [stdout] test version_file::tests::missing_parent_and_bad_prerelease_are_errors ... FAILED
[INFO] [stdout] test version_file::tests::requirements_can_return_inheriting_file ... FAILED
[INFO] [stdout] test git_context::tests::discovers_linked_worktree_git_file ... ok
[INFO] [stdout] test version_file::tests::schema_asset_is_valid_json ... ok
[INFO] [stdout] test git_context::tests::selects_committishes_and_reports_tags ... ok
[INFO] [stdout] test version_file::tests::set_version_serializes_schema_and_contextual_filters ... FAILED
[INFO] [stdout] test version_file::tests::working_copy_prefers_version_txt ... FAILED
[INFO] [stdout] test git_context::tests::discovers_from_subdirectory_and_reads_metadata ... ok
[INFO] [stdout] test version_options::tests::assembly_version_accepts_shorthand_and_object_forms ... ok
[INFO] [stdout] test version_options::tests::defaults_match_schema ... ok
[INFO] [stdout] test git_context::tests::detects_shallow_repository ... ok
[INFO] [stdout] test version_options::tests::effective_offset_stops_applying_after_height_reset ... ok
[INFO] [stdout] test version_options::tests::exact_camel_case_json_and_defaults_are_omitted ... ok
[INFO] [stdout] test git_context::tests::lengthens_an_ambiguous_short_id ... ok
[INFO] [stdout] test version_options::tests::merge_only_replaces_explicit_values ... ok
[INFO] [stdout] test version_options::tests::merging_inheriting_options_applies_prerelease ... ok
[INFO] [stdout] test version_options::tests::nested_equality_compares_effective_defaults ... ok
[INFO] [stdout] test git_context::tests::models_disabled_and_no_repository_contexts ... ok
[INFO] [stdout] test version_options::tests::obsolete_offset_name_is_accepted_but_modern_name_is_written ... ok
[INFO] [stdout] test version_options::tests::path_filters_are_resolved_relative_to_version_file ... ok
[INFO] [stdout] test git_context::tests::supports_ignore_status_stage_and_tag_mutations ... ok
[INFO] [stdout] test version_oracle::tests::all_variables_and_json_use_stable_managed_property_names ... FAILED
[INFO] [stdout] test version_oracle::tests::calculates_core_versions_commit_encoding_and_dates ... FAILED
[INFO] [stdout] test version_oracle::tests::cloud_numbers_cover_metadata_and_fourth_component ... FAILED
[INFO] [stdout] test version_oracle::tests::dirty_ids_and_working_version_are_observed_only_at_head ... FAILED
[INFO] [stdout] test git_context::tests::detects_default_branch_in_compatibility_order ... ok
[INFO] [stdout] test version_oracle::tests::dirty_tracking_matches_managed_tracked_untracked_and_ignored_cases ... FAILED
[INFO] [stdout] test version_oracle::tests::formats_semver_packages_metadata_and_prerelease_extras ... FAILED
[INFO] [stdout] test version_oracle::tests::no_repository_still_produces_zero_versions ... FAILED
[INFO] [stdout] test version_oracle::tests::public_release_matches_branch_and_tags ... FAILED
[INFO] [stdout] test version_oracle::tests::public_release_ref_spec_supports_lookaround_and_backreferences ... FAILED
[INFO] [stdout] test version_oracle::tests::semver1_padding_precision_and_custom_assembly_version_match_managed_cases ... FAILED
[INFO] [stdout] 
[INFO] [stdout] failures:
[INFO] [stdout] 
[INFO] [stdout] ---- cloud_build_services::github_actions::tests::appends_utf8_and_terminates_existing_line stdout ----
[INFO] [stdout] 
[INFO] [stdout] thread 'cloud_build_services::github_actions::tests::appends_utf8_and_terminates_existing_line' (1799) panicked at src/cloud_build_services/github_actions.rs:230:40:
[INFO] [stdout] called `Result::unwrap()` on an `Err` value: Os { code: 30, kind: ReadOnlyFilesystem, message: "Read-only file system" }
[INFO] [stdout] stack backtrace:
[INFO] [stdout]    0:     0x5a5956c79451 - <<std[617be2ca0a6fd877]::sys::backtrace::BacktraceLock>::print::DisplayBacktrace as core[a373ad73a504971]::fmt::Display>::fmt
[INFO] [stdout]    1:     0x5a5956c9158a - core[a373ad73a504971]::fmt::write
[INFO] [stdout]    2:     0x5a5956c7da6c - <alloc[2e1b2a31b91974c5]::vec::Vec<u8> as core[a373ad73a504971]::io::write::Write>::write_fmt
[INFO] [stdout]    3:     0x5a5956c52f06 - std[617be2ca0a6fd877]::panicking::default_hook::{closure#0}
[INFO] [stdout]    4:     0x5a5956c706e9 - std[617be2ca0a6fd877]::panicking::default_hook
[INFO] [stdout]    5:     0x5a5956a32950 - test[aada8e7e76ba119b]::test_main_inner::{closure#0}
[INFO] [stdout]    6:     0x5a5956c70a12 - std[617be2ca0a6fd877]::panicking::panic_with_hook
[INFO] [stdout]    7:     0x5a5956c52fb2 - std[617be2ca0a6fd877]::panicking::panic_handler::{closure#0}
[INFO] [stdout]    8:     0x5a5956c4b859 - std[617be2ca0a6fd877]::sys::backtrace::__rust_end_short_backtrace::<std[617be2ca0a6fd877]::panicking::panic_handler::{closure#0}, !>
[INFO] [stdout]    9:     0x5a5956c53ddd - __rustc[ea4f61d10b84890b]::rust_begin_unwind
[INFO] [stdout]   10:     0x5a5956c91d6c - core[a373ad73a504971]::panicking::panic_fmt
[INFO] [stdout]   11:     0x5a5956c91b42 - core[a373ad73a504971]::result::unwrap_failed
[INFO] [stdout]   12:     0x5a59569b9c12 - <nerdbank_gitversioning[d8dbd43bf74667c]::cloud_build_services::github_actions::tests::appends_utf8_and_terminates_existing_line::{closure#0} as core[a373ad73a504971]::ops::function::FnOnce<()>>::call_once
[INFO] [stdout]   13:     0x5a5956a25d9b - test[aada8e7e76ba119b]::__rust_begin_short_backtrace::<core[a373ad73a504971]::result::Result<(), alloc[2e1b2a31b91974c5]::string::String>, fn() -> core[a373ad73a504971]::result::Result<(), alloc[2e1b2a31b91974c5]::string::String>>
[INFO] [stdout]   14:     0x5a5956a32f75 - test[aada8e7e76ba119b]::run_test::{closure#0}
[INFO] [stdout]   15:     0x5a5956a2c864 - std[617be2ca0a6fd877]::sys::backtrace::__rust_begin_short_backtrace::<test[aada8e7e76ba119b]::run_test::{closure#1}, ()>
[INFO] [stdout]   16:     0x5a5956a36002 - <std[617be2ca0a6fd877]::thread::lifecycle::spawn_unchecked<test[aada8e7e76ba119b]::run_test::{closure#1}, ()>::{closure#1} as core[a373ad73a504971]::ops::function::FnOnce<()>>::call_once::{shim:vtable#0}
[INFO] [stdout]   17:     0x5a5956c7844f - <std[617be2ca0a6fd877]::sys::thread::unix::Thread>::new::thread_start
[INFO] [stdout]   18:     0x73c478bccdfa - <unknown>
[INFO] [stdout]   19:     0x73c478c603d4 - clone
[INFO] [stdout]   20:                0x0 - <unknown>
[INFO] [stdout] 
[INFO] [stdout] ---- cloud_command::tests::reports_unknown_provider_and_exact_duplicates stdout ----
[INFO] [stdout] 
[INFO] [stdout] thread 'cloud_command::tests::reports_unknown_provider_and_exact_duplicates' (1811) panicked at src/cloud_command.rs:193:35:
[INFO] [stdout] called `Result::unwrap()` on an `Err` value: Os { code: 30, kind: ReadOnlyFilesystem, message: "Read-only file system" }
[INFO] [stdout] stack backtrace:
[INFO] [stdout]    0:     0x5a5956c79451 - <<std[617be2ca0a6fd877]::sys::backtrace::BacktraceLock>::print::DisplayBacktrace as core[a373ad73a504971]::fmt::Display>::fmt
[INFO] [stdout]    1:     0x5a5956c9158a - core[a373ad73a504971]::fmt::write
[INFO] [stdout]    2:     0x5a5956c7da6c - <alloc[2e1b2a31b91974c5]::vec::Vec<u8> as core[a373ad73a504971]::io::write::Write>::write_fmt
[INFO] [stdout]    3:     0x5a5956c52f06 - std[617be2ca0a6fd877]::panicking::default_hook::{closure#0}
[INFO] [stdout]    4:     0x5a5956c706e9 - std[617be2ca0a6fd877]::panicking::default_hook
[INFO] [stdout]    5:     0x5a5956a32950 - test[aada8e7e76ba119b]::test_main_inner::{closure#0}
[INFO] [stdout]    6:     0x5a5956c70a12 - std[617be2ca0a6fd877]::panicking::panic_with_hook
[INFO] [stdout]    7:     0x5a5956c52fb2 - std[617be2ca0a6fd877]::panicking::panic_handler::{closure#0}
[INFO] [stdout]    8:     0x5a5956c4b859 - std[617be2ca0a6fd877]::sys::backtrace::__rust_end_short_backtrace::<std[617be2ca0a6fd877]::panicking::panic_handler::{closure#0}, !>
[INFO] [stdout]    9:     0x5a5956c53ddd - __rustc[ea4f61d10b84890b]::rust_begin_unwind
[INFO] [stdout]   10:     0x5a5956c91d6c - core[a373ad73a504971]::panicking::panic_fmt
[INFO] [stdout]   11:     0x5a5956c91b42 - core[a373ad73a504971]::result::unwrap_failed
[INFO] [stdout]   12:     0x5a595699b5d7 - nerdbank_gitversioning[d8dbd43bf74667c]::cloud_command::tests::repository
[INFO] [stdout]   13:     0x5a595699ccb1 - <nerdbank_gitversioning[d8dbd43bf74667c]::cloud_command::tests::reports_unknown_provider_and_exact_duplicates::{closure#0} as core[a373ad73a504971]::ops::function::FnOnce<()>>::call_once
[INFO] [stdout]   14:     0x5a5956a25d9b - test[aada8e7e76ba119b]::__rust_begin_short_backtrace::<core[a373ad73a504971]::result::Result<(), alloc[2e1b2a31b91974c5]::string::String>, fn() -> core[a373ad73a504971]::result::Result<(), alloc[2e1b2a31b91974c5]::string::String>>
[INFO] [stdout]   15:     0x5a5956a32f75 - test[aada8e7e76ba119b]::run_test::{closure#0}
[INFO] [stdout]   16:     0x5a5956a2c864 - std[617be2ca0a6fd877]::sys::backtrace::__rust_begin_short_backtrace::<test[aada8e7e76ba119b]::run_test::{closure#1}, ()>
[INFO] [stdout]   17:     0x5a5956a36002 - <std[617be2ca0a6fd877]::thread::lifecycle::spawn_unchecked<test[aada8e7e76ba119b]::run_test::{closure#1}, ()>::{closure#1} as core[a373ad73a504971]::ops::function::FnOnce<()>>::call_once::{shim:vtable#0}
[INFO] [stdout]   18:     0x5a5956c7844f - <std[617be2ca0a6fd877]::sys::thread::unix::Thread>::new::thread_start
[INFO] [stdout]   19:     0x73c478bccdfa - <unknown>
[INFO] [stdout]   20:     0x73c478c603d4 - clone
[INFO] [stdout]   21:                0x0 - <unknown>
[INFO] [stdout] 
[INFO] [stdout] ---- cloud_command::tests::explicit_provider_sets_number_variables_and_returns_environment stdout ----
[INFO] [stdout] 
[INFO] [stdout] thread 'cloud_command::tests::explicit_provider_sets_number_variables_and_returns_environment' (1809) panicked at src/cloud_command.rs:193:35:
[INFO] [stdout] called `Result::unwrap()` on an `Err` value: Os { code: 30, kind: ReadOnlyFilesystem, message: "Read-only file system" }
[INFO] [stdout] stack backtrace:
[INFO] [stdout]    0:     0x5a5956c79451 - <<std[617be2ca0a6fd877]::sys::backtrace::BacktraceLock>::print::DisplayBacktrace as core[a373ad73a504971]::fmt::Display>::fmt
[INFO] [stdout]    1:     0x5a5956c9158a - core[a373ad73a504971]::fmt::write
[INFO] [stdout]    2:     0x5a5956c7da6c - <alloc[2e1b2a31b91974c5]::vec::Vec<u8> as core[a373ad73a504971]::io::write::Write>::write_fmt
[INFO] [stdout]    3:     0x5a5956c52f06 - std[617be2ca0a6fd877]::panicking::default_hook::{closure#0}
[INFO] [stdout]    4:     0x5a5956c706e9 - std[617be2ca0a6fd877]::panicking::default_hook
[INFO] [stdout]    5:     0x5a5956a32950 - test[aada8e7e76ba119b]::test_main_inner::{closure#0}
[INFO] [stdout]    6:     0x5a5956c70a12 - std[617be2ca0a6fd877]::panicking::panic_with_hook
[INFO] [stdout]    7:     0x5a5956c52fb2 - std[617be2ca0a6fd877]::panicking::panic_handler::{closure#0}
[INFO] [stdout]    8:     0x5a5956c4b859 - std[617be2ca0a6fd877]::sys::backtrace::__rust_end_short_backtrace::<std[617be2ca0a6fd877]::panicking::panic_handler::{closure#0}, !>
[INFO] [stdout]    9:     0x5a5956c53ddd - __rustc[ea4f61d10b84890b]::rust_begin_unwind
[INFO] [stdout]   10:     0x5a5956c91d6c - core[a373ad73a504971]::panicking::panic_fmt
[INFO] [stdout]   11:     0x5a5956c91b42 - core[a373ad73a504971]::result::unwrap_failed
[INFO] [stdout]   12:     0x5a595699b5d7 - nerdbank_gitversioning[d8dbd43bf74667c]::cloud_command::tests::repository
[INFO] [stdout]   13:     0x5a595699dc0e - <nerdbank_gitversioning[d8dbd43bf74667c]::cloud_command::tests::explicit_provider_sets_number_variables_and_returns_environment::{closure#0} as core[a373ad73a504971]::ops::function::FnOnce<()>>::call_once
[INFO] [stdout]   14:     0x5a5956a25d9b - test[aada8e7e76ba119b]::__rust_begin_short_backtrace::<core[a373ad73a504971]::result::Result<(), alloc[2e1b2a31b91974c5]::string::String>, fn() -> core[a373ad73a504971]::result::Result<(), alloc[2e1b2a31b91974c5]::string::String>>
[INFO] [stdout]   15:     0x5a5956a32f75 - test[aada8e7e76ba119b]::run_test::{closure#0}
[INFO] [stdout]   16:     0x5a5956a2c864 - std[617be2ca0a6fd877]::sys::backtrace::__rust_begin_short_backtrace::<test[aada8e7e76ba119b]::run_test::{closure#1}, ()>
[INFO] [stdout]   17:     0x5a5956a36002 - <std[617be2ca0a6fd877]::thread::lifecycle::spawn_unchecked<test[aada8e7e76ba119b]::run_test::{closure#1}, ()>::{closure#1} as core[a373ad73a504971]::ops::function::FnOnce<()>>::call_once::{shim:vtable#0}
[INFO] [stdout]   18:     0x5a5956c7844f - <std[617be2ca0a6fd877]::sys::thread::unix::Thread>::new::thread_start
[INFO] [stdout]   19:     0x73c478bccdfa - <unknown>
[INFO] [stdout]   20:     0x73c478c603d4 - clone
[INFO] [stdout]   21:                0x0 - <unknown>
[INFO] [stdout] 
[INFO] [stdout] ---- cloud_build_services::github_actions::tests::concurrent_appends_are_complete_and_distinct stdout ----
[INFO] [stdout] 
[INFO] [stdout] thread '<unnamed>' (1808) panicked at src/cloud_build_services/github_actions.rs:264:92:
[INFO] [stdout] called `Result::unwrap()` on an `Err` value: Os { code: 30, kind: ReadOnlyFilesystem, message: "Read-only file system" }
[INFO] [stdout] stack backtrace:
[INFO] [stdout]    0:     0x5a5956c79451 - <<std[617be2ca0a6fd877]::sys::backtrace::BacktraceLock>::print::DisplayBacktrace as core[a373ad73a504971]::fmt::Display>::fmt
[INFO] [stdout]    1:     0x5a5956c9158a - core[a373ad73a504971]::fmt::write
[INFO] [stdout]    2:     0x5a5956c7da6c - <alloc[2e1b2a31b91974c5]::vec::Vec<u8> as core[a373ad73a504971]::io::write::Write>::write_fmt
[INFO] [stdout]    3:     0x5a5956c52f06 - std[617be2ca0a6fd877]::panicking::default_hook::{closure#0}
[INFO] [stdout]    4:     0x5a5956c706e9 - std[617be2ca0a6fd877]::panicking::default_hook
[INFO] [stdout]    5:     0x5a5956a32950 - test[aada8e7e76ba119b]::test_main_inner::{closure#0}
[INFO] [stdout]    6:     0x5a5956c70a12 - std[617be2ca0a6fd877]::panicking::panic_with_hook
[INFO] [stdout]    7:     0x5a5956c52fb2 - std[617be2ca0a6fd877]::panicking::panic_handler::{closure#0}
[INFO] [stdout]    8:     0x5a5956c4b859 - std[617be2ca0a6fd877]::sys::backtrace::__rust_end_short_backtrace::<std[617be2ca0a6fd877]::panicking::panic_handler::{closure#0}, !>
[INFO] [stdout]    9:     0x5a5956c53ddd - __rustc[ea4f61d10b84890b]::rust_begin_unwind
[INFO] [stdout]   10:     0x5a5956c91d6c - core[a373ad73a504971]::panicking::panic_fmt
[INFO] [stdout]   11:     0x5a5956c91b42 - core[a373ad73a504971]::result::unwrap_failed
[INFO] [stdout]   12:     0x5a59569ea8ff - std[617be2ca0a6fd877]::sys::backtrace::__rust_begin_short_backtrace::<nerdbank_gitversioning[d8dbd43bf74667c]::cloud_build_services::github_actions::tests::concurrent_appends_are_complete_and_distinct::{closure#0}::{closure#0}, ()>
[INFO] [stdout]   13:     0x5a59569fbf3a - <std[617be2ca0a6fd877]::thread::lifecycle::spawn_unchecked<nerdbank_gitversioning[d8dbd43bf74667c]::cloud_build_services::github_actions::tests::concurrent_appends_are_complete_and_distinct::{closure#0}::{closure#0}, ()>::{closure#1} as core[a373ad73a504971]::ops::function::FnOnce<()>>::call_once::{shim:vtable#0}
[INFO] [stdout]   14:     0x5a5956c7844f - <std[617be2ca0a6fd877]::sys::thread::unix::Thread>::new::thread_start
[INFO] [stdout]   15:     0x73c478bccdfa - <unknown>
[INFO] [stdout]   16:     0x73c478c603d4 - clone
[INFO] [stdout]   17:                0x0 - <unknown>
[INFO] [stdout] 
[INFO] [stdout] thread '<unnamed>' (1824) panicked at src/cloud_build_services/github_actions.rs:264:92:
[INFO] [stdout] called `Result::unwrap()` on an `Err` value: Os { code: 30, kind: ReadOnlyFilesystem, message: "Read-only file system" }
[INFO] [stdout] stack backtrace:
[INFO] [stdout]    0:     0x5a5956c79451 - <<std[617be2ca0a6fd877]::sys::backtrace::BacktraceLock>::print::DisplayBacktrace as core[a373ad73a504971]::fmt::Display>::fmt
[INFO] [stdout]    1:     0x5a5956c9158a - core[a373ad73a504971]::fmt::write
[INFO] [stdout]    2:     0x5a5956c7da6c - <alloc[2e1b2a31b91974c5]::vec::Vec<u8> as core[a373ad73a504971]::io::write::Write>::write_fmt
[INFO] [stdout]    3:     0x5a5956c52f06 - std[617be2ca0a6fd877]::panicking::default_hook::{closure#0}
[INFO] [stdout]    4:     0x5a5956c706e9 - std[617be2ca0a6fd877]::panicking::default_hook
[INFO] [stdout]    5:     0x5a5956a32950 - test[aada8e7e76ba119b]::test_main_inner::{closure#0}
[INFO] [stdout]    6:     0x5a5956c70a12 - std[617be2ca0a6fd877]::panicking::panic_with_hook
[INFO] [stdout]    7:     0x5a5956c52fb2 - std[617be2ca0a6fd877]::panicking::panic_handler::{closure#0}
[INFO] [stdout]    8:     0x5a5956c4b859 - std[617be2ca0a6fd877]::sys::backtrace::__rust_end_short_backtrace::<std[617be2ca0a6fd877]::panicking::panic_handler::{closure#0}, !>
[INFO] [stdout]    9:     0x5a5956c53ddd - __rustc[ea4f61d10b84890b]::rust_begin_unwind
[INFO] [stdout]   10:     0x5a5956c91d6c - core[a373ad73a504971]::panicking::panic_fmt
[INFO] [stdout]   11:     0x5a5956c91b42 - core[a373ad73a504971]::result::unwrap_failed
[INFO] [stdout]   12:     0x5a59569ea8ff - std[617be2ca0a6fd877]::sys::backtrace::__rust_begin_short_backtrace::<nerdbank_gitversioning[d8dbd43bf74667c]::cloud_build_services::github_actions::tests::concurrent_appends_are_complete_and_distinct::{closure#0}::{closure#0}, ()>
[INFO] [stdout]   13:     0x5a59569fbf3a - <std[617be2ca0a6fd877]::thread::lifecycle::spawn_unchecked<nerdbank_gitversioning[d8dbd43bf74667c]::cloud_build_services::github_actions::tests::concurrent_appends_are_complete_and_distinct::{closure#0}::{closure#0}, ()>::{closure#1} as core[a373ad73a504971]::ops::function::FnOnce<()>>::call_once::{shim:vtable#0}
[INFO] [stdout]   14:     0x5a5956c7844f - <std[617be2ca0a6fd877]::sys::thread::unix::Thread>::new::thread_start
[INFO] [stdout]   15:     0x73c478bccdfa - <unknown>
[INFO] [stdout]   16:     0x73c478c603d4 - clone
[INFO] [stdout]   17:                0x0 - <unknown>
[INFO] [stdout] 
[INFO] [stdout] thread '<unnamed>' (1810) panicked at src/cloud_build_services/github_actions.rs:264:92:
[INFO] [stdout] called `Result::unwrap()` on an `Err` value: Os { code: 30, kind: ReadOnlyFilesystem, message: "Read-only file system" }
[INFO] [stdout] stack backtrace:
[INFO] [stdout]    0:     0x5a5956c79451 - <<std[617be2ca0a6fd877]::sys::backtrace::BacktraceLock>::print::DisplayBacktrace as core[a373ad73a504971]::fmt::Display>::fmt
[INFO] [stdout]    1:     0x5a5956c9158a - core[a373ad73a504971]::fmt::write
[INFO] [stdout]    2:     0x5a5956c7da6c - <alloc[2e1b2a31b91974c5]::vec::Vec<u8> as core[a373ad73a504971]::io::write::Write>::write_fmt
[INFO] [stdout]    3:     0x5a5956c52f06 - std[617be2ca0a6fd877]::panicking::default_hook::{closure#0}
[INFO] [stdout]    4:     0x5a5956c706e9 - std[617be2ca0a6fd877]::panicking::default_hook
[INFO] [stdout]    5:     0x5a5956a32950 - test[aada8e7e76ba119b]::test_main_inner::{closure#0}
[INFO] [stdout]    6:     0x5a5956c70a12 - std[617be2ca0a6fd877]::panicking::panic_with_hook
[INFO] [stdout]    7:     0x5a5956c52fb2 - std[617be2ca0a6fd877]::panicking::panic_handler::{closure#0}
[INFO] [stdout]    8:     0x5a5956c4b859 - std[617be2ca0a6fd877]::sys::backtrace::__rust_end_short_backtrace::<std[617be2ca0a6fd877]::panicking::panic_handler::{closure#0}, !>
[INFO] [stdout]    9:     0x5a5956c53ddd - __rustc[ea4f61d10b84890b]::rust_begin_unwind
[INFO] [stdout]   10:     0x5a5956c91d6c - core[a373ad73a504971]::panicking::panic_fmt
[INFO] [stdout]   11:     0x5a5956c91b42 - core[a373ad73a504971]::result::unwrap_failed
[INFO] [stdout]   12:     0x5a59569ea8ff - std[617be2ca0a6fd877]::sys::backtrace::__rust_begin_short_backtrace::<nerdbank_gitversioning[d8dbd43bf74667c]::cloud_build_services::github_actions::tests::concurrent_appends_are_complete_and_distinct::{closure#0}::{closure#0}, ()>
[INFO] [stdout]   13:     0x5a59569fbf3a - <std[617be2ca0a6fd877]::thread::lifecycle::spawn_unchecked<nerdbank_gitversioning[d8dbd43bf74667c]::cloud_build_services::github_actions::tests::concurrent_appends_are_complete_and_distinct::{closure#0}::{closure#0}, ()>::{closure#1} as core[a373ad73a504971]::ops::function::FnOnce<()>>::call_once::{shim:vtable#0}
[INFO] [stdout]   14:     0x5a5956c7844f - <std[617be2ca0a6fd877]::sys::thread::unix::Thread>::new::thread_start
[INFO] [stdout]   15:     0x73c478bccdfa - <unknown>
[INFO] [stdout]   16:     0x73c478c603d4 - clone
[INFO] [stdout]   17:                0x0 - <unknown>
[INFO] [stdout] 
[INFO] [stdout] thread '<unnamed>' (1822) panicked at src/cloud_build_services/github_actions.rs:264:92:
[INFO] [stdout] called `Result::unwrap()` on an `Err` value: Os { code: 30, kind: ReadOnlyFilesystem, message: "Read-only file system" }
[INFO] [stdout] stack backtrace:
[INFO] [stdout]    0:     0x5a5956c79451 - <<std[617be2ca0a6fd877]::sys::backtrace::BacktraceLock>::print::DisplayBacktrace as core[a373ad73a504971]::fmt::Display>::fmt
[INFO] [stdout]    1:     0x5a5956c9158a - core[a373ad73a504971]::fmt::write
[INFO] [stdout]    2:     0x5a5956c7da6c - <alloc[2e1b2a31b91974c5]::vec::Vec<u8> as core[a373ad73a504971]::io::write::Write>::write_fmt
[INFO] [stdout]    3:     0x5a5956c52f06 - std[617be2ca0a6fd877]::panicking::default_hook::{closure#0}
[INFO] [stdout]    4:     0x5a5956c706e9 - std[617be2ca0a6fd877]::panicking::default_hook
[INFO] [stdout]    5:     0x5a5956a32950 - test[aada8e7e76ba119b]::test_main_inner::{closure#0}
[INFO] [stdout]    6:     0x5a5956c70a12 - std[617be2ca0a6fd877]::panicking::panic_with_hook
[INFO] [stdout]    7:     0x5a5956c52fb2 - std[617be2ca0a6fd877]::panicking::panic_handler::{closure#0}
[INFO] [stdout]    8:     0x5a5956c4b859 - std[617be2ca0a6fd877]::sys::backtrace::__rust_end_short_backtrace::<std[617be2ca0a6fd877]::panicking::panic_handler::{closure#0}, !>
[INFO] [stdout]    9:     0x5a5956c53ddd - __rustc[ea4f61d10b84890b]::rust_begin_unwind
[INFO] [stdout]   10:     0x5a5956c91d6c - core[a373ad73a504971]::panicking::panic_fmt
[INFO] [stdout]   11:     0x5a5956c91b42 - core[a373ad73a504971]::result::unwrap_failed
[INFO] [stdout]   12:     0x5a59569ea8ff - std[617be2ca0a6fd877]::sys::backtrace::__rust_begin_short_backtrace::<nerdbank_gitversioning[d8dbd43bf74667c]::cloud_build_services::github_actions::tests::concurrent_appends_are_complete_and_distinct::{closure#0}::{closure#0}, ()>
[INFO] [stdout]   13:     0x5a59569fbf3a - <std[617be2ca0a6fd877]::thread::lifecycle::spawn_unchecked<nerdbank_gitversioning[d8dbd43bf74667c]::cloud_build_services::github_actions::tests::concurrent_appends_are_complete_and_distinct::{closure#0}::{closure#0}, ()>::{closure#1} as core[a373ad73a504971]::ops::function::FnOnce<()>>::call_once::{shim:vtable#0}
[INFO] [stdout]   14:     0x5a5956c7844f - <std[617be2ca0a6fd877]::sys::thread::unix::Thread>::new::thread_start
[INFO] [stdout]   15:     0x73c478bccdfa - <unknown>
[INFO] [stdout]   16:     0x73c478c603d4 - clone
[INFO] [stdout]   17:                0x0 - <unknown>
[INFO] [stdout] 
[INFO] [stdout] thread '<unnamed>' (1814) panicked at src/cloud_build_services/github_actions.rs:264:92:
[INFO] [stdout] called `Result::unwrap()` on an `Err` value: Os { code: 30, kind: ReadOnlyFilesystem, message: "Read-only file system" }
[INFO] [stdout] stack backtrace:
[INFO] [stdout]    0:     0x5a5956c79451 - <<std[617be2ca0a6fd877]::sys::backtrace::BacktraceLock>::print::DisplayBacktrace as core[a373ad73a504971]::fmt::Display>::fmt
[INFO] [stdout]    1:     0x5a5956c9158a - core[a373ad73a504971]::fmt::write
[INFO] [stdout]    2:     0x5a5956c7da6c - <alloc[2e1b2a31b91974c5]::vec::Vec<u8> as core[a373ad73a504971]::io::write::Write>::write_fmt
[INFO] [stdout]    3:     0x5a5956c52f06 - std[617be2ca0a6fd877]::panicking::default_hook::{closure#0}
[INFO] [stdout]    4:     0x5a5956c706e9 - std[617be2ca0a6fd877]::panicking::default_hook
[INFO] [stdout]    5:     0x5a5956a32950 - test[aada8e7e76ba119b]::test_main_inner::{closure#0}
[INFO] [stdout]    6:     0x5a5956c70a12 - std[617be2ca0a6fd877]::panicking::panic_with_hook
[INFO] [stdout]    7:     0x5a5956c52fb2 - std[617be2ca0a6fd877]::panicking::panic_handler::{closure#0}
[INFO] [stdout]    8:     0x5a5956c4b859 - std[617be2ca0a6fd877]::sys::backtrace::__rust_end_short_backtrace::<std[617be2ca0a6fd877]::panicking::panic_handler::{closure#0}, !>
[INFO] [stdout]    9:     0x5a5956c53ddd - __rustc[ea4f61d10b84890b]::rust_begin_unwind
[INFO] [stdout]   10:     0x5a5956c91d6c - core[a373ad73a504971]::panicking::panic_fmt
[INFO] [stdout]   11:     0x5a5956c91b42 - core[a373ad73a504971]::result::unwrap_failed
[INFO] [stdout]   12:     0x5a59569ea8ff - std[617be2ca0a6fd877]::sys::backtrace::__rust_begin_short_backtrace::<nerdbank_gitversioning[d8dbd43bf74667c]::cloud_build_services::github_actions::tests::concurrent_appends_are_complete_and_distinct::{closure#0}::{closure#0}, ()>
[INFO] [stdout]   13:     0x5a59569fbf3a - <std[617be2ca0a6fd877]::thread::lifecycle::spawn_unchecked<nerdbank_gitversioning[d8dbd43bf74667c]::cloud_build_services::github_actions::tests::concurrent_appends_are_complete_and_distinct::{closure#0}::{closure#0}, ()>::{closure#1} as core[a373ad73a504971]::ops::function::FnOnce<()>>::call_once::{shim:vtable#0}
[INFO] [stdout]   14:     0x5a5956c7844f - <std[617be2ca0a6fd877]::sys::thread::unix::Thread>::new::thread_start
[INFO] [stdout]   15:     0x73c478bccdfa - <unknown>
[INFO] [stdout]   16:     0x73c478c603d4 - clone
[INFO] [stdout]   17:                0x0 - <unknown>
[INFO] [stdout] 
[INFO] [stdout] thread '<unnamed>' (1825) panicked at src/cloud_build_services/github_actions.rs:264:92:
[INFO] [stdout] called `Result::unwrap()` on an `Err` value: Os { code: 30, kind: ReadOnlyFilesystem, message: "Read-only file system" }
[INFO] [stdout] stack backtrace:
[INFO] [stdout]    0:     0x5a5956c79451 - <<std[617be2ca0a6fd877]::sys::backtrace::BacktraceLock>::print::DisplayBacktrace as core[a373ad73a504971]::fmt::Display>::fmt
[INFO] [stdout]    1:     0x5a5956c9158a - core[a373ad73a504971]::fmt::write
[INFO] [stdout]    2:     0x5a5956c7da6c - <alloc[2e1b2a31b91974c5]::vec::Vec<u8> as core[a373ad73a504971]::io::write::Write>::write_fmt
[INFO] [stdout]    3:     0x5a5956c52f06 - std[617be2ca0a6fd877]::panicking::default_hook::{closure#0}
[INFO] [stdout]    4:     0x5a5956c706e9 - std[617be2ca0a6fd877]::panicking::default_hook
[INFO] [stdout]    5:     0x5a5956a32950 - test[aada8e7e76ba119b]::test_main_inner::{closure#0}
[INFO] [stdout]    6:     0x5a5956c70a12 - std[617be2ca0a6fd877]::panicking::panic_with_hook
[INFO] [stdout]    7:     0x5a5956c52fb2 - std[617be2ca0a6fd877]::panicking::panic_handler::{closure#0}
[INFO] [stdout]    8:     0x5a5956c4b859 - std[617be2ca0a6fd877]::sys::backtrace::__rust_end_short_backtrace::<std[617be2ca0a6fd877]::panicking::panic_handler::{closure#0}, !>
[INFO] [stdout]    9:     0x5a5956c53ddd - __rustc[ea4f61d10b84890b]::rust_begin_unwind
[INFO] [stdout]   10:     0x5a5956c91d6c - core[a373ad73a504971]::panicking::panic_fmt
[INFO] [stdout]   11:     0x5a5956c91b42 - core[a373ad73a504971]::result::unwrap_failed
[INFO] [stdout]   12:     0x5a59569ea8ff - std[617be2ca0a6fd877]::sys::backtrace::__rust_begin_short_backtrace::<nerdbank_gitversioning[d8dbd43bf74667c]::cloud_build_services::github_actions::tests::concurrent_appends_are_complete_and_distinct::{closure#0}::{closure#0}, ()>
[INFO] [stdout]   13:     0x5a59569fbf3a - <std[617be2ca0a6fd877]::thread::lifecycle::spawn_unchecked<nerdbank_gitversioning[d8dbd43bf74667c]::cloud_build_services::github_actions::tests::concurrent_appends_are_complete_and_distinct::{closure#0}::{closure#0}, ()>::{closure#1} as core[a373ad73a504971]::ops::function::FnOnce<()>>::call_once::{shim:vtable#0}
[INFO] [stdout]   14:     0x5a5956c7844f - <std[617be2ca0a6fd877]::sys::thread::unix::Thread>::new::thread_start
[INFO] [stdout]   15:     0x73c478bccdfa - <unknown>
[INFO] [stdout]   16:     0x73c478c603d4 - clone
[INFO] [stdout]   17:                0x0 - <unknown>
[INFO] [stdout] 
[INFO] [stdout] thread '<unnamed>' (1818) panicked at src/cloud_build_services/github_actions.rs:264:92:
[INFO] [stdout] called `Result::unwrap()` on an `Err` value: Os { code: 30, kind: ReadOnlyFilesystem, message: "Read-only file system" }
[INFO] [stdout] stack backtrace:
[INFO] [stdout]    0:     0x5a5956c79451 - <<std[617be2ca0a6fd877]::sys::backtrace::BacktraceLock>::print::DisplayBacktrace as core[a373ad73a504971]::fmt::Display>::fmt
[INFO] [stdout]    1:     0x5a5956c9158a - core[a373ad73a504971]::fmt::write
[INFO] [stdout]    2:     0x5a5956c7da6c - <alloc[2e1b2a31b91974c5]::vec::Vec<u8> as core[a373ad73a504971]::io::write::Write>::write_fmt
[INFO] [stdout]    3:     0x5a5956c52f06 - std[617be2ca0a6fd877]::panicking::default_hook::{closure#0}
[INFO] [stdout]    4:     0x5a5956c706e9 - std[617be2ca0a6fd877]::panicking::default_hook
[INFO] [stdout]    5:     0x5a5956a32950 - test[aada8e7e76ba119b]::test_main_inner::{closure#0}
[INFO] [stdout]    6:     0x5a5956c70a12 - std[617be2ca0a6fd877]::panicking::panic_with_hook
[INFO] [stdout]    7:     0x5a5956c52fb2 - std[617be2ca0a6fd877]::panicking::panic_handler::{closure#0}
[INFO] [stdout]    8:     0x5a5956c4b859 - std[617be2ca0a6fd877]::sys::backtrace::__rust_end_short_backtrace::<std[617be2ca0a6fd877]::panicking::panic_handler::{closure#0}, !>
[INFO] [stdout]    9:     0x5a5956c53ddd - __rustc[ea4f61d10b84890b]::rust_begin_unwind
[INFO] [stdout]   10:     0x5a5956c91d6c - core[a373ad73a504971]::panicking::panic_fmt
[INFO] [stdout]   11:     0x5a5956c91b42 - core[a373ad73a504971]::result::unwrap_failed
[INFO] [stdout]   12:     0x5a59569ea8ff - std[617be2ca0a6fd877]::sys::backtrace::__rust_begin_short_backtrace::<nerdbank_gitversioning[d8dbd43bf74667c]::cloud_build_services::github_actions::tests::concurrent_appends_are_complete_and_distinct::{closure#0}::{closure#0}, ()>
[INFO] [stdout]   13:     0x5a59569fbf3a - <std[617be2ca0a6fd877]::thread::lifecycle::spawn_unchecked<nerdbank_gitversioning[d8dbd43bf74667c]::cloud_build_services::github_actions::tests::concurrent_appends_are_complete_and_distinct::{closure#0}::{closure#0}, ()>::{closure#1} as core[a373ad73a504971]::ops::function::FnOnce<()>>::call_once::{shim:vtable#0}
[INFO] [stdout]   14:     0x5a5956c7844f - <std[617be2ca0a6fd877]::sys::thread::unix::Thread>::new::thread_start
[INFO] [stdout]   15:     0x73c478bccdfa - <unknown>
[INFO] [stdout]   16:     0x73c478c603d4 - clone
[INFO] [stdout]   17:                0x0 - <unknown>
[INFO] [stdout] 
[INFO] [stdout] thread '<unnamed>' (1806) panicked at src/cloud_build_services/github_actions.rs:264:92:
[INFO] [stdout] called `Result::unwrap()` on an `Err` value: Os { code: 30, kind: ReadOnlyFilesystem, message: "Read-only file system" }
[INFO] [stdout] stack backtrace:
[INFO] [stdout]    0:     0x5a5956c79451 - <<std[617be2ca0a6fd877]::sys::backtrace::BacktraceLock>::print::DisplayBacktrace as core[a373ad73a504971]::fmt::Display>::fmt
[INFO] [stdout]    1:     0x5a5956c9158a - core[a373ad73a504971]::fmt::write
[INFO] [stdout]    2:     0x5a5956c7da6c - <alloc[2e1b2a31b91974c5]::vec::Vec<u8> as core[a373ad73a504971]::io::write::Write>::write_fmt
[INFO] [stdout]    3:     0x5a5956c52f06 - std[617be2ca0a6fd877]::panicking::default_hook::{closure#0}
[INFO] [stdout]    4:     0x5a5956c706e9 - std[617be2ca0a6fd877]::panicking::default_hook
[INFO] [stdout]    5:     0x5a5956a32950 - test[aada8e7e76ba119b]::test_main_inner::{closure#0}
[INFO] [stdout]    6:     0x5a5956c70a12 - std[617be2ca0a6fd877]::panicking::panic_with_hook
[INFO] [stdout]    7:     0x5a5956c52fb2 - std[617be2ca0a6fd877]::panicking::panic_handler::{closure#0}
[INFO] [stdout]    8:     0x5a5956c4b859 - std[617be2ca0a6fd877]::sys::backtrace::__rust_end_short_backtrace::<std[617be2ca0a6fd877]::panicking::panic_handler::{closure#0}, !>
[INFO] [stdout]    9:     0x5a5956c53ddd - __rustc[ea4f61d10b84890b]::rust_begin_unwind
[INFO] [stdout]   10:     0x5a5956c91d6c - core[a373ad73a504971]::panicking::panic_fmt
[INFO] [stdout]   11:     0x5a5956c91b42 - core[a373ad73a504971]::result::unwrap_failed
[INFO] [stdout]   12:     0x5a59569ea8ff - std[617be2ca0a6fd877]::sys::backtrace::__rust_begin_short_backtrace::<nerdbank_gitversioning[d8dbd43bf74667c]::cloud_build_services::github_actions::tests::concurrent_appends_are_complete_and_distinct::{closure#0}::{closure#0}, ()>
[INFO] [stdout]   13:     0x5a59569fbf3a - <std[617be2ca0a6fd877]::thread::lifecycle::spawn_unchecked<nerdbank_gitversioning[d8dbd43bf74667c]::cloud_build_services::github_actions::tests::concurrent_appends_are_complete_and_distinct::{closure#0}::{closure#0}, ()>::{closure#1} as core[a373ad73a504971]::ops::function::FnOnce<()>>::call_once::{shim:vtable#0}
[INFO] [stdout]   14:     0x5a5956c7844f - <std[617be2ca0a6fd877]::sys::thread::unix::Thread>::new::thread_start
[INFO] [stdout]   15:     0x73c478bccdfa - <unknown>
[INFO] [stdout]   16:     0x73c478c603d4 - clone
[INFO] [stdout]   17:                0x0 - <unknown>
[INFO] [stdout] 
[INFO] [stdout] thread '<unnamed>' (1815) panicked at src/cloud_build_services/github_actions.rs:264:92:
[INFO] [stdout] called `Result::unwrap()` on an `Err` value: Os { code: 30, kind: ReadOnlyFilesystem, message: "Read-only file system" }
[INFO] [stdout] stack backtrace:
[INFO] [stdout]    0:     0x5a5956c79451 - <<std[617be2ca0a6fd877]::sys::backtrace::BacktraceLock>::print::DisplayBacktrace as core[a373ad73a504971]::fmt::Display>::fmt
[INFO] [stdout]    1:     0x5a5956c9158a - core[a373ad73a504971]::fmt::write
[INFO] [stdout]    2:     0x5a5956c7da6c - <alloc[2e1b2a31b91974c5]::vec::Vec<u8> as core[a373ad73a504971]::io::write::Write>::write_fmt
[INFO] [stdout]    3:     0x5a5956c52f06 - std[617be2ca0a6fd877]::panicking::default_hook::{closure#0}
[INFO] [stdout]    4:     0x5a5956c706e9 - std[617be2ca0a6fd877]::panicking::default_hook
[INFO] [stdout]    5:     0x5a5956a32950 - test[aada8e7e76ba119b]::test_main_inner::{closure#0}
[INFO] [stdout]    6:     0x5a5956c70a12 - std[617be2ca0a6fd877]::panicking::panic_with_hook
[INFO] [stdout]    7:     0x5a5956c52fb2 - std[617be2ca0a6fd877]::panicking::panic_handler::{closure#0}
[INFO] [stdout]    8:     0x5a5956c4b859 - std[617be2ca0a6fd877]::sys::backtrace::__rust_end_short_backtrace::<std[617be2ca0a6fd877]::panicking::panic_handler::{closure#0}, !>
[INFO] [stdout]    9:     0x5a5956c53ddd - __rustc[ea4f61d10b84890b]::rust_begin_unwind
[INFO] [stdout]   10:     0x5a5956c91d6c - core[a373ad73a504971]::panicking::panic_fmt
[INFO] [stdout]   11:     0x5a5956c91b42 - core[a373ad73a504971]::result::unwrap_failed
[INFO] [stdout]   12:     0x5a59569ea8ff - std[617be2ca0a6fd877]::sys::backtrace::__rust_begin_short_backtrace::<nerdbank_gitversioning[d8dbd43bf74667c]::cloud_build_services::github_actions::tests::concurrent_appends_are_complete_and_distinct::{closure#0}::{closure#0}, ()>
[INFO] [stdout]   13:     0x5a59569fbf3a - <std[617be2ca0a6fd877]::thread::lifecycle::spawn_unchecked<nerdbank_gitversioning[d8dbd43bf74667c]::cloud_build_services::github_actions::tests::concurrent_appends_are_complete_and_distinct::{closure#0}::{closure#0}, ()>::{closure#1} as core[a373ad73a504971]::ops::function::FnOnce<()>>::call_once::{shim:vtable#0}
[INFO] [stdout]   14:     0x5a5956c7844f - <std[617be2ca0a6fd877]::sys::thread::unix::Thread>::new::thread_start
[INFO] [stdout]   15:     0x73c478bccdfa - <unknown>
[INFO] [stdout]   16:     0x73c478c603d4 - clone
[INFO] [stdout]   17:                0x0 - <unknown>
[INFO] [stdout] 
[INFO] [stdout] thread '<unnamed>' (1828) panicked at src/cloud_build_services/github_actions.rs:264:92:
[INFO] [stdout] called `Result::unwrap()` on an `Err` value: Os { code: 30, kind: ReadOnlyFilesystem, message: "Read-only file system" }
[INFO] [stdout] stack backtrace:
[INFO] [stdout]    0:     0x5a5956c79451 - <<std[617be2ca0a6fd877]::sys::backtrace::BacktraceLock>::print::DisplayBacktrace as core[a373ad73a504971]::fmt::Display>::fmt
[INFO] [stdout]    1:     0x5a5956c9158a - core[a373ad73a504971]::fmt::write
[INFO] [stdout]    2:     0x5a5956c7da6c - <alloc[2e1b2a31b91974c5]::vec::Vec<u8> as core[a373ad73a504971]::io::write::Write>::write_fmt
[INFO] [stdout]    3:     0x5a5956c52f06 - std[617be2ca0a6fd877]::panicking::default_hook::{closure#0}
[INFO] [stdout]    4:     0x5a5956c706e9 - std[617be2ca0a6fd877]::panicking::default_hook
[INFO] [stdout]    5:     0x5a5956a32950 - test[aada8e7e76ba119b]::test_main_inner::{closure#0}
[INFO] [stdout]    6:     0x5a5956c70a12 - std[617be2ca0a6fd877]::panicking::panic_with_hook
[INFO] [stdout]    7:     0x5a5956c52fb2 - std[617be2ca0a6fd877]::panicking::panic_handler::{closure#0}
[INFO] [stdout]    8:     0x5a5956c4b859 - std[617be2ca0a6fd877]::sys::backtrace::__rust_end_short_backtrace::<std[617be2ca0a6fd877]::panicking::panic_handler::{closure#0}, !>
[INFO] [stdout]    9:     0x5a5956c53ddd - __rustc[ea4f61d10b84890b]::rust_begin_unwind
[INFO] [stdout]   10:     0x5a5956c91d6c - core[a373ad73a504971]::panicking::panic_fmt
[INFO] [stdout]   11:     0x5a5956c91b42 - core[a373ad73a504971]::result::unwrap_failed
[INFO] [stdout]   12:     0x5a59569ea8ff - std[617be2ca0a6fd877]::sys::backtrace::__rust_begin_short_backtrace::<nerdbank_gitversioning[d8dbd43bf74667c]::cloud_build_services::github_actions::tests::concurrent_appends_are_complete_and_distinct::{closure#0}::{closure#0}, ()>
[INFO] [stdout]   13:     0x5a59569fbf3a - <std[617be2ca0a6fd877]::thread::lifecycle::spawn_unchecked<nerdbank_gitversioning[d8dbd43bf74667c]::cloud_build_services::github_actions::tests::concurrent_appends_are_complete_and_distinct::{closure#0}::{closure#0}, ()>::{closure#1} as core[a373ad73a504971]::ops::function::FnOnce<()>>::call_once::{shim:vtable#0}
[INFO] [stdout]   14:     0x5a5956c7844f - <std[617be2ca0a6fd877]::sys::thread::unix::Thread>::new::thread_start
[INFO] [stdout]   15:     0x73c478bccdfa - <unknown>
[INFO] [stdout]   16:     0x73c478c603d4 - clone
[INFO] [stdout]   17:                0x0 - <unknown>
[INFO] [stdout] 
[INFO] [stdout] thread '<unnamed>' (1823) panicked at src/cloud_build_services/github_actions.rs:264:92:
[INFO] [stdout] called `Result::unwrap()` on an `Err` value: Os { code: 30, kind: ReadOnlyFilesystem, message: "Read-only file system" }
[INFO] [stdout] stack backtrace:
[INFO] [stdout]    0:     0x5a5956c79451 - <<std[617be2ca0a6fd877]::sys::backtrace::BacktraceLock>::print::DisplayBacktrace as core[a373ad73a504971]::fmt::Display>::fmt
[INFO] [stdout]    1:     0x5a5956c9158a - core[a373ad73a504971]::fmt::write
[INFO] [stdout]    2:     0x5a5956c7da6c - <alloc[2e1b2a31b91974c5]::vec::Vec<u8> as core[a373ad73a504971]::io::write::Write>::write_fmt
[INFO] [stdout]    3:     0x5a5956c52f06 - std[617be2ca0a6fd877]::panicking::default_hook::{closure#0}
[INFO] [stdout]    4:     0x5a5956c706e9 - std[617be2ca0a6fd877]::panicking::default_hook
[INFO] [stdout]    5:     0x5a5956a32950 - test[aada8e7e76ba119b]::test_main_inner::{closure#0}
[INFO] [stdout]    6:     0x5a5956c70a12 - std[617be2ca0a6fd877]::panicking::panic_with_hook
[INFO] [stdout]    7:     0x5a5956c52fb2 - std[617be2ca0a6fd877]::panicking::panic_handler::{closure#0}
[INFO] [stdout]    8:     0x5a5956c4b859 - std[617be2ca0a6fd877]::sys::backtrace::__rust_end_short_backtrace::<std[617be2ca0a6fd877]::panicking::panic_handler::{closure#0}, !>
[INFO] [stdout]    9:     0x5a5956c53ddd - __rustc[ea4f61d10b84890b]::rust_begin_unwind
[INFO] [stdout]   10:     0x5a5956c91d6c - core[a373ad73a504971]::panicking::panic_fmt
[INFO] [stdout]   11:     0x5a5956c91b42 - core[a373ad73a504971]::result::unwrap_failed
[INFO] [stdout]   12:     0x5a59569ea8ff - std[617be2ca0a6fd877]::sys::backtrace::__rust_begin_short_backtrace::<nerdbank_gitversioning[d8dbd43bf74667c]::cloud_build_services::github_actions::tests::concurrent_appends_are_complete_and_distinct::{closure#0}::{closure#0}, ()>
[INFO] [stdout]   13:     0x5a59569fbf3a - <std[617be2ca0a6fd877]::thread::lifecycle::spawn_unchecked<nerdbank_gitversioning[d8dbd43bf74667c]::cloud_build_services::github_actions::tests::concurrent_appends_are_complete_and_distinct::{closure#0}::{closure#0}, ()>::{closure#1} as core[a373ad73a504971]::ops::function::FnOnce<()>>::call_once::{shim:vtable#0}
[INFO] [stdout]   14:     0x5a5956c7844f - <std[617be2ca0a6fd877]::sys::thread::unix::Thread>::new::thread_start
[INFO] [stdout]   15:     0x73c478bccdfa - <unknown>
[INFO] [stdout]   16:     0x73c478c603d4 - clone
[INFO] [stdout]   17:                0x0 - <unknown>
[INFO] [stdout] 
[INFO] [stdout] thread '<unnamed>' (1812) panicked at src/cloud_build_services/github_actions.rs:264:92:
[INFO] [stdout] called `Result::unwrap()` on an `Err` value: Os { code: 30, kind: ReadOnlyFilesystem, message: "Read-only file system" }
[INFO] [stdout] stack backtrace:
[INFO] [stdout]    0:     0x5a5956c79451 - <<std[617be2ca0a6fd877]::sys::backtrace::BacktraceLock>::print::DisplayBacktrace as core[a373ad73a504971]::fmt::Display>::fmt
[INFO] [stdout]    1:     0x5a5956c9158a - core[a373ad73a504971]::fmt::write
[INFO] [stdout]    2:     0x5a5956c7da6c - <alloc[2e1b2a31b91974c5]::vec::Vec<u8> as core[a373ad73a504971]::io::write::Write>::write_fmt
[INFO] [stdout]    3:     0x5a5956c52f06 - std[617be2ca0a6fd877]::panicking::default_hook::{closure#0}
[INFO] [stdout]    4:     0x5a5956c706e9 - std[617be2ca0a6fd877]::panicking::default_hook
[INFO] [stdout]    5:     0x5a5956a32950 - test[aada8e7e76ba119b]::test_main_inner::{closure#0}
[INFO] [stdout]    6:     0x5a5956c70a12 - std[617be2ca0a6fd877]::panicking::panic_with_hook
[INFO] [stdout]    7:     0x5a5956c52fb2 - std[617be2ca0a6fd877]::panicking::panic_handler::{closure#0}
[INFO] [stdout]    8:     0x5a5956c4b859 - std[617be2ca0a6fd877]::sys::backtrace::__rust_end_short_backtrace::<std[617be2ca0a6fd877]::panicking::panic_handler::{closure#0}, !>
[INFO] [stdout]    9:     0x5a5956c53ddd - __rustc[ea4f61d10b84890b]::rust_begin_unwind
[INFO] [stdout]   10:     0x5a5956c91d6c - core[a373ad73a504971]::panicking::panic_fmt
[INFO] [stdout]   11:     0x5a5956c91b42 - core[a373ad73a504971]::result::unwrap_failed
[INFO] [stdout]   12:     0x5a59569ea8ff - std[617be2ca0a6fd877]::sys::backtrace::__rust_begin_short_backtrace::<nerdbank_gitversioning[d8dbd43bf74667c]::cloud_build_services::github_actions::tests::concurrent_appends_are_complete_and_distinct::{closure#0}::{closure#0}, ()>
[INFO] [stdout]   13:     0x5a59569fbf3a - <std[617be2ca0a6fd877]::thread::lifecycle::spawn_unchecked<nerdbank_gitversioning[d8dbd43bf74667c]::cloud_build_services::github_actions::tests::concurrent_appends_are_complete_and_distinct::{closure#0}::{closure#0}, ()>::{closure#1} as core[a373ad73a504971]::ops::function::FnOnce<()>>::call_once::{shim:vtable#0}
[INFO] [stdout]   14:     0x5a5956c7844f - <std[617be2ca0a6fd877]::sys::thread::unix::Thread>::new::thread_start
[INFO] [stdout]   15:     0x73c478bccdfa - <unknown>
[INFO] [stdout]   16:     0x73c478c603d4 - clone
[INFO] [stdout]   17:                0x0 - <unknown>
[INFO] [stdout] 
[INFO] [stdout] thread '<unnamed>' (1816) panicked at src/cloud_build_services/github_actions.rs:264:92:
[INFO] [stdout] called `Result::unwrap()` on an `Err` value: Os { code: 30, kind: ReadOnlyFilesystem, message: "Read-only file system" }
[INFO] [stdout] stack backtrace:
[INFO] [stdout]    0:     0x5a5956c79451 - <<std[617be2ca0a6fd877]::sys::backtrace::BacktraceLock>::print::DisplayBacktrace as core[a373ad73a504971]::fmt::Display>::fmt
[INFO] [stdout]    1:     0x5a5956c9158a - core[a373ad73a504971]::fmt::write
[INFO] [stdout]    2:     0x5a5956c7da6c - <alloc[2e1b2a31b91974c5]::vec::Vec<u8> as core[a373ad73a504971]::io::write::Write>::write_fmt
[INFO] [stdout]    3:     0x5a5956c52f06 - std[617be2ca0a6fd877]::panicking::default_hook::{closure#0}
[INFO] [stdout]    4:     0x5a5956c706e9 - std[617be2ca0a6fd877]::panicking::default_hook
[INFO] [stdout]    5:     0x5a5956a32950 - test[aada8e7e76ba119b]::test_main_inner::{closure#0}
[INFO] [stdout]    6:     0x5a5956c70a12 - std[617be2ca0a6fd877]::panicking::panic_with_hook
[INFO] [stdout]    7:     0x5a5956c52fb2 - std[617be2ca0a6fd877]::panicking::panic_handler::{closure#0}
[INFO] [stdout]    8:     0x5a5956c4b859 - std[617be2ca0a6fd877]::sys::backtrace::__rust_end_short_backtrace::<std[617be2ca0a6fd877]::panicking::panic_handler::{closure#0}, !>
[INFO] [stdout]    9:     0x5a5956c53ddd - __rustc[ea4f61d10b84890b]::rust_begin_unwind
[INFO] [stdout]   10:     0x5a5956c91d6c - core[a373ad73a504971]::panicking::panic_fmt
[INFO] [stdout]   11:     0x5a5956c91b42 - core[a373ad73a504971]::result::unwrap_failed
[INFO] [stdout]   12:     0x5a59569ea8ff - std[617be2ca0a6fd877]::sys::backtrace::__rust_begin_short_backtrace::<nerdbank_gitversioning[d8dbd43bf74667c]::cloud_build_services::github_actions::tests::concurrent_appends_are_complete_and_distinct::{closure#0}::{closure#0}, ()>
[INFO] [stdout]   13:     0x5a59569fbf3a - <std[617be2ca0a6fd877]::thread::lifecycle::spawn_unchecked<nerdbank_gitversioning[d8dbd43bf74667c]::cloud_build_services::github_actions::tests::concurrent_appends_are_complete_and_distinct::{closure#0}::{closure#0}, ()>::{closure#1} as core[a373ad73a504971]::ops::function::FnOnce<()>>::call_once::{shim:vtable#0}
[INFO] [stdout]   14:     0x5a5956c7844f - <std[617be2ca0a6fd877]::sys::thread::unix::Thread>::new::thread_start
[INFO] [stdout]   15:     0x73c478bccdfa - <unknown>
[INFO] [stdout]   16:     0x73c478c603d4 - clone
[INFO] [stdout]   17:                0x0 - <unknown>
[INFO] [stdout] 
[INFO] [stdout] thread '<unnamed>' (1826) panicked at src/cloud_build_services/github_actions.rs:264:92:
[INFO] [stdout] called `Result::unwrap()` on an `Err` value: Os { code: 30, kind: ReadOnlyFilesystem, message: "Read-only file system" }
[INFO] [stdout] stack backtrace:
[INFO] [stdout]    0:     0x5a5956c79451 - <<std[617be2ca0a6fd877]::sys::backtrace::BacktraceLock>::print::DisplayBacktrace as core[a373ad73a504971]::fmt::Display>::fmt
[INFO] [stdout]    1:     0x5a5956c9158a - core[a373ad73a504971]::fmt::write
[INFO] [stdout]    2:     0x5a5956c7da6c - <alloc[2e1b2a31b91974c5]::vec::Vec<u8> as core[a373ad73a504971]::io::write::Write>::write_fmt
[INFO] [stdout]    3:     0x5a5956c52f06 - std[617be2ca0a6fd877]::panicking::default_hook::{closure#0}
[INFO] [stdout]    4:     0x5a5956c706e9 - std[617be2ca0a6fd877]::panicking::default_hook
[INFO] [stdout]    5:     0x5a5956a32950 - test[aada8e7e76ba119b]::test_main_inner::{closure#0}
[INFO] [stdout]    6:     0x5a5956c70a12 - std[617be2ca0a6fd877]::panicking::panic_with_hook
[INFO] [stdout]    7:     0x5a5956c52fb2 - std[617be2ca0a6fd877]::panicking::panic_handler::{closure#0}
[INFO] [stdout]    8:     0x5a5956c4b859 - std[617be2ca0a6fd877]::sys::backtrace::__rust_end_short_backtrace::<std[617be2ca0a6fd877]::panicking::panic_handler::{closure#0}, !>
[INFO] [stdout]    9:     0x5a5956c53ddd - __rustc[ea4f61d10b84890b]::rust_begin_unwind
[INFO] [stdout]   10:     0x5a5956c91d6c - core[a373ad73a504971]::panicking::panic_fmt
[INFO] [stdout]   11:     0x5a5956c91b42 - core[a373ad73a504971]::result::unwrap_failed
[INFO] [stdout]   12:     0x5a59569ea8ff - std[617be2ca0a6fd877]::sys::backtrace::__rust_begin_short_backtrace::<nerdbank_gitversioning[d8dbd43bf74667c]::cloud_build_services::github_actions::tests::concurrent_appends_are_complete_and_distinct::{closure#0}::{closure#0}, ()>
[INFO] [stdout]   13:     0x5a59569fbf3a - <std[617be2ca0a6fd877]::thread::lifecycle::spawn_unchecked<nerdbank_gitversioning[d8dbd43bf74667c]::cloud_build_services::github_actions::tests::concurrent_appends_are_complete_and_distinct::{closure#0}::{closure#0}, ()>::{closure#1} as core[a373ad73a504971]::ops::function::FnOnce<()>>::call_once::{shim:vtable#0}
[INFO] [stdout]   14:     0x5a5956c7844f - <std[617be2ca0a6fd877]::sys::thread::unix::Thread>::new::thread_start
[INFO] [stdout]   15:     0x73c478bccdfa - <unknown>
[INFO] [stdout]   16:     0x73c478c603d4 - clone
[INFO] [stdout]   17:                0x0 - <unknown>
[INFO] [stdout] 
[INFO] [stdout] thread 'cloud_build_services::github_actions::tests::concurrent_appends_are_complete_and_distinct' (1800) panicked at src/cloud_build_services/github_actions.rs:270:27:
[INFO] [stdout] called `Result::unwrap()` on an `Err` value: Any { .. }
[INFO] [stdout] stack backtrace:
[INFO] [stdout]    0:     0x5a5956c79451 - <<std[617be2ca0a6fd877]::sys::backtrace::BacktraceLock>::print::DisplayBacktrace as core[a373ad73a504971]::fmt::Display>::fmt
[INFO] [stdout]    1:     0x5a5956c9158a - core[a373ad73a504971]::fmt::write
[INFO] [stdout]    2:     0x5a5956c7da6c - <alloc[2e1b2a31b91974c5]::vec::Vec<u8> as core[a373ad73a504971]::io::write::Write>::write_fmt
[INFO] [stdout]    3:     0x5a5956c52f06 - std[617be2ca0a6fd877]::panicking::default_hook::{closure#0}
[INFO] [stdout]    4:     0x5a5956c706e9 - std[617be2ca0a6fd877]::panicking::default_hook
[INFO] [stdout]    5:     0x5a5956a32950 - test[aada8e7e76ba119b]::test_main_inner::{closure#0}
[INFO] [stdout]    6:     0x5a5956c70a12 - std[617be2ca0a6fd877]::panicking::panic_with_hook
[INFO] [stdout]    7:     0x5a5956c52fb2 - std[617be2ca0a6fd877]::panicking::panic_handler::{closure#0}
[INFO] [stdout]    8:     0x5a5956c4b859 - std[617be2ca0a6fd877]::sys::backtrace::__rust_end_short_backtrace::<std[617be2ca0a6fd877]::panicking::panic_handler::{closure#0}, !>
[INFO] [stdout]    9:     0x5a5956c53ddd - __rustc[ea4f61d10b84890b]::rust_begin_unwind
[INFO] [stdout]   10:     0x5a5956c91d6c - core[a373ad73a504971]::panicking::panic_fmt
[INFO] [stdout]   11:     0x5a5956c91b42 - core[a373ad73a504971]::result::unwrap_failed
[INFO] [stdout]   12:     0x5a59569ba2aa - <nerdbank_gitversioning[d8dbd43bf74667c]::cloud_build_services::github_actions::tests::concurrent_appends_are_complete_and_distinct::{closure#0} as core[a373ad73a504971]::ops::function::FnOnce<()>>::call_once
[INFO] [stdout]   13:     0x5a5956a25d9b - test[aada8e7e76ba119b]::__rust_begin_short_backtrace::<core[a373ad73a504971]::result::Result<(), alloc[2e1b2a31b91974c5]::string::String>, fn() -> core[a373ad73a504971]::result::Result<(), alloc[2e1b2a31b91974c5]::string::String>>
[INFO] [stdout]   14:     0x5a5956a32f75 - test[aada8e7e76ba119b]::run_test::{closure#0}
[INFO] [stdout]   15:     0x5a5956a2c864 - std[617be2ca0a6fd877]::sys::backtrace::__rust_begin_short_backtrace::<test[aada8e7e76ba119b]::run_test::{closure#1}, ()>
[INFO] [stdout]   16:     0x5a5956a36002 - <std[617be2ca0a6fd877]::thread::lifecycle::spawn_unchecked<test[aada8e7e76ba119b]::run_test::{closure#1}, ()>::{closure#1} as core[a373ad73a504971]::ops::function::FnOnce<()>>::call_once::{shim:vtable#0}
[INFO] [stdout]   17:     0x5a5956c7844f - <std[617be2ca0a6fd877]::sys::thread::unix::Thread>::new::thread_start
[INFO] [stdout]   18:     0x73c478bccdfa - <unknown>
[INFO] [stdout]   19:     0x73c478c603d4 - clone
[INFO] [stdout]   20:                0x0 - <unknown>
[INFO] [stdout] 
[INFO] [stdout] ---- history::tests::ambiguity_is_reported_but_all_matches_are_available stdout ----
[INFO] [stdout] 
[INFO] [stdout] thread 'history::tests::ambiguity_is_reported_but_all_matches_are_available' (1843) panicked at src/history.rs:612:39:
[INFO] [stdout] called `Result::unwrap()` on an `Err` value: Os { code: 30, kind: ReadOnlyFilesystem, message: "Read-only file system" }
[INFO] [stdout] stack backtrace:
[INFO] [stdout]    0:     0x5a5956c79451 - <<std[617be2ca0a6fd877]::sys::backtrace::BacktraceLock>::print::DisplayBacktrace as core[a373ad73a504971]::fmt::Display>::fmt
[INFO] [stdout]    1:     0x5a5956c9158a - core[a373ad73a504971]::fmt::write
[INFO] [stdout]    2:     0x5a5956c7da6c - <alloc[2e1b2a31b91974c5]::vec::Vec<u8> as core[a373ad73a504971]::io::write::Write>::write_fmt
[INFO] [stdout]    3:     0x5a5956c52f06 - std[617be2ca0a6fd877]::panicking::default_hook::{closure#0}
[INFO] [stdout]    4:     0x5a5956c706e9 - std[617be2ca0a6fd877]::panicking::default_hook
[INFO] [stdout]    5:     0x5a5956a32950 - test[aada8e7e76ba119b]::test_main_inner::{closure#0}
[INFO] [stdout]    6:     0x5a5956c70a12 - std[617be2ca0a6fd877]::panicking::panic_with_hook
[INFO] [stdout]    7:     0x5a5956c52fb2 - std[617be2ca0a6fd877]::panicking::panic_handler::{closure#0}
[INFO] [stdout]    8:     0x5a5956c4b859 - std[617be2ca0a6fd877]::sys::backtrace::__rust_end_short_backtrace::<std[617be2ca0a6fd877]::panicking::panic_handler::{closure#0}, !>
[INFO] [stdout]    9:     0x5a5956c53ddd - __rustc[ea4f61d10b84890b]::rust_begin_unwind
[INFO] [stdout]   10:     0x5a5956c91d6c - core[a373ad73a504971]::panicking::panic_fmt
[INFO] [stdout]   11:     0x5a5956c91b42 - core[a373ad73a504971]::result::unwrap_failed
[INFO] [stdout]   12:     0x5a59569ec69d - <nerdbank_gitversioning[d8dbd43bf74667c]::history::tests::TestRepository>::new
[INFO] [stdout]   13:     0x5a59569f56ee - <nerdbank_gitversioning[d8dbd43bf74667c]::history::tests::ambiguity_is_reported_but_all_matches_are_available::{closure#0} as core[a373ad73a504971]::ops::function::FnOnce<()>>::call_once
[INFO] [stdout]   14:     0x5a5956a25d9b - test[aada8e7e76ba119b]::__rust_begin_short_backtrace::<core[a373ad73a504971]::result::Result<(), alloc[2e1b2a31b91974c5]::string::String>, fn() -> core[a373ad73a504971]::result::Result<(), alloc[2e1b2a31b91974c5]::string::String>>
[INFO] [stdout]   15:     0x5a5956a32f75 - test[aada8e7e76ba119b]::run_test::{closure#0}
[INFO] [stdout]   16:     0x5a5956a2c864 - std[617be2ca0a6fd877]::sys::backtrace::__rust_begin_short_backtrace::<test[aada8e7e76ba119b]::run_test::{closure#1}, ()>
[INFO] [stdout]   17:     0x5a5956a36002 - <std[617be2ca0a6fd877]::thread::lifecycle::spawn_unchecked<test[aada8e7e76ba119b]::run_test::{closure#1}, ()>::{closure#1} as core[a373ad73a504971]::ops::function::FnOnce<()>>::call_once::{shim:vtable#0}
[INFO] [stdout]   18:     0x5a5956c7844f - <std[617be2ca0a6fd877]::sys::thread::unix::Thread>::new::thread_start
[INFO] [stdout]   19:     0x73c478bccdfa - <unknown>
[INFO] [stdout]   20:     0x73c478c603d4 - clone
[INFO] [stdout]   21:                0x0 - <unknown>
[INFO] [stdout] 
[INFO] [stdout] ---- history::tests::filters_count_add_modify_delete_and_ignore_other_paths stdout ----
[INFO] [stdout] 
[INFO] [stdout] thread 'history::tests::filters_count_add_modify_delete_and_ignore_other_paths' (1845) panicked at src/history.rs:612:39:
[INFO] [stdout] called `Result::unwrap()` on an `Err` value: Os { code: 30, kind: ReadOnlyFilesystem, message: "Read-only file system" }
[INFO] [stdout] stack backtrace:
[INFO] [stdout]    0:     0x5a5956c79451 - <<std[617be2ca0a6fd877]::sys::backtrace::BacktraceLock>::print::DisplayBacktrace as core[a373ad73a504971]::fmt::Display>::fmt
[INFO] [stdout]    1:     0x5a5956c9158a - core[a373ad73a504971]::fmt::write
[INFO] [stdout]    2:     0x5a5956c7da6c - <alloc[2e1b2a31b91974c5]::vec::Vec<u8> as core[a373ad73a504971]::io::write::Write>::write_fmt
[INFO] [stdout]    3:     0x5a5956c52f06 - std[617be2ca0a6fd877]::panicking::default_hook::{closure#0}
[INFO] [stdout]    4:     0x5a5956c706e9 - std[617be2ca0a6fd877]::panicking::default_hook
[INFO] [stdout]    5:     0x5a5956a32950 - test[aada8e7e76ba119b]::test_main_inner::{closure#0}
[INFO] [stdout]    6:     0x5a5956c70a12 - std[617be2ca0a6fd877]::panicking::panic_with_hook
[INFO] [stdout]    7:     0x5a5956c52fb2 - std[617be2ca0a6fd877]::panicking::panic_handler::{closure#0}
[INFO] [stdout]    8:     0x5a5956c4b859 - std[617be2ca0a6fd877]::sys::backtrace::__rust_end_short_backtrace::<std[617be2ca0a6fd877]::panicking::panic_handler::{closure#0}, !>
[INFO] [stdout]    9:     0x5a5956c53ddd - __rustc[ea4f61d10b84890b]::rust_begin_unwind
[INFO] [stdout]   10:     0x5a5956c91d6c - core[a373ad73a504971]::panicking::panic_fmt
[INFO] [stdout]   11:     0x5a5956c91b42 - core[a373ad73a504971]::result::unwrap_failed
[INFO] [stdout]   12:     0x5a59569ec69d - <nerdbank_gitversioning[d8dbd43bf74667c]::history::tests::TestRepository>::new
[INFO] [stdout]   13:     0x5a59569f6080 - <nerdbank_gitversioning[d8dbd43bf74667c]::history::tests::filters_count_add_modify_delete_and_ignore_other_paths::{closure#0} as core[a373ad73a504971]::ops::function::FnOnce<()>>::call_once
[INFO] [stdout]   14:     0x5a5956a25d9b - test[aada8e7e76ba119b]::__rust_begin_short_backtrace::<core[a373ad73a504971]::result::Result<(), alloc[2e1b2a31b91974c5]::string::String>, fn() -> core[a373ad73a504971]::result::Result<(), alloc[2e1b2a31b91974c5]::string::String>>
[INFO] [stdout]   15:     0x5a5956a32f75 - test[aada8e7e76ba119b]::run_test::{closure#0}
[INFO] [stdout]   16:     0x5a5956a2c864 - std[617be2ca0a6fd877]::sys::backtrace::__rust_begin_short_backtrace::<test[aada8e7e76ba119b]::run_test::{closure#1}, ()>
[INFO] [stdout]   17:     0x5a5956a36002 - <std[617be2ca0a6fd877]::thread::lifecycle::spawn_unchecked<test[aada8e7e76ba119b]::run_test::{closure#1}, ()>::{closure#1} as core[a373ad73a504971]::ops::function::FnOnce<()>>::call_once::{shim:vtable#0}
[INFO] [stdout]   18:     0x5a5956c7844f - <std[617be2ca0a6fd877]::sys::thread::unix::Thread>::new::thread_start
[INFO] [stdout]   19:     0x73c478bccdfa - <unknown>
[INFO] [stdout]   20:     0x73c478c603d4 - clone
[INFO] [stdout]   21:                0x0 - <unknown>
[INFO] [stdout] 
[INFO] [stdout] ---- history::tests::height_uses_longest_merge_path_and_stops_each_path stdout ----
[INFO] [stdout] 
[INFO] [stdout] thread 'history::tests::height_uses_longest_merge_path_and_stops_each_path' (1846) panicked at src/history.rs:612:39:
[INFO] [stdout] called `Result::unwrap()` on an `Err` value: Os { code: 30, kind: ReadOnlyFilesystem, message: "Read-only file system" }
[INFO] [stdout] stack backtrace:
[INFO] [stdout]    0:     0x5a5956c79451 - <<std[617be2ca0a6fd877]::sys::backtrace::BacktraceLock>::print::DisplayBacktrace as core[a373ad73a504971]::fmt::Display>::fmt
[INFO] [stdout]    1:     0x5a5956c9158a - core[a373ad73a504971]::fmt::write
[INFO] [stdout]    2:     0x5a5956c7da6c - <alloc[2e1b2a31b91974c5]::vec::Vec<u8> as core[a373ad73a504971]::io::write::Write>::write_fmt
[INFO] [stdout]    3:     0x5a5956c52f06 - std[617be2ca0a6fd877]::panicking::default_hook::{closure#0}
[INFO] [stdout]    4:     0x5a5956c706e9 - std[617be2ca0a6fd877]::panicking::default_hook
[INFO] [stdout]    5:     0x5a5956a32950 - test[aada8e7e76ba119b]::test_main_inner::{closure#0}
[INFO] [stdout]    6:     0x5a5956c70a12 - std[617be2ca0a6fd877]::panicking::panic_with_hook
[INFO] [stdout]    7:     0x5a5956c52fb2 - std[617be2ca0a6fd877]::panicking::panic_handler::{closure#0}
[INFO] [stdout]    8:     0x5a5956c4b859 - std[617be2ca0a6fd877]::sys::backtrace::__rust_end_short_backtrace::<std[617be2ca0a6fd877]::panicking::panic_handler::{closure#0}, !>
[INFO] [stdout]    9:     0x5a5956c53ddd - __rustc[ea4f61d10b84890b]::rust_begin_unwind
[INFO] [stdout]   10:     0x5a5956c91d6c - core[a373ad73a504971]::panicking::panic_fmt
[INFO] [stdout]   11:     0x5a5956c91b42 - core[a373ad73a504971]::result::unwrap_failed
[INFO] [stdout]   12:     0x5a59569ec69d - <nerdbank_gitversioning[d8dbd43bf74667c]::history::tests::TestRepository>::new
[INFO] [stdout]   13:     0x5a59569f50d1 - <nerdbank_gitversioning[d8dbd43bf74667c]::history::tests::height_uses_longest_merge_path_and_stops_each_path::{closure#0} as core[a373ad73a504971]::ops::function::FnOnce<()>>::call_once
[INFO] [stdout]   14:     0x5a5956a25d9b - test[aada8e7e76ba119b]::__rust_begin_short_backtrace::<core[a373ad73a504971]::result::Result<(), alloc[2e1b2a31b91974c5]::string::String>, fn() -> core[a373ad73a504971]::result::Result<(), alloc[2e1b2a31b91974c5]::string::String>>
[INFO] [stdout]   15:     0x5a5956a32f75 - test[aada8e7e76ba119b]::run_test::{closure#0}
[INFO] [stdout]   16:     0x5a5956a2c864 - std[617be2ca0a6fd877]::sys::backtrace::__rust_begin_short_backtrace::<test[aada8e7e76ba119b]::run_test::{closure#1}, ()>
[INFO] [stdout]   17:     0x5a5956a36002 - <std[617be2ca0a6fd877]::thread::lifecycle::spawn_unchecked<test[aada8e7e76ba119b]::run_test::{closure#1}, ()>::{closure#1} as core[a373ad73a504971]::ops::function::FnOnce<()>>::call_once::{shim:vtable#0}
[INFO] [stdout]   18:     0x5a5956c7844f - <std[617be2ca0a6fd877]::sys::thread::unix::Thread>::new::thread_start
[INFO] [stdout]   19:     0x73c478bccdfa - <unknown>
[INFO] [stdout]   20:     0x73c478c603d4 - clone
[INFO] [stdout]   21:                0x0 - <unknown>
[INFO] [stdout] 
[INFO] [stdout] ---- history::tests::included_file_mode_change_increases_height stdout ----
[INFO] [stdout] 
[INFO] [stdout] thread 'history::tests::included_file_mode_change_increases_height' (1848) panicked at src/history.rs:612:39:
[INFO] [stdout] called `Result::unwrap()` on an `Err` value: Os { code: 30, kind: ReadOnlyFilesystem, message: "Read-only file system" }
[INFO] [stdout] stack backtrace:
[INFO] [stdout]    0:     0x5a5956c79451 - <<std[617be2ca0a6fd877]::sys::backtrace::BacktraceLock>::print::DisplayBacktrace as core[a373ad73a504971]::fmt::Display>::fmt
[INFO] [stdout]    1:     0x5a5956c9158a - core[a373ad73a504971]::fmt::write
[INFO] [stdout]    2:     0x5a5956c7da6c - <alloc[2e1b2a31b91974c5]::vec::Vec<u8> as core[a373ad73a504971]::io::write::Write>::write_fmt
[INFO] [stdout]    3:     0x5a5956c52f06 - std[617be2ca0a6fd877]::panicking::default_hook::{closure#0}
[INFO] [stdout]    4:     0x5a5956c706e9 - std[617be2ca0a6fd877]::panicking::default_hook
[INFO] [stdout]    5:     0x5a5956a32950 - test[aada8e7e76ba119b]::test_main_inner::{closure#0}
[INFO] [stdout]    6:     0x5a5956c70a12 - std[617be2ca0a6fd877]::panicking::panic_with_hook
[INFO] [stdout]    7:     0x5a5956c52fb2 - std[617be2ca0a6fd877]::panicking::panic_handler::{closure#0}
[INFO] [stdout]    8:     0x5a5956c4b859 - std[617be2ca0a6fd877]::sys::backtrace::__rust_end_short_backtrace::<std[617be2ca0a6fd877]::panicking::panic_handler::{closure#0}, !>
[INFO] [stdout]    9:     0x5a5956c53ddd - __rustc[ea4f61d10b84890b]::rust_begin_unwind
[INFO] [stdout]   10:     0x5a5956c91d6c - core[a373ad73a504971]::panicking::panic_fmt
[INFO] [stdout]   11:     0x5a5956c91b42 - core[a373ad73a504971]::result::unwrap_failed
[INFO] [stdout]   12:     0x5a59569ec69d - <nerdbank_gitversioning[d8dbd43bf74667c]::history::tests::TestRepository>::new
[INFO] [stdout]   13:     0x5a59569f3d91 - <nerdbank_gitversioning[d8dbd43bf74667c]::history::tests::included_file_mode_change_increases_height::{closure#0} as core[a373ad73a504971]::ops::function::FnOnce<()>>::call_once
[INFO] [stdout]   14:     0x5a5956a25d9b - test[aada8e7e76ba119b]::__rust_begin_short_backtrace::<core[a373ad73a504971]::result::Result<(), alloc[2e1b2a31b91974c5]::string::String>, fn() -> core[a373ad73a504971]::result::Result<(), alloc[2e1b2a31b91974c5]::string::String>>
[INFO] [stdout]   15:     0x5a5956a32f75 - test[aada8e7e76ba119b]::run_test::{closure#0}
[INFO] [stdout]   16:     0x5a5956a2c864 - std[617be2ca0a6fd877]::sys::backtrace::__rust_begin_short_backtrace::<test[aada8e7e76ba119b]::run_test::{closure#1}, ()>
[INFO] [stdout]   17:     0x5a5956a36002 - <std[617be2ca0a6fd877]::thread::lifecycle::spawn_unchecked<test[aada8e7e76ba119b]::run_test::{closure#1}, ()>::{closure#1} as core[a373ad73a504971]::ops::function::FnOnce<()>>::call_once::{shim:vtable#0}
[INFO] [stdout]   18:     0x5a5956c7844f - <std[617be2ca0a6fd877]::sys::thread::unix::Thread>::new::thread_start
[INFO] [stdout]   19:     0x73c478bccdfa - <unknown>
[INFO] [stdout]   20:     0x73c478c603d4 - clone
[INFO] [stdout]   21:                0x0 - <unknown>
[INFO] [stdout] 
[INFO] [stdout] ---- history::tests::include_filter_honors_ignore_case stdout ----
[INFO] [stdout] 
[INFO] [stdout] thread 'history::tests::include_filter_honors_ignore_case' (1847) panicked at src/history.rs:612:39:
[INFO] [stdout] called `Result::unwrap()` on an `Err` value: Os { code: 30, kind: ReadOnlyFilesystem, message: "Read-only file system" }
[INFO] [stdout] stack backtrace:
[INFO] [stdout]    0:     0x5a5956c79451 - <<std[617be2ca0a6fd877]::sys::backtrace::BacktraceLock>::print::DisplayBacktrace as core[a373ad73a504971]::fmt::Display>::fmt
[INFO] [stdout]    1:     0x5a5956c9158a - core[a373ad73a504971]::fmt::write
[INFO] [stdout]    2:     0x5a5956c7da6c - <alloc[2e1b2a31b91974c5]::vec::Vec<u8> as core[a373ad73a504971]::io::write::Write>::write_fmt
[INFO] [stdout]    3:     0x5a5956c52f06 - std[617be2ca0a6fd877]::panicking::default_hook::{closure#0}
[INFO] [stdout]    4:     0x5a5956c706e9 - std[617be2ca0a6fd877]::panicking::default_hook
[INFO] [stdout]    5:     0x5a5956a32950 - test[aada8e7e76ba119b]::test_main_inner::{closure#0}
[INFO] [stdout]    6:     0x5a5956c70a12 - std[617be2ca0a6fd877]::panicking::panic_with_hook
[INFO] [stdout]    7:     0x5a5956c52fb2 - std[617be2ca0a6fd877]::panicking::panic_handler::{closure#0}
[INFO] [stdout]    8:     0x5a5956c4b859 - std[617be2ca0a6fd877]::sys::backtrace::__rust_end_short_backtrace::<std[617be2ca0a6fd877]::panicking::panic_handler::{closure#0}, !>
[INFO] [stdout]    9:     0x5a5956c53ddd - __rustc[ea4f61d10b84890b]::rust_begin_unwind
[INFO] [stdout]   10:     0x5a5956c91d6c - core[a373ad73a504971]::panicking::panic_fmt
[INFO] [stdout]   11:     0x5a5956c91b42 - core[a373ad73a504971]::result::unwrap_failed
[INFO] [stdout]   12:     0x5a59569ec69d - <nerdbank_gitversioning[d8dbd43bf74667c]::history::tests::TestRepository>::new
[INFO] [stdout]   13:     0x5a59569f2aa3 - <nerdbank_gitversioning[d8dbd43bf74667c]::history::tests::include_filter_honors_ignore_case::{closure#0} as core[a373ad73a504971]::ops::function::FnOnce<()>>::call_once
[INFO] [stdout]   14:     0x5a5956a25d9b - test[aada8e7e76ba119b]::__rust_begin_short_backtrace::<core[a373ad73a504971]::result::Result<(), alloc[2e1b2a31b91974c5]::string::String>, fn() -> core[a373ad73a504971]::result::Result<(), alloc[2e1b2a31b91974c5]::string::String>>
[INFO] [stdout]   15:     0x5a5956a32f75 - test[aada8e7e76ba119b]::run_test::{closure#0}
[INFO] [stdout]   16:     0x5a5956a2c864 - std[617be2ca0a6fd877]::sys::backtrace::__rust_begin_short_backtrace::<test[aada8e7e76ba119b]::run_test::{closure#1}, ()>
[INFO] [stdout]   17:     0x5a5956a36002 - <std[617be2ca0a6fd877]::thread::lifecycle::spawn_unchecked<test[aada8e7e76ba119b]::run_test::{closure#1}, ()>::{closure#1} as core[a373ad73a504971]::ops::function::FnOnce<()>>::call_once::{shim:vtable#0}
[INFO] [stdout]   18:     0x5a5956c7844f - <std[617be2ca0a6fd877]::sys::thread::unix::Thread>::new::thread_start
[INFO] [stdout]   19:     0x73c478bccdfa - <unknown>
[INFO] [stdout]   20:     0x73c478c603d4 - clone
[INFO] [stdout]   21:                0x0 - <unknown>
[INFO] [stdout] 
[INFO] [stdout] ---- history::tests::missing_shallow_parent_is_an_error stdout ----
[INFO] [stdout] 
[INFO] [stdout] thread 'history::tests::missing_shallow_parent_is_an_error' (1849) panicked at src/history.rs:612:39:
[INFO] [stdout] called `Result::unwrap()` on an `Err` value: Os { code: 30, kind: ReadOnlyFilesystem, message: "Read-only file system" }
[INFO] [stdout] stack backtrace:
[INFO] [stdout]    0:     0x5a5956c79451 - <<std[617be2ca0a6fd877]::sys::backtrace::BacktraceLock>::print::DisplayBacktrace as core[a373ad73a504971]::fmt::Display>::fmt
[INFO] [stdout]    1:     0x5a5956c9158a - core[a373ad73a504971]::fmt::write
[INFO] [stdout]    2:     0x5a5956c7da6c - <alloc[2e1b2a31b91974c5]::vec::Vec<u8> as core[a373ad73a504971]::io::write::Write>::write_fmt
[INFO] [stdout]    3:     0x5a5956c52f06 - std[617be2ca0a6fd877]::panicking::default_hook::{closure#0}
[INFO] [stdout]    4:     0x5a5956c706e9 - std[617be2ca0a6fd877]::panicking::default_hook
[INFO] [stdout]    5:     0x5a5956a32950 - test[aada8e7e76ba119b]::test_main_inner::{closure#0}
[INFO] [stdout]    6:     0x5a5956c70a12 - std[617be2ca0a6fd877]::panicking::panic_with_hook
[INFO] [stdout]    7:     0x5a5956c52fb2 - std[617be2ca0a6fd877]::panicking::panic_handler::{closure#0}
[INFO] [stdout]    8:     0x5a5956c4b859 - std[617be2ca0a6fd877]::sys::backtrace::__rust_end_short_backtrace::<std[617be2ca0a6fd877]::panicking::panic_handler::{closure#0}, !>
[INFO] [stdout]    9:     0x5a5956c53ddd - __rustc[ea4f61d10b84890b]::rust_begin_unwind
[INFO] [stdout]   10:     0x5a5956c91d6c - core[a373ad73a504971]::panicking::panic_fmt
[INFO] [stdout]   11:     0x5a5956c91b42 - core[a373ad73a504971]::result::unwrap_failed
[INFO] [stdout]   12:     0x5a59569ec69d - <nerdbank_gitversioning[d8dbd43bf74667c]::history::tests::TestRepository>::new
[INFO] [stdout]   13:     0x5a59569f309e - <nerdbank_gitversioning[d8dbd43bf74667c]::history::tests::missing_shallow_parent_is_an_error::{closure#0} as core[a373ad73a504971]::ops::function::FnOnce<()>>::call_once
[INFO] [stdout]   14:     0x5a5956a25d9b - test[aada8e7e76ba119b]::__rust_begin_short_backtrace::<core[a373ad73a504971]::result::Result<(), alloc[2e1b2a31b91974c5]::string::String>, fn() -> core[a373ad73a504971]::result::Result<(), alloc[2e1b2a31b91974c5]::string::String>>
[INFO] [stdout]   15:     0x5a5956a32f75 - test[aada8e7e76ba119b]::run_test::{closure#0}
[INFO] [stdout]   16:     0x5a5956a2c864 - std[617be2ca0a6fd877]::sys::backtrace::__rust_begin_short_backtrace::<test[aada8e7e76ba119b]::run_test::{closure#1}, ()>
[INFO] [stdout]   17:     0x5a5956a36002 - <std[617be2ca0a6fd877]::thread::lifecycle::spawn_unchecked<test[aada8e7e76ba119b]::run_test::{closure#1}, ()>::{closure#1} as core[a373ad73a504971]::ops::function::FnOnce<()>>::call_once::{shim:vtable#0}
[INFO] [stdout]   18:     0x5a5956c7844f - <std[617be2ca0a6fd877]::sys::thread::unix::Thread>::new::thread_start
[INFO] [stdout]   19:     0x73c478bccdfa - <unknown>
[INFO] [stdout]   20:     0x73c478c603d4 - clone
[INFO] [stdout]   21:                0x0 - <unknown>
[INFO] [stdout] 
[INFO] [stdout] ---- history::tests::replacing_file_with_included_directory_increases_height stdout ----
[INFO] [stdout] 
[INFO] [stdout] thread 'history::tests::replacing_file_with_included_directory_increases_height' (1851) panicked at src/history.rs:612:39:
[INFO] [stdout] called `Result::unwrap()` on an `Err` value: Os { code: 30, kind: ReadOnlyFilesystem, message: "Read-only file system" }
[INFO] [stdout] stack backtrace:
[INFO] [stdout]    0:     0x5a5956c79451 - <<std[617be2ca0a6fd877]::sys::backtrace::BacktraceLock>::print::DisplayBacktrace as core[a373ad73a504971]::fmt::Display>::fmt
[INFO] [stdout]    1:     0x5a5956c9158a - core[a373ad73a504971]::fmt::write
[INFO] [stdout]    2:     0x5a5956c7da6c - <alloc[2e1b2a31b91974c5]::vec::Vec<u8> as core[a373ad73a504971]::io::write::Write>::write_fmt
[INFO] [stdout]    3:     0x5a5956c52f06 - std[617be2ca0a6fd877]::panicking::default_hook::{closure#0}
[INFO] [stdout]    4:     0x5a5956c706e9 - std[617be2ca0a6fd877]::panicking::default_hook
[INFO] [stdout]    5:     0x5a5956a32950 - test[aada8e7e76ba119b]::test_main_inner::{closure#0}
[INFO] [stdout]    6:     0x5a5956c70a12 - std[617be2ca0a6fd877]::panicking::panic_with_hook
[INFO] [stdout]    7:     0x5a5956c52fb2 - std[617be2ca0a6fd877]::panicking::panic_handler::{closure#0}
[INFO] [stdout]    8:     0x5a5956c4b859 - std[617be2ca0a6fd877]::sys::backtrace::__rust_end_short_backtrace::<std[617be2ca0a6fd877]::panicking::panic_handler::{closure#0}, !>
[INFO] [stdout]    9:     0x5a5956c53ddd - __rustc[ea4f61d10b84890b]::rust_begin_unwind
[INFO] [stdout]   10:     0x5a5956c91d6c - core[a373ad73a504971]::panicking::panic_fmt
[INFO] [stdout]   11:     0x5a5956c91b42 - core[a373ad73a504971]::result::unwrap_failed
[INFO] [stdout]   12:     0x5a59569ec69d - <nerdbank_gitversioning[d8dbd43bf74667c]::history::tests::TestRepository>::new
[INFO] [stdout]   13:     0x5a59569f7710 - <nerdbank_gitversioning[d8dbd43bf74667c]::history::tests::replacing_file_with_included_directory_increases_height::{closure#0} as core[a373ad73a504971]::ops::function::FnOnce<()>>::call_once
[INFO] [stdout]   14:     0x5a5956a25d9b - test[aada8e7e76ba119b]::__rust_begin_short_backtrace::<core[a373ad73a504971]::result::Result<(), alloc[2e1b2a31b91974c5]::string::String>, fn() -> core[a373ad73a504971]::result::Result<(), alloc[2e1b2a31b91974c5]::string::String>>
[INFO] [stdout]   15:     0x5a5956a32f75 - test[aada8e7e76ba119b]::run_test::{closure#0}
[INFO] [stdout]   16:     0x5a5956a2c864 - std[617be2ca0a6fd877]::sys::backtrace::__rust_begin_short_backtrace::<test[aada8e7e76ba119b]::run_test::{closure#1}, ()>
[INFO] [stdout]   17:     0x5a5956a36002 - <std[617be2ca0a6fd877]::thread::lifecycle::spawn_unchecked<test[aada8e7e76ba119b]::run_test::{closure#1}, ()>::{closure#1} as core[a373ad73a504971]::ops::function::FnOnce<()>>::call_once::{shim:vtable#0}
[INFO] [stdout]   18:     0x5a5956c7844f - <std[617be2ca0a6fd877]::sys::thread::unix::Thread>::new::thread_start
[INFO] [stdout]   19:     0x73c478bccdfa - <unknown>
[INFO] [stdout]   20:     0x73c478c603d4 - clone
[INFO] [stdout]   21:                0x0 - <unknown>
[INFO] [stdout] 
[INFO] [stdout] ---- history::tests::only_exclude_filter_counts_deleting_an_included_file stdout ----
[INFO] [stdout] 
[INFO] [stdout] thread 'history::tests::only_exclude_filter_counts_deleting_an_included_file' (1850) panicked at src/history.rs:612:39:
[INFO] [stdout] called `Result::unwrap()` on an `Err` value: Os { code: 30, kind: ReadOnlyFilesystem, message: "Read-only file system" }
[INFO] [stdout] stack backtrace:
[INFO] [stdout]    0:     0x5a5956c79451 - <<std[617be2ca0a6fd877]::sys::backtrace::BacktraceLock>::print::DisplayBacktrace as core[a373ad73a504971]::fmt::Display>::fmt
[INFO] [stdout]    1:     0x5a5956c9158a - core[a373ad73a504971]::fmt::write
[INFO] [stdout]    2:     0x5a5956c7da6c - <alloc[2e1b2a31b91974c5]::vec::Vec<u8> as core[a373ad73a504971]::io::write::Write>::write_fmt
[INFO] [stdout]    3:     0x5a5956c52f06 - std[617be2ca0a6fd877]::panicking::default_hook::{closure#0}
[INFO] [stdout]    4:     0x5a5956c706e9 - std[617be2ca0a6fd877]::panicking::default_hook
[INFO] [stdout]    5:     0x5a5956a32950 - test[aada8e7e76ba119b]::test_main_inner::{closure#0}
[INFO] [stdout]    6:     0x5a5956c70a12 - std[617be2ca0a6fd877]::panicking::panic_with_hook
[INFO] [stdout]    7:     0x5a5956c52fb2 - std[617be2ca0a6fd877]::panicking::panic_handler::{closure#0}
[INFO] [stdout]    8:     0x5a5956c4b859 - std[617be2ca0a6fd877]::sys::backtrace::__rust_end_short_backtrace::<std[617be2ca0a6fd877]::panicking::panic_handler::{closure#0}, !>
[INFO] [stdout]    9:     0x5a5956c53ddd - __rustc[ea4f61d10b84890b]::rust_begin_unwind
[INFO] [stdout]   10:     0x5a5956c91d6c - core[a373ad73a504971]::panicking::panic_fmt
[INFO] [stdout]   11:     0x5a5956c91b42 - core[a373ad73a504971]::result::unwrap_failed
[INFO] [stdout]   12:     0x5a59569ec69d - <nerdbank_gitversioning[d8dbd43bf74667c]::history::tests::TestRepository>::new
[INFO] [stdout]   13:     0x5a59569f5b6d - <nerdbank_gitversioning[d8dbd43bf74667c]::history::tests::only_exclude_filter_counts_deleting_an_included_file::{closure#0} as core[a373ad73a504971]::ops::function::FnOnce<()>>::call_once
[INFO] [stdout]   14:     0x5a5956a25d9b - test[aada8e7e76ba119b]::__rust_begin_short_backtrace::<core[a373ad73a504971]::result::Result<(), alloc[2e1b2a31b91974c5]::string::String>, fn() -> core[a373ad73a504971]::result::Result<(), alloc[2e1b2a31b91974c5]::string::String>>
[INFO] [stdout]   15:     0x5a5956a32f75 - test[aada8e7e76ba119b]::run_test::{closure#0}
[INFO] [stdout]   16:     0x5a5956a2c864 - std[617be2ca0a6fd877]::sys::backtrace::__rust_begin_short_backtrace::<test[aada8e7e76ba119b]::run_test::{closure#1}, ()>
[INFO] [stdout]   17:     0x5a5956a36002 - <std[617be2ca0a6fd877]::thread::lifecycle::spawn_unchecked<test[aada8e7e76ba119b]::run_test::{closure#1}, ()>::{closure#1} as core[a373ad73a504971]::ops::function::FnOnce<()>>::call_once::{shim:vtable#0}
[INFO] [stdout]   18:     0x5a5956c7844f - <std[617be2ca0a6fd877]::sys::thread::unix::Thread>::new::thread_start
[INFO] [stdout]   19:     0x73c478bccdfa - <unknown>
[INFO] [stdout]   20:     0x73c478c603d4 - clone
[INFO] [stdout]   21:                0x0 - <unknown>
[INFO] [stdout] 
[INFO] [stdout] ---- history::tests::replacing_included_directory_with_file_increases_height stdout ----
[INFO] [stdout] 
[INFO] [stdout] thread 'history::tests::replacing_included_directory_with_file_increases_height' (1852) panicked at src/history.rs:612:39:
[INFO] [stdout] called `Result::unwrap()` on an `Err` value: Os { code: 30, kind: ReadOnlyFilesystem, message: "Read-only file system" }
[INFO] [stdout] stack backtrace:
[INFO] [stdout]    0:     0x5a5956c79451 - <<std[617be2ca0a6fd877]::sys::backtrace::BacktraceLock>::print::DisplayBacktrace as core[a373ad73a504971]::fmt::Display>::fmt
[INFO] [stdout]    1:     0x5a5956c9158a - core[a373ad73a504971]::fmt::write
[INFO] [stdout]    2:     0x5a5956c7da6c - <alloc[2e1b2a31b91974c5]::vec::Vec<u8> as core[a373ad73a504971]::io::write::Write>::write_fmt
[INFO] [stdout]    3:     0x5a5956c52f06 - std[617be2ca0a6fd877]::panicking::default_hook::{closure#0}
[INFO] [stdout]    4:     0x5a5956c706e9 - std[617be2ca0a6fd877]::panicking::default_hook
[INFO] [stdout]    5:     0x5a5956a32950 - test[aada8e7e76ba119b]::test_main_inner::{closure#0}
[INFO] [stdout]    6:     0x5a5956c70a12 - std[617be2ca0a6fd877]::panicking::panic_with_hook
[INFO] [stdout]    7:     0x5a5956c52fb2 - std[617be2ca0a6fd877]::panicking::panic_handler::{closure#0}
[INFO] [stdout]    8:     0x5a5956c4b859 - std[617be2ca0a6fd877]::sys::backtrace::__rust_end_short_backtrace::<std[617be2ca0a6fd877]::panicking::panic_handler::{closure#0}, !>
[INFO] [stdout]    9:     0x5a5956c53ddd - __rustc[ea4f61d10b84890b]::rust_begin_unwind
[INFO] [stdout]   10:     0x5a5956c91d6c - core[a373ad73a504971]::panicking::panic_fmt
[INFO] [stdout]   11:     0x5a5956c91b42 - core[a373ad73a504971]::result::unwrap_failed
[INFO] [stdout]   12:     0x5a59569ec69d - <nerdbank_gitversioning[d8dbd43bf74667c]::history::tests::TestRepository>::new
[INFO] [stdout]   13:     0x5a59569f7d90 - <nerdbank_gitversioning[d8dbd43bf74667c]::history::tests::replacing_included_directory_with_file_increases_height::{closure#0} as core[a373ad73a504971]::ops::function::FnOnce<()>>::call_once
[INFO] [stdout]   14:     0x5a5956a25d9b - test[aada8e7e76ba119b]::__rust_begin_short_backtrace::<core[a373ad73a504971]::result::Result<(), alloc[2e1b2a31b91974c5]::string::String>, fn() -> core[a373ad73a504971]::result::Result<(), alloc[2e1b2a31b91974c5]::string::String>>
[INFO] [stdout]   15:     0x5a5956a32f75 - test[aada8e7e76ba119b]::run_test::{closure#0}
[INFO] [stdout]   16:     0x5a5956a2c864 - std[617be2ca0a6fd877]::sys::backtrace::__rust_begin_short_backtrace::<test[aada8e7e76ba119b]::run_test::{closure#1}, ()>
[INFO] [stdout]   17:     0x5a5956a36002 - <std[617be2ca0a6fd877]::thread::lifecycle::spawn_unchecked<test[aada8e7e76ba119b]::run_test::{closure#1}, ()>::{closure#1} as core[a373ad73a504971]::ops::function::FnOnce<()>>::call_once::{shim:vtable#0}
[INFO] [stdout]   18:     0x5a5956c7844f - <std[617be2ca0a6fd877]::sys::thread::unix::Thread>::new::thread_start
[INFO] [stdout]   19:     0x73c478bccdfa - <unknown>
[INFO] [stdout]   20:     0x73c478c603d4 - clone
[INFO] [stdout]   21:                0x0 - <unknown>
[INFO] [stdout] 
[INFO] [stdout] ---- history::tests::reverse_lookup_accepts_both_endians_and_subdirectories stdout ----
[INFO] [stdout] 
[INFO] [stdout] thread 'history::tests::reverse_lookup_accepts_both_endians_and_subdirectories' (1853) panicked at src/history.rs:612:39:
[INFO] [stdout] called `Result::unwrap()` on an `Err` value: Os { code: 30, kind: ReadOnlyFilesystem, message: "Read-only file system" }
[INFO] [stdout] stack backtrace:
[INFO] [stdout]    0:     0x5a5956c79451 - <<std[617be2ca0a6fd877]::sys::backtrace::BacktraceLock>::print::DisplayBacktrace as core[a373ad73a504971]::fmt::Display>::fmt
[INFO] [stdout]    1:     0x5a5956c9158a - core[a373ad73a504971]::fmt::write
[INFO] [stdout]    2:     0x5a5956c7da6c - <alloc[2e1b2a31b91974c5]::vec::Vec<u8> as core[a373ad73a504971]::io::write::Write>::write_fmt
[INFO] [stdout]    3:     0x5a5956c52f06 - std[617be2ca0a6fd877]::panicking::default_hook::{closure#0}
[INFO] [stdout]    4:     0x5a5956c706e9 - std[617be2ca0a6fd877]::panicking::default_hook
[INFO] [stdout]    5:     0x5a5956a32950 - test[aada8e7e76ba119b]::test_main_inner::{closure#0}
[INFO] [stdout]    6:     0x5a5956c70a12 - std[617be2ca0a6fd877]::panicking::panic_with_hook
[INFO] [stdout]    7:     0x5a5956c52fb2 - std[617be2ca0a6fd877]::panicking::panic_handler::{closure#0}
[INFO] [stdout]    8:     0x5a5956c4b859 - std[617be2ca0a6fd877]::sys::backtrace::__rust_end_short_backtrace::<std[617be2ca0a6fd877]::panicking::panic_handler::{closure#0}, !>
[INFO] [stdout]    9:     0x5a5956c53ddd - __rustc[ea4f61d10b84890b]::rust_begin_unwind
[INFO] [stdout]   10:     0x5a5956c91d6c - core[a373ad73a504971]::panicking::panic_fmt
[INFO] [stdout]   11:     0x5a5956c91b42 - core[a373ad73a504971]::result::unwrap_failed
[INFO] [stdout]   12:     0x5a59569ec69d - <nerdbank_gitversioning[d8dbd43bf74667c]::history::tests::TestRepository>::new
[INFO] [stdout]   13:     0x5a59569f6cfe - <nerdbank_gitversioning[d8dbd43bf74667c]::history::tests::reverse_lookup_accepts_both_endians_and_subdirectories::{closure#0} as core[a373ad73a504971]::ops::function::FnOnce<()>>::call_once
[INFO] [stdout]   14:     0x5a5956a25d9b - test[aada8e7e76ba119b]::__rust_begin_short_backtrace::<core[a373ad73a504971]::result::Result<(), alloc[2e1b2a31b91974c5]::string::String>, fn() -> core[a373ad73a504971]::result::Result<(), alloc[2e1b2a31b91974c5]::string::String>>
[INFO] [stdout]   15:     0x5a5956a32f75 - test[aada8e7e76ba119b]::run_test::{closure#0}
[INFO] [stdout]   16:     0x5a5956a2c864 - std[617be2ca0a6fd877]::sys::backtrace::__rust_begin_short_backtrace::<test[aada8e7e76ba119b]::run_test::{closure#1}, ()>
[INFO] [stdout]   17:     0x5a5956a36002 - <std[617be2ca0a6fd877]::thread::lifecycle::spawn_unchecked<test[aada8e7e76ba119b]::run_test::{closure#1}, ()>::{closure#1} as core[a373ad73a504971]::ops::function::FnOnce<()>>::call_once::{shim:vtable#0}
[INFO] [stdout]   18:     0x5a5956c7844f - <std[617be2ca0a6fd877]::sys::thread::unix::Thread>::new::thread_start
[INFO] [stdout]   19:     0x73c478bccdfa - <unknown>
[INFO] [stdout]   20:     0x73c478c603d4 - clone
[INFO] [stdout]   21:                0x0 - <unknown>
[INFO] [stdout] 
[INFO] [stdout] ---- history::tests::reverse_lookup_rejects_versions_missing_the_height_component stdout ----
[INFO] [stdout] 
[INFO] [stdout] thread 'history::tests::reverse_lookup_rejects_versions_missing_the_height_component' (1854) panicked at src/history.rs:612:39:
[INFO] [stdout] called `Result::unwrap()` on an `Err` value: Os { code: 30, kind: ReadOnlyFilesystem, message: "Read-only file system" }
[INFO] [stdout] stack backtrace:
[INFO] [stdout]    0:     0x5a5956c79451 - <<std[617be2ca0a6fd877]::sys::backtrace::BacktraceLock>::print::DisplayBacktrace as core[a373ad73a504971]::fmt::Display>::fmt
[INFO] [stdout]    1:     0x5a5956c9158a - core[a373ad73a504971]::fmt::write
[INFO] [stdout]    2:     0x5a5956c7da6c - <alloc[2e1b2a31b91974c5]::vec::Vec<u8> as core[a373ad73a504971]::io::write::Write>::write_fmt
[INFO] [stdout]    3:     0x5a5956c52f06 - std[617be2ca0a6fd877]::panicking::default_hook::{closure#0}
[INFO] [stdout]    4:     0x5a5956c706e9 - std[617be2ca0a6fd877]::panicking::default_hook
[INFO] [stdout]    5:     0x5a5956a32950 - test[aada8e7e76ba119b]::test_main_inner::{closure#0}
[INFO] [stdout]    6:     0x5a5956c70a12 - std[617be2ca0a6fd877]::panicking::panic_with_hook
[INFO] [stdout]    7:     0x5a5956c52fb2 - std[617be2ca0a6fd877]::panicking::panic_handler::{closure#0}
[INFO] [stdout]    8:     0x5a5956c4b859 - std[617be2ca0a6fd877]::sys::backtrace::__rust_end_short_backtrace::<std[617be2ca0a6fd877]::panicking::panic_handler::{closure#0}, !>
[INFO] [stdout]    9:     0x5a5956c53ddd - __rustc[ea4f61d10b84890b]::rust_begin_unwind
[INFO] [stdout]   10:     0x5a5956c91d6c - core[a373ad73a504971]::panicking::panic_fmt
[INFO] [stdout]   11:     0x5a5956c91b42 - core[a373ad73a504971]::result::unwrap_failed
[INFO] [stdout]   12:     0x5a59569ec69d - <nerdbank_gitversioning[d8dbd43bf74667c]::history::tests::TestRepository>::new
[INFO] [stdout]   13:     0x5a59569f842d - <nerdbank_gitversioning[d8dbd43bf74667c]::history::tests::reverse_lookup_rejects_versions_missing_the_height_component::{closure#0} as core[a373ad73a504971]::ops::function::FnOnce<()>>::call_once
[INFO] [stdout]   14:     0x5a5956a25d9b - test[aada8e7e76ba119b]::__rust_begin_short_backtrace::<core[a373ad73a504971]::result::Result<(), alloc[2e1b2a31b91974c5]::string::String>, fn() -> core[a373ad73a504971]::result::Result<(), alloc[2e1b2a31b91974c5]::string::String>>
[INFO] [stdout]   15:     0x5a5956a32f75 - test[aada8e7e76ba119b]::run_test::{closure#0}
[INFO] [stdout]   16:     0x5a5956a2c864 - std[617be2ca0a6fd877]::sys::backtrace::__rust_begin_short_backtrace::<test[aada8e7e76ba119b]::run_test::{closure#1}, ()>
[INFO] [stdout]   17:     0x5a5956a36002 - <std[617be2ca0a6fd877]::thread::lifecycle::spawn_unchecked<test[aada8e7e76ba119b]::run_test::{closure#1}, ()>::{closure#1} as core[a373ad73a504971]::ops::function::FnOnce<()>>::call_once::{shim:vtable#0}
[INFO] [stdout]   18:     0x5a5956c7844f - <std[617be2ca0a6fd877]::sys::thread::unix::Thread>::new::thread_start
[INFO] [stdout]   19:     0x73c478bccdfa - <unknown>
[INFO] [stdout]   20:     0x73c478c603d4 - clone
[INFO] [stdout]   21:                0x0 - <unknown>
[INFO] [stdout] 
[INFO] [stdout] ---- history::tests::version_changes_reset_height_and_working_copy_can_reset_to_zero stdout ----
[INFO] [stdout] 
[INFO] [stdout] thread 'history::tests::version_changes_reset_height_and_working_copy_can_reset_to_zero' (1855) panicked at src/history.rs:612:39:
[INFO] [stdout] called `Result::unwrap()` on an `Err` value: Os { code: 30, kind: ReadOnlyFilesystem, message: "Read-only file system" }
[INFO] [stdout] stack backtrace:
[INFO] [stdout]    0:     0x5a5956c79451 - <<std[617be2ca0a6fd877]::sys::backtrace::BacktraceLock>::print::DisplayBacktrace as core[a373ad73a504971]::fmt::Display>::fmt
[INFO] [stdout]    1:     0x5a5956c9158a - core[a373ad73a504971]::fmt::write
[INFO] [stdout]    2:     0x5a5956c7da6c - <alloc[2e1b2a31b91974c5]::vec::Vec<u8> as core[a373ad73a504971]::io::write::Write>::write_fmt
[INFO] [stdout]    3:     0x5a5956c52f06 - std[617be2ca0a6fd877]::panicking::default_hook::{closure#0}
[INFO] [stdout]    4:     0x5a5956c706e9 - std[617be2ca0a6fd877]::panicking::default_hook
[INFO] [stdout]    5:     0x5a5956a32950 - test[aada8e7e76ba119b]::test_main_inner::{closure#0}
[INFO] [stdout]    6:     0x5a5956c70a12 - std[617be2ca0a6fd877]::panicking::panic_with_hook
[INFO] [stdout]    7:     0x5a5956c52fb2 - std[617be2ca0a6fd877]::panicking::panic_handler::{closure#0}
[INFO] [stdout]    8:     0x5a5956c4b859 - std[617be2ca0a6fd877]::sys::backtrace::__rust_end_short_backtrace::<std[617be2ca0a6fd877]::panicking::panic_handler::{closure#0}, !>
[INFO] [stdout]    9:     0x5a5956c53ddd - __rustc[ea4f61d10b84890b]::rust_begin_unwind
[INFO] [stdout]   10:     0x5a5956c91d6c - core[a373ad73a504971]::panicking::panic_fmt
[INFO] [stdout]   11:     0x5a5956c91b42 - core[a373ad73a504971]::result::unwrap_failed
[INFO] [stdout]   12:     0x5a59569ec69d - <nerdbank_gitversioning[d8dbd43bf74667c]::history::tests::TestRepository>::new
[INFO] [stdout]   13:     0x5a59569f885d - <nerdbank_gitversioning[d8dbd43bf74667c]::history::tests::version_changes_reset_height_and_working_copy_can_reset_to_zero::{closure#0} as core[a373ad73a504971]::ops::function::FnOnce<()>>::call_once
[INFO] [stdout]   14:     0x5a5956a25d9b - test[aada8e7e76ba119b]::__rust_begin_short_backtrace::<core[a373ad73a504971]::result::Result<(), alloc[2e1b2a31b91974c5]::string::String>, fn() -> core[a373ad73a504971]::result::Result<(), alloc[2e1b2a31b91974c5]::string::String>>
[INFO] [stdout]   15:     0x5a5956a32f75 - test[aada8e7e76ba119b]::run_test::{closure#0}
[INFO] [stdout]   16:     0x5a5956a2c864 - std[617be2ca0a6fd877]::sys::backtrace::__rust_begin_short_backtrace::<test[aada8e7e76ba119b]::run_test::{closure#1}, ()>
[INFO] [stdout]   17:     0x5a5956a36002 - <std[617be2ca0a6fd877]::thread::lifecycle::spawn_unchecked<test[aada8e7e76ba119b]::run_test::{closure#1}, ()>::{closure#1} as core[a373ad73a504971]::ops::function::FnOnce<()>>::call_once::{shim:vtable#0}
[INFO] [stdout]   18:     0x5a5956c7844f - <std[617be2ca0a6fd877]::sys::thread::unix::Thread>::new::thread_start
[INFO] [stdout]   19:     0x73c478bccdfa - <unknown>
[INFO] [stdout]   20:     0x73c478c603d4 - clone
[INFO] [stdout]   21:                0x0 - <unknown>
[INFO] [stdout] 
[INFO] [stdout] ---- history::tests::wildcard_include_filter_counts_matching_path stdout ----
[INFO] [stdout] 
[INFO] [stdout] thread 'history::tests::wildcard_include_filter_counts_matching_path' (1856) panicked at src/history.rs:612:39:
[INFO] [stdout] called `Result::unwrap()` on an `Err` value: Os { code: 30, kind: ReadOnlyFilesystem, message: "Read-only file system" }
[INFO] [stdout] stack backtrace:
[INFO] [stdout]    0:     0x5a5956c79451 - <<std[617be2ca0a6fd877]::sys::backtrace::BacktraceLock>::print::DisplayBacktrace as core[a373ad73a504971]::fmt::Display>::fmt
[INFO] [stdout]    1:     0x5a5956c9158a - core[a373ad73a504971]::fmt::write
[INFO] [stdout]    2:     0x5a5956c7da6c - <alloc[2e1b2a31b91974c5]::vec::Vec<u8> as core[a373ad73a504971]::io::write::Write>::write_fmt
[INFO] [stdout]    3:     0x5a5956c52f06 - std[617be2ca0a6fd877]::panicking::default_hook::{closure#0}
[INFO] [stdout]    4:     0x5a5956c706e9 - std[617be2ca0a6fd877]::panicking::default_hook
[INFO] [stdout]    5:     0x5a5956a32950 - test[aada8e7e76ba119b]::test_main_inner::{closure#0}
[INFO] [stdout]    6:     0x5a5956c70a12 - std[617be2ca0a6fd877]::panicking::panic_with_hook
[INFO] [stdout]    7:     0x5a5956c52fb2 - std[617be2ca0a6fd877]::panicking::panic_handler::{closure#0}
[INFO] [stdout]    8:     0x5a5956c4b859 - std[617be2ca0a6fd877]::sys::backtrace::__rust_end_short_backtrace::<std[617be2ca0a6fd877]::panicking::panic_handler::{closure#0}, !>
[INFO] [stdout]    9:     0x5a5956c53ddd - __rustc[ea4f61d10b84890b]::rust_begin_unwind
[INFO] [stdout]   10:     0x5a5956c91d6c - core[a373ad73a504971]::panicking::panic_fmt
[INFO] [stdout]   11:     0x5a5956c91b42 - core[a373ad73a504971]::result::unwrap_failed
[INFO] [stdout]   12:     0x5a59569ec69d - <nerdbank_gitversioning[d8dbd43bf74667c]::history::tests::TestRepository>::new
[INFO] [stdout]   13:     0x5a59569f460d - <nerdbank_gitversioning[d8dbd43bf74667c]::history::tests::wildcard_include_filter_counts_matching_path::{closure#0} as core[a373ad73a504971]::ops::function::FnOnce<()>>::call_once
[INFO] [stdout]   14:     0x5a5956a25d9b - test[aada8e7e76ba119b]::__rust_begin_short_backtrace::<core[a373ad73a504971]::result::Result<(), alloc[2e1b2a31b91974c5]::string::String>, fn() -> core[a373ad73a504971]::result::Result<(), alloc[2e1b2a31b91974c5]::string::String>>
[INFO] [stdout]   15:     0x5a5956a32f75 - test[aada8e7e76ba119b]::run_test::{closure#0}
[INFO] [stdout]   16:     0x5a5956a2c864 - std[617be2ca0a6fd877]::sys::backtrace::__rust_begin_short_backtrace::<test[aada8e7e76ba119b]::run_test::{closure#1}, ()>
[INFO] [stdout]   17:     0x5a5956a36002 - <std[617be2ca0a6fd877]::thread::lifecycle::spawn_unchecked<test[aada8e7e76ba119b]::run_test::{closure#1}, ()>::{closure#1} as core[a373ad73a504971]::ops::function::FnOnce<()>>::call_once::{shim:vtable#0}
[INFO] [stdout]   18:     0x5a5956c7844f - <std[617be2ca0a6fd877]::sys::thread::unix::Thread>::new::thread_start
[INFO] [stdout]   19:     0x73c478bccdfa - <unknown>
[INFO] [stdout]   20:     0x73c478c603d4 - clone
[INFO] [stdout]   21:                0x0 - <unknown>
[INFO] [stdout] 
[INFO] [stdout] ---- release_manager::tests::advances_an_existing_release_branch stdout ----
[INFO] [stdout] 
[INFO] [stdout] thread 'release_manager::tests::advances_an_existing_release_branch' (1857) panicked at src/release_manager.rs:875:39:
[INFO] [stdout] called `Result::unwrap()` on an `Err` value: Os { code: 30, kind: ReadOnlyFilesystem, message: "Read-only file system" }
[INFO] [stdout] stack backtrace:
[INFO] [stdout]    0:     0x5a5956c79451 - <<std[617be2ca0a6fd877]::sys::backtrace::BacktraceLock>::print::DisplayBacktrace as core[a373ad73a504971]::fmt::Display>::fmt
[INFO] [stdout]    1:     0x5a5956c9158a - core[a373ad73a504971]::fmt::write
[INFO] [stdout]    2:     0x5a5956c7da6c - <alloc[2e1b2a31b91974c5]::vec::Vec<u8> as core[a373ad73a504971]::io::write::Write>::write_fmt
[INFO] [stdout]    3:     0x5a5956c52f06 - std[617be2ca0a6fd877]::panicking::default_hook::{closure#0}
[INFO] [stdout]    4:     0x5a5956c706e9 - std[617be2ca0a6fd877]::panicking::default_hook
[INFO] [stdout]    5:     0x5a5956a32950 - test[aada8e7e76ba119b]::test_main_inner::{closure#0}
[INFO] [stdout]    6:     0x5a5956c70a12 - std[617be2ca0a6fd877]::panicking::panic_with_hook
[INFO] [stdout]    7:     0x5a5956c52fb2 - std[617be2ca0a6fd877]::panicking::panic_handler::{closure#0}
[INFO] [stdout]    8:     0x5a5956c4b859 - std[617be2ca0a6fd877]::sys::backtrace::__rust_end_short_backtrace::<std[617be2ca0a6fd877]::panicking::panic_handler::{closure#0}, !>
[INFO] [stdout]    9:     0x5a5956c53ddd - __rustc[ea4f61d10b84890b]::rust_begin_unwind
[INFO] [stdout]   10:     0x5a5956c91d6c - core[a373ad73a504971]::panicking::panic_fmt
[INFO] [stdout]   11:     0x5a5956c91b42 - core[a373ad73a504971]::result::unwrap_failed
[INFO] [stdout]   12:     0x5a59569c3f7e - <nerdbank_gitversioning[d8dbd43bf74667c]::release_manager::tests::TestRepository>::new
[INFO] [stdout]   13:     0x5a59569cfd47 - <nerdbank_gitversioning[d8dbd43bf74667c]::release_manager::tests::advances_an_existing_release_branch::{closure#0} as core[a373ad73a504971]::ops::function::FnOnce<()>>::call_once
[INFO] [stdout]   14:     0x5a5956a25d9b - test[aada8e7e76ba119b]::__rust_begin_short_backtrace::<core[a373ad73a504971]::result::Result<(), alloc[2e1b2a31b91974c5]::string::String>, fn() -> core[a373ad73a504971]::result::Result<(), alloc[2e1b2a31b91974c5]::string::String>>
[INFO] [stdout]   15:     0x5a5956a32f75 - test[aada8e7e76ba119b]::run_test::{closure#0}
[INFO] [stdout]   16:     0x5a5956a2c864 - std[617be2ca0a6fd877]::sys::backtrace::__rust_begin_short_backtrace::<test[aada8e7e76ba119b]::run_test::{closure#1}, ()>
[INFO] [stdout]   17:     0x5a5956a36002 - <std[617be2ca0a6fd877]::thread::lifecycle::spawn_unchecked<test[aada8e7e76ba119b]::run_test::{closure#1}, ()>::{closure#1} as core[a373ad73a504971]::ops::function::FnOnce<()>>::call_once::{shim:vtable#0}
[INFO] [stdout]   18:     0x5a5956c7844f - <std[617be2ca0a6fd877]::sys::thread::unix::Thread>::new::thread_start
[INFO] [stdout]   19:     0x73c478bccdfa - <unknown>
[INFO] [stdout]   20:     0x73c478c603d4 - clone
[INFO] [stdout]   21:                0x0 - <unknown>
[INFO] [stdout] 
[INFO] [stdout] ---- release_manager::tests::detects_validation_failures stdout ----
[INFO] [stdout] 
[INFO] [stdout] thread 'release_manager::tests::detects_validation_failures' (1859) panicked at src/release_manager.rs:875:39:
[INFO] [stdout] called `Result::unwrap()` on an `Err` value: Os { code: 30, kind: ReadOnlyFilesystem, message: "Read-only file system" }
[INFO] [stdout] stack backtrace:
[INFO] [stdout]    0:     0x5a5956c79451 - <<std[617be2ca0a6fd877]::sys::backtrace::BacktraceLock>::print::DisplayBacktrace as core[a373ad73a504971]::fmt::Display>::fmt
[INFO] [stdout]    1:     0x5a5956c9158a - core[a373ad73a504971]::fmt::write
[INFO] [stdout]    2:     0x5a5956c7da6c - <alloc[2e1b2a31b91974c5]::vec::Vec<u8> as core[a373ad73a504971]::io::write::Write>::write_fmt
[INFO] [stdout]    3:     0x5a5956c52f06 - std[617be2ca0a6fd877]::panicking::default_hook::{closure#0}
[INFO] [stdout]    4:     0x5a5956c706e9 - std[617be2ca0a6fd877]::panicking::default_hook
[INFO] [stdout]    5:     0x5a5956a32950 - test[aada8e7e76ba119b]::test_main_inner::{closure#0}
[INFO] [stdout]    6:     0x5a5956c70a12 - std[617be2ca0a6fd877]::panicking::panic_with_hook
[INFO] [stdout]    7:     0x5a5956c52fb2 - std[617be2ca0a6fd877]::panicking::panic_handler::{closure#0}
[INFO] [stdout]    8:     0x5a5956c4b859 - std[617be2ca0a6fd877]::sys::backtrace::__rust_end_short_backtrace::<std[617be2ca0a6fd877]::panicking::panic_handler::{closure#0}, !>
[INFO] [stdout]    9:     0x5a5956c53ddd - __rustc[ea4f61d10b84890b]::rust_begin_unwind
[INFO] [stdout]   10:     0x5a5956c91d6c - core[a373ad73a504971]::panicking::panic_fmt
[INFO] [stdout]   11:     0x5a5956c91b42 - core[a373ad73a504971]::result::unwrap_failed
[INFO] [stdout]   12:     0x5a59569c3f7e - <nerdbank_gitversioning[d8dbd43bf74667c]::release_manager::tests::TestRepository>::new
[INFO] [stdout]   13:     0x5a59569cd40d - <nerdbank_gitversioning[d8dbd43bf74667c]::release_manager::tests::detects_validation_failures::{closure#0} as core[a373ad73a504971]::ops::function::FnOnce<()>>::call_once
[INFO] [stdout]   14:     0x5a5956a25d9b - test[aada8e7e76ba119b]::__rust_begin_short_backtrace::<core[a373ad73a504971]::result::Result<(), alloc[2e1b2a31b91974c5]::string::String>, fn() -> core[a373ad73a504971]::result::Result<(), alloc[2e1b2a31b91974c5]::string::String>>
[INFO] [stdout]   15:     0x5a5956a32f75 - test[aada8e7e76ba119b]::run_test::{closure#0}
[INFO] [stdout]   16:     0x5a5956a2c864 - std[617be2ca0a6fd877]::sys::backtrace::__rust_begin_short_backtrace::<test[aada8e7e76ba119b]::run_test::{closure#1}, ()>
[INFO] [stdout]   17:     0x5a5956a36002 - <std[617be2ca0a6fd877]::thread::lifecycle::spawn_unchecked<test[aada8e7e76ba119b]::run_test::{closure#1}, ()>::{closure#1} as core[a373ad73a504971]::ops::function::FnOnce<()>>::call_once::{shim:vtable#0}
[INFO] [stdout]   18:     0x5a5956c7844f - <std[617be2ca0a6fd877]::sys::thread::unix::Thread>::new::thread_start
[INFO] [stdout]   19:     0x73c478bccdfa - <unknown>
[INFO] [stdout]   20:     0x73c478c603d4 - clone
[INFO] [stdout]   21:                0x0 - <unknown>
[INFO] [stdout] 
[INFO] [stdout] ---- release_manager::tests::dry_run_reports_without_mutating stdout ----
[INFO] [stdout] 
[INFO] [stdout] thread 'release_manager::tests::dry_run_reports_without_mutating' (1860) panicked at src/release_manager.rs:875:39:
[INFO] [stdout] called `Result::unwrap()` on an `Err` value: Os { code: 30, kind: ReadOnlyFilesystem, message: "Read-only file system" }
[INFO] [stdout] stack backtrace:
[INFO] [stdout]    0:     0x5a5956c79451 - <<std[617be2ca0a6fd877]::sys::backtrace::BacktraceLock>::print::DisplayBacktrace as core[a373ad73a504971]::fmt::Display>::fmt
[INFO] [stdout]    1:     0x5a5956c9158a - core[a373ad73a504971]::fmt::write
[INFO] [stdout]    2:     0x5a5956c7da6c - <alloc[2e1b2a31b91974c5]::vec::Vec<u8> as core[a373ad73a504971]::io::write::Write>::write_fmt
[INFO] [stdout]    3:     0x5a5956c52f06 - std[617be2ca0a6fd877]::panicking::default_hook::{closure#0}
[INFO] [stdout]    4:     0x5a5956c706e9 - std[617be2ca0a6fd877]::panicking::default_hook
[INFO] [stdout]    5:     0x5a5956a32950 - test[aada8e7e76ba119b]::test_main_inner::{closure#0}
[INFO] [stdout]    6:     0x5a5956c70a12 - std[617be2ca0a6fd877]::panicking::panic_with_hook
[INFO] [stdout]    7:     0x5a5956c52fb2 - std[617be2ca0a6fd877]::panicking::panic_handler::{closure#0}
[INFO] [stdout]    8:     0x5a5956c4b859 - std[617be2ca0a6fd877]::sys::backtrace::__rust_end_short_backtrace::<std[617be2ca0a6fd877]::panicking::panic_handler::{closure#0}, !>
[INFO] [stdout]    9:     0x5a5956c53ddd - __rustc[ea4f61d10b84890b]::rust_begin_unwind
[INFO] [stdout]   10:     0x5a5956c91d6c - core[a373ad73a504971]::panicking::panic_fmt
[INFO] [stdout]   11:     0x5a5956c91b42 - core[a373ad73a504971]::result::unwrap_failed
[INFO] [stdout]   12:     0x5a59569c3f7e - <nerdbank_gitversioning[d8dbd43bf74667c]::release_manager::tests::TestRepository>::new
[INFO] [stdout]   13:     0x5a59569ce37f - <nerdbank_gitversioning[d8dbd43bf74667c]::release_manager::tests::dry_run_reports_without_mutating::{closure#0} as core[a373ad73a504971]::ops::function::FnOnce<()>>::call_once
[INFO] [stdout]   14:     0x5a5956a25d9b - test[aada8e7e76ba119b]::__rust_begin_short_backtrace::<core[a373ad73a504971]::result::Result<(), alloc[2e1b2a31b91974c5]::string::String>, fn() -> core[a373ad73a504971]::result::Result<(), alloc[2e1b2a31b91974c5]::string::String>>
[INFO] [stdout]   15:     0x5a5956a32f75 - test[aada8e7e76ba119b]::run_test::{closure#0}
[INFO] [stdout]   16:     0x5a5956a2c864 - std[617be2ca0a6fd877]::sys::backtrace::__rust_begin_short_backtrace::<test[aada8e7e76ba119b]::run_test::{closure#1}, ()>
[INFO] [stdout]   17:     0x5a5956a36002 - <std[617be2ca0a6fd877]::thread::lifecycle::spawn_unchecked<test[aada8e7e76ba119b]::run_test::{closure#1}, ()>::{closure#1} as core[a373ad73a504971]::ops::function::FnOnce<()>>::call_once::{shim:vtable#0}
[INFO] [stdout]   18:     0x5a5956c7844f - <std[617be2ca0a6fd877]::sys::thread::unix::Thread>::new::thread_start
[INFO] [stdout]   19:     0x73c478bccdfa - <unknown>
[INFO] [stdout]   20:     0x73c478c603d4 - clone
[INFO] [stdout]   21:                0x0 - <unknown>
[INFO] [stdout] 
[INFO] [stdout] ---- release_manager::tests::custom_commit_message_is_formatted stdout ----
[INFO] [stdout] 
[INFO] [stdout] thread 'release_manager::tests::custom_commit_message_is_formatted' (1858) panicked at src/release_manager.rs:875:39:
[INFO] [stdout] called `Result::unwrap()` on an `Err` value: Os { code: 30, kind: ReadOnlyFilesystem, message: "Read-only file system" }
[INFO] [stdout] stack backtrace:
[INFO] [stdout]    0:     0x5a5956c79451 - <<std[617be2ca0a6fd877]::sys::backtrace::BacktraceLock>::print::DisplayBacktrace as core[a373ad73a504971]::fmt::Display>::fmt
[INFO] [stdout]    1:     0x5a5956c9158a - core[a373ad73a504971]::fmt::write
[INFO] [stdout]    2:     0x5a5956c7da6c - <alloc[2e1b2a31b91974c5]::vec::Vec<u8> as core[a373ad73a504971]::io::write::Write>::write_fmt
[INFO] [stdout]    3:     0x5a5956c52f06 - std[617be2ca0a6fd877]::panicking::default_hook::{closure#0}
[INFO] [stdout]    4:     0x5a5956c706e9 - std[617be2ca0a6fd877]::panicking::default_hook
[INFO] [stdout]    5:     0x5a5956a32950 - test[aada8e7e76ba119b]::test_main_inner::{closure#0}
[INFO] [stdout]    6:     0x5a5956c70a12 - std[617be2ca0a6fd877]::panicking::panic_with_hook
[INFO] [stdout]    7:     0x5a5956c52fb2 - std[617be2ca0a6fd877]::panicking::panic_handler::{closure#0}
[INFO] [stdout]    8:     0x5a5956c4b859 - std[617be2ca0a6fd877]::sys::backtrace::__rust_end_short_backtrace::<std[617be2ca0a6fd877]::panicking::panic_handler::{closure#0}, !>
[INFO] [stdout]    9:     0x5a5956c53ddd - __rustc[ea4f61d10b84890b]::rust_begin_unwind
[INFO] [stdout]   10:     0x5a5956c91d6c - core[a373ad73a504971]::panicking::panic_fmt
[INFO] [stdout]   11:     0x5a5956c91b42 - core[a373ad73a504971]::result::unwrap_failed
[INFO] [stdout]   12:     0x5a59569c3f7e - <nerdbank_gitversioning[d8dbd43bf74667c]::release_manager::tests::TestRepository>::new
[INFO] [stdout]   13:     0x5a59569cf643 - <nerdbank_gitversioning[d8dbd43bf74667c]::release_manager::tests::custom_commit_message_is_formatted::{closure#0} as core[a373ad73a504971]::ops::function::FnOnce<()>>::call_once
[INFO] [stdout]   14:     0x5a5956a25d9b - test[aada8e7e76ba119b]::__rust_begin_short_backtrace::<core[a373ad73a504971]::result::Result<(), alloc[2e1b2a31b91974c5]::string::String>, fn() -> core[a373ad73a504971]::result::Result<(), alloc[2e1b2a31b91974c5]::string::String>>
[INFO] [stdout]   15:     0x5a5956a32f75 - test[aada8e7e76ba119b]::run_test::{closure#0}
[INFO] [stdout]   16:     0x5a5956a2c864 - std[617be2ca0a6fd877]::sys::backtrace::__rust_begin_short_backtrace::<test[aada8e7e76ba119b]::run_test::{closure#1}, ()>
[INFO] [stdout]   17:     0x5a5956a36002 - <std[617be2ca0a6fd877]::thread::lifecycle::spawn_unchecked<test[aada8e7e76ba119b]::run_test::{closure#1}, ()>::{closure#1} as core[a373ad73a504971]::ops::function::FnOnce<()>>::call_once::{shim:vtable#0}
[INFO] [stdout]   18:     0x5a5956c7844f - <std[617be2ca0a6fd877]::sys::thread::unix::Thread>::new::thread_start
[INFO] [stdout]   19:     0x73c478bccdfa - <unknown>
[INFO] [stdout]   20:     0x73c478c603d4 - clone
[INFO] [stdout]   21:                0x0 - <unknown>
[INFO] [stdout] 
[INFO] [stdout] ---- release_manager::tests::no_merge_leaves_divergent_single_parent_commits stdout ----
[INFO] [stdout] 
[INFO] [stdout] thread 'release_manager::tests::no_merge_leaves_divergent_single_parent_commits' (1862) panicked at src/release_manager.rs:875:39:
[INFO] [stdout] called `Result::unwrap()` on an `Err` value: Os { code: 30, kind: ReadOnlyFilesystem, message: "Read-only file system" }
[INFO] [stdout] stack backtrace:
[INFO] [stdout]    0:     0x5a5956c79451 - <<std[617be2ca0a6fd877]::sys::backtrace::BacktraceLock>::print::DisplayBacktrace as core[a373ad73a504971]::fmt::Display>::fmt
[INFO] [stdout]    1:     0x5a5956c9158a - core[a373ad73a504971]::fmt::write
[INFO] [stdout]    2:     0x5a5956c7da6c - <alloc[2e1b2a31b91974c5]::vec::Vec<u8> as core[a373ad73a504971]::io::write::Write>::write_fmt
[INFO] [stdout]    3:     0x5a5956c52f06 - std[617be2ca0a6fd877]::panicking::default_hook::{closure#0}
[INFO] [stdout]    4:     0x5a5956c706e9 - std[617be2ca0a6fd877]::panicking::default_hook
[INFO] [stdout]    5:     0x5a5956a32950 - test[aada8e7e76ba119b]::test_main_inner::{closure#0}
[INFO] [stdout]    6:     0x5a5956c70a12 - std[617be2ca0a6fd877]::panicking::panic_with_hook
[INFO] [stdout]    7:     0x5a5956c52fb2 - std[617be2ca0a6fd877]::panicking::panic_handler::{closure#0}
[INFO] [stdout]    8:     0x5a5956c4b859 - std[617be2ca0a6fd877]::sys::backtrace::__rust_end_short_backtrace::<std[617be2ca0a6fd877]::panicking::panic_handler::{closure#0}, !>
[INFO] [stdout]    9:     0x5a5956c53ddd - __rustc[ea4f61d10b84890b]::rust_begin_unwind
[INFO] [stdout]   10:     0x5a5956c91d6c - core[a373ad73a504971]::panicking::panic_fmt
[INFO] [stdout]   11:     0x5a5956c91b42 - core[a373ad73a504971]::result::unwrap_failed
[INFO] [stdout]   12:     0x5a59569c3f7e - <nerdbank_gitversioning[d8dbd43bf74667c]::release_manager::tests::TestRepository>::new
[INFO] [stdout]   13:     0x5a59569d230d - <nerdbank_gitversioning[d8dbd43bf74667c]::release_manager::tests::no_merge_leaves_divergent_single_parent_commits::{closure#0} as core[a373ad73a504971]::ops::function::FnOnce<()>>::call_once
[INFO] [stdout]   14:     0x5a5956a25d9b - test[aada8e7e76ba119b]::__rust_begin_short_backtrace::<core[a373ad73a504971]::result::Result<(), alloc[2e1b2a31b91974c5]::string::String>, fn() -> core[a373ad73a504971]::result::Result<(), alloc[2e1b2a31b91974c5]::string::String>>
[INFO] [stdout]   15:     0x5a5956a32f75 - test[aada8e7e76ba119b]::run_test::{closure#0}
[INFO] [stdout]   16:     0x5a5956a2c864 - std[617be2ca0a6fd877]::sys::backtrace::__rust_begin_short_backtrace::<test[aada8e7e76ba119b]::run_test::{closure#1}, ()>
[INFO] [stdout]   17:     0x5a5956a36002 - <std[617be2ca0a6fd877]::thread::lifecycle::spawn_unchecked<test[aada8e7e76ba119b]::run_test::{closure#1}, ()>::{closure#1} as core[a373ad73a504971]::ops::function::FnOnce<()>>::call_once::{shim:vtable#0}
[INFO] [stdout]   18:     0x5a5956c7844f - <std[617be2ca0a6fd877]::sys::thread::unix::Thread>::new::thread_start
[INFO] [stdout]   19:     0x73c478bccdfa - <unknown>
[INFO] [stdout]   20:     0x73c478c603d4 - clone
[INFO] [stdout]   21:                0x0 - <unknown>
[INFO] [stdout] 
[INFO] [stdout] ---- release_manager::tests::prepares_and_merges_release_with_json_result stdout ----
[INFO] [stdout] 
[INFO] [stdout] thread 'release_manager::tests::prepares_and_merges_release_with_json_result' (1863) panicked at src/release_manager.rs:875:39:
[INFO] [stdout] called `Result::unwrap()` on an `Err` value: Os { code: 30, kind: ReadOnlyFilesystem, message: "Read-only file system" }
[INFO] [stdout] stack backtrace:
[INFO] [stdout]    0:     0x5a5956c79451 - <<std[617be2ca0a6fd877]::sys::backtrace::BacktraceLock>::print::DisplayBacktrace as core[a373ad73a504971]::fmt::Display>::fmt
[INFO] [stdout]    1:     0x5a5956c9158a - core[a373ad73a504971]::fmt::write
[INFO] [stdout]    2:     0x5a5956c7da6c - <alloc[2e1b2a31b91974c5]::vec::Vec<u8> as core[a373ad73a504971]::io::write::Write>::write_fmt
[INFO] [stdout]    3:     0x5a5956c52f06 - std[617be2ca0a6fd877]::panicking::default_hook::{closure#0}
[INFO] [stdout]    4:     0x5a5956c706e9 - std[617be2ca0a6fd877]::panicking::default_hook
[INFO] [stdout]    5:     0x5a5956a32950 - test[aada8e7e76ba119b]::test_main_inner::{closure#0}
[INFO] [stdout]    6:     0x5a5956c70a12 - std[617be2ca0a6fd877]::panicking::panic_with_hook
[INFO] [stderr] error: test failed, to rerun pass `--lib`
[INFO] [stdout]    7:     0x5a5956c52fb2 - std[617be2ca0a6fd877]::panicking::panic_handler::{closure#0}
[INFO] [stdout]    8:     0x5a5956c4b859 - std[617be2ca0a6fd877]::sys::backtrace::__rust_end_short_backtrace::<std[617be2ca0a6fd877]::panicking::panic_handler::{closure#0}, !>
[INFO] [stdout]    9:     0x5a5956c53ddd - __rustc[ea4f61d10b84890b]::rust_begin_unwind
[INFO] [stdout]   10:     0x5a5956c91d6c - core[a373ad73a504971]::panicking::panic_fmt
[INFO] [stdout]   11:     0x5a5956c91b42 - core[a373ad73a504971]::result::unwrap_failed
[INFO] [stdout]   12:     0x5a59569c3f7e - <nerdbank_gitversioning[d8dbd43bf74667c]::release_manager::tests::TestRepository>::new
[INFO] [stdout]   13:     0x5a59569d0f1c - <nerdbank_gitversioning[d8dbd43bf74667c]::release_manager::tests::prepares_and_merges_release_with_json_result::{closure#0} as core[a373ad73a504971]::ops::function::FnOnce<()>>::call_once
[INFO] [stdout]   14:     0x5a5956a25d9b - test[aada8e7e76ba119b]::__rust_begin_short_backtrace::<core[a373ad73a504971]::result::Result<(), alloc[2e1b2a31b91974c5]::string::String>, fn() -> core[a373ad73a504971]::result::Result<(), alloc[2e1b2a31b91974c5]::string::String>>
[INFO] [stdout]   15:     0x5a5956a32f75 - test[aada8e7e76ba119b]::run_test::{closure#0}
[INFO] [stdout]   16:     0x5a5956a2c864 - std[617be2ca0a6fd877]::sys::backtrace::__rust_begin_short_backtrace::<test[aada8e7e76ba119b]::run_test::{closure#1}, ()>
[INFO] [stdout]   17:     0x5a5956a36002 - <std[617be2ca0a6fd877]::thread::lifecycle::spawn_unchecked<test[aada8e7e76ba119b]::run_test::{closure#1}, ()>::{closure#1} as core[a373ad73a504971]::ops::function::FnOnce<()>>::call_once::{shim:vtable#0}
[INFO] [stdout]   18:     0x5a5956c7844f - <std[617be2ca0a6fd877]::sys::thread::unix::Thread>::new::thread_start
[INFO] [stdout]   19:     0x73c478bccdfa - <unknown>
[INFO] [stdout]   20:     0x73c478c603d4 - clone
[INFO] [stdout]   21:                0x0 - <unknown>
[INFO] [stdout] 
[INFO] [stdout] ---- release_manager::tests::rejects_version_decrement_and_no_increment stdout ----
[INFO] [stdout] 
[INFO] [stdout] thread 'release_manager::tests::rejects_version_decrement_and_no_increment' (1865) panicked at src/release_manager.rs:875:39:
[INFO] [stdout] called `Result::unwrap()` on an `Err` value: Os { code: 30, kind: ReadOnlyFilesystem, message: "Read-only file system" }
[INFO] [stdout] stack backtrace:
[INFO] [stdout]    0:     0x5a5956c79451 - <<std[617be2ca0a6fd877]::sys::backtrace::BacktraceLock>::print::DisplayBacktrace as core[a373ad73a504971]::fmt::Display>::fmt
[INFO] [stdout]    1:     0x5a5956c9158a - core[a373ad73a504971]::fmt::write
[INFO] [stdout]    2:     0x5a5956c7da6c - <alloc[2e1b2a31b91974c5]::vec::Vec<u8> as core[a373ad73a504971]::io::write::Write>::write_fmt
[INFO] [stdout]    3:     0x5a5956c52f06 - std[617be2ca0a6fd877]::panicking::default_hook::{closure#0}
[INFO] [stdout]    4:     0x5a5956c706e9 - std[617be2ca0a6fd877]::panicking::default_hook
[INFO] [stdout]    5:     0x5a5956a32950 - test[aada8e7e76ba119b]::test_main_inner::{closure#0}
[INFO] [stdout]    6:     0x5a5956c70a12 - std[617be2ca0a6fd877]::panicking::panic_with_hook
[INFO] [stdout]    7:     0x5a5956c52fb2 - std[617be2ca0a6fd877]::panicking::panic_handler::{closure#0}
[INFO] [stdout]    8:     0x5a5956c4b859 - std[617be2ca0a6fd877]::sys::backtrace::__rust_end_short_backtrace::<std[617be2ca0a6fd877]::panicking::panic_handler::{closure#0}, !>
[INFO] [stdout]    9:     0x5a5956c53ddd - __rustc[ea4f61d10b84890b]::rust_begin_unwind
[INFO] [stdout]   10:     0x5a5956c91d6c - core[a373ad73a504971]::panicking::panic_fmt
[INFO] [stdout]   11:     0x5a5956c91b42 - core[a373ad73a504971]::result::unwrap_failed
[INFO] [stdout]   12:     0x5a59569c3f7e - <nerdbank_gitversioning[d8dbd43bf74667c]::release_manager::tests::TestRepository>::new
[INFO] [stdout]   13:     0x5a59569d0973 - <nerdbank_gitversioning[d8dbd43bf74667c]::release_manager::tests::rejects_version_decrement_and_no_increment::{closure#0} as core[a373ad73a504971]::ops::function::FnOnce<()>>::call_once
[INFO] [stdout]   14:     0x5a5956a25d9b - test[aada8e7e76ba119b]::__rust_begin_short_backtrace::<core[a373ad73a504971]::result::Result<(), alloc[2e1b2a31b91974c5]::string::String>, fn() -> core[a373ad73a504971]::result::Result<(), alloc[2e1b2a31b91974c5]::string::String>>
[INFO] [stdout]   15:     0x5a5956a32f75 - test[aada8e7e76ba119b]::run_test::{closure#0}
[INFO] [stdout]   16:     0x5a5956a2c864 - std[617be2ca0a6fd877]::sys::backtrace::__rust_begin_short_backtrace::<test[aada8e7e76ba119b]::run_test::{closure#1}, ()>
[INFO] [stdout]   17:     0x5a5956a36002 - <std[617be2ca0a6fd877]::thread::lifecycle::spawn_unchecked<test[aada8e7e76ba119b]::run_test::{closure#1}, ()>::{closure#1} as core[a373ad73a504971]::ops::function::FnOnce<()>>::call_once::{shim:vtable#0}
[INFO] [stdout]   18:     0x5a5956c7844f - <std[617be2ca0a6fd877]::sys::thread::unix::Thread>::new::thread_start
[INFO] [stdout]   19:     0x73c478bccdfa - <unknown>
[INFO] [stdout]   20:     0x73c478c603d4 - clone
[INFO] [stdout]   21:                0x0 - <unknown>
[INFO] [stdout] 
[INFO] [stdout] ---- release_manager::tests::rejects_dirty_detached_existing_and_invalid_increment stdout ----
[INFO] [stdout] 
[INFO] [stdout] thread 'release_manager::tests::rejects_dirty_detached_existing_and_invalid_increment' (1864) panicked at src/release_manager.rs:875:39:
[INFO] [stdout] called `Result::unwrap()` on an `Err` value: Os { code: 30, kind: ReadOnlyFilesystem, message: "Read-only file system" }
[INFO] [stdout] stack backtrace:
[INFO] [stdout]    0:     0x5a5956c79451 - <<std[617be2ca0a6fd877]::sys::backtrace::BacktraceLock>::print::DisplayBacktrace as core[a373ad73a504971]::fmt::Display>::fmt
[INFO] [stdout]    1:     0x5a5956c9158a - core[a373ad73a504971]::fmt::write
[INFO] [stdout]    2:     0x5a5956c7da6c - <alloc[2e1b2a31b91974c5]::vec::Vec<u8> as core[a373ad73a504971]::io::write::Write>::write_fmt
[INFO] [stdout]    3:     0x5a5956c52f06 - std[617be2ca0a6fd877]::panicking::default_hook::{closure#0}
[INFO] [stdout]    4:     0x5a5956c706e9 - std[617be2ca0a6fd877]::panicking::default_hook
[INFO] [stdout]    5:     0x5a5956a32950 - test[aada8e7e76ba119b]::test_main_inner::{closure#0}
[INFO] [stdout]    6:     0x5a5956c70a12 - std[617be2ca0a6fd877]::panicking::panic_with_hook
[INFO] [stdout]    7:     0x5a5956c52fb2 - std[617be2ca0a6fd877]::panicking::panic_handler::{closure#0}
[INFO] [stdout]    8:     0x5a5956c4b859 - std[617be2ca0a6fd877]::sys::backtrace::__rust_end_short_backtrace::<std[617be2ca0a6fd877]::panicking::panic_handler::{closure#0}, !>
[INFO] [stdout]    9:     0x5a5956c53ddd - __rustc[ea4f61d10b84890b]::rust_begin_unwind
[INFO] [stdout]   10:     0x5a5956c91d6c - core[a373ad73a504971]::panicking::panic_fmt
[INFO] [stdout]   11:     0x5a5956c91b42 - core[a373ad73a504971]::result::unwrap_failed
[INFO] [stdout]   12:     0x5a59569c3f7e - <nerdbank_gitversioning[d8dbd43bf74667c]::release_manager::tests::TestRepository>::new
[INFO] [stdout]   13:     0x5a59569d29a0 - <nerdbank_gitversioning[d8dbd43bf74667c]::release_manager::tests::rejects_dirty_detached_existing_and_invalid_increment::{closure#0} as core[a373ad73a504971]::ops::function::FnOnce<()>>::call_once
[INFO] [stdout]   14:     0x5a5956a25d9b - test[aada8e7e76ba119b]::__rust_begin_short_backtrace::<core[a373ad73a504971]::result::Result<(), alloc[2e1b2a31b91974c5]::string::String>, fn() -> core[a373ad73a504971]::result::Result<(), alloc[2e1b2a31b91974c5]::string::String>>
[INFO] [stdout]   15:     0x5a5956a32f75 - test[aada8e7e76ba119b]::run_test::{closure#0}
[INFO] [stdout]   16:     0x5a5956a2c864 - std[617be2ca0a6fd877]::sys::backtrace::__rust_begin_short_backtrace::<test[aada8e7e76ba119b]::run_test::{closure#1}, ()>
[INFO] [stdout]   17:     0x5a5956a36002 - <std[617be2ca0a6fd877]::thread::lifecycle::spawn_unchecked<test[aada8e7e76ba119b]::run_test::{closure#1}, ()>::{closure#1} as core[a373ad73a504971]::ops::function::FnOnce<()>>::call_once::{shim:vtable#0}
[INFO] [stdout]   18:     0x5a5956c7844f - <std[617be2ca0a6fd877]::sys::thread::unix::Thread>::new::thread_start
[INFO] [stdout]   19:     0x73c478bccdfa - <unknown>
[INFO] [stdout]   20:     0x73c478c603d4 - clone
[INFO] [stdout]   21:                0x0 - <unknown>
[INFO] [stdout] 
[INFO] [stdout] ---- release_manager::tests::signing_failure_is_explicit stdout ----
[INFO] [stdout] 
[INFO] [stdout] thread 'release_manager::tests::signing_failure_is_explicit' (1866) panicked at src/release_manager.rs:875:39:
[INFO] [stdout] called `Result::unwrap()` on an `Err` value: Os { code: 30, kind: ReadOnlyFilesystem, message: "Read-only file system" }
[INFO] [stdout] stack backtrace:
[INFO] [stdout]    0:     0x5a5956c79451 - <<std[617be2ca0a6fd877]::sys::backtrace::BacktraceLock>::print::DisplayBacktrace as core[a373ad73a504971]::fmt::Display>::fmt
[INFO] [stdout]    1:     0x5a5956c9158a - core[a373ad73a504971]::fmt::write
[INFO] [stdout]    2:     0x5a5956c7da6c - <alloc[2e1b2a31b91974c5]::vec::Vec<u8> as core[a373ad73a504971]::io::write::Write>::write_fmt
[INFO] [stdout]    3:     0x5a5956c52f06 - std[617be2ca0a6fd877]::panicking::default_hook::{closure#0}
[INFO] [stdout]    4:     0x5a5956c706e9 - std[617be2ca0a6fd877]::panicking::default_hook
[INFO] [stdout]    5:     0x5a5956a32950 - test[aada8e7e76ba119b]::test_main_inner::{closure#0}
[INFO] [stdout]    6:     0x5a5956c70a12 - std[617be2ca0a6fd877]::panicking::panic_with_hook
[INFO] [stdout]    7:     0x5a5956c52fb2 - std[617be2ca0a6fd877]::panicking::panic_handler::{closure#0}
[INFO] [stdout]    8:     0x5a5956c4b859 - std[617be2ca0a6fd877]::sys::backtrace::__rust_end_short_backtrace::<std[617be2ca0a6fd877]::panicking::panic_handler::{closure#0}, !>
[INFO] [stdout]    9:     0x5a5956c53ddd - __rustc[ea4f61d10b84890b]::rust_begin_unwind
[INFO] [stdout]   10:     0x5a5956c91d6c - core[a373ad73a504971]::panicking::panic_fmt
[INFO] [stdout]   11:     0x5a5956c91b42 - core[a373ad73a504971]::result::unwrap_failed
[INFO] [stdout]   12:     0x5a59569c3f7e - <nerdbank_gitversioning[d8dbd43bf74667c]::release_manager::tests::TestRepository>::new
[INFO] [stdout]   13:     0x5a59569cdddd - <nerdbank_gitversioning[d8dbd43bf74667c]::release_manager::tests::signing_failure_is_explicit::{closure#0} as core[a373ad73a504971]::ops::function::FnOnce<()>>::call_once
[INFO] [stdout]   14:     0x5a5956a25d9b - test[aada8e7e76ba119b]::__rust_begin_short_backtrace::<core[a373ad73a504971]::result::Result<(), alloc[2e1b2a31b91974c5]::string::String>, fn() -> core[a373ad73a504971]::result::Result<(), alloc[2e1b2a31b91974c5]::string::String>>
[INFO] [stdout]   15:     0x5a5956a32f75 - test[aada8e7e76ba119b]::run_test::{closure#0}
[INFO] [stdout]   16:     0x5a5956a2c864 - std[617be2ca0a6fd877]::sys::backtrace::__rust_begin_short_backtrace::<test[aada8e7e76ba119b]::run_test::{closure#1}, ()>
[INFO] [stdout]   17:     0x5a5956a36002 - <std[617be2ca0a6fd877]::thread::lifecycle::spawn_unchecked<test[aada8e7e76ba119b]::run_test::{closure#1}, ()>::{closure#1} as core[a373ad73a504971]::ops::function::FnOnce<()>>::call_once::{shim:vtable#0}
[INFO] [stdout]   18:     0x5a5956c7844f - <std[617be2ca0a6fd877]::sys::thread::unix::Thread>::new::thread_start
[INFO] [stdout]   19:     0x73c478bccdfa - <unknown>
[INFO] [stdout]   20:     0x73c478c603d4 - clone
[INFO] [stdout]   21:                0x0 - <unknown>
[INFO] [stdout] 
[INFO] [stdout] ---- version_file::tests::existing_version_txt_is_preserved_or_upgraded stdout ----
[INFO] [stdout] 
[INFO] [stdout] thread 'version_file::tests::existing_version_txt_is_preserved_or_upgraded' (1880) panicked at src/version_file.rs:485:39:
[INFO] [stdout] called `Result::unwrap()` on an `Err` value: Os { code: 30, kind: ReadOnlyFilesystem, message: "Read-only file system" }
[INFO] [stdout] stack backtrace:
[INFO] [stdout]    0:     0x5a5956c79451 - <<std[617be2ca0a6fd877]::sys::backtrace::BacktraceLock>::print::DisplayBacktrace as core[a373ad73a504971]::fmt::Display>::fmt
[INFO] [stdout]    1:     0x5a5956c9158a - core[a373ad73a504971]::fmt::write
[INFO] [stdout]    2:     0x5a5956c7da6c - <alloc[2e1b2a31b91974c5]::vec::Vec<u8> as core[a373ad73a504971]::io::write::Write>::write_fmt
[INFO] [stdout]    3:     0x5a5956c52f06 - std[617be2ca0a6fd877]::panicking::default_hook::{closure#0}
[INFO] [stdout]    4:     0x5a5956c706e9 - std[617be2ca0a6fd877]::panicking::default_hook
[INFO] [stdout]    5:     0x5a5956a32950 - test[aada8e7e76ba119b]::test_main_inner::{closure#0}
[INFO] [stdout]    6:     0x5a5956c70a12 - std[617be2ca0a6fd877]::panicking::panic_with_hook
[INFO] [stdout]    7:     0x5a5956c52fb2 - std[617be2ca0a6fd877]::panicking::panic_handler::{closure#0}
[INFO] [stdout]    8:     0x5a5956c4b859 - std[617be2ca0a6fd877]::sys::backtrace::__rust_end_short_backtrace::<std[617be2ca0a6fd877]::panicking::panic_handler::{closure#0}, !>
[INFO] [stdout]    9:     0x5a5956c53ddd - __rustc[ea4f61d10b84890b]::rust_begin_unwind
[INFO] [stdout]   10:     0x5a5956c91d6c - core[a373ad73a504971]::panicking::panic_fmt
[INFO] [stdout]   11:     0x5a5956c91b42 - core[a373ad73a504971]::result::unwrap_failed
[INFO] [stdout]   12:     0x5a59569c282d - <nerdbank_gitversioning[d8dbd43bf74667c]::version_file::tests::TestRepository>::new
[INFO] [stdout]   13:     0x5a59569c95de - <nerdbank_gitversioning[d8dbd43bf74667c]::version_file::tests::existing_version_txt_is_preserved_or_upgraded::{closure#0} as core[a373ad73a504971]::ops::function::FnOnce<()>>::call_once
[INFO] [stdout]   14:     0x5a5956a25d9b - test[aada8e7e76ba119b]::__rust_begin_short_backtrace::<core[a373ad73a504971]::result::Result<(), alloc[2e1b2a31b91974c5]::string::String>, fn() -> core[a373ad73a504971]::result::Result<(), alloc[2e1b2a31b91974c5]::string::String>>
[INFO] [stdout]   15:     0x5a5956a32f75 - test[aada8e7e76ba119b]::run_test::{closure#0}
[INFO] [stdout]   16:     0x5a5956a2c864 - std[617be2ca0a6fd877]::sys::backtrace::__rust_begin_short_backtrace::<test[aada8e7e76ba119b]::run_test::{closure#1}, ()>
[INFO] [stdout]   17:     0x5a5956a36002 - <std[617be2ca0a6fd877]::thread::lifecycle::spawn_unchecked<test[aada8e7e76ba119b]::run_test::{closure#1}, ()>::{closure#1} as core[a373ad73a504971]::ops::function::FnOnce<()>>::call_once::{shim:vtable#0}
[INFO] [stdout]   18:     0x5a5956c7844f - <std[617be2ca0a6fd877]::sys::thread::unix::Thread>::new::thread_start
[INFO] [stdout]   19:     0x73c478bccdfa - <unknown>
[INFO] [stdout]   20:     0x73c478c603d4 - clone
[INFO] [stdout]   21:                0x0 - <unknown>
[INFO] [stdout] 
[INFO] [stdout] ---- version_file::tests::historical_lookup_and_ignore_case stdout ----
[INFO] [stdout] 
[INFO] [stdout] thread 'version_file::tests::historical_lookup_and_ignore_case' (1881) panicked at src/version_file.rs:485:39:
[INFO] [stdout] called `Result::unwrap()` on an `Err` value: Os { code: 30, kind: ReadOnlyFilesystem, message: "Read-only file system" }
[INFO] [stdout] stack backtrace:
[INFO] [stdout]    0:     0x5a5956c79451 - <<std[617be2ca0a6fd877]::sys::backtrace::BacktraceLock>::print::DisplayBacktrace as core[a373ad73a504971]::fmt::Display>::fmt
[INFO] [stdout]    1:     0x5a5956c9158a - core[a373ad73a504971]::fmt::write
[INFO] [stdout]    2:     0x5a5956c7da6c - <alloc[2e1b2a31b91974c5]::vec::Vec<u8> as core[a373ad73a504971]::io::write::Write>::write_fmt
[INFO] [stdout]    3:     0x5a5956c52f06 - std[617be2ca0a6fd877]::panicking::default_hook::{closure#0}
[INFO] [stdout]    4:     0x5a5956c706e9 - std[617be2ca0a6fd877]::panicking::default_hook
[INFO] [stdout]    5:     0x5a5956a32950 - test[aada8e7e76ba119b]::test_main_inner::{closure#0}
[INFO] [stdout]    6:     0x5a5956c70a12 - std[617be2ca0a6fd877]::panicking::panic_with_hook
[INFO] [stdout]    7:     0x5a5956c52fb2 - std[617be2ca0a6fd877]::panicking::panic_handler::{closure#0}
[INFO] [stdout]    8:     0x5a5956c4b859 - std[617be2ca0a6fd877]::sys::backtrace::__rust_end_short_backtrace::<std[617be2ca0a6fd877]::panicking::panic_handler::{closure#0}, !>
[INFO] [stdout]    9:     0x5a5956c53ddd - __rustc[ea4f61d10b84890b]::rust_begin_unwind
[INFO] [stdout]   10:     0x5a5956c91d6c - core[a373ad73a504971]::panicking::panic_fmt
[INFO] [stdout]   11:     0x5a5956c91b42 - core[a373ad73a504971]::result::unwrap_failed
[INFO] [stdout]   12:     0x5a59569c282d - <nerdbank_gitversioning[d8dbd43bf74667c]::version_file::tests::TestRepository>::new
[INFO] [stdout]   13:     0x5a59569c6a53 - <nerdbank_gitversioning[d8dbd43bf74667c]::version_file::tests::historical_lookup_and_ignore_case::{closure#0} as core[a373ad73a504971]::ops::function::FnOnce<()>>::call_once
[INFO] [stdout]   14:     0x5a5956a25d9b - test[aada8e7e76ba119b]::__rust_begin_short_backtrace::<core[a373ad73a504971]::result::Result<(), alloc[2e1b2a31b91974c5]::string::String>, fn() -> core[a373ad73a504971]::result::Result<(), alloc[2e1b2a31b91974c5]::string::String>>
[INFO] [stdout]   15:     0x5a5956a32f75 - test[aada8e7e76ba119b]::run_test::{closure#0}
[INFO] [stdout]   16:     0x5a5956a2c864 - std[617be2ca0a6fd877]::sys::backtrace::__rust_begin_short_backtrace::<test[aada8e7e76ba119b]::run_test::{closure#1}, ()>
[INFO] [stdout]   17:     0x5a5956a36002 - <std[617be2ca0a6fd877]::thread::lifecycle::spawn_unchecked<test[aada8e7e76ba119b]::run_test::{closure#1}, ()>::{closure#1} as core[a373ad73a504971]::ops::function::FnOnce<()>>::call_once::{shim:vtable#0}
[INFO] [stdout]   18:     0x5a5956c7844f - <std[617be2ca0a6fd877]::sys::thread::unix::Thread>::new::thread_start
[INFO] [stdout]   19:     0x73c478bccdfa - <unknown>
[INFO] [stdout]   20:     0x73c478c603d4 - clone
[INFO] [stdout]   21:                0x0 - <unknown>
[INFO] [stdout] 
[INFO] [stdout] ---- version_file::tests::historical_lookup_can_use_existing_repository_and_commit stdout ----
[INFO] [stdout] 
[INFO] [stdout] thread 'version_file::tests::historical_lookup_can_use_existing_repository_and_commit' (1882) panicked at src/version_file.rs:485:39:
[INFO] [stdout] called `Result::unwrap()` on an `Err` value: Os { code: 30, kind: ReadOnlyFilesystem, message: "Read-only file system" }
[INFO] [stdout] stack backtrace:
[INFO] [stdout]    0:     0x5a5956c79451 - <<std[617be2ca0a6fd877]::sys::backtrace::BacktraceLock>::print::DisplayBacktrace as core[a373ad73a504971]::fmt::Display>::fmt
[INFO] [stdout]    1:     0x5a5956c9158a - core[a373ad73a504971]::fmt::write
[INFO] [stdout]    2:     0x5a5956c7da6c - <alloc[2e1b2a31b91974c5]::vec::Vec<u8> as core[a373ad73a504971]::io::write::Write>::write_fmt
[INFO] [stdout]    3:     0x5a5956c52f06 - std[617be2ca0a6fd877]::panicking::default_hook::{closure#0}
[INFO] [stdout]    4:     0x5a5956c706e9 - std[617be2ca0a6fd877]::panicking::default_hook
[INFO] [stdout]    5:     0x5a5956a32950 - test[aada8e7e76ba119b]::test_main_inner::{closure#0}
[INFO] [stdout]    6:     0x5a5956c70a12 - std[617be2ca0a6fd877]::panicking::panic_with_hook
[INFO] [stdout]    7:     0x5a5956c52fb2 - std[617be2ca0a6fd877]::panicking::panic_handler::{closure#0}
[INFO] [stdout]    8:     0x5a5956c4b859 - std[617be2ca0a6fd877]::sys::backtrace::__rust_end_short_backtrace::<std[617be2ca0a6fd877]::panicking::panic_handler::{closure#0}, !>
[INFO] [stdout]    9:     0x5a5956c53ddd - __rustc[ea4f61d10b84890b]::rust_begin_unwind
[INFO] [stdout]   10:     0x5a5956c91d6c - core[a373ad73a504971]::panicking::panic_fmt
[INFO] [stdout]   11:     0x5a5956c91b42 - core[a373ad73a504971]::result::unwrap_failed
[INFO] [stdout]   12:     0x5a59569c282d - <nerdbank_gitversioning[d8dbd43bf74667c]::version_file::tests::TestRepository>::new
[INFO] [stdout]   13:     0x5a59569cbfb3 - <nerdbank_gitversioning[d8dbd43bf74667c]::version_file::tests::historical_lookup_can_use_existing_repository_and_commit::{closure#0} as core[a373ad73a504971]::ops::function::FnOnce<()>>::call_once
[INFO] [stdout]   14:     0x5a5956a25d9b - test[aada8e7e76ba119b]::__rust_begin_short_backtrace::<core[a373ad73a504971]::result::Result<(), alloc[2e1b2a31b91974c5]::string::String>, fn() -> core[a373ad73a504971]::result::Result<(), alloc[2e1b2a31b91974c5]::string::String>>
[INFO] [stdout]   15:     0x5a5956a32f75 - test[aada8e7e76ba119b]::run_test::{closure#0}
[INFO] [stdout]   16:     0x5a5956a2c864 - std[617be2ca0a6fd877]::sys::backtrace::__rust_begin_short_backtrace::<test[aada8e7e76ba119b]::run_test::{closure#1}, ()>
[INFO] [stdout]   17:     0x5a5956a36002 - <std[617be2ca0a6fd877]::thread::lifecycle::spawn_unchecked<test[aada8e7e76ba119b]::run_test::{closure#1}, ()>::{closure#1} as core[a373ad73a504971]::ops::function::FnOnce<()>>::call_once::{shim:vtable#0}
[INFO] [stdout]   18:     0x5a5956c7844f - <std[617be2ca0a6fd877]::sys::thread::unix::Thread>::new::thread_start
[INFO] [stdout]   19:     0x73c478bccdfa - <unknown>
[INFO] [stdout]   20:     0x73c478c603d4 - clone
[INFO] [stdout]   21:                0x0 - <unknown>
[INFO] [stdout] 
[INFO] [stdout] ---- version_file::tests::historical_lookup_uses_selected_commit stdout ----
[INFO] [stdout] 
[INFO] [stdout] thread 'version_file::tests::historical_lookup_uses_selected_commit' (1883) panicked at src/version_file.rs:485:39:
[INFO] [stdout] called `Result::unwrap()` on an `Err` value: Os { code: 30, kind: ReadOnlyFilesystem, message: "Read-only file system" }
[INFO] [stdout] stack backtrace:
[INFO] [stdout]    0:     0x5a5956c79451 - <<std[617be2ca0a6fd877]::sys::backtrace::BacktraceLock>::print::DisplayBacktrace as core[a373ad73a504971]::fmt::Display>::fmt
[INFO] [stdout]    1:     0x5a5956c9158a - core[a373ad73a504971]::fmt::write
[INFO] [stdout]    2:     0x5a5956c7da6c - <alloc[2e1b2a31b91974c5]::vec::Vec<u8> as core[a373ad73a504971]::io::write::Write>::write_fmt
[INFO] [stdout]    3:     0x5a5956c52f06 - std[617be2ca0a6fd877]::panicking::default_hook::{closure#0}
[INFO] [stdout]    4:     0x5a5956c706e9 - std[617be2ca0a6fd877]::panicking::default_hook
[INFO] [stdout]    5:     0x5a5956a32950 - test[aada8e7e76ba119b]::test_main_inner::{closure#0}
[INFO] [stdout]    6:     0x5a5956c70a12 - std[617be2ca0a6fd877]::panicking::panic_with_hook
[INFO] [stdout]    7:     0x5a5956c52fb2 - std[617be2ca0a6fd877]::panicking::panic_handler::{closure#0}
[INFO] [stdout]    8:     0x5a5956c4b859 - std[617be2ca0a6fd877]::sys::backtrace::__rust_end_short_backtrace::<std[617be2ca0a6fd877]::panicking::panic_handler::{closure#0}, !>
[INFO] [stdout]    9:     0x5a5956c53ddd - __rustc[ea4f61d10b84890b]::rust_begin_unwind
[INFO] [stdout]   10:     0x5a5956c91d6c - core[a373ad73a504971]::panicking::panic_fmt
[INFO] [stdout]   11:     0x5a5956c91b42 - core[a373ad73a504971]::result::unwrap_failed
[INFO] [stdout]   12:     0x5a59569c282d - <nerdbank_gitversioning[d8dbd43bf74667c]::version_file::tests::TestRepository>::new
[INFO] [stdout]   13:     0x5a59569c7953 - <nerdbank_gitversioning[d8dbd43bf74667c]::version_file::tests::historical_lookup_uses_selected_commit::{closure#0} as core[a373ad73a504971]::ops::function::FnOnce<()>>::call_once
[INFO] [stdout]   14:     0x5a5956a25d9b - test[aada8e7e76ba119b]::__rust_begin_short_backtrace::<core[a373ad73a504971]::result::Result<(), alloc[2e1b2a31b91974c5]::string::String>, fn() -> core[a373ad73a504971]::result::Result<(), alloc[2e1b2a31b91974c5]::string::String>>
[INFO] [stdout]   15:     0x5a5956a32f75 - test[aada8e7e76ba119b]::run_test::{closure#0}
[INFO] [stdout]   16:     0x5a5956a2c864 - std[617be2ca0a6fd877]::sys::backtrace::__rust_begin_short_backtrace::<test[aada8e7e76ba119b]::run_test::{closure#1}, ()>
[INFO] [stdout]   17:     0x5a5956a36002 - <std[617be2ca0a6fd877]::thread::lifecycle::spawn_unchecked<test[aada8e7e76ba119b]::run_test::{closure#1}, ()>::{closure#1} as core[a373ad73a504971]::ops::function::FnOnce<()>>::call_once::{shim:vtable#0}
[INFO] [stdout]   18:     0x5a5956c7844f - <std[617be2ca0a6fd877]::sys::thread::unix::Thread>::new::thread_start
[INFO] [stdout]   19:     0x73c478bccdfa - <unknown>
[INFO] [stdout]   20:     0x73c478c603d4 - clone
[INFO] [stdout]   21:                0x0 - <unknown>
[INFO] [stdout] 
[INFO] [stdout] ---- version_file::tests::inheritance_merges_and_resolves_relative_filters stdout ----
[INFO] [stdout] 
[INFO] [stdout] thread 'version_file::tests::inheritance_merges_and_resolves_relative_filters' (1884) panicked at src/version_file.rs:485:39:
[INFO] [stdout] called `Result::unwrap()` on an `Err` value: Os { code: 30, kind: ReadOnlyFilesystem, message: "Read-only file system" }
[INFO] [stdout] stack backtrace:
[INFO] [stdout]    0:     0x5a5956c79451 - <<std[617be2ca0a6fd877]::sys::backtrace::BacktraceLock>::print::DisplayBacktrace as core[a373ad73a504971]::fmt::Display>::fmt
[INFO] [stdout]    1:     0x5a5956c9158a - core[a373ad73a504971]::fmt::write
[INFO] [stdout]    2:     0x5a5956c7da6c - <alloc[2e1b2a31b91974c5]::vec::Vec<u8> as core[a373ad73a504971]::io::write::Write>::write_fmt
[INFO] [stdout]    3:     0x5a5956c52f06 - std[617be2ca0a6fd877]::panicking::default_hook::{closure#0}
[INFO] [stdout]    4:     0x5a5956c706e9 - std[617be2ca0a6fd877]::panicking::default_hook
[INFO] [stdout]    5:     0x5a5956a32950 - test[aada8e7e76ba119b]::test_main_inner::{closure#0}
[INFO] [stdout]    6:     0x5a5956c70a12 - std[617be2ca0a6fd877]::panicking::panic_with_hook
[INFO] [stdout]    7:     0x5a5956c52fb2 - std[617be2ca0a6fd877]::panicking::panic_handler::{closure#0}
[INFO] [stdout]    8:     0x5a5956c4b859 - std[617be2ca0a6fd877]::sys::backtrace::__rust_end_short_backtrace::<std[617be2ca0a6fd877]::panicking::panic_handler::{closure#0}, !>
[INFO] [stdout]    9:     0x5a5956c53ddd - __rustc[ea4f61d10b84890b]::rust_begin_unwind
[INFO] [stdout]   10:     0x5a5956c91d6c - core[a373ad73a504971]::panicking::panic_fmt
[INFO] [stdout]   11:     0x5a5956c91b42 - core[a373ad73a504971]::result::unwrap_failed
[INFO] [stdout]   12:     0x5a59569c282d - <nerdbank_gitversioning[d8dbd43bf74667c]::version_file::tests::TestRepository>::new
[INFO] [stdout]   13:     0x5a59569c9f81 - <nerdbank_gitversioning[d8dbd43bf74667c]::version_file::tests::inheritance_merges_and_resolves_relative_filters::{closure#0} as core[a373ad73a504971]::ops::function::FnOnce<()>>::call_once
[INFO] [stdout]   14:     0x5a5956a25d9b - test[aada8e7e76ba119b]::__rust_begin_short_backtrace::<core[a373ad73a504971]::result::Result<(), alloc[2e1b2a31b91974c5]::string::String>, fn() -> core[a373ad73a504971]::result::Result<(), alloc[2e1b2a31b91974c5]::string::String>>
[INFO] [stdout]   15:     0x5a5956a32f75 - test[aada8e7e76ba119b]::run_test::{closure#0}
[INFO] [stdout]   16:     0x5a5956a2c864 - std[617be2ca0a6fd877]::sys::backtrace::__rust_begin_short_backtrace::<test[aada8e7e76ba119b]::run_test::{closure#1}, ()>
[INFO] [stdout]   17:     0x5a5956a36002 - <std[617be2ca0a6fd877]::thread::lifecycle::spawn_unchecked<test[aada8e7e76ba119b]::run_test::{closure#1}, ()>::{closure#1} as core[a373ad73a504971]::ops::function::FnOnce<()>>::call_once::{shim:vtable#0}
[INFO] [stdout]   18:     0x5a5956c7844f - <std[617be2ca0a6fd877]::sys::thread::unix::Thread>::new::thread_start
[INFO] [stdout]   19:     0x73c478bccdfa - <unknown>
[INFO] [stdout]   20:     0x73c478c603d4 - clone
[INFO] [stdout]   21:                0x0 - <unknown>
[INFO] [stdout] 
[INFO] [stdout] ---- version_file::tests::multilevel_inheritance_matches_managed_merge_semantics stdout ----
[INFO] [stdout] 
[INFO] [stdout] thread 'version_file::tests::multilevel_inheritance_matches_managed_merge_semantics' (1887) panicked at src/version_file.rs:485:39:
[INFO] [stdout] called `Result::unwrap()` on an `Err` value: Os { code: 30, kind: ReadOnlyFilesystem, message: "Read-only file system" }
[INFO] [stdout] stack backtrace:
[INFO] [stdout]    0:     0x5a5956c79451 - <<std[617be2ca0a6fd877]::sys::backtrace::BacktraceLock>::print::DisplayBacktrace as core[a373ad73a504971]::fmt::Display>::fmt
[INFO] [stdout]    1:     0x5a5956c9158a - core[a373ad73a504971]::fmt::write
[INFO] [stdout]    2:     0x5a5956c7da6c - <alloc[2e1b2a31b91974c5]::vec::Vec<u8> as core[a373ad73a504971]::io::write::Write>::write_fmt
[INFO] [stdout]    3:     0x5a5956c52f06 - std[617be2ca0a6fd877]::panicking::default_hook::{closure#0}
[INFO] [stdout]    4:     0x5a5956c706e9 - std[617be2ca0a6fd877]::panicking::default_hook
[INFO] [stdout]    5:     0x5a5956a32950 - test[aada8e7e76ba119b]::test_main_inner::{closure#0}
[INFO] [stdout]    6:     0x5a5956c70a12 - std[617be2ca0a6fd877]::panicking::panic_with_hook
[INFO] [stdout]    7:     0x5a5956c52fb2 - std[617be2ca0a6fd877]::panicking::panic_handler::{closure#0}
[INFO] [stdout]    8:     0x5a5956c4b859 - std[617be2ca0a6fd877]::sys::backtrace::__rust_end_short_backtrace::<std[617be2ca0a6fd877]::panicking::panic_handler::{closure#0}, !>
[INFO] [stdout]    9:     0x5a5956c53ddd - __rustc[ea4f61d10b84890b]::rust_begin_unwind
[INFO] [stdout]   10:     0x5a5956c91d6c - core[a373ad73a504971]::panicking::panic_fmt
[INFO] [stdout]   11:     0x5a5956c91b42 - core[a373ad73a504971]::result::unwrap_failed
[INFO] [stdout]   12:     0x5a59569c282d - <nerdbank_gitversioning[d8dbd43bf74667c]::version_file::tests::TestRepository>::new
[INFO] [stdout]   13:     0x5a59569cb4c0 - <nerdbank_gitversioning[d8dbd43bf74667c]::version_file::tests::multilevel_inheritance_matches_managed_merge_semantics::{closure#0} as core[a373ad73a504971]::ops::function::FnOnce<()>>::call_once
[INFO] [stdout]   14:     0x5a5956a25d9b - test[aada8e7e76ba119b]::__rust_begin_short_backtrace::<core[a373ad73a504971]::result::Result<(), alloc[2e1b2a31b91974c5]::string::String>, fn() -> core[a373ad73a504971]::result::Result<(), alloc[2e1b2a31b91974c5]::string::String>>
[INFO] [stdout]   15:     0x5a5956a32f75 - test[aada8e7e76ba119b]::run_test::{closure#0}
[INFO] [stdout]   16:     0x5a5956a2c864 - std[617be2ca0a6fd877]::sys::backtrace::__rust_begin_short_backtrace::<test[aada8e7e76ba119b]::run_test::{closure#1}, ()>
[INFO] [stdout]   17:     0x5a5956a36002 - <std[617be2ca0a6fd877]::thread::lifecycle::spawn_unchecked<test[aada8e7e76ba119b]::run_test::{closure#1}, ()>::{closure#1} as core[a373ad73a504971]::ops::function::FnOnce<()>>::call_once::{shim:vtable#0}
[INFO] [stdout]   18:     0x5a5956c7844f - <std[617be2ca0a6fd877]::sys::thread::unix::Thread>::new::thread_start
[INFO] [stdout]   19:     0x73c478bccdfa - <unknown>
[INFO] [stdout]   20:     0x73c478c603d4 - clone
[INFO] [stdout]   21:                0x0 - <unknown>
[INFO] [stdout] 
[INFO] [stdout] ---- version_file::tests::missing_parent_and_bad_prerelease_are_errors stdout ----
[INFO] [stdout] 
[INFO] [stdout] thread 'version_file::tests::missing_parent_and_bad_prerelease_are_errors' (1886) panicked at src/version_file.rs:485:39:
[INFO] [stdout] called `Result::unwrap()` on an `Err` value: Os { code: 30, kind: ReadOnlyFilesystem, message: "Read-only file system" }
[INFO] [stdout] stack backtrace:
[INFO] [stdout]    0:     0x5a5956c79451 - <<std[617be2ca0a6fd877]::sys::backtrace::BacktraceLock>::print::DisplayBacktrace as core[a373ad73a504971]::fmt::Display>::fmt
[INFO] [stdout]    1:     0x5a5956c9158a - core[a373ad73a504971]::fmt::write
[INFO] [stdout]    2:     0x5a5956c7da6c - <alloc[2e1b2a31b91974c5]::vec::Vec<u8> as core[a373ad73a504971]::io::write::Write>::write_fmt
[INFO] [stdout]    3:     0x5a5956c52f06 - std[617be2ca0a6fd877]::panicking::default_hook::{closure#0}
[INFO] [stdout]    4:     0x5a5956c706e9 - std[617be2ca0a6fd877]::panicking::default_hook
[INFO] [stdout]    5:     0x5a5956a32950 - test[aada8e7e76ba119b]::test_main_inner::{closure#0}
[INFO] [stdout]    6:     0x5a5956c70a12 - std[617be2ca0a6fd877]::panicking::panic_with_hook
[INFO] [stdout]    7:     0x5a5956c52fb2 - std[617be2ca0a6fd877]::panicking::panic_handler::{closure#0}
[INFO] [stdout]    8:     0x5a5956c4b859 - std[617be2ca0a6fd877]::sys::backtrace::__rust_end_short_backtrace::<std[617be2ca0a6fd877]::panicking::panic_handler::{closure#0}, !>
[INFO] [stdout]    9:     0x5a5956c53ddd - __rustc[ea4f61d10b84890b]::rust_begin_unwind
[INFO] [stdout]   10:     0x5a5956c91d6c - core[a373ad73a504971]::panicking::panic_fmt
[INFO] [stdout]   11:     0x5a5956c91b42 - core[a373ad73a504971]::result::unwrap_failed
[INFO] [stdout]   12:     0x5a59569c282d - <nerdbank_gitversioning[d8dbd43bf74667c]::version_file::tests::TestRepository>::new
[INFO] [stdout]   13:     0x5a59569c8b5e - <nerdbank_gitversioning[d8dbd43bf74667c]::version_file::tests::missing_parent_and_bad_prerelease_are_errors::{closure#0} as core[a373ad73a504971]::ops::function::FnOnce<()>>::call_once
[INFO] [stdout]   14:     0x5a5956a25d9b - test[aada8e7e76ba119b]::__rust_begin_short_backtrace::<core[a373ad73a504971]::result::Result<(), alloc[2e1b2a31b91974c5]::string::String>, fn() -> core[a373ad73a504971]::result::Result<(), alloc[2e1b2a31b91974c5]::string::String>>
[INFO] [stdout]   15:     0x5a5956a32f75 - test[aada8e7e76ba119b]::run_test::{closure#0}
[INFO] [stdout]   16:     0x5a5956a2c864 - std[617be2ca0a6fd877]::sys::backtrace::__rust_begin_short_backtrace::<test[aada8e7e76ba119b]::run_test::{closure#1}, ()>
[INFO] [stdout]   17:     0x5a5956a36002 - <std[617be2ca0a6fd877]::thread::lifecycle::spawn_unchecked<test[aada8e7e76ba119b]::run_test::{closure#1}, ()>::{closure#1} as core[a373ad73a504971]::ops::function::FnOnce<()>>::call_once::{shim:vtable#0}
[INFO] [stdout]   18:     0x5a5956c7844f - <std[617be2ca0a6fd877]::sys::thread::unix::Thread>::new::thread_start
[INFO] [stdout]   19:     0x73c478bccdfa - <unknown>
[INFO] [stdout]   20:     0x73c478c603d4 - clone
[INFO] [stdout]   21:                0x0 - <unknown>
[INFO] [stdout] 
[INFO] [stdout] ---- version_file::tests::requirements_can_return_inheriting_file stdout ----
[INFO] [stdout] 
[INFO] [stdout] thread 'version_file::tests::requirements_can_return_inheriting_file' (1888) panicked at src/version_file.rs:485:39:
[INFO] [stdout] called `Result::unwrap()` on an `Err` value: Os { code: 30, kind: ReadOnlyFilesystem, message: "Read-only file system" }
[INFO] [stdout] stack backtrace:
[INFO] [stdout]    0:     0x5a5956c79451 - <<std[617be2ca0a6fd877]::sys::backtrace::BacktraceLock>::print::DisplayBacktrace as core[a373ad73a504971]::fmt::Display>::fmt
[INFO] [stdout]    1:     0x5a5956c9158a - core[a373ad73a504971]::fmt::write
[INFO] [stdout]    2:     0x5a5956c7da6c - <alloc[2e1b2a31b91974c5]::vec::Vec<u8> as core[a373ad73a504971]::io::write::Write>::write_fmt
[INFO] [stdout]    3:     0x5a5956c52f06 - std[617be2ca0a6fd877]::panicking::default_hook::{closure#0}
[INFO] [stdout]    4:     0x5a5956c706e9 - std[617be2ca0a6fd877]::panicking::default_hook
[INFO] [stdout]    5:     0x5a5956a32950 - test[aada8e7e76ba119b]::test_main_inner::{closure#0}
[INFO] [stdout]    6:     0x5a5956c70a12 - std[617be2ca0a6fd877]::panicking::panic_with_hook
[INFO] [stdout]    7:     0x5a5956c52fb2 - std[617be2ca0a6fd877]::panicking::panic_handler::{closure#0}
[INFO] [stdout]    8:     0x5a5956c4b859 - std[617be2ca0a6fd877]::sys::backtrace::__rust_end_short_backtrace::<std[617be2ca0a6fd877]::panicking::panic_handler::{closure#0}, !>
[INFO] [stdout]    9:     0x5a5956c53ddd - __rustc[ea4f61d10b84890b]::rust_begin_unwind
[INFO] [stdout]   10:     0x5a5956c91d6c - core[a373ad73a504971]::panicking::panic_fmt
[INFO] [stdout]   11:     0x5a5956c91b42 - core[a373ad73a504971]::result::unwrap_failed
[INFO] [stdout]   12:     0x5a59569c282d - <nerdbank_gitversioning[d8dbd43bf74667c]::version_file::tests::TestRepository>::new
[INFO] [stdout]   13:     0x5a59569c854e - <nerdbank_gitversioning[d8dbd43bf74667c]::version_file::tests::requirements_can_return_inheriting_file::{closure#0} as core[a373ad73a504971]::ops::function::FnOnce<()>>::call_once
[INFO] [stdout]   14:     0x5a5956a25d9b - test[aada8e7e76ba119b]::__rust_begin_short_backtrace::<core[a373ad73a504971]::result::Result<(), alloc[2e1b2a31b91974c5]::string::String>, fn() -> core[a373ad73a504971]::result::Result<(), alloc[2e1b2a31b91974c5]::string::String>>
[INFO] [stdout]   15:     0x5a5956a32f75 - test[aada8e7e76ba119b]::run_test::{closure#0}
[INFO] [stdout]   16:     0x5a5956a2c864 - std[617be2ca0a6fd877]::sys::backtrace::__rust_begin_short_backtrace::<test[aada8e7e76ba119b]::run_test::{closure#1}, ()>
[INFO] [stdout]   17:     0x5a5956a36002 - <std[617be2ca0a6fd877]::thread::lifecycle::spawn_unchecked<test[aada8e7e76ba119b]::run_test::{closure#1}, ()>::{closure#1} as core[a373ad73a504971]::ops::function::FnOnce<()>>::call_once::{shim:vtable#0}
[INFO] [stdout]   18:     0x5a5956c7844f - <std[617be2ca0a6fd877]::sys::thread::unix::Thread>::new::thread_start
[INFO] [stdout]   19:     0x73c478bccdfa - <unknown>
[INFO] [stdout]   20:     0x73c478c603d4 - clone
[INFO] [stdout]   21:                0x0 - <unknown>
[INFO] [stdout] 
[INFO] [stdout] ---- version_file::tests::set_version_serializes_schema_and_contextual_filters stdout ----
[INFO] [stdout] 
[INFO] [stdout] thread 'version_file::tests::set_version_serializes_schema_and_contextual_filters' (1890) panicked at src/version_file.rs:485:39:
[INFO] [stdout] called `Result::unwrap()` on an `Err` value: Os { code: 30, kind: ReadOnlyFilesystem, message: "Read-only file system" }
[INFO] [stdout] stack backtrace:
[INFO] [stdout]    0:     0x5a5956c79451 - <<std[617be2ca0a6fd877]::sys::backtrace::BacktraceLock>::print::DisplayBacktrace as core[a373ad73a504971]::fmt::Display>::fmt
[INFO] [stdout]    1:     0x5a5956c9158a - core[a373ad73a504971]::fmt::write
[INFO] [stdout]    2:     0x5a5956c7da6c - <alloc[2e1b2a31b91974c5]::vec::Vec<u8> as core[a373ad73a504971]::io::write::Write>::write_fmt
[INFO] [stdout]    3:     0x5a5956c52f06 - std[617be2ca0a6fd877]::panicking::default_hook::{closure#0}
[INFO] [stdout]    4:     0x5a5956c706e9 - std[617be2ca0a6fd877]::panicking::default_hook
[INFO] [stdout]    5:     0x5a5956a32950 - test[aada8e7e76ba119b]::test_main_inner::{closure#0}
[INFO] [stdout]    6:     0x5a5956c70a12 - std[617be2ca0a6fd877]::panicking::panic_with_hook
[INFO] [stdout]    7:     0x5a5956c52fb2 - std[617be2ca0a6fd877]::panicking::panic_handler::{closure#0}
[INFO] [stdout]    8:     0x5a5956c4b859 - std[617be2ca0a6fd877]::sys::backtrace::__rust_end_short_backtrace::<std[617be2ca0a6fd877]::panicking::panic_handler::{closure#0}, !>
[INFO] [stdout]    9:     0x5a5956c53ddd - __rustc[ea4f61d10b84890b]::rust_begin_unwind
[INFO] [stdout]   10:     0x5a5956c91d6c - core[a373ad73a504971]::panicking::panic_fmt
[INFO] [stdout]   11:     0x5a5956c91b42 - core[a373ad73a504971]::result::unwrap_failed
[INFO] [stdout]   12:     0x5a59569c282d - <nerdbank_gitversioning[d8dbd43bf74667c]::version_file::tests::TestRepository>::new
[INFO] [stdout]   13:     0x5a59569cadd4 - <nerdbank_gitversioning[d8dbd43bf74667c]::version_file::tests::set_version_serializes_schema_and_contextual_filters::{closure#0} as core[a373ad73a504971]::ops::function::FnOnce<()>>::call_once
[INFO] [stdout]   14:     0x5a5956a25d9b - test[aada8e7e76ba119b]::__rust_begin_short_backtrace::<core[a373ad73a504971]::result::Result<(), alloc[2e1b2a31b91974c5]::string::String>, fn() -> core[a373ad73a504971]::result::Result<(), alloc[2e1b2a31b91974c5]::string::String>>
[INFO] [stdout]   15:     0x5a5956a32f75 - test[aada8e7e76ba119b]::run_test::{closure#0}
[INFO] [stdout]   16:     0x5a5956a2c864 - std[617be2ca0a6fd877]::sys::backtrace::__rust_begin_short_backtrace::<test[aada8e7e76ba119b]::run_test::{closure#1}, ()>
[INFO] [stdout]   17:     0x5a5956a36002 - <std[617be2ca0a6fd877]::thread::lifecycle::spawn_unchecked<test[aada8e7e76ba119b]::run_test::{closure#1}, ()>::{closure#1} as core[a373ad73a504971]::ops::function::FnOnce<()>>::call_once::{shim:vtable#0}
[INFO] [stdout]   18:     0x5a5956c7844f - <std[617be2ca0a6fd877]::sys::thread::unix::Thread>::new::thread_start
[INFO] [stdout]   19:     0x73c478bccdfa - <unknown>
[INFO] [stdout]   20:     0x73c478c603d4 - clone
[INFO] [stdout]   21:                0x0 - <unknown>
[INFO] [stdout] 
[INFO] [stdout] ---- version_file::tests::working_copy_prefers_version_txt stdout ----
[INFO] [stdout] 
[INFO] [stdout] thread 'version_file::tests::working_copy_prefers_version_txt' (1891) panicked at src/version_file.rs:485:39:
[INFO] [stdout] called `Result::unwrap()` on an `Err` value: Os { code: 30, kind: ReadOnlyFilesystem, message: "Read-only file system" }
[INFO] [stdout] stack backtrace:
[INFO] [stdout]    0:     0x5a5956c79451 - <<std[617be2ca0a6fd877]::sys::backtrace::BacktraceLock>::print::DisplayBacktrace as core[a373ad73a504971]::fmt::Display>::fmt
[INFO] [stdout]    1:     0x5a5956c9158a - core[a373ad73a504971]::fmt::write
[INFO] [stdout]    2:     0x5a5956c7da6c - <alloc[2e1b2a31b91974c5]::vec::Vec<u8> as core[a373ad73a504971]::io::write::Write>::write_fmt
[INFO] [stdout]    3:     0x5a5956c52f06 - std[617be2ca0a6fd877]::panicking::default_hook::{closure#0}
[INFO] [stdout]    4:     0x5a5956c706e9 - std[617be2ca0a6fd877]::panicking::default_hook
[INFO] [stdout]    5:     0x5a5956a32950 - test[aada8e7e76ba119b]::test_main_inner::{closure#0}
[INFO] [stdout]    6:     0x5a5956c70a12 - std[617be2ca0a6fd877]::panicking::panic_with_hook
[INFO] [stdout]    7:     0x5a5956c52fb2 - std[617be2ca0a6fd877]::panicking::panic_handler::{closure#0}
[INFO] [stdout]    8:     0x5a5956c4b859 - std[617be2ca0a6fd877]::sys::backtrace::__rust_end_short_backtrace::<std[617be2ca0a6fd877]::panicking::panic_handler::{closure#0}, !>
[INFO] [stdout]    9:     0x5a5956c53ddd - __rustc[ea4f61d10b84890b]::rust_begin_unwind
[INFO] [stdout]   10:     0x5a5956c91d6c - core[a373ad73a504971]::panicking::panic_fmt
[INFO] [stdout]   11:     0x5a5956c91b42 - core[a373ad73a504971]::result::unwrap_failed
[INFO] [stdout]   12:     0x5a59569c282d - <nerdbank_gitversioning[d8dbd43bf74667c]::version_file::tests::TestRepository>::new
[INFO] [stdout]   13:     0x5a59569c5fa3 - <nerdbank_gitversioning[d8dbd43bf74667c]::version_file::tests::working_copy_prefers_version_txt::{closure#0} as core[a373ad73a504971]::ops::function::FnOnce<()>>::call_once
[INFO] [stdout]   14:     0x5a5956a25d9b - test[aada8e7e76ba119b]::__rust_begin_short_backtrace::<core[a373ad73a504971]::result::Result<(), alloc[2e1b2a31b91974c5]::string::String>, fn() -> core[a373ad73a504971]::result::Result<(), alloc[2e1b2a31b91974c5]::string::String>>
[INFO] [stdout]   15:     0x5a5956a32f75 - test[aada8e7e76ba119b]::run_test::{closure#0}
[INFO] [stdout]   16:     0x5a5956a2c864 - std[617be2ca0a6fd877]::sys::backtrace::__rust_begin_short_backtrace::<test[aada8e7e76ba119b]::run_test::{closure#1}, ()>
[INFO] [stdout]   17:     0x5a5956a36002 - <std[617be2ca0a6fd877]::thread::lifecycle::spawn_unchecked<test[aada8e7e76ba119b]::run_test::{closure#1}, ()>::{closure#1} as core[a373ad73a504971]::ops::function::FnOnce<()>>::call_once::{shim:vtable#0}
[INFO] [stdout]   18:     0x5a5956c7844f - <std[617be2ca0a6fd877]::sys::thread::unix::Thread>::new::thread_start
[INFO] [stdout]   19:     0x73c478bccdfa - <unknown>
[INFO] [stdout]   20:     0x73c478c603d4 - clone
[INFO] [stdout]   21:                0x0 - <unknown>
[INFO] [stdout] 
[INFO] [stdout] ---- version_oracle::tests::all_variables_and_json_use_stable_managed_property_names stdout ----
[INFO] [stdout] 
[INFO] [stdout] thread 'version_oracle::tests::all_variables_and_json_use_stable_managed_property_names' (1901) panicked at src/version_oracle.rs:866:39:
[INFO] [stdout] called `Result::unwrap()` on an `Err` value: Os { code: 30, kind: ReadOnlyFilesystem, message: "Read-only file system" }
[INFO] [stdout] stack backtrace:
[INFO] [stdout]    0:     0x5a5956c79451 - <<std[617be2ca0a6fd877]::sys::backtrace::BacktraceLock>::print::DisplayBacktrace as core[a373ad73a504971]::fmt::Display>::fmt
[INFO] [stdout]    1:     0x5a5956c9158a - core[a373ad73a504971]::fmt::write
[INFO] [stdout]    2:     0x5a5956c7da6c - <alloc[2e1b2a31b91974c5]::vec::Vec<u8> as core[a373ad73a504971]::io::write::Write>::write_fmt
[INFO] [stdout]    3:     0x5a5956c52f06 - std[617be2ca0a6fd877]::panicking::default_hook::{closure#0}
[INFO] [stdout]    4:     0x5a5956c706e9 - std[617be2ca0a6fd877]::panicking::default_hook
[INFO] [stdout]    5:     0x5a5956a32950 - test[aada8e7e76ba119b]::test_main_inner::{closure#0}
[INFO] [stdout]    6:     0x5a5956c70a12 - std[617be2ca0a6fd877]::panicking::panic_with_hook
[INFO] [stdout]    7:     0x5a5956c52fb2 - std[617be2ca0a6fd877]::panicking::panic_handler::{closure#0}
[INFO] [stdout]    8:     0x5a5956c4b859 - std[617be2ca0a6fd877]::sys::backtrace::__rust_end_short_backtrace::<std[617be2ca0a6fd877]::panicking::panic_handler::{closure#0}, !>
[INFO] [stdout]    9:     0x5a5956c53ddd - __rustc[ea4f61d10b84890b]::rust_begin_unwind
[INFO] [stdout]   10:     0x5a5956c91d6c - core[a373ad73a504971]::panicking::panic_fmt
[INFO] [stdout]   11:     0x5a5956c91b42 - core[a373ad73a504971]::result::unwrap_failed
[INFO] [stdout]   12:     0x5a5956999581 - <nerdbank_gitversioning[d8dbd43bf74667c]::version_oracle::tests::TestRepository>::new
[INFO] [stdout]   13:     0x5a59569a1015 - <nerdbank_gitversioning[d8dbd43bf74667c]::version_oracle::tests::all_variables_and_json_use_stable_managed_property_names::{closure#0} as core[a373ad73a504971]::ops::function::FnOnce<()>>::call_once
[INFO] [stdout]   14:     0x5a5956a25d9b - test[aada8e7e76ba119b]::__rust_begin_short_backtrace::<core[a373ad73a504971]::result::Result<(), alloc[2e1b2a31b91974c5]::string::String>, fn() -> core[a373ad73a504971]::result::Result<(), alloc[2e1b2a31b91974c5]::string::String>>
[INFO] [stdout]   15:     0x5a5956a32f75 - test[aada8e7e76ba119b]::run_test::{closure#0}
[INFO] [stdout]   16:     0x5a5956a2c864 - std[617be2ca0a6fd877]::sys::backtrace::__rust_begin_short_backtrace::<test[aada8e7e76ba119b]::run_test::{closure#1}, ()>
[INFO] [stdout]   17:     0x5a5956a36002 - <std[617be2ca0a6fd877]::thread::lifecycle::spawn_unchecked<test[aada8e7e76ba119b]::run_test::{closure#1}, ()>::{closure#1} as core[a373ad73a504971]::ops::function::FnOnce<()>>::call_once::{shim:vtable#0}
[INFO] [stdout]   18:     0x5a5956c7844f - <std[617be2ca0a6fd877]::sys::thread::unix::Thread>::new::thread_start
[INFO] [stdout]   19:     0x73c478bccdfa - <unknown>
[INFO] [stdout]   20:     0x73c478c603d4 - clone
[INFO] [stdout]   21:                0x0 - <unknown>
[INFO] [stdout] 
[INFO] [stdout] ---- version_oracle::tests::calculates_core_versions_commit_encoding_and_dates stdout ----
[INFO] [stdout] 
[INFO] [stdout] thread 'version_oracle::tests::calculates_core_versions_commit_encoding_and_dates' (1902) panicked at src/version_oracle.rs:866:39:
[INFO] [stdout] called `Result::unwrap()` on an `Err` value: Os { code: 30, kind: ReadOnlyFilesystem, message: "Read-only file system" }
[INFO] [stdout] stack backtrace:
[INFO] [stdout]    0:     0x5a5956c79451 - <<std[617be2ca0a6fd877]::sys::backtrace::BacktraceLock>::print::DisplayBacktrace as core[a373ad73a504971]::fmt::Display>::fmt
[INFO] [stdout]    1:     0x5a5956c9158a - core[a373ad73a504971]::fmt::write
[INFO] [stdout]    2:     0x5a5956c7da6c - <alloc[2e1b2a31b91974c5]::vec::Vec<u8> as core[a373ad73a504971]::io::write::Write>::write_fmt
[INFO] [stdout]    3:     0x5a5956c52f06 - std[617be2ca0a6fd877]::panicking::default_hook::{closure#0}
[INFO] [stdout]    4:     0x5a5956c706e9 - std[617be2ca0a6fd877]::panicking::default_hook
[INFO] [stdout]    5:     0x5a5956a32950 - test[aada8e7e76ba119b]::test_main_inner::{closure#0}
[INFO] [stdout]    6:     0x5a5956c70a12 - std[617be2ca0a6fd877]::panicking::panic_with_hook
[INFO] [stdout]    7:     0x5a5956c52fb2 - std[617be2ca0a6fd877]::panicking::panic_handler::{closure#0}
[INFO] [stdout]    8:     0x5a5956c4b859 - std[617be2ca0a6fd877]::sys::backtrace::__rust_end_short_backtrace::<std[617be2ca0a6fd877]::panicking::panic_handler::{closure#0}, !>
[INFO] [stdout]    9:     0x5a5956c53ddd - __rustc[ea4f61d10b84890b]::rust_begin_unwind
[INFO] [stdout]   10:     0x5a5956c91d6c - core[a373ad73a504971]::panicking::panic_fmt
[INFO] [stdout]   11:     0x5a5956c91b42 - core[a373ad73a504971]::result::unwrap_failed
[INFO] [stdout]   12:     0x5a5956999581 - <nerdbank_gitversioning[d8dbd43bf74667c]::version_oracle::tests::TestRepository>::new
[INFO] [stdout]   13:     0x5a595699f110 - <nerdbank_gitversioning[d8dbd43bf74667c]::version_oracle::tests::calculates_core_versions_commit_encoding_and_dates::{closure#0} as core[a373ad73a504971]::ops::function::FnOnce<()>>::call_once
[INFO] [stdout]   14:     0x5a5956a25d9b - test[aada8e7e76ba119b]::__rust_begin_short_backtrace::<core[a373ad73a504971]::result::Result<(), alloc[2e1b2a31b91974c5]::string::String>, fn() -> core[a373ad73a504971]::result::Result<(), alloc[2e1b2a31b91974c5]::string::String>>
[INFO] [stdout]   15:     0x5a5956a32f75 - test[aada8e7e76ba119b]::run_test::{closure#0}
[INFO] [stdout]   16:     0x5a5956a2c864 - std[617be2ca0a6fd877]::sys::backtrace::__rust_begin_short_backtrace::<test[aada8e7e76ba119b]::run_test::{closure#1}, ()>
[INFO] [stdout]   17:     0x5a5956a36002 - <std[617be2ca0a6fd877]::thread::lifecycle::spawn_unchecked<test[aada8e7e76ba119b]::run_test::{closure#1}, ()>::{closure#1} as core[a373ad73a504971]::ops::function::FnOnce<()>>::call_once::{shim:vtable#0}
[INFO] [stdout]   18:     0x5a5956c7844f - <std[617be2ca0a6fd877]::sys::thread::unix::Thread>::new::thread_start
[INFO] [stdout]   19:     0x73c478bccdfa - <unknown>
[INFO] [stdout]   20:     0x73c478c603d4 - clone
[INFO] [stdout]   21:                0x0 - <unknown>
[INFO] [stdout] 
[INFO] [stdout] ---- version_oracle::tests::cloud_numbers_cover_metadata_and_fourth_component stdout ----
[INFO] [stdout] 
[INFO] [stdout] thread 'version_oracle::tests::cloud_numbers_cover_metadata_and_fourth_component' (1903) panicked at src/version_oracle.rs:866:39:
[INFO] [stdout] called `Result::unwrap()` on an `Err` value: Os { code: 30, kind: ReadOnlyFilesystem, message: "Read-only file system" }
[INFO] [stdout] stack backtrace:
[INFO] [stdout]    0:     0x5a5956c79451 - <<std[617be2ca0a6fd877]::sys::backtrace::BacktraceLock>::print::DisplayBacktrace as core[a373ad73a504971]::fmt::Display>::fmt
[INFO] [stdout]    1:     0x5a5956c9158a - core[a373ad73a504971]::fmt::write
[INFO] [stdout]    2:     0x5a5956c7da6c - <alloc[2e1b2a31b91974c5]::vec::Vec<u8> as core[a373ad73a504971]::io::write::Write>::write_fmt
[INFO] [stdout]    3:     0x5a5956c52f06 - std[617be2ca0a6fd877]::panicking::default_hook::{closure#0}
[INFO] [stdout]    4:     0x5a5956c706e9 - std[617be2ca0a6fd877]::panicking::default_hook
[INFO] [stdout]    5:     0x5a5956a32950 - test[aada8e7e76ba119b]::test_main_inner::{closure#0}
[INFO] [stdout]    6:     0x5a5956c70a12 - std[617be2ca0a6fd877]::panicking::panic_with_hook
[INFO] [stdout]    7:     0x5a5956c52fb2 - std[617be2ca0a6fd877]::panicking::panic_handler::{closure#0}
[INFO] [stdout]    8:     0x5a5956c4b859 - std[617be2ca0a6fd877]::sys::backtrace::__rust_end_short_backtrace::<std[617be2ca0a6fd877]::panicking::panic_handler::{closure#0}, !>
[INFO] [stdout]    9:     0x5a5956c53ddd - __rustc[ea4f61d10b84890b]::rust_begin_unwind
[INFO] [stdout]   10:     0x5a5956c91d6c - core[a373ad73a504971]::panicking::panic_fmt
[INFO] [stdout]   11:     0x5a5956c91b42 - core[a373ad73a504971]::result::unwrap_failed
[INFO] [stdout]   12:     0x5a5956999581 - <nerdbank_gitversioning[d8dbd43bf74667c]::version_oracle::tests::TestRepository>::new
[INFO] [stdout]   13:     0x5a595699ecc8 - <nerdbank_gitversioning[d8dbd43bf74667c]::version_oracle::tests::cloud_numbers_cover_metadata_and_fourth_component::{closure#0} as core[a373ad73a504971]::ops::function::FnOnce<()>>::call_once
[INFO] [stdout]   14:     0x5a5956a25d9b - test[aada8e7e76ba119b]::__rust_begin_short_backtrace::<core[a373ad73a504971]::result::Result<(), alloc[2e1b2a31b91974c5]::string::String>, fn() -> core[a373ad73a504971]::result::Result<(), alloc[2e1b2a31b91974c5]::string::String>>
[INFO] [stdout]   15:     0x5a5956a32f75 - test[aada8e7e76ba119b]::run_test::{closure#0}
[INFO] [stdout]   16:     0x5a5956a2c864 - std[617be2ca0a6fd877]::sys::backtrace::__rust_begin_short_backtrace::<test[aada8e7e76ba119b]::run_test::{closure#1}, ()>
[INFO] [stdout]   17:     0x5a5956a36002 - <std[617be2ca0a6fd877]::thread::lifecycle::spawn_unchecked<test[aada8e7e76ba119b]::run_test::{closure#1}, ()>::{closure#1} as core[a373ad73a504971]::ops::function::FnOnce<()>>::call_once::{shim:vtable#0}
[INFO] [stdout]   18:     0x5a5956c7844f - <std[617be2ca0a6fd877]::sys::thread::unix::Thread>::new::thread_start
[INFO] [stdout]   19:     0x73c478bccdfa - <unknown>
[INFO] [stdout]   20:     0x73c478c603d4 - clone
[INFO] [stdout]   21:                0x0 - <unknown>
[INFO] [stdout] 
[INFO] [stdout] ---- version_oracle::tests::dirty_ids_and_working_version_are_observed_only_at_head stdout ----
[INFO] [stdout] 
[INFO] [stdout] thread 'version_oracle::tests::dirty_ids_and_working_version_are_observed_only_at_head' (1904) panicked at src/version_oracle.rs:866:39:
[INFO] [stdout] called `Result::unwrap()` on an `Err` value: Os { code: 30, kind: ReadOnlyFilesystem, message: "Read-only file system" }
[INFO] [stdout] stack backtrace:
[INFO] [stdout]    0:     0x5a5956c79451 - <<std[617be2ca0a6fd877]::sys::backtrace::BacktraceLock>::print::DisplayBacktrace as core[a373ad73a504971]::fmt::Display>::fmt
[INFO] [stdout]    1:     0x5a5956c9158a - core[a373ad73a504971]::fmt::write
[INFO] [stdout]    2:     0x5a5956c7da6c - <alloc[2e1b2a31b91974c5]::vec::Vec<u8> as core[a373ad73a504971]::io::write::Write>::write_fmt
[INFO] [stdout]    3:     0x5a5956c52f06 - std[617be2ca0a6fd877]::panicking::default_hook::{closure#0}
[INFO] [stdout]    4:     0x5a5956c706e9 - std[617be2ca0a6fd877]::panicking::default_hook
[INFO] [stdout]    5:     0x5a5956a32950 - test[aada8e7e76ba119b]::test_main_inner::{closure#0}
[INFO] [stdout]    6:     0x5a5956c70a12 - std[617be2ca0a6fd877]::panicking::panic_with_hook
[INFO] [stdout]    7:     0x5a5956c52fb2 - std[617be2ca0a6fd877]::panicking::panic_handler::{closure#0}
[INFO] [stdout]    8:     0x5a5956c4b859 - std[617be2ca0a6fd877]::sys::backtrace::__rust_end_short_backtrace::<std[617be2ca0a6fd877]::panicking::panic_handler::{closure#0}, !>
[INFO] [stdout]    9:     0x5a5956c53ddd - __rustc[ea4f61d10b84890b]::rust_begin_unwind
[INFO] [stdout]   10:     0x5a5956c91d6c - core[a373ad73a504971]::panicking::panic_fmt
[INFO] [stdout]   11:     0x5a5956c91b42 - core[a373ad73a504971]::result::unwrap_failed
[INFO] [stdout]   12:     0x5a5956999581 - <nerdbank_gitversioning[d8dbd43bf74667c]::version_oracle::tests::TestRepository>::new
[INFO] [stdout]   13:     0x5a59569a05a8 - <nerdbank_gitversioning[d8dbd43bf74667c]::version_oracle::tests::dirty_ids_and_working_version_are_observed_only_at_head::{closure#0} as core[a373ad73a504971]::ops::function::FnOnce<()>>::call_once
[INFO] [stdout]   14:     0x5a5956a25d9b - test[aada8e7e76ba119b]::__rust_begin_short_backtrace::<core[a373ad73a504971]::result::Result<(), alloc[2e1b2a31b91974c5]::string::String>, fn() -> core[a373ad73a504971]::result::Result<(), alloc[2e1b2a31b91974c5]::string::String>>
[INFO] [stdout]   15:     0x5a5956a32f75 - test[aada8e7e76ba119b]::run_test::{closure#0}
[INFO] [stdout]   16:     0x5a5956a2c864 - std[617be2ca0a6fd877]::sys::backtrace::__rust_begin_short_backtrace::<test[aada8e7e76ba119b]::run_test::{closure#1}, ()>
[INFO] [stdout]   17:     0x5a5956a36002 - <std[617be2ca0a6fd877]::thread::lifecycle::spawn_unchecked<test[aada8e7e76ba119b]::run_test::{closure#1}, ()>::{closure#1} as core[a373ad73a504971]::ops::function::FnOnce<()>>::call_once::{shim:vtable#0}
[INFO] [stdout]   18:     0x5a5956c7844f - <std[617be2ca0a6fd877]::sys::thread::unix::Thread>::new::thread_start
[INFO] [stdout]   19:     0x73c478bccdfa - <unknown>
[INFO] [stdout]   20:     0x73c478c603d4 - clone
[INFO] [stdout]   21:                0x0 - <unknown>
[INFO] [stdout] 
[INFO] [stdout] ---- version_oracle::tests::dirty_tracking_matches_managed_tracked_untracked_and_ignored_cases stdout ----
[INFO] [stdout] 
[INFO] [stdout] thread 'version_oracle::tests::dirty_tracking_matches_managed_tracked_untracked_and_ignored_cases' (1905) panicked at src/version_oracle.rs:866:39:
[INFO] [stdout] called `Result::unwrap()` on an `Err` value: Os { code: 30, kind: ReadOnlyFilesystem, message: "Read-only file system" }
[INFO] [stdout] stack backtrace:
[INFO] [stdout]    0:     0x5a5956c79451 - <<std[617be2ca0a6fd877]::sys::backtrace::BacktraceLock>::print::DisplayBacktrace as core[a373ad73a504971]::fmt::Display>::fmt
[INFO] [stdout]    1:     0x5a5956c9158a - core[a373ad73a504971]::fmt::write
[INFO] [stdout]    2:     0x5a5956c7da6c - <alloc[2e1b2a31b91974c5]::vec::Vec<u8> as core[a373ad73a504971]::io::write::Write>::write_fmt
[INFO] [stdout]    3:     0x5a5956c52f06 - std[617be2ca0a6fd877]::panicking::default_hook::{closure#0}
[INFO] [stdout]    4:     0x5a5956c706e9 - std[617be2ca0a6fd877]::panicking::default_hook
[INFO] [stdout]    5:     0x5a5956a32950 - test[aada8e7e76ba119b]::test_main_inner::{closure#0}
[INFO] [stdout]    6:     0x5a5956c70a12 - std[617be2ca0a6fd877]::panicking::panic_with_hook
[INFO] [stdout]    7:     0x5a5956c52fb2 - std[617be2ca0a6fd877]::panicking::panic_handler::{closure#0}
[INFO] [stdout]    8:     0x5a5956c4b859 - std[617be2ca0a6fd877]::sys::backtrace::__rust_end_short_backtrace::<std[617be2ca0a6fd877]::panicking::panic_handler::{closure#0}, !>
[INFO] [stdout]    9:     0x5a5956c53ddd - __rustc[ea4f61d10b84890b]::rust_begin_unwind
[INFO] [stdout]   10:     0x5a5956c91d6c - core[a373ad73a504971]::panicking::panic_fmt
[INFO] [stdout]   11:     0x5a5956c91b42 - core[a373ad73a504971]::result::unwrap_failed
[INFO] [stdout]   12:     0x5a5956999581 - <nerdbank_gitversioning[d8dbd43bf74667c]::version_oracle::tests::TestRepository>::new
[INFO] [stdout]   13:     0x5a59569a20df - <nerdbank_gitversioning[d8dbd43bf74667c]::version_oracle::tests::dirty_tracking_matches_managed_tracked_untracked_and_ignored_cases::{closure#0} as core[a373ad73a504971]::ops::function::FnOnce<()>>::call_once
[INFO] [stdout]   14:     0x5a5956a25d9b - test[aada8e7e76ba119b]::__rust_begin_short_backtrace::<core[a373ad73a504971]::result::Result<(), alloc[2e1b2a31b91974c5]::string::String>, fn() -> core[a373ad73a504971]::result::Result<(), alloc[2e1b2a31b91974c5]::string::String>>
[INFO] [stdout]   15:     0x5a5956a32f75 - test[aada8e7e76ba119b]::run_test::{closure#0}
[INFO] [stdout]   16:     0x5a5956a2c864 - std[617be2ca0a6fd877]::sys::backtrace::__rust_begin_short_backtrace::<test[aada8e7e76ba119b]::run_test::{closure#1}, ()>
[INFO] [stdout]   17:     0x5a5956a36002 - <std[617be2ca0a6fd877]::thread::lifecycle::spawn_unchecked<test[aada8e7e76ba119b]::run_test::{closure#1}, ()>::{closure#1} as core[a373ad73a504971]::ops::function::FnOnce<()>>::call_once::{shim:vtable#0}
[INFO] [stdout]   18:     0x5a5956c7844f - <std[617be2ca0a6fd877]::sys::thread::unix::Thread>::new::thread_start
[INFO] [stdout]   19:     0x73c478bccdfa - <unknown>
[INFO] [stdout]   20:     0x73c478c603d4 - clone
[INFO] [stdout]   21:                0x0 - <unknown>
[INFO] [stdout] 
[INFO] [stdout] ---- version_oracle::tests::formats_semver_packages_metadata_and_prerelease_extras stdout ----
[INFO] [stdout] 
[INFO] [stdout] thread 'version_oracle::tests::formats_semver_packages_metadata_and_prerelease_extras' (1906) panicked at src/version_oracle.rs:866:39:
[INFO] [stdout] called `Result::unwrap()` on an `Err` value: Os { code: 30, kind: ReadOnlyFilesystem, message: "Read-only file system" }
[INFO] [stdout] stack backtrace:
[INFO] [stdout]    0:     0x5a5956c79451 - <<std[617be2ca0a6fd877]::sys::backtrace::BacktraceLock>::print::DisplayBacktrace as core[a373ad73a504971]::fmt::Display>::fmt
[INFO] [stdout]    1:     0x5a5956c9158a - core[a373ad73a504971]::fmt::write
[INFO] [stdout]    2:     0x5a5956c7da6c - <alloc[2e1b2a31b91974c5]::vec::Vec<u8> as core[a373ad73a504971]::io::write::Write>::write_fmt
[INFO] [stdout]    3:     0x5a5956c52f06 - std[617be2ca0a6fd877]::panicking::default_hook::{closure#0}
[INFO] [stdout]    4:     0x5a5956c706e9 - std[617be2ca0a6fd877]::panicking::default_hook
[INFO] [stdout]    5:     0x5a5956a32950 - test[aada8e7e76ba119b]::test_main_inner::{closure#0}
[INFO] [stdout]    6:     0x5a5956c70a12 - std[617be2ca0a6fd877]::panicking::panic_with_hook
[INFO] [stdout]    7:     0x5a5956c52fb2 - std[617be2ca0a6fd877]::panicking::panic_handler::{closure#0}
[INFO] [stdout]    8:     0x5a5956c4b859 - std[617be2ca0a6fd877]::sys::backtrace::__rust_end_short_backtrace::<std[617be2ca0a6fd877]::panicking::panic_handler::{closure#0}, !>
[INFO] [stdout]    9:     0x5a5956c53ddd - __rustc[ea4f61d10b84890b]::rust_begin_unwind
[INFO] [stdout]   10:     0x5a5956c91d6c - core[a373ad73a504971]::panicking::panic_fmt
[INFO] [stdout]   11:     0x5a5956c91b42 - core[a373ad73a504971]::result::unwrap_failed
[INFO] [stdout]   12:     0x5a5956999581 - <nerdbank_gitversioning[d8dbd43bf74667c]::version_oracle::tests::TestRepository>::new
[INFO] [stdout]   13:     0x5a595699fc0d - <nerdbank_gitversioning[d8dbd43bf74667c]::version_oracle::tests::formats_semver_packages_metadata_and_prerelease_extras::{closure#0} as core[a373ad73a504971]::ops::function::FnOnce<()>>::call_once
[INFO] [stdout]   14:     0x5a5956a25d9b - test[aada8e7e76ba119b]::__rust_begin_short_backtrace::<core[a373ad73a504971]::result::Result<(), alloc[2e1b2a31b91974c5]::string::String>, fn() -> core[a373ad73a504971]::result::Result<(), alloc[2e1b2a31b91974c5]::string::String>>
[INFO] [stdout]   15:     0x5a5956a32f75 - test[aada8e7e76ba119b]::run_test::{closure#0}
[INFO] [stdout]   16:     0x5a5956a2c864 - std[617be2ca0a6fd877]::sys::backtrace::__rust_begin_short_backtrace::<test[aada8e7e76ba119b]::run_test::{closure#1}, ()>
[INFO] [stdout]   17:     0x5a5956a36002 - <std[617be2ca0a6fd877]::thread::lifecycle::spawn_unchecked<test[aada8e7e76ba119b]::run_test::{closure#1}, ()>::{closure#1} as core[a373ad73a504971]::ops::function::FnOnce<()>>::call_once::{shim:vtable#0}
[INFO] [stdout]   18:     0x5a5956c7844f - <std[617be2ca0a6fd877]::sys::thread::unix::Thread>::new::thread_start
[INFO] [stdout]   19:     0x73c478bccdfa - <unknown>
[INFO] [stdout]   20:     0x73c478c603d4 - clone
[INFO] [stdout]   21:                0x0 - <unknown>
[INFO] [stdout] 
[INFO] [stdout] ---- version_oracle::tests::no_repository_still_produces_zero_versions stdout ----
[INFO] [stdout] 
[INFO] [stdout] thread 'version_oracle::tests::no_repository_still_produces_zero_versions' (1907) panicked at src/version_oracle.rs:1160:35:
[INFO] [stdout] called `Result::unwrap()` on an `Err` value: Os { code: 30, kind: ReadOnlyFilesystem, message: "Read-only file system" }
[INFO] [stdout] stack backtrace:
[INFO] [stdout]    0:     0x5a5956c79451 - <<std[617be2ca0a6fd877]::sys::backtrace::BacktraceLock>::print::DisplayBacktrace as core[a373ad73a504971]::fmt::Display>::fmt
[INFO] [stdout]    1:     0x5a5956c9158a - core[a373ad73a504971]::fmt::write
[INFO] [stdout]    2:     0x5a5956c7da6c - <alloc[2e1b2a31b91974c5]::vec::Vec<u8> as core[a373ad73a504971]::io::write::Write>::write_fmt
[INFO] [stdout]    3:     0x5a5956c52f06 - std[617be2ca0a6fd877]::panicking::default_hook::{closure#0}
[INFO] [stdout]    4:     0x5a5956c706e9 - std[617be2ca0a6fd877]::panicking::default_hook
[INFO] [stdout]    5:     0x5a5956a32950 - test[aada8e7e76ba119b]::test_main_inner::{closure#0}
[INFO] [stdout]    6:     0x5a5956c70a12 - std[617be2ca0a6fd877]::panicking::panic_with_hook
[INFO] [stdout]    7:     0x5a5956c52fb2 - std[617be2ca0a6fd877]::panicking::panic_handler::{closure#0}
[INFO] [stdout]    8:     0x5a5956c4b859 - std[617be2ca0a6fd877]::sys::backtrace::__rust_end_short_backtrace::<std[617be2ca0a6fd877]::panicking::panic_handler::{closure#0}, !>
[INFO] [stdout]    9:     0x5a5956c53ddd - __rustc[ea4f61d10b84890b]::rust_begin_unwind
[INFO] [stdout]   10:     0x5a5956c91d6c - core[a373ad73a504971]::panicking::panic_fmt
[INFO] [stdout]   11:     0x5a5956c91b42 - core[a373ad73a504971]::result::unwrap_failed
[INFO] [stdout]   12:     0x5a595699eae7 - <nerdbank_gitversioning[d8dbd43bf74667c]::version_oracle::tests::no_repository_still_produces_zero_versions::{closure#0} as core[a373ad73a504971]::ops::function::FnOnce<()>>::call_once
[INFO] [stdout]   13:     0x5a5956a25d9b - test[aada8e7e76ba119b]::__rust_begin_short_backtrace::<core[a373ad73a504971]::result::Result<(), alloc[2e1b2a31b91974c5]::string::String>, fn() -> core[a373ad73a504971]::result::Result<(), alloc[2e1b2a31b91974c5]::string::String>>
[INFO] [stdout]   14:     0x5a5956a32f75 - test[aada8e7e76ba119b]::run_test::{closure#0}
[INFO] [stdout]   15:     0x5a5956a2c864 - std[617be2ca0a6fd877]::sys::backtrace::__rust_begin_short_backtrace::<test[aada8e7e76ba119b]::run_test::{closure#1}, ()>
[INFO] [stdout]   16:     0x5a5956a36002 - <std[617be2ca0a6fd877]::thread::lifecycle::spawn_unchecked<test[aada8e7e76ba119b]::run_test::{closure#1}, ()>::{closure#1} as core[a373ad73a504971]::ops::function::FnOnce<()>>::call_once::{shim:vtable#0}
[INFO] [stdout]   17:     0x5a5956c7844f - <std[617be2ca0a6fd877]::sys::thread::unix::Thread>::new::thread_start
[INFO] [stdout]   18:     0x73c478bccdfa - <unknown>
[INFO] [stdout]   19:     0x73c478c603d4 - clone
[INFO] [stdout]   20:                0x0 - <unknown>
[INFO] [stdout] 
[INFO] [stdout] ---- version_oracle::tests::public_release_matches_branch_and_tags stdout ----
[INFO] [stdout] 
[INFO] [stdout] thread 'version_oracle::tests::public_release_matches_branch_and_tags' (1908) panicked at src/version_oracle.rs:866:39:
[INFO] [stdout] called `Result::unwrap()` on an `Err` value: Os { code: 30, kind: ReadOnlyFilesystem, message: "Read-only file system" }
[INFO] [stdout] stack backtrace:
[INFO] [stdout]    0:     0x5a5956c79451 - <<std[617be2ca0a6fd877]::sys::backtrace::BacktraceLock>::print::DisplayBacktrace as core[a373ad73a504971]::fmt::Display>::fmt
[INFO] [stdout]    1:     0x5a5956c9158a - core[a373ad73a504971]::fmt::write
[INFO] [stdout]    2:     0x5a5956c7da6c - <alloc[2e1b2a31b91974c5]::vec::Vec<u8> as core[a373ad73a504971]::io::write::Write>::write_fmt
[INFO] [stdout]    3:     0x5a5956c52f06 - std[617be2ca0a6fd877]::panicking::default_hook::{closure#0}
[INFO] [stdout]    4:     0x5a5956c706e9 - std[617be2ca0a6fd877]::panicking::default_hook
[INFO] [stdout]    5:     0x5a5956a32950 - test[aada8e7e76ba119b]::test_main_inner::{closure#0}
[INFO] [stdout]    6:     0x5a5956c70a12 - std[617be2ca0a6fd877]::panicking::panic_with_hook
[INFO] [stdout]    7:     0x5a5956c52fb2 - std[617be2ca0a6fd877]::panicking::panic_handler::{closure#0}
[INFO] [stdout]    8:     0x5a5956c4b859 - std[617be2ca0a6fd877]::sys::backtrace::__rust_end_short_backtrace::<std[617be2ca0a6fd877]::panicking::panic_handler::{closure#0}, !>
[INFO] [stdout]    9:     0x5a5956c53ddd - __rustc[ea4f61d10b84890b]::rust_begin_unwind
[INFO] [stdout]   10:     0x5a5956c91d6c - core[a373ad73a504971]::panicking::panic_fmt
[INFO] [stdout]   11:     0x5a5956c91b42 - core[a373ad73a504971]::result::unwrap_failed
[INFO] [stdout]   12:     0x5a5956999581 - <nerdbank_gitversioning[d8dbd43bf74667c]::version_oracle::tests::TestRepository>::new
[INFO] [stdout]   13:     0x5a595699e4d6 - <nerdbank_gitversioning[d8dbd43bf74667c]::version_oracle::tests::public_release_matches_branch_and_tags::{closure#0} as core[a373ad73a504971]::ops::function::FnOnce<()>>::call_once
[INFO] [stdout]   14:     0x5a5956a25d9b - test[aada8e7e76ba119b]::__rust_begin_short_backtrace::<core[a373ad73a504971]::result::Result<(), alloc[2e1b2a31b91974c5]::string::String>, fn() -> core[a373ad73a504971]::result::Result<(), alloc[2e1b2a31b91974c5]::string::String>>
[INFO] [stdout]   15:     0x5a5956a32f75 - test[aada8e7e76ba119b]::run_test::{closure#0}
[INFO] [stdout]   16:     0x5a5956a2c864 - std[617be2ca0a6fd877]::sys::backtrace::__rust_begin_short_backtrace::<test[aada8e7e76ba119b]::run_test::{closure#1}, ()>
[INFO] [stdout]   17:     0x5a5956a36002 - <std[617be2ca0a6fd877]::thread::lifecycle::spawn_unchecked<test[aada8e7e76ba119b]::run_test::{closure#1}, ()>::{closure#1} as core[a373ad73a504971]::ops::function::FnOnce<()>>::call_once::{shim:vtable#0}
[INFO] [stdout]   18:     0x5a5956c7844f - <std[617be2ca0a6fd877]::sys::thread::unix::Thread>::new::thread_start
[INFO] [stdout]   19:     0x73c478bccdfa - <unknown>
[INFO] [stdout]   20:     0x73c478c603d4 - clone
[INFO] [stdout]   21:                0x0 - <unknown>
[INFO] [stdout] 
[INFO] [stdout] ---- version_oracle::tests::public_release_ref_spec_supports_lookaround_and_backreferences stdout ----
[INFO] [stdout] 
[INFO] [stdout] thread 'version_oracle::tests::public_release_ref_spec_supports_lookaround_and_backreferences' (1909) panicked at src/version_oracle.rs:866:39:
[INFO] [stdout] called `Result::unwrap()` on an `Err` value: Os { code: 30, kind: ReadOnlyFilesystem, message: "Read-only file system" }
[INFO] [stdout] stack backtrace:
[INFO] [stdout]    0:     0x5a5956c79451 - <<std[617be2ca0a6fd877]::sys::backtrace::BacktraceLock>::print::DisplayBacktrace as core[a373ad73a504971]::fmt::Display>::fmt
[INFO] [stdout]    1:     0x5a5956c9158a - core[a373ad73a504971]::fmt::write
[INFO] [stdout]    2:     0x5a5956c7da6c - <alloc[2e1b2a31b91974c5]::vec::Vec<u8> as core[a373ad73a504971]::io::write::Write>::write_fmt
[INFO] [stdout]    3:     0x5a5956c52f06 - std[617be2ca0a6fd877]::panicking::default_hook::{closure#0}
[INFO] [stdout]    4:     0x5a5956c706e9 - std[617be2ca0a6fd877]::panicking::default_hook
[INFO] [stdout]    5:     0x5a5956a32950 - test[aada8e7e76ba119b]::test_main_inner::{closure#0}
[INFO] [stdout]    6:     0x5a5956c70a12 - std[617be2ca0a6fd877]::panicking::panic_with_hook
[INFO] [stdout]    7:     0x5a5956c52fb2 - std[617be2ca0a6fd877]::panicking::panic_handler::{closure#0}
[INFO] [stdout]    8:     0x5a5956c4b859 - std[617be2ca0a6fd877]::sys::backtrace::__rust_end_short_backtrace::<std[617be2ca0a6fd877]::panicking::panic_handler::{closure#0}, !>
[INFO] [stdout]    9:     0x5a5956c53ddd - __rustc[ea4f61d10b84890b]::rust_begin_unwind
[INFO] [stdout]   10:     0x5a5956c91d6c - core[a373ad73a504971]::panicking::panic_fmt
[INFO] [stdout]   11:     0x5a5956c91b42 - core[a373ad73a504971]::result::unwrap_failed
[INFO] [stdout]   12:     0x5a5956999581 - <nerdbank_gitversioning[d8dbd43bf74667c]::version_oracle::tests::TestRepository>::new
[INFO] [stdout]   13:     0x5a59569a1bc6 - <nerdbank_gitversioning[d8dbd43bf74667c]::version_oracle::tests::public_release_ref_spec_supports_lookaround_and_backreferences::{closure#0} as core[a373ad73a504971]::ops::function::FnOnce<()>>::call_once
[INFO] [stdout]   14:     0x5a5956a25d9b - test[aada8e7e76ba119b]::__rust_begin_short_backtrace::<core[a373ad73a504971]::result::Result<(), alloc[2e1b2a31b91974c5]::string::String>, fn() -> core[a373ad73a504971]::result::Result<(), alloc[2e1b2a31b91974c5]::string::String>>
[INFO] [stdout]   15:     0x5a5956a32f75 - test[aada8e7e76ba119b]::run_test::{closure#0}
[INFO] [stdout]   16:     0x5a5956a2c864 - std[617be2ca0a6fd877]::sys::backtrace::__rust_begin_short_backtrace::<test[aada8e7e76ba119b]::run_test::{closure#1}, ()>
[INFO] [stdout]   17:     0x5a5956a36002 - <std[617be2ca0a6fd877]::thread::lifecycle::spawn_unchecked<test[aada8e7e76ba119b]::run_test::{closure#1}, ()>::{closure#1} as core[a373ad73a504971]::ops::function::FnOnce<()>>::call_once::{shim:vtable#0}
[INFO] [stdout]   18:     0x5a5956c7844f - <std[617be2ca0a6fd877]::sys::thread::unix::Thread>::new::thread_start
[INFO] [stdout]   19:     0x73c478bccdfa - <unknown>
[INFO] [stdout]   20:     0x73c478c603d4 - clone
[INFO] [stdout]   21:                0x0 - <unknown>
[INFO] [stdout] 
[INFO] [stdout] ---- version_oracle::tests::semver1_padding_precision_and_custom_assembly_version_match_managed_cases stdout ----
[INFO] [stdout] 
[INFO] [stdout] thread 'version_oracle::tests::semver1_padding_precision_and_custom_assembly_version_match_managed_cases' (1910) panicked at src/version_oracle.rs:866:39:
[INFO] [stdout] called `Result::unwrap()` on an `Err` value: Os { code: 30, kind: ReadOnlyFilesystem, message: "Read-only file system" }
[INFO] [stdout] stack backtrace:
[INFO] [stdout]    0:     0x5a5956c79451 - <<std[617be2ca0a6fd877]::sys::backtrace::BacktraceLock>::print::DisplayBacktrace as core[a373ad73a504971]::fmt::Display>::fmt
[INFO] [stdout]    1:     0x5a5956c9158a - core[a373ad73a504971]::fmt::write
[INFO] [stdout]    2:     0x5a5956c7da6c - <alloc[2e1b2a31b91974c5]::vec::Vec<u8> as core[a373ad73a504971]::io::write::Write>::write_fmt
[INFO] [stdout]    3:     0x5a5956c52f06 - std[617be2ca0a6fd877]::panicking::default_hook::{closure#0}
[INFO] [stdout]    4:     0x5a5956c706e9 - std[617be2ca0a6fd877]::panicking::default_hook
[INFO] [stdout]    5:     0x5a5956a32950 - test[aada8e7e76ba119b]::test_main_inner::{closure#0}
[INFO] [stdout]    6:     0x5a5956c70a12 - std[617be2ca0a6fd877]::panicking::panic_with_hook
[INFO] [stdout]    7:     0x5a5956c52fb2 - std[617be2ca0a6fd877]::panicking::panic_handler::{closure#0}
[INFO] [stdout]    8:     0x5a5956c4b859 - std[617be2ca0a6fd877]::sys::backtrace::__rust_end_short_backtrace::<std[617be2ca0a6fd877]::panicking::panic_handler::{closure#0}, !>
[INFO] [stdout]    9:     0x5a5956c53ddd - __rustc[ea4f61d10b84890b]::rust_begin_unwind
[INFO] [stdout]   10:     0x5a5956c91d6c - core[a373ad73a504971]::panicking::panic_fmt
[INFO] [stdout]   11:     0x5a5956c91b42 - core[a373ad73a504971]::result::unwrap_failed
[INFO] [stdout]   12:     0x5a5956999581 - <nerdbank_gitversioning[d8dbd43bf74667c]::version_oracle::tests::TestRepository>::new
[INFO] [stdout]   13:     0x5a59569a2d08 - <nerdbank_gitversioning[d8dbd43bf74667c]::version_oracle::tests::semver1_padding_precision_and_custom_assembly_version_match_managed_cases::{closure#0} as core[a373ad73a504971]::ops::function::FnOnce<()>>::call_once
[INFO] [stdout]   14:     0x5a5956a25d9b - test[aada8e7e76ba119b]::__rust_begin_short_backtrace::<core[a373ad73a504971]::result::Result<(), alloc[2e1b2a31b91974c5]::string::String>, fn() -> core[a373ad73a504971]::result::Result<(), alloc[2e1b2a31b91974c5]::string::String>>
[INFO] [stdout]   15:     0x5a5956a32f75 - test[aada8e7e76ba119b]::run_test::{closure#0}
[INFO] [stdout]   16:     0x5a5956a2c864 - std[617be2ca0a6fd877]::sys::backtrace::__rust_begin_short_backtrace::<test[aada8e7e76ba119b]::run_test::{closure#1}, ()>
[INFO] [stdout]   17:     0x5a5956a36002 - <std[617be2ca0a6fd877]::thread::lifecycle::spawn_unchecked<test[aada8e7e76ba119b]::run_test::{closure#1}, ()>::{closure#1} as core[a373ad73a504971]::ops::function::FnOnce<()>>::call_once::{shim:vtable#0}
[INFO] [stdout]   18:     0x5a5956c7844f - <std[617be2ca0a6fd877]::sys::thread::unix::Thread>::new::thread_start
[INFO] [stdout]   19:     0x73c478bccdfa - <unknown>
[INFO] [stdout]   20:     0x73c478c603d4 - clone
[INFO] [stdout]   21:                0x0 - <unknown>
[INFO] [stdout] 
[INFO] [stdout] 
[INFO] [stdout] failures:
[INFO] [stdout]     cloud_build_services::github_actions::tests::appends_utf8_and_terminates_existing_line
[INFO] [stdout]     cloud_build_services::github_actions::tests::concurrent_appends_are_complete_and_distinct
[INFO] [stdout]     cloud_command::tests::explicit_provider_sets_number_variables_and_returns_environment
[INFO] [stdout]     cloud_command::tests::reports_unknown_provider_and_exact_duplicates
[INFO] [stdout]     history::tests::ambiguity_is_reported_but_all_matches_are_available
[INFO] [stdout]     history::tests::filters_count_add_modify_delete_and_ignore_other_paths
[INFO] [stdout]     history::tests::height_uses_longest_merge_path_and_stops_each_path
[INFO] [stdout]     history::tests::include_filter_honors_ignore_case
[INFO] [stdout]     history::tests::included_file_mode_change_increases_height
[INFO] [stdout]     history::tests::missing_shallow_parent_is_an_error
[INFO] [stdout]     history::tests::only_exclude_filter_counts_deleting_an_included_file
[INFO] [stdout]     history::tests::replacing_file_with_included_directory_increases_height
[INFO] [stdout]     history::tests::replacing_included_directory_with_file_increases_height
[INFO] [stdout]     history::tests::reverse_lookup_accepts_both_endians_and_subdirectories
[INFO] [stdout]     history::tests::reverse_lookup_rejects_versions_missing_the_height_component
[INFO] [stdout]     history::tests::version_changes_reset_height_and_working_copy_can_reset_to_zero
[INFO] [stdout]     history::tests::wildcard_include_filter_counts_matching_path
[INFO] [stdout]     release_manager::tests::advances_an_existing_release_branch
[INFO] [stdout]     release_manager::tests::custom_commit_message_is_formatted
[INFO] [stdout]     release_manager::tests::detects_validation_failures
[INFO] [stdout]     release_manager::tests::dry_run_reports_without_mutating
[INFO] [stdout]     release_manager::tests::no_merge_leaves_divergent_single_parent_commits
[INFO] [stdout]     release_manager::tests::prepares_and_merges_release_with_json_result
[INFO] [stdout]     release_manager::tests::rejects_dirty_detached_existing_and_invalid_increment
[INFO] [stdout]     release_manager::tests::rejects_version_decrement_and_no_increment
[INFO] [stdout]     release_manager::tests::signing_failure_is_explicit
[INFO] [stdout]     version_file::tests::existing_version_txt_is_preserved_or_upgraded
[INFO] [stdout]     version_file::tests::historical_lookup_and_ignore_case
[INFO] [stdout]     version_file::tests::historical_lookup_can_use_existing_repository_and_commit
[INFO] [stdout]     version_file::tests::historical_lookup_uses_selected_commit
[INFO] [stdout]     version_file::tests::inheritance_merges_and_resolves_relative_filters
[INFO] [stdout]     version_file::tests::missing_parent_and_bad_prerelease_are_errors
[INFO] [stdout]     version_file::tests::multilevel_inheritance_matches_managed_merge_semantics
[INFO] [stdout]     version_file::tests::requirements_can_return_inheriting_file
[INFO] [stdout]     version_file::tests::set_version_serializes_schema_and_contextual_filters
[INFO] [stdout]     version_file::tests::working_copy_prefers_version_txt
[INFO] [stdout]     version_oracle::tests::all_variables_and_json_use_stable_managed_property_names
[INFO] [stdout]     version_oracle::tests::calculates_core_versions_commit_encoding_and_dates
[INFO] [stdout]     version_oracle::tests::cloud_numbers_cover_metadata_and_fourth_component
[INFO] [stdout]     version_oracle::tests::dirty_ids_and_working_version_are_observed_only_at_head
[INFO] [stdout]     version_oracle::tests::dirty_tracking_matches_managed_tracked_untracked_and_ignored_cases
[INFO] [stdout]     version_oracle::tests::formats_semver_packages_metadata_and_prerelease_extras
[INFO] [stdout]     version_oracle::tests::no_repository_still_produces_zero_versions
[INFO] [stdout]     version_oracle::tests::public_release_matches_branch_and_tags
[INFO] [stdout]     version_oracle::tests::public_release_ref_spec_supports_lookaround_and_backreferences
[INFO] [stdout]     version_oracle::tests::semver1_padding_precision_and_custom_assembly_version_match_managed_cases
[INFO] [stdout] 
[INFO] [stdout] test result: FAILED. 52 passed; 46 failed; 0 ignored; 0 measured; 0 filtered out; finished in 0.09s
[INFO] [stdout] 
[INFO] running `Command { std: "docker" "inspect" "9f0f569f2a377a1c58eb9d499b18edae9401b2d91d5e07a0cf391b62ba3e4cad", kill_on_drop: false }`
[INFO] running `Command { std: "docker" "rm" "-f" "9f0f569f2a377a1c58eb9d499b18edae9401b2d91d5e07a0cf391b62ba3e4cad", kill_on_drop: false }`
[INFO] [stdout] 9f0f569f2a377a1c58eb9d499b18edae9401b2d91d5e07a0cf391b62ba3e4cad
