[INFO] fetching crate nerd_gtk_icons 0.1.1...
[INFO] testing nerd_gtk_icons-0.1.1 against 1.100.0-beta.1+cargoflags=--release for beta-release-1.100-2
[INFO] extracting crate nerd_gtk_icons 0.1.1 into /workspace/builds/worker-6-tc2/source
[INFO] started tweaking crates.io crate nerd_gtk_icons 0.1.1
[INFO] removed 0 missing examples
[INFO] finished tweaking crates.io crate nerd_gtk_icons 0.1.1
[INFO] tweaked toml for crates.io crate nerd_gtk_icons 0.1.1 written to /workspace/builds/worker-6-tc2/source/Cargo.toml
[INFO] validating manifest of crates.io crate nerd_gtk_icons 0.1.1 on toolchain 1.100.0-beta.1
[INFO] running `Command { std: CARGO_HOME="/workspace/cargo-home" RUSTUP_HOME="/workspace/rustup-home" "/workspace/cargo-home/bin/cargo" "+1.100.0-beta.1" "metadata" "--manifest-path" "Cargo.toml" "--no-deps", kill_on_drop: false }`
[INFO] crate crates.io crate nerd_gtk_icons 0.1.1 already has a lockfile, it will not be regenerated
[INFO] running `Command { std: CARGO_HOME="/workspace/cargo-home" RUSTUP_HOME="/workspace/rustup-home" "/workspace/cargo-home/bin/cargo" "+1.100.0-beta.1" "fetch" "--manifest-path" "Cargo.toml", kill_on_drop: false }`
[INFO] [stderr] warning: `package.homepage` is redundant with `package.repository`
[INFO] [stderr]   --> Cargo.toml:43:12
[INFO] [stderr]    |
[INFO] [stderr] 43 | homepage = "https://github.com/MariaGolubev/nerd_gtk_icons"
[INFO] [stderr]    |            ^^^^^^^^^^^^^^^^^^^^^^^^^^^^^^^^^^^^^^^^^^^^^^^^
[INFO] [stderr] ...
[INFO] [stderr] 48 | repository = "https://github.com/MariaGolubev/nerd_gtk_icons"
[INFO] [stderr]    |              ------------------------------------------------
[INFO] [stderr]    |
[INFO] [stderr]    = note: `cargo::redundant_homepage` is set to `warn` by default
[INFO] [stderr] help: consider removing `package.homepage`
[INFO] [stderr] warning: `nerd_gtk_icons` (manifest) generated 1 warning
[INFO] running `Command { std: "docker" "create" "-v" "/var/lib/crater-agent-workspace/builds/worker-6-tc2/source:/opt/rustwide/workdir:ro,Z" "-v" "/var/lib/crater-agent-workspace/builds/worker-6-tc2/target:/opt/rustwide/target:rw,Z" "-v" "/var/lib/crater-agent-workspace/cargo-home:/opt/rustwide/cargo-home:ro,Z" "-v" "/var/lib/crater-agent-workspace/rustup-home:/opt/rustwide/rustup-home:ro,Z" "-m" "1610612736" "--network" "none" "ghcr.io/rust-lang/crates-build-env/linux@sha256:77db811e55d90add9212f6832c23229e3de5f1c1f9905e8cb07319ea15df73ac" "sleep" "infinity", kill_on_drop: false }`
[INFO] [stdout] 249fac0370e7ab272f27ac297b2d70e4dc9037cad8b4012bb9966c8b1c90ca89
[INFO] running `Command { std: "docker" "start" "249fac0370e7ab272f27ac297b2d70e4dc9037cad8b4012bb9966c8b1c90ca89", kill_on_drop: false }`
[INFO] running `Command { std: "docker" "inspect" "249fac0370e7ab272f27ac297b2d70e4dc9037cad8b4012bb9966c8b1c90ca89", kill_on_drop: false }`
[INFO] running `Command { std: "docker" "exec" "-e" "SOURCE_DIR=/opt/rustwide/workdir" "-e" "CARGO_HOME=/opt/rustwide/cargo-home" "-e" "RUSTUP_HOME=/opt/rustwide/rustup-home" "-e" "CARGO_TARGET_DIR=/opt/rustwide/target" "-w" "/opt/rustwide/workdir" "--user" "0:0" "249fac0370e7ab272f27ac297b2d70e4dc9037cad8b4012bb9966c8b1c90ca89" "/opt/rustwide/cargo-home/bin/cargo" "+1.100.0-beta.1" "metadata" "--no-deps" "--format-version=1", kill_on_drop: false }`
[INFO] running `Command { std: "docker" "inspect" "249fac0370e7ab272f27ac297b2d70e4dc9037cad8b4012bb9966c8b1c90ca89", kill_on_drop: false }`
[INFO] running `Command { std: "docker" "exec" "-e" "SOURCE_DIR=/opt/rustwide/workdir" "-e" "CARGO_HOME=/opt/rustwide/cargo-home" "-e" "RUSTUP_HOME=/opt/rustwide/rustup-home" "-e" "CARGO_TARGET_DIR=/opt/rustwide/target" "-e" "CARGO_INCREMENTAL=0" "-e" "RUST_BACKTRACE=full" "-e" "RUSTFLAGS=--cap-lints=warn" "-e" "RUSTDOCFLAGS=--cap-lints=warn" "-w" "/opt/rustwide/workdir" "--user" "0:0" "249fac0370e7ab272f27ac297b2d70e4dc9037cad8b4012bb9966c8b1c90ca89" "/opt/rustwide/cargo-home/bin/cargo" "+1.100.0-beta.1" "build" "--frozen" "--message-format=json" "--release", kill_on_drop: false }`
[INFO] [stderr] warning: `package.homepage` is redundant with `package.repository`
[INFO] [stderr]   --> Cargo.toml:43:12
[INFO] [stderr]    |
[INFO] [stderr] 43 | homepage = "https://github.com/MariaGolubev/nerd_gtk_icons"
[INFO] [stderr]    |            ^^^^^^^^^^^^^^^^^^^^^^^^^^^^^^^^^^^^^^^^^^^^^^^^
[INFO] [stderr] ...
[INFO] [stderr] 48 | repository = "https://github.com/MariaGolubev/nerd_gtk_icons"
[INFO] [stderr]    |              ------------------------------------------------
[INFO] [stderr]    |
[INFO] [stderr]    = note: `cargo::redundant_homepage` is set to `warn` by default
[INFO] [stderr] help: consider removing `package.homepage`
[INFO] [stderr] warning: `nerd_gtk_icons` (manifest) generated 1 warning
[INFO] [stderr]    Compiling target-lexicon v0.13.3
[INFO] [stderr]    Compiling winnow v1.0.3
[INFO] [stderr]    Compiling toml_datetime v1.1.1+spec-1.1.0
[INFO] [stderr]    Compiling smallvec v1.15.1
[INFO] [stderr]    Compiling serde_spanned v1.1.1
[INFO] [stderr]    Compiling version-compare v0.2.1
[INFO] [stderr]    Compiling futures-core v0.3.32
[INFO] [stderr]    Compiling futures-task v0.3.32
[INFO] [stderr]    Compiling libc v0.2.186
[INFO] [stderr]    Compiling memchr v2.8.0
[INFO] [stderr]    Compiling bitflags v2.11.1
[INFO] [stderr]    Compiling siphasher v1.0.3
[INFO] [stderr]    Compiling futures-macro v0.3.32
[INFO] [stderr]    Compiling glib-macros v0.22.6
[INFO] [stderr]    Compiling futures-io v0.3.32
[INFO] [stderr]    Compiling serde_derive v1.0.228
[INFO] [stderr]    Compiling futures-channel v0.3.32
[INFO] [stderr]    Compiling fastrand v2.4.1
[INFO] [stderr]    Compiling phf_shared v0.13.1
[INFO] [stderr]    Compiling toml_parser v1.1.2+spec-1.1.0
[INFO] [stderr]    Compiling phf_generator v0.13.1
[INFO] [stderr]    Compiling phf_macros v0.13.1
[INFO] [stderr]    Compiling futures-util v0.3.32
[INFO] [stderr]    Compiling toml v1.1.2+spec-1.1.0
[INFO] [stderr]    Compiling cfg-expr v0.20.7
[INFO] [stderr]    Compiling serde_json v1.0.150
[INFO] [stderr]    Compiling system-deps v7.0.8
[INFO] [stderr]    Compiling phf v0.13.1
[INFO] [stderr]    Compiling glib-sys v0.22.6
[INFO] [stderr]    Compiling gobject-sys v0.22.6
[INFO] [stderr]    Compiling gio-sys v0.22.0
[INFO] [stderr]    Compiling futures-executor v0.3.32
[INFO] [stderr]    Compiling serde v1.0.228
[INFO] [stderr]    Compiling glib v0.22.7
[INFO] [stderr]    Compiling gio v0.22.6
[INFO] [stderr]    Compiling glib-build-tools v0.22.0
[INFO] [stderr]    Compiling nerd_gtk_icons v0.1.1 (/opt/rustwide/workdir)
[INFO] [stderr]     Finished `release` profile [optimized] target(s) in 38.50s
[INFO] running `Command { std: "docker" "inspect" "249fac0370e7ab272f27ac297b2d70e4dc9037cad8b4012bb9966c8b1c90ca89", kill_on_drop: false }`
[INFO] running `Command { std: "docker" "exec" "-e" "SOURCE_DIR=/opt/rustwide/workdir" "-e" "CARGO_HOME=/opt/rustwide/cargo-home" "-e" "RUSTUP_HOME=/opt/rustwide/rustup-home" "-e" "CARGO_TARGET_DIR=/opt/rustwide/target" "-e" "CARGO_INCREMENTAL=0" "-e" "RUST_BACKTRACE=full" "-e" "RUSTFLAGS=--cap-lints=warn" "-e" "RUSTDOCFLAGS=--cap-lints=warn" "-w" "/opt/rustwide/workdir" "--user" "0:0" "249fac0370e7ab272f27ac297b2d70e4dc9037cad8b4012bb9966c8b1c90ca89" "/opt/rustwide/cargo-home/bin/cargo" "+1.100.0-beta.1" "test" "--frozen" "--no-run" "--message-format=json" "--release", kill_on_drop: false }`
[INFO] [stderr] warning: `package.homepage` is redundant with `package.repository`
[INFO] [stderr]   --> Cargo.toml:43:12
[INFO] [stderr]    |
[INFO] [stderr] 43 | homepage = "https://github.com/MariaGolubev/nerd_gtk_icons"
[INFO] [stderr]    |            ^^^^^^^^^^^^^^^^^^^^^^^^^^^^^^^^^^^^^^^^^^^^^^^^
[INFO] [stderr] ...
[INFO] [stderr] 48 | repository = "https://github.com/MariaGolubev/nerd_gtk_icons"
[INFO] [stderr]    |              ------------------------------------------------
[INFO] [stderr]    |
[INFO] [stderr]    = note: `cargo::redundant_homepage` is set to `warn` by default
[INFO] [stderr] help: consider removing `package.homepage`
[INFO] [stderr] warning: `nerd_gtk_icons` (manifest) generated 1 warning
[INFO] [stderr]    Compiling toml v1.1.2+spec-1.1.0
[INFO] [stderr]    Compiling memoffset v0.9.1
[INFO] [stderr]    Compiling field-offset v0.3.6
[INFO] [stderr]    Compiling toml_edit v0.25.11+spec-1.1.0
[INFO] [stderr]    Compiling system-deps v7.0.8
[INFO] [stderr]    Compiling proc-macro-crate v3.5.0
[INFO] [stderr]    Compiling glib-sys v0.22.6
[INFO] [stderr]    Compiling gobject-sys v0.22.6
[INFO] [stderr]    Compiling gio-sys v0.22.0
[INFO] [stderr]    Compiling cairo-sys-rs v0.22.0
[INFO] [stderr]    Compiling gdk-pixbuf-sys v0.22.0
[INFO] [stderr]    Compiling pango-sys v0.22.0
[INFO] [stderr]    Compiling gdk4-sys v0.11.2
[INFO] [stderr]    Compiling graphene-sys v0.22.0
[INFO] [stderr]    Compiling gsk4-sys v0.11.1
[INFO] [stderr]    Compiling gtk4-sys v0.11.3
[INFO] [stderr]    Compiling libadwaita-sys v0.9.1
[INFO] [stderr]    Compiling gtk4-macros v0.11.0
[INFO] [stderr]    Compiling glib v0.22.7
[INFO] [stderr]    Compiling gio v0.22.6
[INFO] [stderr]    Compiling cairo-rs v0.22.0
[INFO] [stderr]    Compiling graphene-rs v0.22.0
[INFO] [stderr]    Compiling glib-build-tools v0.22.0
[INFO] [stderr]    Compiling nerd_gtk_icons v0.1.1 (/opt/rustwide/workdir)
[INFO] [stderr]    Compiling gdk-pixbuf v0.22.0
[INFO] [stderr]    Compiling pango v0.22.6
[INFO] [stderr]    Compiling gdk4 v0.11.2
[INFO] [stderr]    Compiling gsk4 v0.11.1
[INFO] [stderr]    Compiling gtk4 v0.11.3
[INFO] [stderr]    Compiling libadwaita v0.9.1
[INFO] [stderr]     Finished `release` profile [optimized] target(s) in 1m 27s
[INFO] running `Command { std: "docker" "inspect" "249fac0370e7ab272f27ac297b2d70e4dc9037cad8b4012bb9966c8b1c90ca89", kill_on_drop: false }`
[INFO] running `Command { std: "docker" "exec" "-e" "SOURCE_DIR=/opt/rustwide/workdir" "-e" "CARGO_HOME=/opt/rustwide/cargo-home" "-e" "RUSTUP_HOME=/opt/rustwide/rustup-home" "-e" "CARGO_TARGET_DIR=/opt/rustwide/target" "-e" "CARGO_INCREMENTAL=0" "-e" "RUST_BACKTRACE=full" "-e" "RUSTFLAGS=--cap-lints=warn" "-e" "RUSTDOCFLAGS=--cap-lints=warn" "-w" "/opt/rustwide/workdir" "--user" "0:0" "249fac0370e7ab272f27ac297b2d70e4dc9037cad8b4012bb9966c8b1c90ca89" "/opt/rustwide/cargo-home/bin/cargo" "+1.100.0-beta.1" "test" "--frozen" "--release", kill_on_drop: false }`
[INFO] [stderr] warning: `package.homepage` is redundant with `package.repository`
[INFO] [stderr]   --> Cargo.toml:43:12
[INFO] [stderr]    |
[INFO] [stderr] 43 | homepage = "https://github.com/MariaGolubev/nerd_gtk_icons"
[INFO] [stderr]    |            ^^^^^^^^^^^^^^^^^^^^^^^^^^^^^^^^^^^^^^^^^^^^^^^^
[INFO] [stderr] ...
[INFO] [stderr] 48 | repository = "https://github.com/MariaGolubev/nerd_gtk_icons"
[INFO] [stderr]    |              ------------------------------------------------
[INFO] [stderr]    |
[INFO] [stderr]    = note: `cargo::redundant_homepage` is set to `warn` by default
[INFO] [stderr] help: consider removing `package.homepage`
[INFO] [stderr] warning: `nerd_gtk_icons` (manifest) generated 1 warning
[INFO] [stderr]    Compiling nerd_gtk_icons v0.1.1 (/opt/rustwide/workdir)
[INFO] [stderr]     Finished `release` profile [optimized] target(s) in 5.18s
[INFO] [stderr]      Running unittests src/lib.rs (/opt/rustwide/target/release/build/nerd_gtk_icons/902b58654035c433/out/nerd_gtk_icons-902b58654035c433)
[INFO] [stdout] 
[INFO] [stdout] running 0 tests
[INFO] [stdout] 
[INFO] [stderr]    Doc-tests nerd_gtk_icons
[INFO] [stdout] test result: ok. 0 passed; 0 failed; 0 ignored; 0 measured; 0 filtered out; finished in 0.00s
[INFO] [stdout] 
[INFO] [stdout] 
[INFO] [stdout] running 4 tests
[INFO] [stdout] test src/lib.rs - icons (line 65) ... FAILED
[INFO] [stdout] test src/lib.rs - ICONS_RESOURCE_PATH (line 52) ... FAILED
[INFO] [stdout] test src/lib.rs - register_icons (line 25) - compile ... ok
[INFO] [stdout] test src/lib.rs - codepoint_map (line 83) ... FAILED
[INFO] [stdout] 
[INFO] [stdout] failures:
[INFO] [stdout] 
[INFO] [stdout] ---- src/lib.rs - icons (line 65) stdout ----
[INFO] [stdout] error[E0432]: unresolved import `nerd_gtk_icons::icons::NF_LINUX_SYMBOLIC`
[INFO] [stdout]   --> src/lib.rs:67:5
[INFO] [stdout]    |
[INFO] [stdout] 67 | use nerd_gtk_icons::icons::NF_LINUX_SYMBOLIC;
[INFO] [stdout]    |     ^^^^^^^^^^^^^^^^^^^^^^^-----------------
[INFO] [stdout]    |                            |
[INFO] [stdout]    |                            no `NF_LINUX_SYMBOLIC` in `icons`
[INFO] [stdout]    |
[INFO] [stdout] help: a similar name exists in the module
[INFO] [stdout]    |
[INFO] [stdout] 67 | use nerd_gtk_icons::icons::NF_FA_LINUX_SYMBOLIC;
[INFO] [stdout]    |                               +++
[INFO] [stdout] 
[INFO] [stdout] error: aborting due to 1 previous error
[INFO] [stdout] 
[INFO] [stdout] For more information about this error, try `rustc --explain E0432`.
[INFO] [stdout] Couldn't compile the test.
[INFO] [stdout] ---- src/lib.rs - ICONS_RESOURCE_PATH (line 52) stdout ----
[INFO] [stdout] error[E0425]: cannot find value `theme` in this scope
[INFO] [stdout]   --> src/lib.rs:53:1
[INFO] [stdout]    |
[INFO] [stdout] 53 | theme.add_resource_path(ICONS_RESOURCE_PATH);
[INFO] [stdout]    | ^^^^^ not found in this scope
[INFO] [stdout] 
[INFO] [stdout] error[E0425]: cannot find value `ICONS_RESOURCE_PATH` in this scope
[INFO] [stdout]   --> src/lib.rs:53:25
[INFO] [stdout]    |
[INFO] [stdout] 53 | theme.add_resource_path(ICONS_RESOURCE_PATH);
[INFO] [stdout]    |                         ^^^^^^^^^^^^^^^^^^^ not found in this scope
[INFO] [stdout] 
[INFO] [stdout] error: aborting due to 2 previous errors
[INFO] [stdout] 
[INFO] [stdout] For more information about this error, try `rustc --explain E0425`.
[INFO] [stdout] Couldn't compile the test.
[INFO] [stdout] ---- src/lib.rs - codepoint_map (line 83) stdout ----
[INFO] [stdout] error[E0308]: mismatched types
[INFO] [stdout]    --> src/lib.rs:87:22
[INFO] [stdout]     |
[INFO] [stdout]  87 | let name = ICONS.get(&0xE68B);
[INFO] [stdout]     |                  --- ^^^^^^^ expected `&char`, found `&u8`
[INFO] [stdout]     |                  |
[INFO] [stdout]     |                  arguments to this method are incorrect
[INFO] [stdout]     |
[INFO] [stdout]     = note: expected reference `&char`
[INFO] [stdout]                found reference `&u8`
[INFO] [stdout] note: method defined here
[INFO] [stdout]    --> /opt/rustwide/cargo-home/registry/src/index.crates.io-1949cf8c6b5b557f/phf-0.13.1/src/map.rs:105:12
[INFO] [stdout]     |
[INFO] [stdout] 105 |     pub fn get<T>(&self, key: &T) -> Option<&V>
[INFO] [stdout]     |            ^^^
[INFO] [stdout] 
[INFO] [stdout] error: aborting due to 1 previous error
[INFO] [stdout] 
[INFO] [stdout] For more information about this error, try `rustc --explain E0308`.
[INFO] [stdout] Couldn't compile the test.
[INFO] [stdout] 
[INFO] [stdout] failures:
[INFO] [stdout]     src/lib.rs - ICONS_RESOURCE_PATH (line 52)
[INFO] [stdout]     src/lib.rs - codepoint_map (line 83)
[INFO] [stdout]     src/lib.rs - icons (line 65)
[INFO] [stdout] 
[INFO] [stdout] test result: FAILED. 1 passed; 3 failed; 0 ignored; 0 measured; 0 filtered out; finished in 0.15s
[INFO] [stdout] 
[INFO] [stdout] all doctests ran in 0.42s; merged doctests compilation took 0.27s
[INFO] [stderr] error: doctest failed, to rerun pass `--doc`
[INFO] running `Command { std: "docker" "inspect" "249fac0370e7ab272f27ac297b2d70e4dc9037cad8b4012bb9966c8b1c90ca89", kill_on_drop: false }`
[INFO] running `Command { std: "docker" "rm" "-f" "249fac0370e7ab272f27ac297b2d70e4dc9037cad8b4012bb9966c8b1c90ca89", kill_on_drop: false }`
[INFO] [stdout] 249fac0370e7ab272f27ac297b2d70e4dc9037cad8b4012bb9966c8b1c90ca89
