[INFO] fetching crate neocrates-helper 0.1.1...
[INFO] testing neocrates-helper-0.1.1 against 1.99.0-beta.8+cargoflags=--release for beta-release-1.100-2
[INFO] extracting crate neocrates-helper 0.1.1 into /workspace/builds/worker-6-tc1/source
[INFO] started tweaking crates.io crate neocrates-helper 0.1.1
[INFO] finished tweaking crates.io crate neocrates-helper 0.1.1
[INFO] tweaked toml for crates.io crate neocrates-helper 0.1.1 written to /workspace/builds/worker-6-tc1/source/Cargo.toml
[INFO] validating manifest of crates.io crate neocrates-helper 0.1.1 on toolchain 1.99.0-beta.8
[INFO] running `Command { std: CARGO_HOME="/workspace/cargo-home" RUSTUP_HOME="/workspace/rustup-home" "/workspace/cargo-home/bin/cargo" "+1.99.0-beta.8" "metadata" "--manifest-path" "Cargo.toml" "--no-deps", kill_on_drop: false }`
[INFO] crate crates.io crate neocrates-helper 0.1.1 already has a lockfile, it will not be regenerated
[INFO] running `Command { std: CARGO_HOME="/workspace/cargo-home" RUSTUP_HOME="/workspace/rustup-home" "/workspace/cargo-home/bin/cargo" "+1.99.0-beta.8" "fetch" "--manifest-path" "Cargo.toml", kill_on_drop: false }`
[INFO] [stderr]     Updating crates.io index
[INFO] [stderr]  Downloading crates ...
[INFO] [stderr]   Downloaded crockford v1.2.1
[INFO] running `Command { std: "docker" "create" "-v" "/var/lib/crater-agent-workspace/builds/worker-6-tc1/source:/opt/rustwide/workdir:ro,Z" "-v" "/var/lib/crater-agent-workspace/builds/worker-6-tc1/target:/opt/rustwide/target:rw,Z" "-v" "/var/lib/crater-agent-workspace/cargo-home:/opt/rustwide/cargo-home:ro,Z" "-v" "/var/lib/crater-agent-workspace/rustup-home:/opt/rustwide/rustup-home:ro,Z" "-m" "1610612736" "--network" "none" "ghcr.io/rust-lang/crates-build-env/linux@sha256:77db811e55d90add9212f6832c23229e3de5f1c1f9905e8cb07319ea15df73ac" "sleep" "infinity", kill_on_drop: false }`
[INFO] [stdout] b8831457767dd9d2b881bc2879b999dd93d146c9f587306acdfda2e312ac60ba
[INFO] running `Command { std: "docker" "start" "b8831457767dd9d2b881bc2879b999dd93d146c9f587306acdfda2e312ac60ba", kill_on_drop: false }`
[INFO] running `Command { std: "docker" "inspect" "b8831457767dd9d2b881bc2879b999dd93d146c9f587306acdfda2e312ac60ba", kill_on_drop: false }`
[INFO] running `Command { std: "docker" "exec" "-e" "SOURCE_DIR=/opt/rustwide/workdir" "-e" "CARGO_HOME=/opt/rustwide/cargo-home" "-e" "RUSTUP_HOME=/opt/rustwide/rustup-home" "-e" "CARGO_TARGET_DIR=/opt/rustwide/target" "-w" "/opt/rustwide/workdir" "--user" "0:0" "b8831457767dd9d2b881bc2879b999dd93d146c9f587306acdfda2e312ac60ba" "/opt/rustwide/cargo-home/bin/cargo" "+1.99.0-beta.8" "metadata" "--no-deps" "--format-version=1", kill_on_drop: false }`
[INFO] running `Command { std: "docker" "inspect" "b8831457767dd9d2b881bc2879b999dd93d146c9f587306acdfda2e312ac60ba", kill_on_drop: false }`
[INFO] running `Command { std: "docker" "exec" "-e" "SOURCE_DIR=/opt/rustwide/workdir" "-e" "CARGO_HOME=/opt/rustwide/cargo-home" "-e" "RUSTUP_HOME=/opt/rustwide/rustup-home" "-e" "CARGO_TARGET_DIR=/opt/rustwide/target" "-e" "CARGO_INCREMENTAL=0" "-e" "RUST_BACKTRACE=full" "-e" "RUSTFLAGS=--cap-lints=warn" "-e" "RUSTDOCFLAGS=--cap-lints=warn" "-w" "/opt/rustwide/workdir" "--user" "0:0" "b8831457767dd9d2b881bc2879b999dd93d146c9f587306acdfda2e312ac60ba" "/opt/rustwide/cargo-home/bin/cargo" "+1.99.0-beta.8" "build" "--frozen" "--message-format=json" "--release", kill_on_drop: false }`
[INFO] [stderr]    Compiling proc-macro2 v1.0.103
[INFO] [stderr]    Compiling icu_properties_data v2.1.1
[INFO] [stderr]    Compiling find-msvc-tools v0.1.5
[INFO] [stderr]    Compiling jobserver v0.1.34
[INFO] [stderr]    Compiling zerocopy v0.8.31
[INFO] [stderr]    Compiling getrandom v0.3.4
[INFO] [stderr]    Compiling libm v0.2.15
[INFO] [stderr]    Compiling num-traits v0.2.19
[INFO] [stderr]    Compiling rand_core v0.9.3
[INFO] [stderr]    Compiling aho-corasick v1.1.4
[INFO] [stderr]    Compiling regex-syntax v0.8.8
[INFO] [stderr]    Compiling zstd-safe v7.2.4
[INFO] [stderr]    Compiling cc v1.2.48
[INFO] [stderr]    Compiling tracing-core v0.1.35
[INFO] [stderr]    Compiling tokio v1.48.0
[INFO] [stderr]    Compiling uuid v1.19.0
[INFO] [stderr]    Compiling quote v1.0.42
[INFO] [stderr]    Compiling crockford v1.2.1
[INFO] [stderr]    Compiling strum v0.27.2
[INFO] [stderr]    Compiling syn v2.0.111
[INFO] [stderr]    Compiling zstd-sys v2.0.16+zstd.1.5.7
[INFO] [stderr]    Compiling regex-automata v0.4.13
[INFO] [stderr]    Compiling chrono v0.4.42
[INFO] [stderr]    Compiling ppv-lite86 v0.2.21
[INFO] [stderr]    Compiling rand_chacha v0.9.0
[INFO] [stderr]    Compiling rand v0.9.2
[INFO] [stderr]    Compiling rand_distr v0.5.1
[INFO] [stderr]    Compiling regex v1.12.2
[INFO] [stderr]    Compiling synstructure v0.13.2
[INFO] [stderr]    Compiling zerofrom-derive v0.1.6
[INFO] [stderr]    Compiling zerofrom v0.1.6
[INFO] [stderr]    Compiling yoke-derive v0.8.1
[INFO] [stderr]    Compiling yoke v0.8.1
[INFO] [stderr]    Compiling zerovec-derive v0.11.2
[INFO] [stderr]    Compiling zerovec v0.11.5
[INFO] [stderr]    Compiling displaydoc v0.2.5
[INFO] [stderr]    Compiling potential_utf v0.1.4
[INFO] [stderr]    Compiling serde_derive v1.0.228
[INFO] [stderr]    Compiling tinystr v0.8.2
[INFO] [stderr]    Compiling icu_locale_core v2.1.1
[INFO] [stderr]    Compiling zerotrie v0.2.3
[INFO] [stderr]    Compiling icu_provider v2.1.1
[INFO] [stderr]    Compiling icu_collections v2.1.1
[INFO] [stderr]    Compiling tracing-attributes v0.1.31
[INFO] [stderr]    Compiling icu_normalizer v2.1.1
[INFO] [stderr]    Compiling icu_properties v2.1.1
[INFO] [stderr]    Compiling tracing v0.1.43
[INFO] [stderr]    Compiling strum_macros v0.27.2
[INFO] [stderr]    Compiling serde v1.0.228
[INFO] [stderr]    Compiling serde_yaml v0.9.34+deprecated
[INFO] [stderr]    Compiling idna_adapter v1.2.1
[INFO] [stderr]    Compiling idna v1.1.0
[INFO] [stderr]    Compiling url v2.5.7
[INFO] [stderr]    Compiling validator v0.20.0
[INFO] [stderr]    Compiling zstd v0.13.3
[INFO] [stderr]    Compiling neocrates-helper v0.1.1 (/opt/rustwide/workdir)
[INFO] [stderr]     Finished `release` profile [optimized] target(s) in 2m 34s
[INFO] running `Command { std: "docker" "inspect" "b8831457767dd9d2b881bc2879b999dd93d146c9f587306acdfda2e312ac60ba", kill_on_drop: false }`
[INFO] running `Command { std: "docker" "exec" "-e" "SOURCE_DIR=/opt/rustwide/workdir" "-e" "CARGO_HOME=/opt/rustwide/cargo-home" "-e" "RUSTUP_HOME=/opt/rustwide/rustup-home" "-e" "CARGO_TARGET_DIR=/opt/rustwide/target" "-e" "CARGO_INCREMENTAL=0" "-e" "RUST_BACKTRACE=full" "-e" "RUSTFLAGS=--cap-lints=warn" "-e" "RUSTDOCFLAGS=--cap-lints=warn" "-w" "/opt/rustwide/workdir" "--user" "0:0" "b8831457767dd9d2b881bc2879b999dd93d146c9f587306acdfda2e312ac60ba" "/opt/rustwide/cargo-home/bin/cargo" "+1.99.0-beta.8" "test" "--frozen" "--no-run" "--message-format=json" "--release", kill_on_drop: false }`
[INFO] [stderr]    Compiling neocrates-helper v0.1.1 (/opt/rustwide/workdir)
[INFO] [stderr]     Finished `release` profile [optimized] target(s) in 1.60s
[INFO] running `Command { std: "docker" "inspect" "b8831457767dd9d2b881bc2879b999dd93d146c9f587306acdfda2e312ac60ba", kill_on_drop: false }`
[INFO] running `Command { std: "docker" "exec" "-e" "SOURCE_DIR=/opt/rustwide/workdir" "-e" "CARGO_HOME=/opt/rustwide/cargo-home" "-e" "RUSTUP_HOME=/opt/rustwide/rustup-home" "-e" "CARGO_TARGET_DIR=/opt/rustwide/target" "-e" "CARGO_INCREMENTAL=0" "-e" "RUST_BACKTRACE=full" "-e" "RUSTFLAGS=--cap-lints=warn" "-e" "RUSTDOCFLAGS=--cap-lints=warn" "-w" "/opt/rustwide/workdir" "--user" "0:0" "b8831457767dd9d2b881bc2879b999dd93d146c9f587306acdfda2e312ac60ba" "/opt/rustwide/cargo-home/bin/cargo" "+1.99.0-beta.8" "test" "--frozen" "--release", kill_on_drop: false }`
[INFO] [stderr]     Finished `release` profile [optimized] target(s) in 0.12s
[INFO] [stderr]      Running unittests src/lib.rs (/opt/rustwide/target/release/deps/neocrates_helper-f760ef21ba47e058)
[INFO] [stdout] 
[INFO] [stdout] running 5 tests
[INFO] [stdout] test core::hashid::tests::test_snowflake_encode_decode ... ok
[INFO] [stdout] test core::hashid::tests::test_encode_decode ... ok
[INFO] [stdout] test core::serde_helpers::tests::test_encode ... ok
[INFO] [stdout] test core::serde_helpers::tests::test_decode ... ok
[INFO] [stdout] test core::snowflake::tests::snowflake_monotonic_and_unique ... ok
[INFO] [stdout] 
[INFO] [stdout] test result: ok. 5 passed; 0 failed; 0 ignored; 0 measured; 0 filtered out; finished in 0.02s
[INFO] [stdout] 
[INFO] [stderr]    Doc-tests neocrates_helper
[INFO] [stdout] 
[INFO] [stdout] running 2 tests
[INFO] [stdout] test src/core/loader.rs - core::loader::load_named_config (line 33) ... FAILED
[INFO] [stdout] test src/core/loader.rs - core::loader::load_config (line 72) ... FAILED
[INFO] [stdout] 
[INFO] [stdout] failures:
[INFO] [stdout] 
[INFO] [stdout] ---- src/core/loader.rs - core::loader::load_named_config (line 33) stdout ----
[INFO] [stdout] error[E0433]: cannot find module or crate `loader` in this scope
[INFO] [stdout]   --> src/core/loader.rs:43:23
[INFO] [stdout]    |
[INFO] [stdout] 43 | if let Some(config) = loader::load_named_config::<AppConfig>(Path::new("custom-config.yml")) {
[INFO] [stdout]    |                       ^^^^^^ use of unresolved module or unlinked crate `loader`
[INFO] [stdout]    |
[INFO] [stdout] help: to make use of source file src/core/loader.rs, use `mod loader` in this file to declare the module
[INFO] [stdout]    |
[INFO] [stdout] 33 + mod loader;
[INFO] [stdout]    |
[INFO] [stdout] 
[INFO] [stdout] error: aborting due to 1 previous error
[INFO] [stdout] 
[INFO] [stdout] For more information about this error, try `rustc --explain E0433`.
[INFO] [stdout] Couldn't compile the test.
[INFO] [stdout] ---- src/core/loader.rs - core::loader::load_config (line 72) stdout ----
[INFO] [stdout] error[E0433]: cannot find module or crate `loader` in this scope
[INFO] [stdout]   --> src/core/loader.rs:84:23
[INFO] [stdout]    |
[INFO] [stdout] 84 | if let Some(config) = loader::load_config::<AppConfig>() {
[INFO] [stdout]    |                       ^^^^^^ use of unresolved module or unlinked crate `loader`
[INFO] [stdout]    |
[INFO] [stdout] help: to make use of source file src/core/loader.rs, use `mod loader` in this file to declare the module
[INFO] [stdout]    |
[INFO] [stdout] 72 + mod loader;
[INFO] [stdout]    |
[INFO] [stdout] 
[INFO] [stdout] error: aborting due to 1 previous error
[INFO] [stdout] 
[INFO] [stdout] For more information about this error, try `rustc --explain E0433`.
[INFO] [stdout] Couldn't compile the test.
[INFO] [stdout] 
[INFO] [stdout] failures:
[INFO] [stdout]     src/core/loader.rs - core::loader::load_config (line 72)
[INFO] [stdout]     src/core/loader.rs - core::loader::load_named_config (line 33)
[INFO] [stdout] 
[INFO] [stdout] test result: FAILED. 0 passed; 2 failed; 0 ignored; 0 measured; 0 filtered out; finished in 0.21s
[INFO] [stdout] 
[INFO] [stdout] all doctests ran in 0.45s; merged doctests compilation took 0.25s
[INFO] [stderr] error: doctest failed, to rerun pass `--doc`
[INFO] running `Command { std: "docker" "inspect" "b8831457767dd9d2b881bc2879b999dd93d146c9f587306acdfda2e312ac60ba", kill_on_drop: false }`
[INFO] running `Command { std: "docker" "rm" "-f" "b8831457767dd9d2b881bc2879b999dd93d146c9f587306acdfda2e312ac60ba", kill_on_drop: false }`
[INFO] [stdout] b8831457767dd9d2b881bc2879b999dd93d146c9f587306acdfda2e312ac60ba
