[INFO] fetching crate nemo-relay-switchyard 0.7.3...
[INFO] testing nemo-relay-switchyard-0.7.3 against 1.99.0-beta.8+cargoflags=--release for beta-release-1.100-2
[INFO] extracting crate nemo-relay-switchyard 0.7.3 into /workspace/builds/worker-6-tc1/source
[INFO] started tweaking crates.io crate nemo-relay-switchyard 0.7.3
[INFO] removed 0 missing tests
[INFO] finished tweaking crates.io crate nemo-relay-switchyard 0.7.3
[INFO] tweaked toml for crates.io crate nemo-relay-switchyard 0.7.3 written to /workspace/builds/worker-6-tc1/source/Cargo.toml
[INFO] validating manifest of crates.io crate nemo-relay-switchyard 0.7.3 on toolchain 1.99.0-beta.8
[INFO] running `Command { std: CARGO_HOME="/workspace/cargo-home" RUSTUP_HOME="/workspace/rustup-home" "/workspace/cargo-home/bin/cargo" "+1.99.0-beta.8" "metadata" "--manifest-path" "Cargo.toml" "--no-deps", kill_on_drop: false }`
[INFO] crate crates.io crate nemo-relay-switchyard 0.7.3 already has a lockfile, it will not be regenerated
[INFO] running `Command { std: CARGO_HOME="/workspace/cargo-home" RUSTUP_HOME="/workspace/rustup-home" "/workspace/cargo-home/bin/cargo" "+1.99.0-beta.8" "fetch" "--manifest-path" "Cargo.toml", kill_on_drop: false }`
[INFO] [stderr]     Updating crates.io index
[INFO] [stderr]  Downloading crates ...
[INFO] [stderr]   Downloaded switchyard-translation v0.1.0
[INFO] [stderr]   Downloaded wasm-bindgen-futures v0.4.68
[INFO] [stderr]   Downloaded switchyard-protocol v0.1.0
[INFO] [stderr]   Downloaded sval_fmt v2.20.0
[INFO] [stderr]   Downloaded value-bag-serde1 v1.13.0
[INFO] [stderr]   Downloaded serde_fmt v1.1.0
[INFO] [stderr]   Downloaded crypto-common v0.2.1
[INFO] [stderr]   Downloaded serde_buf v0.1.2
[INFO] [stderr]   Downloaded sval_dynamic v2.20.0
[INFO] [stderr]   Downloaded spdlog-macros v0.3.1
[INFO] [stderr]   Downloaded sval_json v2.20.0
[INFO] [stderr]   Downloaded env_filter v0.1.4
[INFO] [stderr]   Downloaded value-bag-sval2 v1.13.0
[INFO] [stderr]   Downloaded sval_ref v2.20.0
[INFO] [stderr]   Downloaded spdlog-internal v0.2.1
[INFO] [stderr]   Downloaded sval_serde v2.20.0
[INFO] [stderr]   Downloaded hyper-timeout v0.5.2
[INFO] [stderr]   Downloaded typed-builder-macro v0.23.2
[INFO] [stderr]   Downloaded tonic-types v0.14.5
[INFO] [stderr]   Downloaded sval_nested v2.20.0
[INFO] [stderr]   Downloaded sval_buffer v2.20.0
[INFO] [stderr]   Downloaded block-buffer v0.12.0
[INFO] [stderr]   Downloaded digest v0.11.2
[INFO] [stderr]   Downloaded nemo-relay-types v0.7.3
[INFO] [stderr]   Downloaded typed-builder v0.23.2
[INFO] [stderr]   Downloaded hybrid-array v0.4.10
[INFO] [stderr]   Downloaded prost-types v0.14.3
[INFO] [stderr]   Downloaded nemo-relay-plugin v0.7.3
[INFO] [stderr]   Downloaded value-bag v1.13.0
[INFO] [stderr]   Downloaded sval v2.20.0
[INFO] [stderr]   Downloaded arc-swap v1.9.1
[INFO] [stderr]   Downloaded rand v0.9.3
[INFO] [stderr]   Downloaded spdlog-rs v0.5.3
[INFO] [stderr]   Downloaded opentelemetry-semantic-conventions v0.32.1
[INFO] [stderr]   Downloaded nom v8.0.0
[INFO] [stderr]   Downloaded aws-lc-rs v1.17.3
[INFO] [stderr]   Downloaded winnow v1.0.1
[INFO] [stderr]   Downloaded quinn-proto v0.11.15
[INFO] [stderr]   Downloaded nemo-relay v0.7.3
[INFO] [stderr]   Downloaded tokio v1.51.1
[INFO] [stderr]   Downloaded aws-lc-sys v0.43.0
[INFO] running `Command { std: "docker" "create" "-v" "/var/lib/crater-agent-workspace/builds/worker-6-tc1/source:/opt/rustwide/workdir:ro,Z" "-v" "/var/lib/crater-agent-workspace/builds/worker-6-tc1/target:/opt/rustwide/target:rw,Z" "-v" "/var/lib/crater-agent-workspace/cargo-home:/opt/rustwide/cargo-home:ro,Z" "-v" "/var/lib/crater-agent-workspace/rustup-home:/opt/rustwide/rustup-home:ro,Z" "-m" "1610612736" "--network" "none" "ghcr.io/rust-lang/crates-build-env/linux@sha256:77db811e55d90add9212f6832c23229e3de5f1c1f9905e8cb07319ea15df73ac" "sleep" "infinity", kill_on_drop: false }`
[INFO] [stdout] 72aac45beb6d1f5e1d19cc769a95a2515eeee5d260b711905e73b5c9b73e581b
[INFO] running `Command { std: "docker" "start" "72aac45beb6d1f5e1d19cc769a95a2515eeee5d260b711905e73b5c9b73e581b", kill_on_drop: false }`
[INFO] running `Command { std: "docker" "inspect" "72aac45beb6d1f5e1d19cc769a95a2515eeee5d260b711905e73b5c9b73e581b", kill_on_drop: false }`
[INFO] running `Command { std: "docker" "exec" "-e" "SOURCE_DIR=/opt/rustwide/workdir" "-e" "CARGO_HOME=/opt/rustwide/cargo-home" "-e" "RUSTUP_HOME=/opt/rustwide/rustup-home" "-e" "CARGO_TARGET_DIR=/opt/rustwide/target" "-w" "/opt/rustwide/workdir" "--user" "0:0" "72aac45beb6d1f5e1d19cc769a95a2515eeee5d260b711905e73b5c9b73e581b" "/opt/rustwide/cargo-home/bin/cargo" "+1.99.0-beta.8" "metadata" "--no-deps" "--format-version=1", kill_on_drop: false }`
[INFO] running `Command { std: "docker" "inspect" "72aac45beb6d1f5e1d19cc769a95a2515eeee5d260b711905e73b5c9b73e581b", kill_on_drop: false }`
[INFO] running `Command { std: "docker" "exec" "-e" "SOURCE_DIR=/opt/rustwide/workdir" "-e" "CARGO_HOME=/opt/rustwide/cargo-home" "-e" "RUSTUP_HOME=/opt/rustwide/rustup-home" "-e" "CARGO_TARGET_DIR=/opt/rustwide/target" "-e" "CARGO_INCREMENTAL=0" "-e" "RUST_BACKTRACE=full" "-e" "RUSTFLAGS=--cap-lints=warn" "-e" "RUSTDOCFLAGS=--cap-lints=warn" "-w" "/opt/rustwide/workdir" "--user" "0:0" "72aac45beb6d1f5e1d19cc769a95a2515eeee5d260b711905e73b5c9b73e581b" "/opt/rustwide/cargo-home/bin/cargo" "+1.99.0-beta.8" "build" "--frozen" "--message-format=json" "--release", kill_on_drop: false }`
[INFO] [stderr]    Compiling syn v2.0.117
[INFO] [stderr]    Compiling libc v0.2.185
[INFO] [stderr]    Compiling futures-core v0.3.32
[INFO] [stderr]    Compiling bytes v1.11.1
[INFO] [stderr]    Compiling log v0.4.29
[INFO] [stderr]    Compiling futures-sink v0.3.32
[INFO] [stderr]    Compiling serde_core v1.0.228
[INFO] [stderr]    Compiling pkg-config v0.3.33
[INFO] [stderr]    Compiling smallvec v1.15.1
[INFO] [stderr]    Compiling dunce v1.0.5
[INFO] [stderr]    Compiling fs_extra v1.3.0
[INFO] [stderr]    Compiling stable_deref_trait v1.2.1
[INFO] [stderr]    Compiling zeroize v1.8.2
[INFO] [stderr]    Compiling socket2 v0.6.3
[INFO] [stderr]    Compiling mio v1.2.0
[INFO] [stderr]    Compiling aws-lc-rs v1.17.3
[INFO] [stderr]    Compiling futures-io v0.3.32
[INFO] [stderr]    Compiling futures-task v0.3.32
[INFO] [stderr]    Compiling getrandom v0.2.17
[INFO] [stderr]    Compiling futures-channel v0.3.32
[INFO] [stderr]    Compiling rustls-pki-types v1.14.1
[INFO] [stderr]    Compiling rustls v0.23.40
[INFO] [stderr]    Compiling want v0.3.1
[INFO] [stderr]    Compiling subtle v2.6.1
[INFO] [stderr]    Compiling litemap v0.8.2
[INFO] [stderr]    Compiling serde v1.0.228
[INFO] [stderr]    Compiling writeable v0.6.3
[INFO] [stderr]    Compiling ipnet v2.12.0
[INFO] [stderr]    Compiling sync_wrapper v1.0.2
[INFO] [stderr]    Compiling icu_properties_data v2.2.0
[INFO] [stderr]    Compiling icu_normalizer_data v2.2.0
[INFO] [stderr]    Compiling utf8_iter v1.0.4
[INFO] [stderr]    Compiling tower-layer v0.3.3
[INFO] [stderr]    Compiling anyhow v1.0.102
[INFO] [stderr]    Compiling thiserror v2.0.18
[INFO] [stderr]    Compiling either v1.15.0
[INFO] [stderr]    Compiling crossbeam-utils v0.8.21
[INFO] [stderr]    Compiling zerocopy v0.8.48
[INFO] [stderr]    Compiling typenum v1.19.0
[INFO] [stderr]    Compiling num-traits v0.2.19
[INFO] [stderr]    Compiling rustls-native-certs v0.8.3
[INFO] [stderr]    Compiling itertools v0.14.0
[INFO] [stderr]    Compiling form_urlencoded v1.2.2
[INFO] [stderr]    Compiling iri-string v0.7.12
[INFO] [stderr]    Compiling crossbeam-epoch v0.9.20
[INFO] [stderr]    Compiling http v1.4.0
[INFO] [stderr]    Compiling aho-corasick v1.1.4
[INFO] [stderr]    Compiling crossbeam-deque v0.8.7
[INFO] [stderr]    Compiling semver v1.0.28
[INFO] [stderr]    Compiling regex-syntax v0.8.10
[INFO] [stderr]    Compiling memchr v2.8.0
[INFO] [stderr]    Compiling jobserver v0.1.35
[INFO] [stderr]    Compiling rustc_version v0.4.1
[INFO] [stderr]    Compiling cc v1.2.60
[INFO] [stderr]    Compiling hybrid-array v0.4.10
[INFO] [stderr]    Compiling parking_lot_core v0.9.12
[INFO] [stderr]    Compiling nom v8.0.0
[INFO] [stderr]    Compiling crossbeam-channel v0.5.16
[INFO] [stderr]    Compiling spdlog-rs v0.5.3
[INFO] [stderr]    Compiling http-body v1.0.1
[INFO] [stderr]    Compiling block-buffer v0.12.0
[INFO] [stderr]    Compiling crypto-common v0.2.1
[INFO] [stderr]    Compiling crossbeam-queue v0.3.13
[INFO] [stderr]    Compiling winnow v1.0.1
[INFO] [stderr]    Compiling http-body-util v0.1.3
[INFO] [stderr]    Compiling ryu v1.0.23
[INFO] [stderr]    Compiling const-oid v0.10.2
[INFO] [stderr]    Compiling unicode-general-category v1.1.0
[INFO] [stderr]    Compiling toml_parser v1.1.2+spec-1.1.0
[INFO] [stderr]    Compiling parking_lot v0.12.5
[INFO] [stderr]    Compiling arc-swap v1.9.1
[INFO] [stderr]    Compiling crossbeam v0.8.4
[INFO] [stderr]    Compiling toml_writer v1.1.1+spec-1.1.0
[INFO] [stderr]    Compiling cpufeatures v0.3.0
[INFO] [stderr]    Compiling dyn-clone v1.0.20
[INFO] [stderr]    Compiling winnow v0.7.15
[INFO] [stderr]    Compiling cmake v0.1.58
[INFO] [stderr]    Compiling value-bag v1.13.0
[INFO] [stderr]    Compiling digest v0.11.2
[INFO] [stderr]    Compiling regex-automata v0.4.14
[INFO] [stderr]    Compiling sha2 v0.11.0
[INFO] [stderr]    Compiling libloading v0.8.9
[INFO] [stderr]    Compiling aws-lc-sys v0.43.0
[INFO] [stderr]    Compiling ring v0.17.14
[INFO] [stderr]    Compiling bitflags v2.11.0
[INFO] [stderr]    Compiling serde_json v1.0.149
[INFO] [stderr]    Compiling toml_datetime v0.7.5+spec-1.1.0
[INFO] [stderr]    Compiling serde_spanned v1.1.1
[INFO] [stderr]    Compiling opentelemetry-semantic-conventions v0.32.1
[INFO] [stderr]    Compiling shell-words v1.1.1
[INFO] [stderr]    Compiling toml v0.9.12+spec-1.1.0
[INFO] [stderr]    Compiling synstructure v0.13.2
[INFO] [stderr]    Compiling spdlog-internal v0.2.1
[INFO] [stderr]    Compiling tokio-macros v2.7.0
[INFO] [stderr]    Compiling tracing-attributes v0.1.31
[INFO] [stderr]    Compiling zerofrom-derive v0.1.7
[INFO] [stderr]    Compiling yoke-derive v0.8.2
[INFO] [stderr]    Compiling futures-macro v0.3.32
[INFO] [stderr]    Compiling zerovec-derive v0.11.3
[INFO] [stderr]    Compiling displaydoc v0.2.5
[INFO] [stderr]    Compiling serde_derive v1.0.228
[INFO] [stderr]    Compiling thiserror-impl v2.0.18
[INFO] [stderr]    Compiling tokio v1.51.1
[INFO] [stderr]    Compiling async-trait v0.1.89
[INFO] [stderr]    Compiling futures-util v0.3.32
[INFO] [stderr]    Compiling prost-derive v0.14.3
[INFO] [stderr]    Compiling pin-project-internal v1.1.11
[INFO] [stderr]    Compiling ppv-lite86 v0.2.21
[INFO] [stderr]    Compiling bytemuck_derive v1.11.0
[INFO] [stderr]    Compiling zerofrom v0.1.7
[INFO] [stderr]    Compiling typed-builder-macro v0.23.2
[INFO] [stderr]    Compiling tracing v0.1.44
[INFO] [stderr]    Compiling yoke v0.8.2
[INFO] [stderr]    Compiling zerovec v0.11.6
[INFO] [stderr]    Compiling zerotrie v0.2.4
[INFO] [stderr]    Compiling rand_chacha v0.9.0
[INFO] [stderr]    Compiling opentelemetry v0.32.0
[INFO] [stderr]    Compiling tinystr v0.8.3
[INFO] [stderr]    Compiling potential_utf v0.1.5
[INFO] [stderr]    Compiling rand v0.9.3
[INFO] [stderr]    Compiling icu_collections v2.2.0
[INFO] [stderr]    Compiling prost v0.14.3
[INFO] [stderr]    Compiling pin-project v1.1.11
[INFO] [stderr]    Compiling bytemuck v1.25.1
[INFO] [stderr]    Compiling icu_locale_core v2.2.0
[INFO] [stderr]    Compiling regex v1.12.3
[INFO] [stderr]    Compiling atomic v0.6.1
[INFO] [stderr]    Compiling spdlog-macros v0.3.1
[INFO] [stderr]    Compiling typed-builder v0.23.2
[INFO] [stderr]    Compiling env_filter v0.1.4
[INFO] [stderr]    Compiling strum_macros v0.27.2
[INFO] [stderr]    Compiling async-stream-impl v0.3.6
[INFO] [stderr]    Compiling prost-types v0.14.3
[INFO] [stderr]    Compiling async-stream v0.3.6
[INFO] [stderr]    Compiling icu_provider v2.2.0
[INFO] [stderr]    Compiling chrono v0.4.44
[INFO] [stderr]    Compiling uuid v1.18.1
[INFO] [stderr]    Compiling serde_urlencoded v0.7.1
[INFO] [stderr]    Compiling switchyard-protocol v0.1.0
[INFO] [stderr]    Compiling icu_normalizer v2.2.0
[INFO] [stderr]    Compiling icu_properties v2.2.0
[INFO] [stderr]    Compiling futures-executor v0.3.32
[INFO] [stderr]    Compiling opentelemetry_sdk v0.32.1
[INFO] [stderr]    Compiling strum v0.27.2
[INFO] [stderr]    Compiling nemo-relay-types v0.7.3
[INFO] [stderr]    Compiling idna_adapter v1.2.1
[INFO] [stderr]    Compiling idna v1.1.0
[INFO] [stderr]    Compiling switchyard-translation v0.1.0
[INFO] [stderr]    Compiling url v2.5.8
[INFO] [stderr]    Compiling tokio-util v0.7.18
[INFO] [stderr]    Compiling h2 v0.4.13
[INFO] [stderr]    Compiling tower v0.5.3
[INFO] [stderr]    Compiling tokio-stream v0.1.18
[INFO] [stderr]    Compiling nemo-relay-plugin v0.7.3
[INFO] [stderr]    Compiling tower-http v0.6.8
[INFO] [stderr]    Compiling hyper v1.9.0
[INFO] [stderr]    Compiling hyper-util v0.1.20
[INFO] [stderr]    Compiling hyper-timeout v0.5.2
[INFO] [stderr]    Compiling rustls-webpki v0.103.13
[INFO] [stderr]    Compiling tokio-rustls v0.26.4
[INFO] [stderr]    Compiling rustls-platform-verifier v0.7.0
[INFO] [stderr]    Compiling tonic v0.14.5
[INFO] [stderr]    Compiling hyper-rustls v0.27.9
[INFO] [stderr]    Compiling reqwest v0.13.4
[INFO] [stderr]    Compiling reqwest v0.12.28
[INFO] [stderr]    Compiling tonic-prost v0.14.5
[INFO] [stderr]    Compiling tonic-types v0.14.5
[INFO] [stderr]    Compiling opentelemetry-proto v0.32.0
[INFO] [stderr]    Compiling opentelemetry-http v0.32.0
[INFO] [stderr]    Compiling opentelemetry-otlp v0.32.0
[INFO] [stderr]    Compiling nemo-relay v0.7.3
[INFO] [stderr]    Compiling nemo-relay-switchyard v0.7.3 (/opt/rustwide/workdir)
[INFO] [stderr]     Finished `release` profile [optimized] target(s) in 3m 49s
[INFO] running `Command { std: "docker" "inspect" "72aac45beb6d1f5e1d19cc769a95a2515eeee5d260b711905e73b5c9b73e581b", kill_on_drop: false }`
[INFO] running `Command { std: "docker" "exec" "-e" "SOURCE_DIR=/opt/rustwide/workdir" "-e" "CARGO_HOME=/opt/rustwide/cargo-home" "-e" "RUSTUP_HOME=/opt/rustwide/rustup-home" "-e" "CARGO_TARGET_DIR=/opt/rustwide/target" "-e" "CARGO_INCREMENTAL=0" "-e" "RUST_BACKTRACE=full" "-e" "RUSTFLAGS=--cap-lints=warn" "-e" "RUSTDOCFLAGS=--cap-lints=warn" "-w" "/opt/rustwide/workdir" "--user" "0:0" "72aac45beb6d1f5e1d19cc769a95a2515eeee5d260b711905e73b5c9b73e581b" "/opt/rustwide/cargo-home/bin/cargo" "+1.99.0-beta.8" "test" "--frozen" "--no-run" "--message-format=json" "--release", kill_on_drop: false }`
[INFO] [stderr]    Compiling serde_core v1.0.228
[INFO] [stderr]    Compiling httpdate v1.0.3
[INFO] [stderr]    Compiling tokio v1.51.1
[INFO] [stderr]    Compiling serde_json v1.0.149
[INFO] [stderr]    Compiling axum-core v0.5.6
[INFO] [stderr]    Compiling matchit v0.8.4
[INFO] [stderr]    Compiling serde v1.0.228
[INFO] [stderr]    Compiling bitflags v2.11.0
[INFO] [stderr]    Compiling serde_spanned v1.1.1
[INFO] [stderr]    Compiling toml_datetime v0.7.5+spec-1.1.0
[INFO] [stderr]    Compiling serde_path_to_error v0.1.20
[INFO] [stderr]    Compiling toml v0.9.12+spec-1.1.0
[INFO] [stderr]    Compiling chrono v0.4.44
[INFO] [stderr]    Compiling serde_urlencoded v0.7.1
[INFO] [stderr]    Compiling uuid v1.18.1
[INFO] [stderr]    Compiling switchyard-protocol v0.1.0
[INFO] [stderr]    Compiling switchyard-translation v0.1.0
[INFO] [stderr]    Compiling nemo-relay-types v0.7.3
[INFO] [stderr]    Compiling spdlog-rs v0.5.3
[INFO] [stderr]    Compiling tokio-util v0.7.18
[INFO] [stderr]    Compiling tokio-rustls v0.26.4
[INFO] [stderr]    Compiling h2 v0.4.13
[INFO] [stderr]    Compiling tower v0.5.3
[INFO] [stderr]    Compiling tokio-stream v0.1.18
[INFO] [stderr]    Compiling tower-http v0.6.8
[INFO] [stderr]    Compiling nemo-relay-plugin v0.7.3
[INFO] [stderr]    Compiling hyper v1.9.0
[INFO] [stderr]    Compiling hyper-util v0.1.20
[INFO] [stderr]    Compiling hyper-timeout v0.5.2
[INFO] [stderr]    Compiling hyper-rustls v0.27.9
[INFO] [stderr]    Compiling axum v0.8.9
[INFO] [stderr]    Compiling reqwest v0.13.4
[INFO] [stderr]    Compiling reqwest v0.12.28
[INFO] [stderr]    Compiling tonic v0.14.5
[INFO] [stderr]    Compiling opentelemetry-http v0.32.0
[INFO] [stderr]    Compiling tonic-prost v0.14.5
[INFO] [stderr]    Compiling tonic-types v0.14.5
[INFO] [stderr]    Compiling opentelemetry-proto v0.32.0
[INFO] [stderr]    Compiling opentelemetry-otlp v0.32.0
[INFO] [stderr]    Compiling nemo-relay v0.7.3
[INFO] [stderr]    Compiling nemo-relay-switchyard v0.7.3 (/opt/rustwide/workdir)
[INFO] [stderr]     Finished `release` profile [optimized] target(s) in 2m 06s
[INFO] running `Command { std: "docker" "inspect" "72aac45beb6d1f5e1d19cc769a95a2515eeee5d260b711905e73b5c9b73e581b", kill_on_drop: false }`
[INFO] running `Command { std: "docker" "exec" "-e" "SOURCE_DIR=/opt/rustwide/workdir" "-e" "CARGO_HOME=/opt/rustwide/cargo-home" "-e" "RUSTUP_HOME=/opt/rustwide/rustup-home" "-e" "CARGO_TARGET_DIR=/opt/rustwide/target" "-e" "CARGO_INCREMENTAL=0" "-e" "RUST_BACKTRACE=full" "-e" "RUSTFLAGS=--cap-lints=warn" "-e" "RUSTDOCFLAGS=--cap-lints=warn" "-w" "/opt/rustwide/workdir" "--user" "0:0" "72aac45beb6d1f5e1d19cc769a95a2515eeee5d260b711905e73b5c9b73e581b" "/opt/rustwide/cargo-home/bin/cargo" "+1.99.0-beta.8" "test" "--frozen" "--release", kill_on_drop: false }`
[INFO] [stderr]     Finished `release` profile [optimized] target(s) in 0.37s
[INFO] [stderr]      Running unittests src/lib.rs (/opt/rustwide/target/release/deps/nemo_relay_switchyard-d5b04a01dca36ec6)
[INFO] [stdout] 
[INFO] [stdout] running 36 tests
[INFO] [stdout] test component::tests::atof_cross_component_validation_rejects_invalid_endpoint_names_before_lookup ... ok
[INFO] [stdout] test component::tests::atof_required_cross_component_validation_is_context_sensitive ... ok
[INFO] [stdout] test component::tests::atof_cross_component_validation_reports_each_activation_mismatch ... ok
[INFO] [stdout] test component::tests::non_retryable_provider_failure_bypasses_retry_loop ... ok
[INFO] [stdout] test component::tests::observe_only_accounting_is_visible_but_not_applied ... ok
[INFO] [stdout] test component::tests::fallback_setup_failures_preserve_the_provider_error ... ok
[INFO] [stdout] test component::tests::exact_target_validation_rejects_any_switchyard_drift ... ok
[INFO] [stdout] test component::tests::oversized_decision_metadata_limits_accounting_without_failing_provider_success ... FAILED
[INFO] [stdout] test component::tests::provider_failure_reporting_covers_every_retry_class ... ok
[INFO] [stdout] test component::tests::malformed_baseline_is_telemetry_only_and_does_not_change_the_selected_route ... ok
[INFO] [stdout] test component::tests::committed_stream_error_keeps_one_route_and_never_redispatches ... ok
[INFO] [stdout] test component::tests::observe_only_records_one_decision_and_dispatches_only_the_trusted_default ... ok
[INFO] [stdout] test component::tests::disabled_protocol_defaults_are_optional ... ok
[INFO] [stdout] test component::tests::routed_requests_carry_one_relay_owned_backend_partition ... ok
[INFO] [stdout] test component::tests::stream_adapters_forward_explicit_close_to_the_upstream_stream ... ok
[INFO] [stdout] test component::tests::retry_exhaustion_redecides_four_times_then_dispatches_fallback_once ... ok
[INFO] [stdout] test component::tests::identity_policy_requires_stable_request_scope_only_for_atof_profiles ... ok
[INFO] [stdout] test component::tests::configuration_validation_rejects_unsafe_or_ambiguous_bindings ... ok
[INFO] [stdout] test component::tests::routing_contribution_requires_an_exact_independent_baseline_binding ... ok
[INFO] [stdout] test component::tests::translated_stream_preserves_success_and_propagates_both_error_sources ... ok
[INFO] [stdout] test component::tests::retry_then_success_records_one_terminal_route_with_matching_mark_identity ... ok
[INFO] [stdout] test component::tests::buffered_accounting_records_only_the_terminal_committed_route ... ok
[INFO] [stdout] test component::tests::same_protocol_targets_route_nonportable_streaming_requests ... ok
[INFO] [stdout] test component::tests::routing_decision_mark_has_canonical_shape_and_mirrored_identity ... ok
[INFO] [stdout] test component::tests::execution_bypasses_inapplicable_calls_and_fails_open_on_extensions ... ok
[INFO] [stdout] test component::tests::wire_protocol_and_plugin_lifecycle_contracts_are_stable ... ok
[INFO] [stdout] test component::tests::streaming_never_retries_after_first_item ... ok
[INFO] [stdout] test component::tests::streaming_retries_before_first_item ... ok
[INFO] [stdout] test component::tests::streaming_accounting_commits_on_the_first_successful_item_only ... ok
[INFO] [stdout] test component::tests::stream_setup_retries_and_empty_streams_have_one_bounded_fallback ... ok
[INFO] [stdout] test component::tests::plugin_registration_installs_and_rolls_back_both_execution_intercepts ... ok
[INFO] [stdout] test component::tests::all_materialization_modes_are_bounded_and_provider_valid ... ok
[INFO] [stdout] test component::tests::plugin_registration_rejects_an_unreachable_sidecar ... ok
[INFO] [stdout] test component::tests::plugin_registration_retries_transient_sidecar_health_failures ... ok
[INFO] [stdout] test component::tests::plugin_registration_returns_the_final_health_failure_after_retry_exhaustion ... ok
[INFO] [stdout] test component::tests::plugin_registration_rejects_unhealthy_or_invalid_sidecars ... ok
[INFO] [stdout] 
[INFO] [stdout] failures:
[INFO] [stdout] 
[INFO] [stdout] ---- component::tests::oversized_decision_metadata_limits_accounting_without_failing_provider_success stdout ----
[INFO] [stdout] 
[INFO] [stdout] thread 'component::tests::oversized_decision_metadata_limits_accounting_without_failing_provider_success' (5738) panicked at src/../tests/unit/component_tests.rs:1452:5:
[INFO] [stdout] assertion failed: events.iter().all(|event| event.name() != "nemo_relay.llm.optimization")
[INFO] [stdout] stack backtrace:
[INFO] [stdout]    0:     0x5dd2308da751 - <<std[70759c8f55707aa4]::sys::backtrace::BacktraceLock>::print::DisplayBacktrace as core[df12db4294e9bfd3]::fmt::Display>::fmt
[INFO] [stdout]    1:     0x5dd2308f1dfa - core[df12db4294e9bfd3]::fmt::write
[INFO] [stdout]    2:     0x5dd2308dfaec - <alloc[2182bb758b4b3781]::vec::Vec<u8> as core[df12db4294e9bfd3]::io::write::Write>::write_fmt
[INFO] [stdout]    3:     0x5dd2308b5076 - std[70759c8f55707aa4]::panicking::default_hook::{closure#0}
[INFO] [stdout]    4:     0x5dd2308d2299 - std[70759c8f55707aa4]::panicking::default_hook
[INFO] [stdout]    5:     0x5dd23049b7c0 - test[9d35eded1c95d3be]::test_main_inner::<test[9d35eded1c95d3be]::test_main_static::{closure#0}>::{closure#0}
[INFO] [stdout]    6:     0x5dd2308d25c2 - std[70759c8f55707aa4]::panicking::panic_with_hook
[INFO] [stdout]    7:     0x5dd2308b5154 - std[70759c8f55707aa4]::panicking::panic_handler::{closure#0}
[INFO] [stdout]    8:     0x5dd2308adae9 - std[70759c8f55707aa4]::sys::backtrace::__rust_end_short_backtrace::<std[70759c8f55707aa4]::panicking::panic_handler::{closure#0}, !>
[INFO] [stdout]    9:     0x5dd2308b612d - __rustc[8fa7c3cbc660c2b3]::rust_begin_unwind
[INFO] [stdout]   10:     0x5dd2308f255c - core[df12db4294e9bfd3]::panicking::panic_fmt
[INFO] [stdout]   11:     0x5dd2308f2522 - core[df12db4294e9bfd3]::panicking::panic
[INFO] [stdout]   12:     0x5dd2303758d8 - nemo_relay_switchyard[70dd1825ce14e339]::component::tests::oversized_decision_metadata_limits_accounting_without_failing_provider_success::{closure#0}
[INFO] [stdout]   13:     0x5dd230438fd3 - <tokio[d052cd46b68c7f7f]::runtime::scheduler::current_thread::Context>::enter::<core[df12db4294e9bfd3]::task::poll::Poll<()>, <tokio[d052cd46b68c7f7f]::runtime::scheduler::current_thread::CoreGuard>::block_on<core[df12db4294e9bfd3]::pin::Pin<&mut core[df12db4294e9bfd3]::pin::Pin<&mut dyn core[df12db4294e9bfd3]::future::future::Future<Output = ()>>>>::{closure#0}::{closure#0}>
[INFO] [stdout]   14:     0x5dd23042b44c - <tokio[d052cd46b68c7f7f]::runtime::context::scoped::Scoped<tokio[d052cd46b68c7f7f]::runtime::scheduler::Context>>::set::<<tokio[d052cd46b68c7f7f]::runtime::scheduler::current_thread::CoreGuard>::enter<<tokio[d052cd46b68c7f7f]::runtime::scheduler::current_thread::CoreGuard>::block_on<core[df12db4294e9bfd3]::pin::Pin<&mut core[df12db4294e9bfd3]::pin::Pin<&mut dyn core[df12db4294e9bfd3]::future::future::Future<Output = ()>>>>::{closure#0}, core[df12db4294e9bfd3]::option::Option<()>>::{closure#0}, (alloc[2182bb758b4b3781]::boxed::Box<tokio[d052cd46b68c7f7f]::runtime::scheduler::current_thread::Core>, core[df12db4294e9bfd3]::option::Option<()>)>
[INFO] [stdout]   15:     0x5dd230439ce7 - <tokio[d052cd46b68c7f7f]::runtime::scheduler::current_thread::CoreGuard>::block_on::<core[df12db4294e9bfd3]::pin::Pin<&mut core[df12db4294e9bfd3]::pin::Pin<&mut dyn core[df12db4294e9bfd3]::future::future::Future<Output = ()>>>>
[INFO] [stdout]   16:     0x5dd230433253 - tokio[d052cd46b68c7f7f]::runtime::context::runtime::enter_runtime::<<tokio[d052cd46b68c7f7f]::runtime::scheduler::current_thread::CurrentThread>::block_on<core[df12db4294e9bfd3]::pin::Pin<&mut dyn core[df12db4294e9bfd3]::future::future::Future<Output = ()>>>::{closure#0}, ()>
[INFO] [stdout]   17:     0x5dd2304383e5 - <tokio[d052cd46b68c7f7f]::runtime::runtime::Runtime>::block_on::<core[df12db4294e9bfd3]::pin::Pin<&mut dyn core[df12db4294e9bfd3]::future::future::Future<Output = ()>>>
[INFO] [stdout]   18:     0x5dd23038d879 - nemo_relay_switchyard[70dd1825ce14e339]::component::tests::oversized_decision_metadata_limits_accounting_without_failing_provider_success
[INFO] [stdout]   19:     0x5dd230467919 - <nemo_relay_switchyard[70dd1825ce14e339]::component::tests::oversized_decision_metadata_limits_accounting_without_failing_provider_success::{closure#0} as core[df12db4294e9bfd3]::ops::function::FnOnce<()>>::call_once
[INFO] [stdout]   20:     0x5dd23048eaab - test[9d35eded1c95d3be]::__rust_begin_short_backtrace::<core[df12db4294e9bfd3]::result::Result<(), alloc[2182bb758b4b3781]::string::String>, fn() -> core[df12db4294e9bfd3]::result::Result<(), alloc[2182bb758b4b3781]::string::String>>
[INFO] [stdout]   21:     0x5dd23049c115 - test[9d35eded1c95d3be]::run_test::{closure#0}
[INFO] [stdout]   22:     0x5dd2304959d4 - std[70759c8f55707aa4]::sys::backtrace::__rust_begin_short_backtrace::<test[9d35eded1c95d3be]::run_test::{closure#1}, ()>
[INFO] [stdout]   23:     0x5dd23049f272 - <std[70759c8f55707aa4]::thread::lifecycle::spawn_unchecked<test[9d35eded1c95d3be]::run_test::{closure#1}, ()>::{closure#1} as core[df12db4294e9bfd3]::ops::function::FnOnce<()>>::call_once::{shim:vtable#0}
[INFO] [stdout]   24:     0x5dd2308d9c79 - <std[70759c8f55707aa4]::sys::thread::unix::Thread>::new::thread_start
[INFO] [stdout]   25:     0x7da5c25a1dfa - <unknown>
[INFO] [stdout]   26:     0x7da5c26353d4 - clone
[INFO] [stdout]   27:                0x0 - <unknown>
[INFO] [stdout] 
[INFO] [stdout] 
[INFO] [stdout] failures:
[INFO] [stdout]     component::tests::oversized_decision_metadata_limits_accounting_without_failing_provider_success
[INFO] [stdout] 
[INFO] [stdout] test result: FAILED. 35 passed; 1 failed; 0 ignored; 0 measured; 0 filtered out; finished in 1.00s
[INFO] [stdout] 
[INFO] [stderr] error: test failed, to rerun pass `--lib`
[INFO] running `Command { std: "docker" "inspect" "72aac45beb6d1f5e1d19cc769a95a2515eeee5d260b711905e73b5c9b73e581b", kill_on_drop: false }`
[INFO] running `Command { std: "docker" "rm" "-f" "72aac45beb6d1f5e1d19cc769a95a2515eeee5d260b711905e73b5c9b73e581b", kill_on_drop: false }`
[INFO] [stdout] 72aac45beb6d1f5e1d19cc769a95a2515eeee5d260b711905e73b5c9b73e581b
