[INFO] fetching crate nekoslife 0.2.1...
[INFO] testing nekoslife-0.2.1 against 1.99.0-beta.8+cargoflags=--release for beta-release-1.100-2
[INFO] extracting crate nekoslife 0.2.1 into /workspace/builds/worker-1-tc1/source
[INFO] started tweaking crates.io crate nekoslife 0.2.1
[INFO] removed 0 missing examples
[INFO] finished tweaking crates.io crate nekoslife 0.2.1
[INFO] tweaked toml for crates.io crate nekoslife 0.2.1 written to /workspace/builds/worker-1-tc1/source/Cargo.toml
[INFO] validating manifest of crates.io crate nekoslife 0.2.1 on toolchain 1.99.0-beta.8
[INFO] running `Command { std: CARGO_HOME="/workspace/cargo-home" RUSTUP_HOME="/workspace/rustup-home" "/workspace/cargo-home/bin/cargo" "+1.99.0-beta.8" "metadata" "--manifest-path" "Cargo.toml" "--no-deps", kill_on_drop: false }`
[INFO] crate crates.io crate nekoslife 0.2.1 already has a lockfile, it will not be regenerated
[INFO] running `Command { std: CARGO_HOME="/workspace/cargo-home" RUSTUP_HOME="/workspace/rustup-home" "/workspace/cargo-home/bin/cargo" "+1.99.0-beta.8" "fetch" "--manifest-path" "Cargo.toml", kill_on_drop: false }`
[INFO] [stderr]     Updating crates.io index
[INFO] [stderr]  Downloading crates ...
[INFO] [stderr]   Downloaded quote v1.0.9
[INFO] [stderr]   Downloaded tokio-macros v1.3.0
[INFO] [stderr]   Downloaded proc-macro2 v1.0.27
[INFO] [stderr]   Downloaded num_cpus v1.13.0
[INFO] [stderr]   Downloaded itoa v0.4.7
[INFO] [stderr]   Downloaded matches v0.1.8
[INFO] [stderr]   Downloaded proc-macro-hack v0.5.19
[INFO] [stderr]   Downloaded thiserror-impl v1.0.26
[INFO] [stderr]   Downloaded wasm-bindgen-macro v0.2.74
[INFO] [stderr]   Downloaded wasm-bindgen-shared v0.2.74
[INFO] [stderr]   Downloaded wasm-bindgen-futures v0.4.24
[INFO] [stderr]   Downloaded security-framework-sys v2.3.0
[INFO] [stderr]   Downloaded serde_urlencoded v0.7.0
[INFO] [stderr]   Downloaded http-body v0.4.2
[INFO] [stderr]   Downloaded syn v1.0.73
[INFO] [stderr]   Downloaded instant v0.1.9
[INFO] [stderr]   Downloaded rand_hc v0.3.1
[INFO] [stderr]   Downloaded pkg-config v0.3.19
[INFO] [stderr]   Downloaded futures-task v0.3.15
[INFO] [stderr]   Downloaded futures-macro v0.3.15
[INFO] [stderr]   Downloaded futures-io v0.3.15
[INFO] [stderr]   Downloaded wasm-bindgen-macro-support v0.2.74
[INFO] [stderr]   Downloaded wasm-bindgen-backend v0.2.74
[INFO] [stderr]   Downloaded ppv-lite86 v0.2.10
[INFO] [stderr]   Downloaded openssl-probe v0.1.4
[INFO] [stderr]   Downloaded ipnet v2.3.1
[INFO] [stderr]   Downloaded httpdate v1.0.1
[INFO] [stderr]   Downloaded httparse v1.4.1
[INFO] [stderr]   Downloaded futures-sink v0.3.15
[INFO] [stderr]   Downloaded futures-core v0.3.15
[INFO] [stderr]   Downloaded slab v0.4.3
[INFO] [stderr]   Downloaded pin-project-lite v0.2.7
[INFO] [stderr]   Downloaded smallvec v1.6.1
[INFO] [stderr]   Downloaded redox_syscall v0.2.9
[INFO] [stderr]   Downloaded bitflags v1.2.1
[INFO] [stderr]   Downloaded once_cell v1.8.0
[INFO] [stderr]   Downloaded native-tls v0.2.7
[INFO] [stderr]   Downloaded getrandom v0.2.3
[INFO] [stderr]   Downloaded lock_api v0.4.4
[INFO] [stderr]   Downloaded tinyvec v1.2.0
[INFO] [stderr]   Downloaded tokio-rustls v0.22.0
[INFO] [stderr]   Downloaded tempfile v3.2.0
[INFO] [stderr]   Downloaded core-foundation-sys v0.8.2
[INFO] [stderr]   Downloaded core-foundation v0.9.1
[INFO] [stderr]   Downloaded socket2 v0.4.0
[INFO] [stderr]   Downloaded proc-macro-nested v0.1.7
[INFO] [stderr]   Downloaded futures-channel v0.3.15
[INFO] [stderr]   Downloaded hyper-rustls v0.22.1
[INFO] [stderr]   Downloaded parking_lot_core v0.8.3
[INFO] [stderr]   Downloaded bytes v1.0.1
[INFO] [stderr]   Downloaded thiserror v1.0.26
[INFO] [stderr]   Downloaded winreg v0.7.0
[INFO] [stderr]   Downloaded unicode-bidi v0.3.5
[INFO] [stderr]   Downloaded security-framework v2.3.1
[INFO] [stderr]   Downloaded tracing-core v0.1.18
[INFO] [stderr]   Downloaded indexmap v1.7.0
[INFO] [stderr]   Downloaded memchr v2.4.0
[INFO] [stderr]   Downloaded serde_derive v1.0.126
[INFO] [stderr]   Downloaded ryu v1.0.5
[INFO] [stderr]   Downloaded js-sys v0.3.51
[INFO] [stderr]   Downloaded cc v1.0.68
[INFO] [stderr]   Downloaded openssl-sys v0.9.65
[INFO] [stderr]   Downloaded tracing v0.1.26
[INFO] [stderr]   Downloaded parking_lot v0.11.1
[INFO] [stderr]   Downloaded rand v0.8.4
[INFO] [stderr]   Downloaded http v0.2.4
[INFO] [stderr]   Downloaded tokio-util v0.6.7
[INFO] [stderr]   Downloaded mio v0.7.13
[INFO] [stderr]   Downloaded serde v1.0.126
[INFO] [stderr]   Downloaded serde_json v1.0.64
[INFO] [stderr]   Downloaded bumpalo v3.7.0
[INFO] [stderr]   Downloaded ntapi v0.3.6
[INFO] [stderr]   Downloaded reqwest v0.11.4
[INFO] [stderr]   Downloaded wasm-bindgen v0.2.74
[INFO] [stderr]   Downloaded futures-util v0.3.15
[INFO] [stderr]   Downloaded hyper v0.14.10
[INFO] [stderr]   Downloaded h2 v0.3.3
[INFO] [stderr]   Downloaded rustls v0.19.1
[INFO] [stderr]   Downloaded openssl v0.10.35
[INFO] [stderr]   Downloaded webpki-roots v0.21.1
[INFO] [stderr]   Downloaded tokio v1.8.1
[INFO] [stderr]   Downloaded libc v0.2.98
[INFO] [stderr]   Downloaded web-sys v0.3.51
[INFO] [stderr]   Downloaded encoding_rs v0.8.28
[INFO] running `Command { std: "docker" "create" "-v" "/var/lib/crater-agent-workspace/builds/worker-1-tc1/source:/opt/rustwide/workdir:ro,Z" "-v" "/var/lib/crater-agent-workspace/builds/worker-1-tc1/target:/opt/rustwide/target:rw,Z" "-v" "/var/lib/crater-agent-workspace/cargo-home:/opt/rustwide/cargo-home:ro,Z" "-v" "/var/lib/crater-agent-workspace/rustup-home:/opt/rustwide/rustup-home:ro,Z" "-m" "1610612736" "--network" "none" "ghcr.io/rust-lang/crates-build-env/linux@sha256:77db811e55d90add9212f6832c23229e3de5f1c1f9905e8cb07319ea15df73ac" "sleep" "infinity", kill_on_drop: false }`
[INFO] [stdout] 53043832b6f336d80d99f25c62c8a79d0c9d676b092e7c3e6f58c76d11590984
[INFO] running `Command { std: "docker" "start" "53043832b6f336d80d99f25c62c8a79d0c9d676b092e7c3e6f58c76d11590984", kill_on_drop: false }`
[INFO] running `Command { std: "docker" "inspect" "53043832b6f336d80d99f25c62c8a79d0c9d676b092e7c3e6f58c76d11590984", kill_on_drop: false }`
[INFO] running `Command { std: "docker" "exec" "-e" "SOURCE_DIR=/opt/rustwide/workdir" "-e" "CARGO_HOME=/opt/rustwide/cargo-home" "-e" "RUSTUP_HOME=/opt/rustwide/rustup-home" "-e" "CARGO_TARGET_DIR=/opt/rustwide/target" "-w" "/opt/rustwide/workdir" "--user" "0:0" "53043832b6f336d80d99f25c62c8a79d0c9d676b092e7c3e6f58c76d11590984" "/opt/rustwide/cargo-home/bin/cargo" "+1.99.0-beta.8" "metadata" "--no-deps" "--format-version=1", kill_on_drop: false }`
[INFO] running `Command { std: "docker" "inspect" "53043832b6f336d80d99f25c62c8a79d0c9d676b092e7c3e6f58c76d11590984", kill_on_drop: false }`
[INFO] running `Command { std: "docker" "exec" "-e" "SOURCE_DIR=/opt/rustwide/workdir" "-e" "CARGO_HOME=/opt/rustwide/cargo-home" "-e" "RUSTUP_HOME=/opt/rustwide/rustup-home" "-e" "CARGO_TARGET_DIR=/opt/rustwide/target" "-e" "CARGO_INCREMENTAL=0" "-e" "RUST_BACKTRACE=full" "-e" "RUSTFLAGS=--cap-lints=warn" "-e" "RUSTDOCFLAGS=--cap-lints=warn" "-w" "/opt/rustwide/workdir" "--user" "0:0" "53043832b6f336d80d99f25c62c8a79d0c9d676b092e7c3e6f58c76d11590984" "/opt/rustwide/cargo-home/bin/cargo" "+1.99.0-beta.8" "build" "--frozen" "--message-format=json" "--release", kill_on_drop: false }`
[INFO] [stderr]    Compiling autocfg v1.0.1
[INFO] [stderr]    Compiling proc-macro2 v1.0.27
[INFO] [stderr]    Compiling libc v0.2.98
[INFO] [stderr]    Compiling unicode-xid v0.2.2
[INFO] [stderr]    Compiling syn v1.0.73
[INFO] [stderr]    Compiling log v0.4.14
[INFO] [stderr]    Compiling pin-project-lite v0.2.7
[INFO] [stderr]    Compiling pkg-config v0.3.19
[INFO] [stderr]    Compiling cc v1.0.68
[INFO] [stderr]    Compiling bytes v1.0.1
[INFO] [stderr]    Compiling memchr v2.4.0
[INFO] [stderr]    Compiling once_cell v1.8.0
[INFO] [stderr]    Compiling futures-core v0.3.15
[INFO] [stderr]    Compiling smallvec v1.6.1
[INFO] [stderr]    Compiling instant v0.1.9
[INFO] [stderr]    Compiling lock_api v0.4.4
[INFO] [stderr]    Compiling itoa v0.4.7
[INFO] [stderr]    Compiling bitflags v1.2.1
[INFO] [stderr]    Compiling futures-task v0.3.15
[INFO] [stderr]    Compiling serde_derive v1.0.126
[INFO] [stderr]    Compiling matches v0.1.8
[INFO] [stderr]    Compiling openssl v0.10.35
[INFO] [stderr]    Compiling tracing-core v0.1.18
[INFO] [stderr]    Compiling futures-sink v0.3.15
[INFO] [stderr]    Compiling tokio v1.8.1
[INFO] [stderr]    Compiling futures-util v0.3.15
[INFO] [stderr]    Compiling indexmap v1.7.0
[INFO] [stderr]    Compiling hashbrown v0.11.2
[INFO] [stderr]    Compiling httparse v1.4.1
[INFO] [stderr]    Compiling futures-channel v0.3.15
[INFO] [stderr]    Compiling native-tls v0.2.7
[INFO] [stderr]    Compiling ryu v1.0.5
[INFO] [stderr]    Compiling serde v1.0.126
[INFO] [stderr]    Compiling tinyvec v1.2.0
[INFO] [stderr]    Compiling try-lock v0.2.3
[INFO] [stderr]    Compiling openssl-probe v0.1.4
[INFO] [stderr]    Compiling percent-encoding v2.1.0
[INFO] [stderr]    Compiling slab v0.4.3
[INFO] [stderr]    Compiling tracing v0.1.26
[INFO] [stderr]    Compiling form_urlencoded v1.0.1
[INFO] [stderr]    Compiling parking_lot_core v0.8.3
[INFO] [stderr]    Compiling signal-hook-registry v1.4.0
[INFO] [stderr]    Compiling mio v0.7.13
[INFO] [stderr]    Compiling num_cpus v1.13.0
[INFO] [stderr]    Compiling socket2 v0.4.0
[INFO] [stderr]    Compiling want v0.3.0
[INFO] [stderr]    Compiling parking_lot v0.11.1
[INFO] [stderr]    Compiling unicode-bidi v0.3.5
[INFO] [stderr]    Compiling quote v1.0.9
[INFO] [stderr]    Compiling http v0.2.4
[INFO] [stderr]    Compiling openssl-sys v0.9.65
[INFO] [stderr]    Compiling tower-service v0.3.1
[INFO] [stderr]    Compiling httpdate v1.0.1
[INFO] [stderr]    Compiling encoding_rs v0.8.28
[INFO] [stderr]    Compiling serde_json v1.0.64
[INFO] [stderr]    Compiling base64 v0.13.0
[INFO] [stderr]    Compiling ipnet v2.3.1
[INFO] [stderr]    Compiling unicode-normalization v0.1.19
[INFO] [stderr]    Compiling idna v0.2.3
[INFO] [stderr]    Compiling url v2.2.2
[INFO] [stderr]    Compiling http-body v0.4.2
[INFO] [stderr]    Compiling tokio-macros v1.3.0
[INFO] [stderr]    Compiling thiserror-impl v1.0.26
[INFO] [stderr]    Compiling thiserror v1.0.26
[INFO] [stderr]    Compiling tokio-util v0.6.7
[INFO] [stderr]    Compiling tokio-native-tls v0.3.0
[INFO] [stderr]    Compiling h2 v0.3.3
[INFO] [stderr]    Compiling serde_urlencoded v0.7.0
[INFO] [stderr]    Compiling hyper v0.14.10
[INFO] [stderr]    Compiling hyper-tls v0.5.0
[INFO] [stderr]    Compiling reqwest v0.11.4
[INFO] [stderr]    Compiling nekoslife v0.2.1 (/opt/rustwide/workdir)
[INFO] [stderr]     Finished `release` profile [optimized] target(s) in 52.57s
[INFO] running `Command { std: "docker" "inspect" "53043832b6f336d80d99f25c62c8a79d0c9d676b092e7c3e6f58c76d11590984", kill_on_drop: false }`
[INFO] running `Command { std: "docker" "exec" "-e" "SOURCE_DIR=/opt/rustwide/workdir" "-e" "CARGO_HOME=/opt/rustwide/cargo-home" "-e" "RUSTUP_HOME=/opt/rustwide/rustup-home" "-e" "CARGO_TARGET_DIR=/opt/rustwide/target" "-e" "CARGO_INCREMENTAL=0" "-e" "RUST_BACKTRACE=full" "-e" "RUSTFLAGS=--cap-lints=warn" "-e" "RUSTDOCFLAGS=--cap-lints=warn" "-w" "/opt/rustwide/workdir" "--user" "0:0" "53043832b6f336d80d99f25c62c8a79d0c9d676b092e7c3e6f58c76d11590984" "/opt/rustwide/cargo-home/bin/cargo" "+1.99.0-beta.8" "test" "--frozen" "--no-run" "--message-format=json" "--release", kill_on_drop: false }`
[INFO] [stderr]    Compiling nekoslife v0.2.1 (/opt/rustwide/workdir)
[INFO] [stderr]     Finished `release` profile [optimized] target(s) in 3.50s
[INFO] running `Command { std: "docker" "inspect" "53043832b6f336d80d99f25c62c8a79d0c9d676b092e7c3e6f58c76d11590984", kill_on_drop: false }`
[INFO] running `Command { std: "docker" "exec" "-e" "SOURCE_DIR=/opt/rustwide/workdir" "-e" "CARGO_HOME=/opt/rustwide/cargo-home" "-e" "RUSTUP_HOME=/opt/rustwide/rustup-home" "-e" "CARGO_TARGET_DIR=/opt/rustwide/target" "-e" "CARGO_INCREMENTAL=0" "-e" "RUST_BACKTRACE=full" "-e" "RUSTFLAGS=--cap-lints=warn" "-e" "RUSTDOCFLAGS=--cap-lints=warn" "-w" "/opt/rustwide/workdir" "--user" "0:0" "53043832b6f336d80d99f25c62c8a79d0c9d676b092e7c3e6f58c76d11590984" "/opt/rustwide/cargo-home/bin/cargo" "+1.99.0-beta.8" "test" "--frozen" "--release", kill_on_drop: false }`
[INFO] [stderr]     Finished `release` profile [optimized] target(s) in 0.11s
[INFO] [stderr]      Running unittests src/lib.rs (/opt/rustwide/target/release/deps/nekoslife-b116fabe2d727475)
[INFO] [stdout] 
[INFO] [stdout] running 3 tests
[INFO] [stdout] test test::no_new_endpoints ... FAILED
[INFO] [stdout] test test::all_sfw_endpoints_work ... FAILED
[INFO] [stdout] test test::all_nsfw_endpoints_work ... FAILED
[INFO] [stdout] 
[INFO] [stdout] failures:
[INFO] [stdout] 
[INFO] [stdout] ---- test::no_new_endpoints stdout ----
[INFO] [stdout] 
[INFO] [stdout] thread 'test::no_new_endpoints' (1814) panicked at src/lib.rs:356:18:
[INFO] [stdout] called `Result::unwrap()` on an `Err` value: reqwest::Error { kind: Request, url: Url { scheme: "https", cannot_be_a_base: false, username: "", password: None, host: Some(Domain("nekos.life")), port: None, path: "/api/v2/endpoints", query: None, fragment: None }, source: hyper::Error(Connect, ConnectError("dns error", Custom { kind: Uncategorized, error: "failed to lookup address information: Temporary failure in name resolution" })) }
[INFO] [stdout] stack backtrace:
[INFO] [stdout]    0:     0x56d66cf09351 - <<std[70759c8f55707aa4]::sys::backtrace::BacktraceLock>::print::DisplayBacktrace as core[df12db4294e9bfd3]::fmt::Display>::fmt
[INFO] [stdout]    1:     0x56d66cf1ef8a - core[df12db4294e9bfd3]::fmt::write
[INFO] [stdout]    2:     0x56d66cf0de8c - <alloc[2182bb758b4b3781]::vec::Vec<u8> as core[df12db4294e9bfd3]::io::write::Write>::write_fmt
[INFO] [stdout]    3:     0x56d66cee4746 - std[70759c8f55707aa4]::panicking::default_hook::{closure#0}
[INFO] [stdout]    4:     0x56d66cf01289 - std[70759c8f55707aa4]::panicking::default_hook
[INFO] [stdout]    5:     0x56d66ce70000 - test[9d35eded1c95d3be]::test_main_inner::<test[9d35eded1c95d3be]::test_main_static::{closure#0}>::{closure#0}
[INFO] [stdout]    6:     0x56d66cf015b2 - std[70759c8f55707aa4]::panicking::panic_with_hook
[INFO] [stdout]    7:     0x56d66cee47f2 - std[70759c8f55707aa4]::panicking::panic_handler::{closure#0}
[INFO] [stdout]    8:     0x56d66cedd259 - std[70759c8f55707aa4]::sys::backtrace::__rust_end_short_backtrace::<std[70759c8f55707aa4]::panicking::panic_handler::{closure#0}, !>
[INFO] [stdout]    9:     0x56d66cee567d - __rustc[8fa7c3cbc660c2b3]::rust_begin_unwind
[INFO] [stdout]   10:     0x56d66cf1f6ec - core[df12db4294e9bfd3]::panicking::panic_fmt
[INFO] [stdout]   11:     0x56d66cf1f4c2 - core[df12db4294e9bfd3]::result::unwrap_failed
[INFO] [stdout]   12:     0x56d66cd3f79f - <core[df12db4294e9bfd3]::pin::Pin<&mut nekoslife[5b3b5dba3f78639c]::test::no_new_endpoints::{closure#0}> as core[df12db4294e9bfd3]::future::future::Future>::poll
[INFO] [stdout]   13:     0x56d66cd48333 - <tokio[897da650b7ee6d90]::macros::scoped_tls::ScopedKey<tokio[897da650b7ee6d90]::runtime::basic_scheduler::Context>>::set::<tokio[897da650b7ee6d90]::runtime::basic_scheduler::enter<<tokio[897da650b7ee6d90]::runtime::basic_scheduler::Inner<tokio[897da650b7ee6d90]::runtime::driver::Driver>>::block_on<core[df12db4294e9bfd3]::pin::Pin<&mut nekoslife[5b3b5dba3f78639c]::test::no_new_endpoints::{closure#0}>>::{closure#0}, (), tokio[897da650b7ee6d90]::runtime::driver::Driver>::{closure#0}, ()>
[INFO] [stdout]   14:     0x56d66cd4e9d8 - <tokio[897da650b7ee6d90]::runtime::basic_scheduler::BasicScheduler<tokio[897da650b7ee6d90]::runtime::driver::Driver>>::block_on::<nekoslife[5b3b5dba3f78639c]::test::no_new_endpoints::{closure#0}>
[INFO] [stdout]   15:     0x56d66cd44c84 - <tokio[897da650b7ee6d90]::runtime::Runtime>::block_on::<nekoslife[5b3b5dba3f78639c]::test::no_new_endpoints::{closure#0}>
[INFO] [stdout]   16:     0x56d66cd53ad9 - nekoslife[5b3b5dba3f78639c]::test::no_new_endpoints
[INFO] [stdout]   17:     0x56d66cd44b99 - <nekoslife[5b3b5dba3f78639c]::test::no_new_endpoints::{closure#0} as core[df12db4294e9bfd3]::ops::function::FnOnce<()>>::call_once
[INFO] [stdout]   18:     0x56d66ce632eb - test[9d35eded1c95d3be]::__rust_begin_short_backtrace::<core[df12db4294e9bfd3]::result::Result<(), alloc[2182bb758b4b3781]::string::String>, fn() -> core[df12db4294e9bfd3]::result::Result<(), alloc[2182bb758b4b3781]::string::String>>
[INFO] [stdout]   19:     0x56d66ce70955 - test[9d35eded1c95d3be]::run_test::{closure#0}
[INFO] [stdout]   20:     0x56d66ce6a214 - std[70759c8f55707aa4]::sys::backtrace::__rust_begin_short_backtrace::<test[9d35eded1c95d3be]::run_test::{closure#1}, ()>
[INFO] [stdout]   21:     0x56d66ce73ab2 - <std[70759c8f55707aa4]::thread::lifecycle::spawn_unchecked<test[9d35eded1c95d3be]::run_test::{closure#1}, ()>::{closure#1} as core[df12db4294e9bfd3]::ops::function::FnOnce<()>>::call_once::{shim:vtable#0}
[INFO] [stdout]   22:     0x56d66cf08879 - <std[70759c8f55707aa4]::sys::thread::unix::Thread>::new::thread_start
[INFO] [stdout]   23:     0x79a3f740cdfa - <unknown>
[INFO] [stdout]   24:     0x79a3f74a03d4 - clone
[INFO] [stdout]   25:                0x0 - <unknown>
[INFO] [stdout] 
[INFO] [stdout] ---- test::all_sfw_endpoints_work stdout ----
[INFO] [stdout] 
[INFO] [stdout] thread 'test::all_sfw_endpoints_work' (1813) panicked at src/lib.rs:190:9:
[INFO] [stdout] called `Result::unwrap()` on an `Err` value: (ReqwestError(reqwest::Error { kind: Request, url: Url { scheme: "https", cannot_be_a_base: false, username: "", password: None, host: Some(Domain("nekos.life")), port: None, path: "/api/v2/img/tickle", query: None, fragment: None }, source: hyper::Error(Connect, ConnectError("dns error", Custom { kind: Uncategorized, error: "failed to lookup address information: Temporary failure in name resolution" })) }), Sfw(Tickle))
[INFO] [stdout] stack backtrace:
[INFO] [stdout]    0:     0x56d66cf09351 - <<std[70759c8f55707aa4]::sys::backtrace::BacktraceLock>::print::DisplayBacktrace as core[df12db4294e9bfd3]::fmt::Display>::fmt
[INFO] [stdout]    1:     0x56d66cf1ef8a - core[df12db4294e9bfd3]::fmt::write
[INFO] [stdout]    2:     0x56d66cf0de8c - <alloc[2182bb758b4b3781]::vec::Vec<u8> as core[df12db4294e9bfd3]::io::write::Write>::write_fmt
[INFO] [stdout]    3:     0x56d66cee4746 - std[70759c8f55707aa4]::panicking::default_hook::{closure#0}
[INFO] [stdout]    4:     0x56d66cf01289 - std[70759c8f55707aa4]::panicking::default_hook
[INFO] [stdout]    5:     0x56d66ce70000 - test[9d35eded1c95d3be]::test_main_inner::<test[9d35eded1c95d3be]::test_main_static::{closure#0}>::{closure#0}
[INFO] [stdout]    6:     0x56d66cf015b2 - std[70759c8f55707aa4]::panicking::panic_with_hook
[INFO] [stdout]    7:     0x56d66cee47f2 - std[70759c8f55707aa4]::panicking::panic_handler::{closure#0}
[INFO] [stdout]    8:     0x56d66cedd259 - std[70759c8f55707aa4]::sys::backtrace::__rust_end_short_backtrace::<std[70759c8f55707aa4]::panicking::panic_handler::{closure#0}, !>
[INFO] [stderr] error: test failed, to rerun pass `--lib`
[INFO] [stdout]    9:     0x56d66cee567d - __rustc[8fa7c3cbc660c2b3]::rust_begin_unwind
[INFO] [stdout]   10:     0x56d66cf1f6ec - core[df12db4294e9bfd3]::panicking::panic_fmt
[INFO] [stdout]   11:     0x56d66cf1f4c2 - core[df12db4294e9bfd3]::result::unwrap_failed
[INFO] [stdout]   12:     0x56d66cd41076 - <core[df12db4294e9bfd3]::pin::Pin<&mut nekoslife[5b3b5dba3f78639c]::test::all_sfw_endpoints_work::{closure#0}> as core[df12db4294e9bfd3]::future::future::Future>::poll
[INFO] [stdout]   13:     0x56d66cd488a3 - <tokio[897da650b7ee6d90]::macros::scoped_tls::ScopedKey<tokio[897da650b7ee6d90]::runtime::basic_scheduler::Context>>::set::<tokio[897da650b7ee6d90]::runtime::basic_scheduler::enter<<tokio[897da650b7ee6d90]::runtime::basic_scheduler::Inner<tokio[897da650b7ee6d90]::runtime::driver::Driver>>::block_on<core[df12db4294e9bfd3]::pin::Pin<&mut nekoslife[5b3b5dba3f78639c]::test::all_sfw_endpoints_work::{closure#0}>>::{closure#0}, (), tokio[897da650b7ee6d90]::runtime::driver::Driver>::{closure#0}, ()>
[INFO] [stdout]   14:     0x56d66cd4ede8 - <tokio[897da650b7ee6d90]::runtime::basic_scheduler::BasicScheduler<tokio[897da650b7ee6d90]::runtime::driver::Driver>>::block_on::<nekoslife[5b3b5dba3f78639c]::test::all_sfw_endpoints_work::{closure#0}>
[INFO] [stdout]   15:     0x56d66cd44d44 - <tokio[897da650b7ee6d90]::runtime::Runtime>::block_on::<nekoslife[5b3b5dba3f78639c]::test::all_sfw_endpoints_work::{closure#0}>
[INFO] [stdout]   16:     0x56d66cd53bd9 - nekoslife[5b3b5dba3f78639c]::test::all_sfw_endpoints_work
[INFO] [stdout]   17:     0x56d66cd44bb9 - <nekoslife[5b3b5dba3f78639c]::test::all_sfw_endpoints_work::{closure#0} as core[df12db4294e9bfd3]::ops::function::FnOnce<()>>::call_once
[INFO] [stdout]   18:     0x56d66ce632eb - test[9d35eded1c95d3be]::__rust_begin_short_backtrace::<core[df12db4294e9bfd3]::result::Result<(), alloc[2182bb758b4b3781]::string::String>, fn() -> core[df12db4294e9bfd3]::result::Result<(), alloc[2182bb758b4b3781]::string::String>>
[INFO] [stdout]   19:     0x56d66ce70955 - test[9d35eded1c95d3be]::run_test::{closure#0}
[INFO] [stdout]   20:     0x56d66ce6a214 - std[70759c8f55707aa4]::sys::backtrace::__rust_begin_short_backtrace::<test[9d35eded1c95d3be]::run_test::{closure#1}, ()>
[INFO] [stdout]   21:     0x56d66ce73ab2 - <std[70759c8f55707aa4]::thread::lifecycle::spawn_unchecked<test[9d35eded1c95d3be]::run_test::{closure#1}, ()>::{closure#1} as core[df12db4294e9bfd3]::ops::function::FnOnce<()>>::call_once::{shim:vtable#0}
[INFO] [stdout]   22:     0x56d66cf08879 - <std[70759c8f55707aa4]::sys::thread::unix::Thread>::new::thread_start
[INFO] [stdout]   23:     0x79a3f740cdfa - <unknown>
[INFO] [stdout]   24:     0x79a3f74a03d4 - clone
[INFO] [stdout]   25:                0x0 - <unknown>
[INFO] [stdout] 
[INFO] [stdout] ---- test::all_nsfw_endpoints_work stdout ----
[INFO] [stdout] 
[INFO] [stdout] thread 'test::all_nsfw_endpoints_work' (1812) panicked at src/lib.rs:205:9:
[INFO] [stdout] called `Result::unwrap()` on an `Err` value: (ReqwestError(reqwest::Error { kind: Request, url: Url { scheme: "https", cannot_be_a_base: false, username: "", password: None, host: Some(Domain("nekos.life")), port: None, path: "/api/v2/img/Random_hentai_gif", query: None, fragment: None }, source: hyper::Error(Connect, ConnectError("dns error", Custom { kind: Uncategorized, error: "failed to lookup address information: Temporary failure in name resolution" })) }), Nsfw(RandomHentaiGif))
[INFO] [stdout] stack backtrace:
[INFO] [stdout]    0:     0x56d66cf09351 - <<std[70759c8f55707aa4]::sys::backtrace::BacktraceLock>::print::DisplayBacktrace as core[df12db4294e9bfd3]::fmt::Display>::fmt
[INFO] [stdout]    1:     0x56d66cf1ef8a - core[df12db4294e9bfd3]::fmt::write
[INFO] [stdout]    2:     0x56d66cf0de8c - <alloc[2182bb758b4b3781]::vec::Vec<u8> as core[df12db4294e9bfd3]::io::write::Write>::write_fmt
[INFO] [stdout]    3:     0x56d66cee4746 - std[70759c8f55707aa4]::panicking::default_hook::{closure#0}
[INFO] [stdout]    4:     0x56d66cf01289 - std[70759c8f55707aa4]::panicking::default_hook
[INFO] [stdout]    5:     0x56d66ce70000 - test[9d35eded1c95d3be]::test_main_inner::<test[9d35eded1c95d3be]::test_main_static::{closure#0}>::{closure#0}
[INFO] [stdout]    6:     0x56d66cf015b2 - std[70759c8f55707aa4]::panicking::panic_with_hook
[INFO] [stdout]    7:     0x56d66cee47f2 - std[70759c8f55707aa4]::panicking::panic_handler::{closure#0}
[INFO] [stdout]    8:     0x56d66cedd259 - std[70759c8f55707aa4]::sys::backtrace::__rust_end_short_backtrace::<std[70759c8f55707aa4]::panicking::panic_handler::{closure#0}, !>
[INFO] [stdout]    9:     0x56d66cee567d - __rustc[8fa7c3cbc660c2b3]::rust_begin_unwind
[INFO] [stdout]   10:     0x56d66cf1f6ec - core[df12db4294e9bfd3]::panicking::panic_fmt
[INFO] [stdout]   11:     0x56d66cf1f4c2 - core[df12db4294e9bfd3]::result::unwrap_failed
[INFO] [stdout]   12:     0x56d66cd3e996 - nekoslife[5b3b5dba3f78639c]::test::all_nsfw_endpoints_work::{closure#0}
[INFO] [stdout]   13:     0x56d66cd48e11 - <tokio[897da650b7ee6d90]::macros::scoped_tls::ScopedKey<tokio[897da650b7ee6d90]::runtime::basic_scheduler::Context>>::set::<tokio[897da650b7ee6d90]::runtime::basic_scheduler::enter<<tokio[897da650b7ee6d90]::runtime::basic_scheduler::Inner<tokio[897da650b7ee6d90]::runtime::driver::Driver>>::block_on<core[df12db4294e9bfd3]::pin::Pin<&mut nekoslife[5b3b5dba3f78639c]::test::all_nsfw_endpoints_work::{closure#0}>>::{closure#0}, (), tokio[897da650b7ee6d90]::runtime::driver::Driver>::{closure#0}, ()>
[INFO] [stdout]   14:     0x56d66cd4f1f8 - <tokio[897da650b7ee6d90]::runtime::basic_scheduler::BasicScheduler<tokio[897da650b7ee6d90]::runtime::driver::Driver>>::block_on::<nekoslife[5b3b5dba3f78639c]::test::all_nsfw_endpoints_work::{closure#0}>
[INFO] [stdout]   15:     0x56d66cd44e04 - <tokio[897da650b7ee6d90]::runtime::Runtime>::block_on::<nekoslife[5b3b5dba3f78639c]::test::all_nsfw_endpoints_work::{closure#0}>
[INFO] [stdout]   16:     0x56d66cd53cd9 - nekoslife[5b3b5dba3f78639c]::test::all_nsfw_endpoints_work
[INFO] [stdout]   17:     0x56d66cd44bd9 - <nekoslife[5b3b5dba3f78639c]::test::all_nsfw_endpoints_work::{closure#0} as core[df12db4294e9bfd3]::ops::function::FnOnce<()>>::call_once
[INFO] [stdout]   18:     0x56d66ce632eb - test[9d35eded1c95d3be]::__rust_begin_short_backtrace::<core[df12db4294e9bfd3]::result::Result<(), alloc[2182bb758b4b3781]::string::String>, fn() -> core[df12db4294e9bfd3]::result::Result<(), alloc[2182bb758b4b3781]::string::String>>
[INFO] [stdout]   19:     0x56d66ce70955 - test[9d35eded1c95d3be]::run_test::{closure#0}
[INFO] [stdout]   20:     0x56d66ce6a214 - std[70759c8f55707aa4]::sys::backtrace::__rust_begin_short_backtrace::<test[9d35eded1c95d3be]::run_test::{closure#1}, ()>
[INFO] [stdout]   21:     0x56d66ce73ab2 - <std[70759c8f55707aa4]::thread::lifecycle::spawn_unchecked<test[9d35eded1c95d3be]::run_test::{closure#1}, ()>::{closure#1} as core[df12db4294e9bfd3]::ops::function::FnOnce<()>>::call_once::{shim:vtable#0}
[INFO] [stdout]   22:     0x56d66cf08879 - <std[70759c8f55707aa4]::sys::thread::unix::Thread>::new::thread_start
[INFO] [stdout]   23:     0x79a3f740cdfa - <unknown>
[INFO] [stdout]   24:     0x79a3f74a03d4 - clone
[INFO] [stdout]   25:                0x0 - <unknown>
[INFO] [stdout] 
[INFO] [stdout] 
[INFO] [stdout] failures:
[INFO] [stdout]     test::all_nsfw_endpoints_work
[INFO] [stdout]     test::all_sfw_endpoints_work
[INFO] [stdout]     test::no_new_endpoints
[INFO] [stdout] 
[INFO] [stdout] test result: FAILED. 0 passed; 3 failed; 0 ignored; 0 measured; 0 filtered out; finished in 0.09s
[INFO] [stdout] 
[INFO] running `Command { std: "docker" "inspect" "53043832b6f336d80d99f25c62c8a79d0c9d676b092e7c3e6f58c76d11590984", kill_on_drop: false }`
[INFO] running `Command { std: "docker" "rm" "-f" "53043832b6f336d80d99f25c62c8a79d0c9d676b092e7c3e6f58c76d11590984", kill_on_drop: false }`
[INFO] [stdout] 53043832b6f336d80d99f25c62c8a79d0c9d676b092e7c3e6f58c76d11590984
