[INFO] fetching crate neet-core 0.2.0...
[INFO] testing neet-core-0.2.0 against 1.100.0-beta.1+cargoflags=--release for beta-release-1.100-2
[INFO] extracting crate neet-core 0.2.0 into /workspace/builds/worker-6-tc2/source
[INFO] started tweaking crates.io crate neet-core 0.2.0
[INFO] removed 0 missing tests
[INFO] finished tweaking crates.io crate neet-core 0.2.0
[INFO] tweaked toml for crates.io crate neet-core 0.2.0 written to /workspace/builds/worker-6-tc2/source/Cargo.toml
[INFO] validating manifest of crates.io crate neet-core 0.2.0 on toolchain 1.100.0-beta.1
[INFO] running `Command { std: CARGO_HOME="/workspace/cargo-home" RUSTUP_HOME="/workspace/rustup-home" "/workspace/cargo-home/bin/cargo" "+1.100.0-beta.1" "metadata" "--manifest-path" "Cargo.toml" "--no-deps", kill_on_drop: false }`
[INFO] crate crates.io crate neet-core 0.2.0 already has a lockfile, it will not be regenerated
[INFO] running `Command { std: CARGO_HOME="/workspace/cargo-home" RUSTUP_HOME="/workspace/rustup-home" "/workspace/cargo-home/bin/cargo" "+1.100.0-beta.1" "fetch" "--manifest-path" "Cargo.toml", kill_on_drop: false }`
[INFO] [stderr] warning: `package.homepage` is redundant with `package.repository`
[INFO] [stderr]   --> Cargo.toml:45:12
[INFO] [stderr]    |
[INFO] [stderr] 45 | homepage = "https://github.com/ado11231/neet"
[INFO] [stderr]    |            ^^^^^^^^^^^^^^^^^^^^^^^^^^^^^^^^^^
[INFO] [stderr] ...
[INFO] [stderr] 50 | repository = "https://github.com/ado11231/neet"
[INFO] [stderr]    |              ----------------------------------
[INFO] [stderr]    |
[INFO] [stderr]    = note: `cargo::redundant_homepage` is set to `warn` by default
[INFO] [stderr] help: consider removing `package.homepage`
[INFO] [stderr] warning: `neet-core` (manifest) generated 1 warning
[INFO] running `Command { std: "docker" "create" "-v" "/var/lib/crater-agent-workspace/builds/worker-6-tc2/source:/opt/rustwide/workdir:ro,Z" "-v" "/var/lib/crater-agent-workspace/builds/worker-6-tc2/target:/opt/rustwide/target:rw,Z" "-v" "/var/lib/crater-agent-workspace/cargo-home:/opt/rustwide/cargo-home:ro,Z" "-v" "/var/lib/crater-agent-workspace/rustup-home:/opt/rustwide/rustup-home:ro,Z" "-m" "1610612736" "--network" "none" "ghcr.io/rust-lang/crates-build-env/linux@sha256:77db811e55d90add9212f6832c23229e3de5f1c1f9905e8cb07319ea15df73ac" "sleep" "infinity", kill_on_drop: false }`
[INFO] [stdout] 323f3c82e3b1a8de092b683b15cc7aac686d7355823b3053f5328ff8c3a4fdb9
[INFO] running `Command { std: "docker" "start" "323f3c82e3b1a8de092b683b15cc7aac686d7355823b3053f5328ff8c3a4fdb9", kill_on_drop: false }`
[INFO] running `Command { std: "docker" "inspect" "323f3c82e3b1a8de092b683b15cc7aac686d7355823b3053f5328ff8c3a4fdb9", kill_on_drop: false }`
[INFO] running `Command { std: "docker" "exec" "-e" "SOURCE_DIR=/opt/rustwide/workdir" "-e" "CARGO_HOME=/opt/rustwide/cargo-home" "-e" "RUSTUP_HOME=/opt/rustwide/rustup-home" "-e" "CARGO_TARGET_DIR=/opt/rustwide/target" "-w" "/opt/rustwide/workdir" "--user" "0:0" "323f3c82e3b1a8de092b683b15cc7aac686d7355823b3053f5328ff8c3a4fdb9" "/opt/rustwide/cargo-home/bin/cargo" "+1.100.0-beta.1" "metadata" "--no-deps" "--format-version=1", kill_on_drop: false }`
[INFO] running `Command { std: "docker" "inspect" "323f3c82e3b1a8de092b683b15cc7aac686d7355823b3053f5328ff8c3a4fdb9", kill_on_drop: false }`
[INFO] running `Command { std: "docker" "exec" "-e" "SOURCE_DIR=/opt/rustwide/workdir" "-e" "CARGO_HOME=/opt/rustwide/cargo-home" "-e" "RUSTUP_HOME=/opt/rustwide/rustup-home" "-e" "CARGO_TARGET_DIR=/opt/rustwide/target" "-e" "CARGO_INCREMENTAL=0" "-e" "RUST_BACKTRACE=full" "-e" "RUSTFLAGS=--cap-lints=warn" "-e" "RUSTDOCFLAGS=--cap-lints=warn" "-w" "/opt/rustwide/workdir" "--user" "0:0" "323f3c82e3b1a8de092b683b15cc7aac686d7355823b3053f5328ff8c3a4fdb9" "/opt/rustwide/cargo-home/bin/cargo" "+1.100.0-beta.1" "build" "--frozen" "--message-format=json" "--release", kill_on_drop: false }`
[INFO] [stderr] warning: `package.homepage` is redundant with `package.repository`
[INFO] [stderr]   --> Cargo.toml:45:12
[INFO] [stderr]    |
[INFO] [stderr] 45 | homepage = "https://github.com/ado11231/neet"
[INFO] [stderr]    |            ^^^^^^^^^^^^^^^^^^^^^^^^^^^^^^^^^^
[INFO] [stderr] ...
[INFO] [stderr] 50 | repository = "https://github.com/ado11231/neet"
[INFO] [stderr]    |              ----------------------------------
[INFO] [stderr]    |
[INFO] [stderr]    = note: `cargo::redundant_homepage` is set to `warn` by default
[INFO] [stderr] help: consider removing `package.homepage`
[INFO] [stderr] warning: `neet-core` (manifest) generated 1 warning
[INFO] [stderr]    Compiling serde_core v1.0.229
[INFO] [stderr]    Compiling proc-macro2 v1.0.107
[INFO] [stderr]    Compiling quote v1.0.47
[INFO] [stderr]    Compiling unicode-ident v1.0.26
[INFO] [stderr]    Compiling libc v0.2.189
[INFO] [stderr]    Compiling winnow v1.0.4
[INFO] [stderr]    Compiling getrandom v0.4.3
[INFO] [stderr]    Compiling rustix v1.1.5
[INFO] [stderr]    Compiling crossbeam-queue v0.3.14
[INFO] [stderr]    Compiling crossbeam-channel v0.5.17
[INFO] [stderr]    Compiling either v1.18.0
[INFO] [stderr]    Compiling bitflags v2.13.2
[INFO] [stderr]    Compiling toml_writer v1.1.2+spec-1.1.0
[INFO] [stderr]    Compiling linux-raw-sys v0.12.1
[INFO] [stderr]    Compiling serde_json v1.0.151
[INFO] [stderr]    Compiling serde v1.0.229
[INFO] [stderr]    Compiling indexmap v2.14.2
[INFO] [stderr]    Compiling zmij v1.0.23
[INFO] [stderr]    Compiling rayon v1.12.0
[INFO] [stderr]    Compiling fastrand v2.5.0
[INFO] [stderr]    Compiling memchr v2.8.3
[INFO] [stderr]    Compiling once_cell v1.21.4
[INFO] [stderr]    Compiling crossbeam v0.8.5
[INFO] [stderr]    Compiling syn v3.0.6
[INFO] [stderr]    Compiling toml_parser v1.1.3+spec-1.1.0
[INFO] [stderr]    Compiling jwalk v0.9.0
[INFO] [stderr]    Compiling serde_derive v1.0.229
[INFO] [stderr]    Compiling toml_datetime v1.1.1+spec-1.1.0
[INFO] [stderr]    Compiling serde_spanned v1.1.1
[INFO] [stderr]    Compiling toml_edit v0.25.15+spec-1.1.0
[INFO] [stderr]    Compiling toml v1.1.6+spec-1.1.0
[INFO] [stderr]    Compiling tempfile v3.27.0
[INFO] [stderr]    Compiling neet-core v0.2.0 (/opt/rustwide/workdir)
[INFO] [stderr]     Finished `release` profile [optimized] target(s) in 41.68s
[INFO] running `Command { std: "docker" "inspect" "323f3c82e3b1a8de092b683b15cc7aac686d7355823b3053f5328ff8c3a4fdb9", kill_on_drop: false }`
[INFO] running `Command { std: "docker" "exec" "-e" "SOURCE_DIR=/opt/rustwide/workdir" "-e" "CARGO_HOME=/opt/rustwide/cargo-home" "-e" "RUSTUP_HOME=/opt/rustwide/rustup-home" "-e" "CARGO_TARGET_DIR=/opt/rustwide/target" "-e" "CARGO_INCREMENTAL=0" "-e" "RUST_BACKTRACE=full" "-e" "RUSTFLAGS=--cap-lints=warn" "-e" "RUSTDOCFLAGS=--cap-lints=warn" "-w" "/opt/rustwide/workdir" "--user" "0:0" "323f3c82e3b1a8de092b683b15cc7aac686d7355823b3053f5328ff8c3a4fdb9" "/opt/rustwide/cargo-home/bin/cargo" "+1.100.0-beta.1" "test" "--frozen" "--no-run" "--message-format=json" "--release", kill_on_drop: false }`
[INFO] [stderr] warning: `package.homepage` is redundant with `package.repository`
[INFO] [stderr]   --> Cargo.toml:45:12
[INFO] [stderr]    |
[INFO] [stderr] 45 | homepage = "https://github.com/ado11231/neet"
[INFO] [stderr]    |            ^^^^^^^^^^^^^^^^^^^^^^^^^^^^^^^^^^
[INFO] [stderr] ...
[INFO] [stderr] 50 | repository = "https://github.com/ado11231/neet"
[INFO] [stderr]    |              ----------------------------------
[INFO] [stderr]    |
[INFO] [stderr]    = note: `cargo::redundant_homepage` is set to `warn` by default
[INFO] [stderr] help: consider removing `package.homepage`
[INFO] [stderr] warning: `neet-core` (manifest) generated 1 warning
[INFO] [stderr]    Compiling neet-core v0.2.0 (/opt/rustwide/workdir)
[INFO] [stderr]     Finished `release` profile [optimized] target(s) in 25.64s
[INFO] running `Command { std: "docker" "inspect" "323f3c82e3b1a8de092b683b15cc7aac686d7355823b3053f5328ff8c3a4fdb9", kill_on_drop: false }`
[INFO] running `Command { std: "docker" "exec" "-e" "SOURCE_DIR=/opt/rustwide/workdir" "-e" "CARGO_HOME=/opt/rustwide/cargo-home" "-e" "RUSTUP_HOME=/opt/rustwide/rustup-home" "-e" "CARGO_TARGET_DIR=/opt/rustwide/target" "-e" "CARGO_INCREMENTAL=0" "-e" "RUST_BACKTRACE=full" "-e" "RUSTFLAGS=--cap-lints=warn" "-e" "RUSTDOCFLAGS=--cap-lints=warn" "-w" "/opt/rustwide/workdir" "--user" "0:0" "323f3c82e3b1a8de092b683b15cc7aac686d7355823b3053f5328ff8c3a4fdb9" "/opt/rustwide/cargo-home/bin/cargo" "+1.100.0-beta.1" "test" "--frozen" "--release", kill_on_drop: false }`
[INFO] [stderr] warning: `package.homepage` is redundant with `package.repository`
[INFO] [stderr]   --> Cargo.toml:45:12
[INFO] [stderr]    |
[INFO] [stderr] 45 | homepage = "https://github.com/ado11231/neet"
[INFO] [stderr]    |            ^^^^^^^^^^^^^^^^^^^^^^^^^^^^^^^^^^
[INFO] [stderr] ...
[INFO] [stderr] 50 | repository = "https://github.com/ado11231/neet"
[INFO] [stderr]    |              ----------------------------------
[INFO] [stderr]    |
[INFO] [stderr]    = note: `cargo::redundant_homepage` is set to `warn` by default
[INFO] [stderr] help: consider removing `package.homepage`
[INFO] [stderr] warning: `neet-core` (manifest) generated 1 warning
[INFO] [stderr]     Finished `release` profile [optimized] target(s) in 0.09s
[INFO] [stderr]      Running unittests src/lib.rs (/opt/rustwide/target/release/build/neet-core/e5f3ac3a556e771f/out/neet_core-e5f3ac3a556e771f)
[INFO] [stdout] 
[INFO] [stdout] running 230 tests
[INFO] [stdout] test ai::tests::gemini_jsonl_sessions_support_discovery_summary_preview_and_removal_review ... ok
[INFO] [stdout] test ai::summary::tests::titles_use_user_text_and_recorded_project_paths ... ok
[INFO] [stdout] test ai::remove::tests::only_a_clean_lsof_exit_one_means_the_file_is_closed ... ok
[INFO] [stdout] test ai::remove::tests::moves_only_the_reviewed_file_and_keeps_siblings ... ok
[INFO] [stdout] test ai::remove::tests::keeps_busy_chats_and_reports_move_errors ... ok
[INFO] [stdout] test ai::tests::discovery_keeps_entries_found_at_the_limit_and_ignores_loose_skill_files ... ok
[INFO] [stdout] test ai::tests::previews_conversations_and_skips_tools_and_bad_records ... ok
[INFO] [stdout] test ai::tests::install_links_whole_skill_and_never_overwrites ... ok
[INFO] [stdout] test ai::tests::limits_preview_and_removes_terminal_controls ... ok
[INFO] [stdout] test ai::tests::discovers_only_known_files_without_reading_chat_contents ... ok
[INFO] [stdout] test ai::tests::edit_refuses_stale_files_links_and_bundled_skills ... ok
[INFO] [stdout] test clean::tests::a_copied_skip_reason_keeps_its_error ... ok
[INFO] [stdout] test ai::summary::tests::malformed_records_and_relative_paths_do_not_imply_missing_projects ... ok
[INFO] [stdout] test apps::tests::a_missing_app_is_not_running ... FAILED
[INFO] [stdout] test ai::summary::gemini_tests::gemini_uses_its_project_marker_and_never_decodes_a_hash ... ok
[INFO] [stdout] test ai::remove::tests::refuses_settings_and_forged_history_paths ... ok
[INFO] [stdout] test clean::tests::bundled_rules_plan_without_changing_any_file ... FAILED
[INFO] [stdout] test clean::tests::expands_stars_one_level_at_a_time ... FAILED
[INFO] [stdout] test clean::tests::leaves_links_inside_the_root_out_of_the_plan ... FAILED
[INFO] [stdout] test clean::tests::plans_items_with_sizes_and_selects_only_safe_rules ... FAILED
[INFO] [stdout] test clean::tests::moves_only_the_selected_rules ... FAILED
[INFO] [stdout] test ai::remove::tests::refuses_changes_before_and_after_review ... ok
[INFO] [stdout] test clean::tests::plans_one_picked_item_or_says_why_not ... FAILED
[INFO] [stdout] test ai::tests::install_rejects_changes_and_a_destination_link ... ok
[INFO] [stdout] test clean::tests::counts_a_hard_link_once_in_the_whole_plan ... FAILED
[INFO] [stdout] test clean::tests::an_item_goes_to_the_first_rule_that_finds_it ... FAILED
[INFO] [stdout] test clean::tests::reports_a_move_that_failed ... FAILED
[INFO] [stdout] test clean::tests::skips_a_file_replaced_after_the_review ... FAILED
[INFO] [stdout] test clean::tests::skips_a_rule_whose_app_is_open ... FAILED
[INFO] [stdout] test clean::tests::skips_a_link_swapped_in_after_the_review ... FAILED
[INFO] [stdout] test clean::tests::skips_an_item_changed_after_the_review ... FAILED
[INFO] [stdout] test clean::tests::skips_items_changed_within_the_minimum_age ... FAILED
[INFO] [stdout] test clean::tests::star_matches_any_run_of_characters ... ok
[INFO] [stdout] test clean::tests::skips_links_that_lead_out ... FAILED
[INFO] [stdout] test clutter::tests::finds_trash_installers_and_build_folders ... ok
[INFO] [stdout] test clutter::tests::items_are_largest_first ... ok
[INFO] [stdout] test clutter::tests::leaves_out_tool_folders_and_lone_targets ... ok
[INFO] [stdout] test ai::remove::tests::refuses_replaced_files_and_linked_parents ... ok
[INFO] [stdout] test disk::tests::reads_the_disk_for_a_folder ... ok
[INFO] [stdout] test clean::tests::stars_skip_finder_view_settings ... FAILED
[INFO] [stdout] test dotfiles::change::tests::adds_a_file_inside_new_folders ... FAILED
[INFO] [stdout] test clutter::tests::plans_each_item_selected_and_skips_what_the_check_refuses ... FAILED
[INFO] [stdout] test disk::tests::fails_for_a_missing_path ... ok
[INFO] [stdout] test disk::tests::finder_free_fails_for_a_missing_path ... ok
[INFO] [stdout] test disk::tests::used_is_total_minus_available ... ok
[INFO] [stdout] test clutter::tests::the_temp_folder_is_under_var_folders ... FAILED
[INFO] [stdout] test ai::remove::tests::recently_written_files_are_skipped_without_running_finder ... ok
[INFO] [stdout] test dotfiles::change::tests::adds_a_file_to_chezmoi_without_running_it ... FAILED
[INFO] [stdout] test ai::tests::project_discovery_stops_at_git_root_and_honors_custom_roots ... ok
[INFO] [stdout] test dotfiles::change::tests::edits_the_source_file_when_chezmoi_manages_it ... FAILED
[INFO] [stdout] test dotfiles::change::tests::keeps_the_home_version_in_chezmoi_without_running_it ... FAILED
[INFO] [stdout] test clutter::tests::finds_the_docker_image ... ok
[INFO] [stdout] test dotfiles::configure::ghostty::tests::adds_a_missing_key_at_the_end_and_removes_every_line ... ok
[INFO] [stdout] test ai::tests::rejects_invalid_skill_and_backup_directory_escape ... ok
[INFO] [stdout] test dotfiles::configure::ghostty::tests::changes_only_the_value_and_keeps_spacing_and_quotes ... ok
[INFO] [stdout] test dotfiles::configure::ghostty::tests::reads_values_without_quotes_and_skips_comments_and_empty_ones ... ok
[INFO] [stdout] test dotfiles::configure::ghostty::tests::refuses_a_quote_inside_a_quoted_value ... ok
[INFO] [stdout] test dotfiles::change::tests::checks_only_read_the_file ... FAILED
[INFO] [stdout] test disk::tests::reads_the_free_space_finder_shows ... FAILED
[INFO] [stdout] test ai::tests::invalid_installed_skills_can_be_repaired_but_not_loaded ... ok
[INFO] [stdout] test dotfiles::change::tests::edits_a_file_chezmoi_does_not_manage ... FAILED
[INFO] [stdout] test dotfiles::change::tests::never_runs_chezmoi_for_a_link ... FAILED
[INFO] [stdout] test ai::tests::edit_backs_up_and_restore_is_also_reversible ... ok
[INFO] [stdout] test dotfiles::configure::kitty::tests::adds_a_missing_option_at_the_end_and_removes_every_line ... ok
[INFO] [stdout] test dotfiles::configure::kitty::tests::changes_only_the_value_and_keeps_the_spacing ... ok
[INFO] [stdout] test dotfiles::configure::kitty::tests::reads_the_rest_of_the_line_and_skips_comments ... ok
[INFO] [stdout] test dotfiles::configure::tests::finds_the_program_for_a_file ... ok
[INFO] [stdout] test dotfiles::configure::tmux::tests::changes_only_the_value_and_keeps_the_rest ... ok
[INFO] [stdout] test dotfiles::configure::tests::every_setting_is_listed_once_and_tmux_and_zsh_ones_say_how_to_add_them ... ok
[INFO] [stdout] test ai::tests::rejects_escaped_roots_file_links_and_retargeted_skills ... ok
[INFO] [stdout] test dotfiles::configure::tests::checks_numbers_and_choices ... ok
[INFO] [stdout] test dotfiles::configure::tmux::tests::adds_a_line_with_the_right_command_when_there_is_none ... ok
[INFO] [stdout] test dotfiles::configure::tmux::tests::leaves_lines_it_does_not_read ... ok
[INFO] [stdout] test dotfiles::configure::tmux::tests::reads_plain_set_lines ... ok
[INFO] [stdout] test dotfiles::configure::tmux::tests::removing_takes_out_every_line_for_it ... ok
[INFO] [stdout] test dotfiles::change::tests::refuses_files_that_cannot_be_edited_yet ... FAILED
[INFO] [stdout] test dotfiles::change::tests::refuses_files_it_should_not_add ... ok
[INFO] [stdout] test dotfiles::change::tests::refuses_to_write_when_the_home_file_changed_meanwhile ... FAILED
[INFO] [stdout] test dotfiles::change::tests::refuses_broken_shell_text_on_restore_and_put_back ... FAILED
[INFO] [stdout] test dotfiles::configure::toml_file::tests::mise_versions_are_text_and_lists_are_left_alone ... ok
[INFO] [stdout] test dotfiles::change::tests::restores_a_backup_of_the_home_file ... FAILED
[INFO] [stdout] test dotfiles::configure::zsh::tests::changes_a_line_in_place_and_drops_an_empty_block ... ok
[INFO] [stdout] test dotfiles::configure::toml_file::tests::reads_values_tables_and_dotted_keys ... ok
[INFO] [stdout] test dotfiles::configure::zsh::tests::reads_only_inside_the_block ... ok
[INFO] [stdout] test dotfiles::configure::tmux::tests::values_are_quoted_so_they_read_back ... ok
[INFO] [stdout] test dotfiles::configure::tmux::tests::the_last_line_wins_and_unset_clears ... ok
[INFO] [stdout] test dotfiles::configure::tmux::tests::unset_lines_become_set_lines ... ok
[INFO] [stdout] test dotfiles::configure::toml_file::tests::refuses_what_it_cannot_change_safely ... ok
[INFO] [stdout] test dotfiles::configure::toml_file::tests::adds_numbers_and_missing_tables ... ok
[INFO] [stdout] test dotfiles::configure::zsh::tests::refuses_a_broken_block_and_a_quote_in_an_export ... ok
[INFO] [stdout] test dotfiles::configure::zsh::tests::adds_a_block_at_the_end_and_leaves_every_other_line ... ok
[INFO] [stdout] test dotfiles::configure::toml_file::tests::changes_one_value_and_keeps_comments_and_icons ... ok
[INFO] [stdout] test dotfiles::configure::toml_file::tests::removes_a_value_and_leaves_the_rest ... ok
[INFO] [stdout] test dotfiles::export::tests::a_new_repository_refuses_a_file_changed_after_the_review ... FAILED
[INFO] [stdout] test dotfiles::tests::github_remotes_are_shortened ... ok
[INFO] [stdout] test dotfiles::export::tests::finds_keys_tokens_and_secret_settings ... ok
[INFO] [stdout] test dotfiles::tests::finds_the_source_folder_from_the_config ... ok
[INFO] [stdout] test dotfiles::tests::hooks_and_unsafe_templates_stop_neet_running_chezmoi ... ok
[INFO] [stdout] test dotfiles::tests::compares_each_file_with_its_source_file ... ok
[INFO] [stdout] test dotfiles::tests::links_in_parent_folders_cannot_escape_the_home_folder ... ok
[INFO] [stdout] test dotfiles::tests::ignore_patterns_match_like_chezmoi ... ok
[INFO] [stdout] test dotfiles::tests::previews_only_drawable_text ... ok
[INFO] [stdout] test dotfiles::export::tests::starts_a_repository_in_chezmoi_layout_with_only_the_chosen_files ... FAILED
[INFO] [stdout] test dotfiles::tests::source_names_map_to_the_files_they_make ... ok
[INFO] [stdout] test dotfiles::tests::templates_that_only_compare_values_are_safe ... ok
[INFO] [stdout] test large::tests::finds_large_files_largest_first ... ok
[INFO] [stdout] test large::tests::finds_old_files_and_skips_unknown_times ... ok
[INFO] [stdout] test removal::tests::group_containers_need_an_exact_form ... ok
[INFO] [stdout] test dotfiles::tests::lists_files_and_says_which_are_view_only ... FAILED
[INFO] [stdout] test dotfiles::configure::tests::reads_values_from_only_that_file ... ok
[INFO] [stdout] test dotfiles::tests::new_source_names_keep_folders_and_attributes ... ok
[INFO] [stdout] test removal::tests::finds_only_exact_matches_with_their_marks ... ok
[INFO] [stdout] test rewrite::tests::backup_names_stay_inside_the_backup_folder ... ok
[INFO] [stdout] test removal::tests::lists_apps_directly_in_the_folders_with_refusals ... ok
[INFO] [stdout] test rewrite::tests::names_backups_by_the_time_in_utc ... ok
[INFO] [stdout] test dotfiles::change::tests::checks_git_and_toml_files ... ok
[INFO] [stdout] test rewrite::tests::opens_only_plain_files_of_a_settings_size ... ok
[INFO] [stdout] test rewrite::tests::refuses_a_file_replaced_after_it_was_opened ... ok
[INFO] [stdout] test dotfiles::configure::tests::refuses_values_git_would_misread ... ok
[INFO] [stdout] test removal::tests::refuses_to_plan_a_refused_app ... ok
[INFO] [stdout] test rewrite::tests::refuses_a_retargeted_link_and_changed_permissions ... ok
[INFO] [stdout] test rewrite::tests::refuses_a_file_that_changed_after_it_was_opened ... ok
[INFO] [stdout] test dotfiles::tests::new_source_names_read_back_as_the_files_they_make ... ok
[INFO] [stdout] test rewrite::tests::keeps_every_backup_newest_first_even_in_the_same_moment ... ok
[INFO] [stdout] test rewrite::tests::a_failed_write_leaves_the_file_as_it_was ... FAILED
[INFO] [stdout] test rules::tests::a_missing_rules_folder_is_fine ... FAILED
[INFO] [stdout] test rules::tests::a_broken_file_is_reported ... FAILED
[INFO] [stdout] test rules::tests::bundled_files_have_rules ... FAILED
[INFO] [stdout] test rules::tests::bundled_download_caches_are_never_safe ... FAILED
[INFO] [stdout] test rules::tests::every_bundled_rule_loads ... FAILED
[INFO] [stdout] test rules::tests::refuses_a_repeated_id_in_one_file ... FAILED
[INFO] [stdout] test rules::tests::parses_a_rule ... FAILED
[INFO] [stdout] test removal::tests::finds_folders_named_after_the_bundle_name ... ok
[INFO] [stdout] test removal::tests::plans_the_app_and_selects_only_unmarked_items ... ok
[INFO] [stdout] test rules::tests::a_bad_rule_does_not_stop_the_others ... FAILED
[INFO] [stdout] test rules::tests::refuses_patterns_other_than_a_star ... FAILED
[INFO] [stdout] test rules::tests::refuses_paths_outside_the_roots ... FAILED
[INFO] [stdout] test rules::tests::refuses_unknown_fields_and_bad_values ... FAILED
[INFO] [stdout] test rules::tests::your_own_rules_are_never_selected_from_the_start ... FAILED
[INFO] [stdout] test rewrite::tests::writes_after_a_backup_and_keeps_the_permissions ... ok
[INFO] [stdout] test safety::tests::a_cleanup_path_is_checked_again_by_the_cleanup_check ... FAILED
[INFO] [stdout] test run::tests::returns_what_a_command_printed_when_it_finishes ... ok
[INFO] [stdout] test rewrite::tests::writes_where_a_link_leads_and_keeps_the_link ... ok
[INFO] [stdout] test rewrite::tests::restores_a_backup_and_backs_up_the_file_first ... ok
[INFO] [stdout] test safety::tests::app_removal_allows_apps_and_library_items_only ... ok
[INFO] [stdout] test safety::tests::accepts_only_the_caches_folder_of_a_container ... FAILED
[INFO] [stdout] test safety::tests::clutter_refuses_tool_folders_links_git_and_keys ... FAILED
[INFO] [stdout] test safety::tests::accepts_items_inside_a_root ... FAILED
[INFO] [stdout] test dotfiles::configure::tests::sets_and_removes_values_and_keeps_comments ... ok
[INFO] [stdout] test safety::tests::app_removal_refuses_everything_else ... ok
[INFO] [stdout] test dotfiles::tests::reads_a_repository_without_changing_it ... ok
[INFO] [stdout] test safety::tests::judges_a_link_by_where_it_leads ... FAILED
[INFO] [stdout] test safety::tests::clutter_takes_docker_disk_image_and_nothing_beside_it ... FAILED
[INFO] [stdout] test safety::tests::patterns_must_cover_a_whole_root_before_any_star ... FAILED
[INFO] [stdout] test safety::tests::refuses_empty_relative_and_top_level_paths ... FAILED
[INFO] [stdout] test safety::tests::refuses_a_parent_link_that_leads_into_a_protected_folder ... FAILED
[INFO] [stdout] test safety::tests::refuses_dot_and_dot_dot_parts ... FAILED
[INFO] [stdout] test safety::tests::tests_do_not_run_as_root ... FAILED
[INFO] [stdout] test safety::tests::refuses_a_root_itself_and_the_home_folder ... FAILED
[INFO] [stdout] test scan::tests::scan_builds_nested_folders_with_totals ... ok
[INFO] [stdout] test safety::tests::refuses_paths_outside_the_roots ... FAILED
[INFO] [stdout] test scan::tests::scan_fails_when_the_root_is_a_file ... ok
[INFO] [stdout] test scan::tests::scan_fails_for_a_missing_root ... ok
[INFO] [stdout] test safety::tests::refuses_a_path_that_does_not_exist ... FAILED
[INFO] [stdout] test scan::tests::scan_counts_a_hard_link_once ... ok
[INFO] [stdout] test safety::tests::refuses_names_that_are_not_utf8 ... FAILED
[INFO] [stdout] test dotfiles::export::tests::refuses_changes_after_the_secret_review_and_unreviewed_paths ... ok
[INFO] [stdout] test run::tests::captures_a_lot_of_output_without_stalling ... ok
[INFO] [stdout] test safety::tests::clutter_takes_build_folders_and_installers_from_your_folders ... FAILED
[INFO] [stdout] test safety::tests::refuses_protected_paths_written_in_other_ways ... FAILED
[INFO] [stdout] test scan::tests::scan_lists_a_symlink_without_following_it ... ok
[INFO] [stdout] test scan::tests::scan_records_an_unreadable_folder_and_carries_on ... FAILED
[INFO] [stdout] test scan::tests::scan_reports_final_progress ... ok
[INFO] [stdout] test scan::tests::scan_lists_another_disk_without_entering_it ... ok
[INFO] [stdout] test scan::tests::scan_measures_a_file_with_empty_parts_by_space_used ... ok
[INFO] [stdout] test scan::tests::scan_records_when_files_changed ... ok
[INFO] [stdout] test size::tests::counts_a_file_with_one_name_every_time ... ok
[INFO] [stdout] test size::tests::a_file_with_empty_parts_uses_less_space_than_its_length ... ok
[INFO] [stdout] test size::tests::a_written_file_uses_space_on_disk ... ok
[INFO] [stdout] test size::tests::counts_a_directory_every_time ... ok
[INFO] [stdout] test dotfiles::export::tests::plans_only_listed_source_files_with_changes ... ok
[INFO] [stdout] test startup::tests::reads_launchctl ... ok
[INFO] [stdout] test startup::tests::reads_who_signed_it ... ok
[INFO] [stdout] test size::tests::counts_different_linked_files_separately ... ok
[INFO] [stdout] test startup::tests::lists_every_kind_and_counts_macos_items ... ok
[INFO] [stdout] test startup::tests::reads_launchd_plists ... ok
[INFO] [stdout] test startup::tests::says_so_when_launchctl_cannot_tell ... ok
[INFO] [stdout] test startup::turn::tests::a_failed_first_save_runs_no_commands ... ok
[INFO] [stdout] test size::tests::counts_a_hard_link_only_once ... ok
[INFO] [stdout] test startup::turn::tests::refuses_a_plist_that_was_not_checked_when_listed ... ok
[INFO] [stdout] test startup::turn::tests::refuses_a_link_out_of_home ... ok
[INFO] [stdout] test startup::turn::tests::refuses_items_that_are_not_your_own_agents ... ok
[INFO] [stdout] test startup::turn::tests::command_errors_keep_partial_and_unknown_results ... ok
[INFO] [stdout] test startup::turn::tests::refuses_changed_programs_and_arguments_until_listed_again ... FAILED
[INFO] [stdout] test startup::turn::tests::refuses_a_plist_changed_since_the_question ... ok
[INFO] [stdout] test tools::tests::bad_container_output_is_not_an_empty_list ... ok
[INFO] [stdout] test tools::tests::knows_docker_is_not_running_in_old_and_new_words ... ok
[INFO] [stdout] test tools::tests::only_runtime_ids_are_passed_to_simctl ... ok
[INFO] [stdout] test tools::tests::only_volume_names_are_passed_to_docker ... ok
[INFO] [stdout] test tools::tests::reads_devices_with_their_runtime ... ok
[INFO] [stdout] test tools::tests::reads_docker_usage ... ok
[INFO] [stdout] test tools::tests::reads_only_volumes_no_container_uses ... ok
[INFO] [stdout] test tools::tests::reads_running_containers_with_and_without_compose_projects ... ok
[INFO] [stdout] test tools::tests::reads_runtimes_largest_first ... ok
[INFO] [stdout] test tools::tests::prune_space_keeps_zero_distinct_from_missing_output ... ok
[INFO] [stdout] test trash::tests::a_failed_move_keeps_the_source_and_does_not_try_other_names ... ok
[INFO] [stdout] test trash::tests::keeps_a_file_that_arrives_just_before_the_move ... ok
[INFO] [stdout] test trash::tests::moves_into_the_trash_without_replacing_anything ... ok
[INFO] [stdout] test tree::tests::a_new_tree_holds_only_the_root ... ok
[INFO] [stdout] test trash::tests::skips_broken_links_and_folders_with_the_same_name ... ok
[INFO] [stdout] test tree::tests::item_counts_add_up_to_every_parent ... ok
[INFO] [stdout] test tree::tests::iter_visits_every_node_in_the_order_added ... ok
[INFO] [stdout] test tree::tests::path_joins_every_name_from_the_root ... ok
[INFO] [stdout] test tree::tests::sibling_folders_keep_separate_totals ... ok
[INFO] [stdout] test tree::tests::sizes_add_up_to_every_parent ... ok
[INFO] [stdout] test startup::turn::tests::a_failed_disable_stops_before_bootout ... ok
[INFO] [stdout] test startup::turn::tests::a_failed_result_save_keeps_the_state_before ... FAILED
[INFO] [stdout] test startup::turn::tests::old_saved_records_do_not_claim_a_completed_change ... ok
[INFO] [stdout] test run::tests::stops_a_command_that_does_not_answer_in_time ... ok
[INFO] [stdout] test run::tests::closed_pipes_or_constant_output_do_not_skip_the_timeout ... ok
[INFO] [stdout] test dotfiles::export::tests::renamed_unicode_paths_do_not_break_the_review ... ok
[INFO] [stdout] test tree::tests::adding_a_node_links_parent_and_child ... ok
[INFO] [stdout] test startup::turn::tests::turns_off_then_back_on_and_saves_the_state_before ... ok
[INFO] [stdout] test startup::turn::tests::failed_bootout_reports_the_change_and_current_state ... ok
[INFO] [stdout] test startup::turn::tests::not_loaded_or_already_loaded_is_not_an_error ... ok
[INFO] [stdout] test dotfiles::export::tests::refuses_empty_commits_and_messages ... ok
[INFO] [stdout] test startup::turn::tests::saving_state_does_not_write_through_links ... ok
[INFO] [stdout] test startup::turn::tests::saves_each_result_with_the_state_before ... ok
[INFO] [stdout] test run::tests::a_background_child_cannot_keep_output_open_past_the_timeout ... ok
[INFO] [stdout] test dotfiles::export::tests::commits_only_the_chosen_files_and_pushes_without_force ... ok
[INFO] [stdout] 
[INFO] [stdout] failures:
[INFO] [stdout] 
[INFO] [stdout] ---- apps::tests::a_missing_app_is_not_running stdout ----
[INFO] [stdout] 
[INFO] [stdout] thread 'apps::tests::a_missing_app_is_not_running' (969) panicked at src/apps.rs:24:9:
[INFO] [stdout] assertion failed: !is_running("dev.neet.test.missing-app")
[INFO] [stdout] stack backtrace:
[INFO] [stdout]    0:     0x644d2be22de1 - <<std[617be2ca0a6fd877]::sys::backtrace::BacktraceLock>::print::DisplayBacktrace as core[a373ad73a504971]::fmt::Display>::fmt
[INFO] [stdout]    1:     0x644d2be3a30a - core[a373ad73a504971]::fmt::write
[INFO] [stdout]    2:     0x644d2be275cc - <alloc[2e1b2a31b91974c5]::vec::Vec<u8> as core[a373ad73a504971]::io::write::Write>::write_fmt
[INFO] [stdout]    3:     0x644d2bdfa176 - std[617be2ca0a6fd877]::panicking::default_hook::{closure#0}
[INFO] [stdout]    4:     0x644d2be19419 - std[617be2ca0a6fd877]::panicking::default_hook
[INFO] [stdout]    5:     0x644d2bd7c860 - test[aada8e7e76ba119b]::test_main_inner::{closure#0}
[INFO] [stdout]    6:     0x644d2be19742 - std[617be2ca0a6fd877]::panicking::panic_with_hook
[INFO] [stdout]    7:     0x644d2bdfa254 - std[617be2ca0a6fd877]::panicking::panic_handler::{closure#0}
[INFO] [stdout]    8:     0x644d2bdf2ab9 - std[617be2ca0a6fd877]::sys::backtrace::__rust_end_short_backtrace::<std[617be2ca0a6fd877]::panicking::panic_handler::{closure#0}, !>
[INFO] [stdout]    9:     0x644d2bdfb1bd - __rustc[ea4f61d10b84890b]::rust_begin_unwind
[INFO] [stdout]   10:     0x644d2be3aaac - core[a373ad73a504971]::panicking::panic_fmt
[INFO] [stdout]   11:     0x644d2be3aa72 - core[a373ad73a504971]::panicking::panic
[INFO] [stdout]   12:     0x644d2bcb08fe - <neet_core[8d837831733ddac7]::apps::tests::a_missing_app_is_not_running::{closure#0} as core[a373ad73a504971]::ops::function::FnOnce<()>>::call_once
[INFO] [stdout]   13:     0x644d2bd6fcab - test[aada8e7e76ba119b]::__rust_begin_short_backtrace::<core[a373ad73a504971]::result::Result<(), alloc[2e1b2a31b91974c5]::string::String>, fn() -> core[a373ad73a504971]::result::Result<(), alloc[2e1b2a31b91974c5]::string::String>>
[INFO] [stdout]   14:     0x644d2bd7ce85 - test[aada8e7e76ba119b]::run_test::{closure#0}
[INFO] [stdout]   15:     0x644d2bd76774 - std[617be2ca0a6fd877]::sys::backtrace::__rust_begin_short_backtrace::<test[aada8e7e76ba119b]::run_test::{closure#1}, ()>
[INFO] [stdout]   16:     0x644d2bd7ff12 - <std[617be2ca0a6fd877]::thread::lifecycle::spawn_unchecked<test[aada8e7e76ba119b]::run_test::{closure#1}, ()>::{closure#1} as core[a373ad73a504971]::ops::function::FnOnce<()>>::call_once::{shim:vtable#0}
[INFO] [stdout]   17:     0x644d2be21daf - <std[617be2ca0a6fd877]::sys::thread::unix::Thread>::new::thread_start
[INFO] [stdout]   18:     0x7e2820115dfa - <unknown>
[INFO] [stdout]   19:     0x7e28201a93d4 - clone
[INFO] [stdout]   20:                0x0 - <unknown>
[INFO] [stdout] 
[INFO] [stdout] ---- clean::tests::bundled_rules_plan_without_changing_any_file stdout ----
[INFO] [stdout] 
[INFO] [stdout] thread 'clean::tests::bundled_rules_plan_without_changing_any_file' (972) panicked at src/clean.rs:406:51:
[INFO] [stdout] roots should be made: Os { code: 2, kind: NotFound, message: "No such file or directory" }
[INFO] [stdout] stack backtrace:
[INFO] [stdout]    0:     0x644d2be22de1 - <<std[617be2ca0a6fd877]::sys::backtrace::BacktraceLock>::print::DisplayBacktrace as core[a373ad73a504971]::fmt::Display>::fmt
[INFO] [stdout]    1:     0x644d2be3a30a - core[a373ad73a504971]::fmt::write
[INFO] [stdout]    2:     0x644d2be275cc - <alloc[2e1b2a31b91974c5]::vec::Vec<u8> as core[a373ad73a504971]::io::write::Write>::write_fmt
[INFO] [stdout]    3:     0x644d2bdfa176 - std[617be2ca0a6fd877]::panicking::default_hook::{closure#0}
[INFO] [stdout]    4:     0x644d2be19419 - std[617be2ca0a6fd877]::panicking::default_hook
[INFO] [stdout]    5:     0x644d2bd7c860 - test[aada8e7e76ba119b]::test_main_inner::{closure#0}
[INFO] [stdout]    6:     0x644d2be19742 - std[617be2ca0a6fd877]::panicking::panic_with_hook
[INFO] [stdout]    7:     0x644d2bdfa222 - std[617be2ca0a6fd877]::panicking::panic_handler::{closure#0}
[INFO] [stdout]    8:     0x644d2bdf2ab9 - std[617be2ca0a6fd877]::sys::backtrace::__rust_end_short_backtrace::<std[617be2ca0a6fd877]::panicking::panic_handler::{closure#0}, !>
[INFO] [stdout]    9:     0x644d2bdfb1bd - __rustc[ea4f61d10b84890b]::rust_begin_unwind
[INFO] [stdout]   10:     0x644d2be3aaac - core[a373ad73a504971]::panicking::panic_fmt
[INFO] [stdout]   11:     0x644d2be3a882 - core[a373ad73a504971]::result::unwrap_failed
[INFO] [stdout]   12:     0x644d2bd4a9f1 - neet_core[8d837831733ddac7]::clean::tests::home
[INFO] [stdout]   13:     0x644d2bd502de - <neet_core[8d837831733ddac7]::clean::tests::bundled_rules_plan_without_changing_any_file::{closure#0} as core[a373ad73a504971]::ops::function::FnOnce<()>>::call_once
[INFO] [stdout]   14:     0x644d2bd6fcab - test[aada8e7e76ba119b]::__rust_begin_short_backtrace::<core[a373ad73a504971]::result::Result<(), alloc[2e1b2a31b91974c5]::string::String>, fn() -> core[a373ad73a504971]::result::Result<(), alloc[2e1b2a31b91974c5]::string::String>>
[INFO] [stdout]   15:     0x644d2bd7ce85 - test[aada8e7e76ba119b]::run_test::{closure#0}
[INFO] [stdout]   16:     0x644d2bd76774 - std[617be2ca0a6fd877]::sys::backtrace::__rust_begin_short_backtrace::<test[aada8e7e76ba119b]::run_test::{closure#1}, ()>
[INFO] [stdout]   17:     0x644d2bd7ff12 - <std[617be2ca0a6fd877]::thread::lifecycle::spawn_unchecked<test[aada8e7e76ba119b]::run_test::{closure#1}, ()>::{closure#1} as core[a373ad73a504971]::ops::function::FnOnce<()>>::call_once::{shim:vtable#0}
[INFO] [stdout]   18:     0x644d2be21daf - <std[617be2ca0a6fd877]::sys::thread::unix::Thread>::new::thread_start
[INFO] [stdout]   19:     0x7e2820115dfa - <unknown>
[INFO] [stdout]   20:     0x7e28201a93d4 - clone
[INFO] [stdout]   21:                0x0 - <unknown>
[INFO] [stdout] 
[INFO] [stdout] ---- clean::tests::expands_stars_one_level_at_a_time stdout ----
[INFO] [stdout] 
[INFO] [stdout] thread 'clean::tests::expands_stars_one_level_at_a_time' (975) panicked at src/clean.rs:406:51:
[INFO] [stdout] roots should be made: Os { code: 2, kind: NotFound, message: "No such file or directory" }
[INFO] [stdout] stack backtrace:
[INFO] [stdout]    0:     0x644d2be22de1 - <<std[617be2ca0a6fd877]::sys::backtrace::BacktraceLock>::print::DisplayBacktrace as core[a373ad73a504971]::fmt::Display>::fmt
[INFO] [stdout]    1:     0x644d2be3a30a - core[a373ad73a504971]::fmt::write
[INFO] [stdout]    2:     0x644d2be275cc - <alloc[2e1b2a31b91974c5]::vec::Vec<u8> as core[a373ad73a504971]::io::write::Write>::write_fmt
[INFO] [stdout]    3:     0x644d2bdfa176 - std[617be2ca0a6fd877]::panicking::default_hook::{closure#0}
[INFO] [stdout]    4:     0x644d2be19419 - std[617be2ca0a6fd877]::panicking::default_hook
[INFO] [stdout]    5:     0x644d2bd7c860 - test[aada8e7e76ba119b]::test_main_inner::{closure#0}
[INFO] [stdout]    6:     0x644d2be19742 - std[617be2ca0a6fd877]::panicking::panic_with_hook
[INFO] [stdout]    7:     0x644d2bdfa222 - std[617be2ca0a6fd877]::panicking::panic_handler::{closure#0}
[INFO] [stdout]    8:     0x644d2bdf2ab9 - std[617be2ca0a6fd877]::sys::backtrace::__rust_end_short_backtrace::<std[617be2ca0a6fd877]::panicking::panic_handler::{closure#0}, !>
[INFO] [stdout]    9:     0x644d2bdfb1bd - __rustc[ea4f61d10b84890b]::rust_begin_unwind
[INFO] [stdout]   10:     0x644d2be3aaac - core[a373ad73a504971]::panicking::panic_fmt
[INFO] [stdout]   11:     0x644d2be3a882 - core[a373ad73a504971]::result::unwrap_failed
[INFO] [stdout]   12:     0x644d2bd4a9f1 - neet_core[8d837831733ddac7]::clean::tests::home
[INFO] [stdout]   13:     0x644d2bd4d44e - <neet_core[8d837831733ddac7]::clean::tests::expands_stars_one_level_at_a_time::{closure#0} as core[a373ad73a504971]::ops::function::FnOnce<()>>::call_once
[INFO] [stdout]   14:     0x644d2bd6fcab - test[aada8e7e76ba119b]::__rust_begin_short_backtrace::<core[a373ad73a504971]::result::Result<(), alloc[2e1b2a31b91974c5]::string::String>, fn() -> core[a373ad73a504971]::result::Result<(), alloc[2e1b2a31b91974c5]::string::String>>
[INFO] [stdout]   15:     0x644d2bd7ce85 - test[aada8e7e76ba119b]::run_test::{closure#0}
[INFO] [stdout]   16:     0x644d2bd76774 - std[617be2ca0a6fd877]::sys::backtrace::__rust_begin_short_backtrace::<test[aada8e7e76ba119b]::run_test::{closure#1}, ()>
[INFO] [stdout]   17:     0x644d2bd7ff12 - <std[617be2ca0a6fd877]::thread::lifecycle::spawn_unchecked<test[aada8e7e76ba119b]::run_test::{closure#1}, ()>::{closure#1} as core[a373ad73a504971]::ops::function::FnOnce<()>>::call_once::{shim:vtable#0}
[INFO] [stdout]   18:     0x644d2be21daf - <std[617be2ca0a6fd877]::sys::thread::unix::Thread>::new::thread_start
[INFO] [stdout]   19:     0x7e2820115dfa - <unknown>
[INFO] [stdout]   20:     0x7e28201a93d4 - clone
[INFO] [stdout]   21:                0x0 - <unknown>
[INFO] [stdout] 
[INFO] [stdout] ---- clean::tests::leaves_links_inside_the_root_out_of_the_plan stdout ----
[INFO] [stdout] 
[INFO] [stdout] thread 'clean::tests::leaves_links_inside_the_root_out_of_the_plan' (976) panicked at src/clean.rs:406:51:
[INFO] [stdout] roots should be made: Os { code: 2, kind: NotFound, message: "No such file or directory" }
[INFO] [stdout] stack backtrace:
[INFO] [stdout]    0:     0x644d2be22de1 - <<std[617be2ca0a6fd877]::sys::backtrace::BacktraceLock>::print::DisplayBacktrace as core[a373ad73a504971]::fmt::Display>::fmt
[INFO] [stdout]    1:     0x644d2be3a30a - core[a373ad73a504971]::fmt::write
[INFO] [stdout]    2:     0x644d2be275cc - <alloc[2e1b2a31b91974c5]::vec::Vec<u8> as core[a373ad73a504971]::io::write::Write>::write_fmt
[INFO] [stdout]    3:     0x644d2bdfa176 - std[617be2ca0a6fd877]::panicking::default_hook::{closure#0}
[INFO] [stdout]    4:     0x644d2be19419 - std[617be2ca0a6fd877]::panicking::default_hook
[INFO] [stdout]    5:     0x644d2bd7c860 - test[aada8e7e76ba119b]::test_main_inner::{closure#0}
[INFO] [stdout]    6:     0x644d2be19742 - std[617be2ca0a6fd877]::panicking::panic_with_hook
[INFO] [stdout]    7:     0x644d2bdfa222 - std[617be2ca0a6fd877]::panicking::panic_handler::{closure#0}
[INFO] [stdout]    8:     0x644d2bdf2ab9 - std[617be2ca0a6fd877]::sys::backtrace::__rust_end_short_backtrace::<std[617be2ca0a6fd877]::panicking::panic_handler::{closure#0}, !>
[INFO] [stdout]    9:     0x644d2bdfb1bd - __rustc[ea4f61d10b84890b]::rust_begin_unwind
[INFO] [stdout]   10:     0x644d2be3aaac - core[a373ad73a504971]::panicking::panic_fmt
[INFO] [stdout]   11:     0x644d2be3a882 - core[a373ad73a504971]::result::unwrap_failed
[INFO] [stdout]   12:     0x644d2bd4a9f1 - neet_core[8d837831733ddac7]::clean::tests::home
[INFO] [stdout]   13:     0x644d2bd50b8b - <neet_core[8d837831733ddac7]::clean::tests::leaves_links_inside_the_root_out_of_the_plan::{closure#0} as core[a373ad73a504971]::ops::function::FnOnce<()>>::call_once
[INFO] [stdout]   14:     0x644d2bd6fcab - test[aada8e7e76ba119b]::__rust_begin_short_backtrace::<core[a373ad73a504971]::result::Result<(), alloc[2e1b2a31b91974c5]::string::String>, fn() -> core[a373ad73a504971]::result::Result<(), alloc[2e1b2a31b91974c5]::string::String>>
[INFO] [stdout]   15:     0x644d2bd7ce85 - test[aada8e7e76ba119b]::run_test::{closure#0}
[INFO] [stdout]   16:     0x644d2bd76774 - std[617be2ca0a6fd877]::sys::backtrace::__rust_begin_short_backtrace::<test[aada8e7e76ba119b]::run_test::{closure#1}, ()>
[INFO] [stdout]   17:     0x644d2bd7ff12 - <std[617be2ca0a6fd877]::thread::lifecycle::spawn_unchecked<test[aada8e7e76ba119b]::run_test::{closure#1}, ()>::{closure#1} as core[a373ad73a504971]::ops::function::FnOnce<()>>::call_once::{shim:vtable#0}
[INFO] [stdout]   18:     0x644d2be21daf - <std[617be2ca0a6fd877]::sys::thread::unix::Thread>::new::thread_start
[INFO] [stdout]   19:     0x7e2820115dfa - <unknown>
[INFO] [stdout]   20:     0x7e28201a93d4 - clone
[INFO] [stdout]   21:                0x0 - <unknown>
[INFO] [stdout] 
[INFO] [stdout] ---- clean::tests::plans_items_with_sizes_and_selects_only_safe_rules stdout ----
[INFO] [stdout] 
[INFO] [stdout] thread 'clean::tests::plans_items_with_sizes_and_selects_only_safe_rules' (978) panicked at src/clean.rs:406:51:
[INFO] [stdout] roots should be made: Os { code: 2, kind: NotFound, message: "No such file or directory" }
[INFO] [stdout] stack backtrace:
[INFO] [stdout]    0:     0x644d2be22de1 - <<std[617be2ca0a6fd877]::sys::backtrace::BacktraceLock>::print::DisplayBacktrace as core[a373ad73a504971]::fmt::Display>::fmt
[INFO] [stdout]    1:     0x644d2be3a30a - core[a373ad73a504971]::fmt::write
[INFO] [stdout]    2:     0x644d2be275cc - <alloc[2e1b2a31b91974c5]::vec::Vec<u8> as core[a373ad73a504971]::io::write::Write>::write_fmt
[INFO] [stdout]    3:     0x644d2bdfa176 - std[617be2ca0a6fd877]::panicking::default_hook::{closure#0}
[INFO] [stdout]    4:     0x644d2be19419 - std[617be2ca0a6fd877]::panicking::default_hook
[INFO] [stdout]    5:     0x644d2bd7c860 - test[aada8e7e76ba119b]::test_main_inner::{closure#0}
[INFO] [stdout]    6:     0x644d2be19742 - std[617be2ca0a6fd877]::panicking::panic_with_hook
[INFO] [stdout]    7:     0x644d2bdfa222 - std[617be2ca0a6fd877]::panicking::panic_handler::{closure#0}
[INFO] [stdout]    8:     0x644d2bdf2ab9 - std[617be2ca0a6fd877]::sys::backtrace::__rust_end_short_backtrace::<std[617be2ca0a6fd877]::panicking::panic_handler::{closure#0}, !>
[INFO] [stdout]    9:     0x644d2bdfb1bd - __rustc[ea4f61d10b84890b]::rust_begin_unwind
[INFO] [stdout]   10:     0x644d2be3aaac - core[a373ad73a504971]::panicking::panic_fmt
[INFO] [stdout]   11:     0x644d2be3a882 - core[a373ad73a504971]::result::unwrap_failed
[INFO] [stdout]   12:     0x644d2bd4a9f1 - neet_core[8d837831733ddac7]::clean::tests::home
[INFO] [stdout]   13:     0x644d2bd50fbd - <neet_core[8d837831733ddac7]::clean::tests::plans_items_with_sizes_and_selects_only_safe_rules::{closure#0} as core[a373ad73a504971]::ops::function::FnOnce<()>>::call_once
[INFO] [stdout]   14:     0x644d2bd6fcab - test[aada8e7e76ba119b]::__rust_begin_short_backtrace::<core[a373ad73a504971]::result::Result<(), alloc[2e1b2a31b91974c5]::string::String>, fn() -> core[a373ad73a504971]::result::Result<(), alloc[2e1b2a31b91974c5]::string::String>>
[INFO] [stdout]   15:     0x644d2bd7ce85 - test[aada8e7e76ba119b]::run_test::{closure#0}
[INFO] [stdout]   16:     0x644d2bd76774 - std[617be2ca0a6fd877]::sys::backtrace::__rust_begin_short_backtrace::<test[aada8e7e76ba119b]::run_test::{closure#1}, ()>
[INFO] [stdout]   17:     0x644d2bd7ff12 - <std[617be2ca0a6fd877]::thread::lifecycle::spawn_unchecked<test[aada8e7e76ba119b]::run_test::{closure#1}, ()>::{closure#1} as core[a373ad73a504971]::ops::function::FnOnce<()>>::call_once::{shim:vtable#0}
[INFO] [stdout]   18:     0x644d2be21daf - <std[617be2ca0a6fd877]::sys::thread::unix::Thread>::new::thread_start
[INFO] [stdout]   19:     0x7e2820115dfa - <unknown>
[INFO] [stdout]   20:     0x7e28201a93d4 - clone
[INFO] [stdout]   21:                0x0 - <unknown>
[INFO] [stdout] 
[INFO] [stdout] ---- clean::tests::moves_only_the_selected_rules stdout ----
[INFO] [stdout] 
[INFO] [stdout] thread 'clean::tests::moves_only_the_selected_rules' (977) panicked at src/clean.rs:406:51:
[INFO] [stdout] roots should be made: Os { code: 2, kind: NotFound, message: "No such file or directory" }
[INFO] [stdout] stack backtrace:
[INFO] [stdout]    0:     0x644d2be22de1 - <<std[617be2ca0a6fd877]::sys::backtrace::BacktraceLock>::print::DisplayBacktrace as core[a373ad73a504971]::fmt::Display>::fmt
[INFO] [stdout]    1:     0x644d2be3a30a - core[a373ad73a504971]::fmt::write
[INFO] [stdout]    2:     0x644d2be275cc - <alloc[2e1b2a31b91974c5]::vec::Vec<u8> as core[a373ad73a504971]::io::write::Write>::write_fmt
[INFO] [stdout]    3:     0x644d2bdfa176 - std[617be2ca0a6fd877]::panicking::default_hook::{closure#0}
[INFO] [stdout]    4:     0x644d2be19419 - std[617be2ca0a6fd877]::panicking::default_hook
[INFO] [stdout]    5:     0x644d2bd7c860 - test[aada8e7e76ba119b]::test_main_inner::{closure#0}
[INFO] [stdout]    6:     0x644d2be19742 - std[617be2ca0a6fd877]::panicking::panic_with_hook
[INFO] [stdout]    7:     0x644d2bdfa222 - std[617be2ca0a6fd877]::panicking::panic_handler::{closure#0}
[INFO] [stdout]    8:     0x644d2bdf2ab9 - std[617be2ca0a6fd877]::sys::backtrace::__rust_end_short_backtrace::<std[617be2ca0a6fd877]::panicking::panic_handler::{closure#0}, !>
[INFO] [stdout]    9:     0x644d2bdfb1bd - __rustc[ea4f61d10b84890b]::rust_begin_unwind
[INFO] [stdout]   10:     0x644d2be3aaac - core[a373ad73a504971]::panicking::panic_fmt
[INFO] [stdout]   11:     0x644d2be3a882 - core[a373ad73a504971]::result::unwrap_failed
[INFO] [stdout]   12:     0x644d2bd4a9f1 - neet_core[8d837831733ddac7]::clean::tests::home
[INFO] [stdout]   13:     0x644d2bd4a131 - neet_core[8d837831733ddac7]::clean::tests::planned_home
[INFO] [stdout]   14:     0x644d2bd4c70e - <neet_core[8d837831733ddac7]::clean::tests::moves_only_the_selected_rules::{closure#0} as core[a373ad73a504971]::ops::function::FnOnce<()>>::call_once
[INFO] [stdout]   15:     0x644d2bd6fcab - test[aada8e7e76ba119b]::__rust_begin_short_backtrace::<core[a373ad73a504971]::result::Result<(), alloc[2e1b2a31b91974c5]::string::String>, fn() -> core[a373ad73a504971]::result::Result<(), alloc[2e1b2a31b91974c5]::string::String>>
[INFO] [stdout]   16:     0x644d2bd7ce85 - test[aada8e7e76ba119b]::run_test::{closure#0}
[INFO] [stdout]   17:     0x644d2bd76774 - std[617be2ca0a6fd877]::sys::backtrace::__rust_begin_short_backtrace::<test[aada8e7e76ba119b]::run_test::{closure#1}, ()>
[INFO] [stdout]   18:     0x644d2bd7ff12 - <std[617be2ca0a6fd877]::thread::lifecycle::spawn_unchecked<test[aada8e7e76ba119b]::run_test::{closure#1}, ()>::{closure#1} as core[a373ad73a504971]::ops::function::FnOnce<()>>::call_once::{shim:vtable#0}
[INFO] [stdout]   19:     0x644d2be21daf - <std[617be2ca0a6fd877]::sys::thread::unix::Thread>::new::thread_start
[INFO] [stdout]   20:     0x7e2820115dfa - <unknown>
[INFO] [stdout]   21:     0x7e28201a93d4 - clone
[INFO] [stdout]   22:                0x0 - <unknown>
[INFO] [stdout] 
[INFO] [stdout] ---- clean::tests::plans_one_picked_item_or_says_why_not stdout ----
[INFO] [stdout] 
[INFO] [stdout] thread 'clean::tests::plans_one_picked_item_or_says_why_not' (979) panicked at src/clean.rs:406:51:
[INFO] [stdout] roots should be made: Os { code: 2, kind: NotFound, message: "No such file or directory" }
[INFO] [stdout] stack backtrace:
[INFO] [stdout]    0:     0x644d2be22de1 - <<std[617be2ca0a6fd877]::sys::backtrace::BacktraceLock>::print::DisplayBacktrace as core[a373ad73a504971]::fmt::Display>::fmt
[INFO] [stdout]    1:     0x644d2be3a30a - core[a373ad73a504971]::fmt::write
[INFO] [stdout]    2:     0x644d2be275cc - <alloc[2e1b2a31b91974c5]::vec::Vec<u8> as core[a373ad73a504971]::io::write::Write>::write_fmt
[INFO] [stdout]    3:     0x644d2bdfa176 - std[617be2ca0a6fd877]::panicking::default_hook::{closure#0}
[INFO] [stdout]    4:     0x644d2be19419 - std[617be2ca0a6fd877]::panicking::default_hook
[INFO] [stdout]    5:     0x644d2bd7c860 - test[aada8e7e76ba119b]::test_main_inner::{closure#0}
[INFO] [stdout]    6:     0x644d2be19742 - std[617be2ca0a6fd877]::panicking::panic_with_hook
[INFO] [stdout]    7:     0x644d2bdfa222 - std[617be2ca0a6fd877]::panicking::panic_handler::{closure#0}
[INFO] [stdout]    8:     0x644d2bdf2ab9 - std[617be2ca0a6fd877]::sys::backtrace::__rust_end_short_backtrace::<std[617be2ca0a6fd877]::panicking::panic_handler::{closure#0}, !>
[INFO] [stdout]    9:     0x644d2bdfb1bd - __rustc[ea4f61d10b84890b]::rust_begin_unwind
[INFO] [stdout]   10:     0x644d2be3aaac - core[a373ad73a504971]::panicking::panic_fmt
[INFO] [stdout]   11:     0x644d2be3a882 - core[a373ad73a504971]::result::unwrap_failed
[INFO] [stdout]   12:     0x644d2bd4a9f1 - neet_core[8d837831733ddac7]::clean::tests::home
[INFO] [stdout]   13:     0x644d2bd4de3e - <neet_core[8d837831733ddac7]::clean::tests::plans_one_picked_item_or_says_why_not::{closure#0} as core[a373ad73a504971]::ops::function::FnOnce<()>>::call_once
[INFO] [stdout]   14:     0x644d2bd6fcab - test[aada8e7e76ba119b]::__rust_begin_short_backtrace::<core[a373ad73a504971]::result::Result<(), alloc[2e1b2a31b91974c5]::string::String>, fn() -> core[a373ad73a504971]::result::Result<(), alloc[2e1b2a31b91974c5]::string::String>>
[INFO] [stdout]   15:     0x644d2bd7ce85 - test[aada8e7e76ba119b]::run_test::{closure#0}
[INFO] [stdout]   16:     0x644d2bd76774 - std[617be2ca0a6fd877]::sys::backtrace::__rust_begin_short_backtrace::<test[aada8e7e76ba119b]::run_test::{closure#1}, ()>
[INFO] [stdout]   17:     0x644d2bd7ff12 - <std[617be2ca0a6fd877]::thread::lifecycle::spawn_unchecked<test[aada8e7e76ba119b]::run_test::{closure#1}, ()>::{closure#1} as core[a373ad73a504971]::ops::function::FnOnce<()>>::call_once::{shim:vtable#0}
[INFO] [stdout]   18:     0x644d2be21daf - <std[617be2ca0a6fd877]::sys::thread::unix::Thread>::new::thread_start
[INFO] [stdout]   19:     0x7e2820115dfa - <unknown>
[INFO] [stdout]   20:     0x7e28201a93d4 - clone
[INFO] [stdout]   21:                0x0 - <unknown>
[INFO] [stdout] 
[INFO] [stdout] ---- clean::tests::counts_a_hard_link_once_in_the_whole_plan stdout ----
[INFO] [stdout] 
[INFO] [stdout] thread 'clean::tests::counts_a_hard_link_once_in_the_whole_plan' (973) panicked at src/clean.rs:406:51:
[INFO] [stdout] roots should be made: Os { code: 2, kind: NotFound, message: "No such file or directory" }
[INFO] [stdout] stack backtrace:
[INFO] [stdout]    0:     0x644d2be22de1 - <<std[617be2ca0a6fd877]::sys::backtrace::BacktraceLock>::print::DisplayBacktrace as core[a373ad73a504971]::fmt::Display>::fmt
[INFO] [stdout]    1:     0x644d2be3a30a - core[a373ad73a504971]::fmt::write
[INFO] [stdout]    2:     0x644d2be275cc - <alloc[2e1b2a31b91974c5]::vec::Vec<u8> as core[a373ad73a504971]::io::write::Write>::write_fmt
[INFO] [stdout]    3:     0x644d2bdfa176 - std[617be2ca0a6fd877]::panicking::default_hook::{closure#0}
[INFO] [stdout]    4:     0x644d2be19419 - std[617be2ca0a6fd877]::panicking::default_hook
[INFO] [stdout]    5:     0x644d2bd7c860 - test[aada8e7e76ba119b]::test_main_inner::{closure#0}
[INFO] [stdout]    6:     0x644d2be19742 - std[617be2ca0a6fd877]::panicking::panic_with_hook
[INFO] [stdout]    7:     0x644d2bdfa222 - std[617be2ca0a6fd877]::panicking::panic_handler::{closure#0}
[INFO] [stdout]    8:     0x644d2bdf2ab9 - std[617be2ca0a6fd877]::sys::backtrace::__rust_end_short_backtrace::<std[617be2ca0a6fd877]::panicking::panic_handler::{closure#0}, !>
[INFO] [stdout]    9:     0x644d2bdfb1bd - __rustc[ea4f61d10b84890b]::rust_begin_unwind
[INFO] [stdout]   10:     0x644d2be3aaac - core[a373ad73a504971]::panicking::panic_fmt
[INFO] [stdout]   11:     0x644d2be3a882 - core[a373ad73a504971]::result::unwrap_failed
[INFO] [stdout]   12:     0x644d2bd4a9f1 - neet_core[8d837831733ddac7]::clean::tests::home
[INFO] [stdout]   13:     0x644d2bd4f32d - <neet_core[8d837831733ddac7]::clean::tests::counts_a_hard_link_once_in_the_whole_plan::{closure#0} as core[a373ad73a504971]::ops::function::FnOnce<()>>::call_once
[INFO] [stdout]   14:     0x644d2bd6fcab - test[aada8e7e76ba119b]::__rust_begin_short_backtrace::<core[a373ad73a504971]::result::Result<(), alloc[2e1b2a31b91974c5]::string::String>, fn() -> core[a373ad73a504971]::result::Result<(), alloc[2e1b2a31b91974c5]::string::String>>
[INFO] [stdout]   15:     0x644d2bd7ce85 - test[aada8e7e76ba119b]::run_test::{closure#0}
[INFO] [stdout]   16:     0x644d2bd76774 - std[617be2ca0a6fd877]::sys::backtrace::__rust_begin_short_backtrace::<test[aada8e7e76ba119b]::run_test::{closure#1}, ()>
[INFO] [stdout]   17:     0x644d2bd7ff12 - <std[617be2ca0a6fd877]::thread::lifecycle::spawn_unchecked<test[aada8e7e76ba119b]::run_test::{closure#1}, ()>::{closure#1} as core[a373ad73a504971]::ops::function::FnOnce<()>>::call_once::{shim:vtable#0}
[INFO] [stdout]   18:     0x644d2be21daf - <std[617be2ca0a6fd877]::sys::thread::unix::Thread>::new::thread_start
[INFO] [stdout]   19:     0x7e2820115dfa - <unknown>
[INFO] [stdout]   20:     0x7e28201a93d4 - clone
[INFO] [stdout]   21:                0x0 - <unknown>
[INFO] [stdout] 
[INFO] [stdout] ---- clean::tests::an_item_goes_to_the_first_rule_that_finds_it stdout ----
[INFO] [stdout] 
[INFO] [stdout] thread 'clean::tests::an_item_goes_to_the_first_rule_that_finds_it' (971) panicked at src/clean.rs:406:51:
[INFO] [stdout] roots should be made: Os { code: 2, kind: NotFound, message: "No such file or directory" }
[INFO] [stdout] stack backtrace:
[INFO] [stdout]    0:     0x644d2be22de1 - <<std[617be2ca0a6fd877]::sys::backtrace::BacktraceLock>::print::DisplayBacktrace as core[a373ad73a504971]::fmt::Display>::fmt
[INFO] [stdout]    1:     0x644d2be3a30a - core[a373ad73a504971]::fmt::write
[INFO] [stdout]    2:     0x644d2be275cc - <alloc[2e1b2a31b91974c5]::vec::Vec<u8> as core[a373ad73a504971]::io::write::Write>::write_fmt
[INFO] [stdout]    3:     0x644d2bdfa176 - std[617be2ca0a6fd877]::panicking::default_hook::{closure#0}
[INFO] [stdout]    4:     0x644d2be19419 - std[617be2ca0a6fd877]::panicking::default_hook
[INFO] [stdout]    5:     0x644d2bd7c860 - test[aada8e7e76ba119b]::test_main_inner::{closure#0}
[INFO] [stdout]    6:     0x644d2be19742 - std[617be2ca0a6fd877]::panicking::panic_with_hook
[INFO] [stdout]    7:     0x644d2bdfa222 - std[617be2ca0a6fd877]::panicking::panic_handler::{closure#0}
[INFO] [stdout]    8:     0x644d2bdf2ab9 - std[617be2ca0a6fd877]::sys::backtrace::__rust_end_short_backtrace::<std[617be2ca0a6fd877]::panicking::panic_handler::{closure#0}, !>
[INFO] [stdout]    9:     0x644d2bdfb1bd - __rustc[ea4f61d10b84890b]::rust_begin_unwind
[INFO] [stdout]   10:     0x644d2be3aaac - core[a373ad73a504971]::panicking::panic_fmt
[INFO] [stdout]   11:     0x644d2be3a882 - core[a373ad73a504971]::result::unwrap_failed
[INFO] [stdout]   12:     0x644d2bd4a9f1 - neet_core[8d837831733ddac7]::clean::tests::home
[INFO] [stdout]   13:     0x644d2bd4fe1e - <neet_core[8d837831733ddac7]::clean::tests::an_item_goes_to_the_first_rule_that_finds_it::{closure#0} as core[a373ad73a504971]::ops::function::FnOnce<()>>::call_once
[INFO] [stdout]   14:     0x644d2bd6fcab - test[aada8e7e76ba119b]::__rust_begin_short_backtrace::<core[a373ad73a504971]::result::Result<(), alloc[2e1b2a31b91974c5]::string::String>, fn() -> core[a373ad73a504971]::result::Result<(), alloc[2e1b2a31b91974c5]::string::String>>
[INFO] [stdout]   15:     0x644d2bd7ce85 - test[aada8e7e76ba119b]::run_test::{closure#0}
[INFO] [stdout]   16:     0x644d2bd76774 - std[617be2ca0a6fd877]::sys::backtrace::__rust_begin_short_backtrace::<test[aada8e7e76ba119b]::run_test::{closure#1}, ()>
[INFO] [stdout]   17:     0x644d2bd7ff12 - <std[617be2ca0a6fd877]::thread::lifecycle::spawn_unchecked<test[aada8e7e76ba119b]::run_test::{closure#1}, ()>::{closure#1} as core[a373ad73a504971]::ops::function::FnOnce<()>>::call_once::{shim:vtable#0}
[INFO] [stdout]   18:     0x644d2be21daf - <std[617be2ca0a6fd877]::sys::thread::unix::Thread>::new::thread_start
[INFO] [stdout]   19:     0x7e2820115dfa - <unknown>
[INFO] [stdout]   20:     0x7e28201a93d4 - clone
[INFO] [stdout]   21:                0x0 - <unknown>
[INFO] [stdout] 
[INFO] [stdout] ---- clean::tests::reports_a_move_that_failed stdout ----
[INFO] [stdout] 
[INFO] [stdout] thread 'clean::tests::reports_a_move_that_failed' (980) panicked at src/clean.rs:406:51:
[INFO] [stdout] roots should be made: Os { code: 2, kind: NotFound, message: "No such file or directory" }
[INFO] [stdout] stack backtrace:
[INFO] [stdout]    0:     0x644d2be22de1 - <<std[617be2ca0a6fd877]::sys::backtrace::BacktraceLock>::print::DisplayBacktrace as core[a373ad73a504971]::fmt::Display>::fmt
[INFO] [stdout]    1:     0x644d2be3a30a - core[a373ad73a504971]::fmt::write
[INFO] [stdout]    2:     0x644d2be275cc - <alloc[2e1b2a31b91974c5]::vec::Vec<u8> as core[a373ad73a504971]::io::write::Write>::write_fmt
[INFO] [stdout]    3:     0x644d2bdfa176 - std[617be2ca0a6fd877]::panicking::default_hook::{closure#0}
[INFO] [stdout]    4:     0x644d2be19419 - std[617be2ca0a6fd877]::panicking::default_hook
[INFO] [stdout]    5:     0x644d2bd7c860 - test[aada8e7e76ba119b]::test_main_inner::{closure#0}
[INFO] [stdout]    6:     0x644d2be19742 - std[617be2ca0a6fd877]::panicking::panic_with_hook
[INFO] [stdout]    7:     0x644d2bdfa222 - std[617be2ca0a6fd877]::panicking::panic_handler::{closure#0}
[INFO] [stdout]    8:     0x644d2bdf2ab9 - std[617be2ca0a6fd877]::sys::backtrace::__rust_end_short_backtrace::<std[617be2ca0a6fd877]::panicking::panic_handler::{closure#0}, !>
[INFO] [stdout]    9:     0x644d2bdfb1bd - __rustc[ea4f61d10b84890b]::rust_begin_unwind
[INFO] [stdout]   10:     0x644d2be3aaac - core[a373ad73a504971]::panicking::panic_fmt
[INFO] [stdout]   11:     0x644d2be3a882 - core[a373ad73a504971]::result::unwrap_failed
[INFO] [stdout]   12:     0x644d2bd4a9f1 - neet_core[8d837831733ddac7]::clean::tests::home
[INFO] [stdout]   13:     0x644d2bd4a131 - neet_core[8d837831733ddac7]::clean::tests::planned_home
[INFO] [stdout]   14:     0x644d2bd4c4d5 - <neet_core[8d837831733ddac7]::clean::tests::reports_a_move_that_failed::{closure#0} as core[a373ad73a504971]::ops::function::FnOnce<()>>::call_once
[INFO] [stdout]   15:     0x644d2bd6fcab - test[aada8e7e76ba119b]::__rust_begin_short_backtrace::<core[a373ad73a504971]::result::Result<(), alloc[2e1b2a31b91974c5]::string::String>, fn() -> core[a373ad73a504971]::result::Result<(), alloc[2e1b2a31b91974c5]::string::String>>
[INFO] [stdout]   16:     0x644d2bd7ce85 - test[aada8e7e76ba119b]::run_test::{closure#0}
[INFO] [stdout]   17:     0x644d2bd76774 - std[617be2ca0a6fd877]::sys::backtrace::__rust_begin_short_backtrace::<test[aada8e7e76ba119b]::run_test::{closure#1}, ()>
[INFO] [stdout]   18:     0x644d2bd7ff12 - <std[617be2ca0a6fd877]::thread::lifecycle::spawn_unchecked<test[aada8e7e76ba119b]::run_test::{closure#1}, ()>::{closure#1} as core[a373ad73a504971]::ops::function::FnOnce<()>>::call_once::{shim:vtable#0}
[INFO] [stdout]   19:     0x644d2be21daf - <std[617be2ca0a6fd877]::sys::thread::unix::Thread>::new::thread_start
[INFO] [stdout]   20:     0x7e2820115dfa - <unknown>
[INFO] [stdout]   21:     0x7e28201a93d4 - clone
[INFO] [stdout]   22:                0x0 - <unknown>
[INFO] [stdout] 
[INFO] [stdout] ---- clean::tests::skips_a_file_replaced_after_the_review stdout ----
[INFO] [stdout] 
[INFO] [stdout] thread 'clean::tests::skips_a_file_replaced_after_the_review' (981) panicked at src/clean.rs:406:51:
[INFO] [stdout] roots should be made: Os { code: 2, kind: NotFound, message: "No such file or directory" }
[INFO] [stdout] stack backtrace:
[INFO] [stdout]    0:     0x644d2be22de1 - <<std[617be2ca0a6fd877]::sys::backtrace::BacktraceLock>::print::DisplayBacktrace as core[a373ad73a504971]::fmt::Display>::fmt
[INFO] [stdout]    1:     0x644d2be3a30a - core[a373ad73a504971]::fmt::write
[INFO] [stdout]    2:     0x644d2be275cc - <alloc[2e1b2a31b91974c5]::vec::Vec<u8> as core[a373ad73a504971]::io::write::Write>::write_fmt
[INFO] [stdout]    3:     0x644d2bdfa176 - std[617be2ca0a6fd877]::panicking::default_hook::{closure#0}
[INFO] [stdout]    4:     0x644d2be19419 - std[617be2ca0a6fd877]::panicking::default_hook
[INFO] [stdout]    5:     0x644d2bd7c860 - test[aada8e7e76ba119b]::test_main_inner::{closure#0}
[INFO] [stdout]    6:     0x644d2be19742 - std[617be2ca0a6fd877]::panicking::panic_with_hook
[INFO] [stdout]    7:     0x644d2bdfa222 - std[617be2ca0a6fd877]::panicking::panic_handler::{closure#0}
[INFO] [stdout]    8:     0x644d2bdf2ab9 - std[617be2ca0a6fd877]::sys::backtrace::__rust_end_short_backtrace::<std[617be2ca0a6fd877]::panicking::panic_handler::{closure#0}, !>
[INFO] [stdout]    9:     0x644d2bdfb1bd - __rustc[ea4f61d10b84890b]::rust_begin_unwind
[INFO] [stdout]   10:     0x644d2be3aaac - core[a373ad73a504971]::panicking::panic_fmt
[INFO] [stdout]   11:     0x644d2be3a882 - core[a373ad73a504971]::result::unwrap_failed
[INFO] [stdout]   12:     0x644d2bd4a9f1 - neet_core[8d837831733ddac7]::clean::tests::home
[INFO] [stdout]   13:     0x644d2bd4a131 - neet_core[8d837831733ddac7]::clean::tests::planned_home
[INFO] [stdout]   14:     0x644d2bd4e86b - <neet_core[8d837831733ddac7]::clean::tests::skips_a_file_replaced_after_the_review::{closure#0} as core[a373ad73a504971]::ops::function::FnOnce<()>>::call_once
[INFO] [stdout]   15:     0x644d2bd6fcab - test[aada8e7e76ba119b]::__rust_begin_short_backtrace::<core[a373ad73a504971]::result::Result<(), alloc[2e1b2a31b91974c5]::string::String>, fn() -> core[a373ad73a504971]::result::Result<(), alloc[2e1b2a31b91974c5]::string::String>>
[INFO] [stdout]   16:     0x644d2bd7ce85 - test[aada8e7e76ba119b]::run_test::{closure#0}
[INFO] [stdout]   17:     0x644d2bd76774 - std[617be2ca0a6fd877]::sys::backtrace::__rust_begin_short_backtrace::<test[aada8e7e76ba119b]::run_test::{closure#1}, ()>
[INFO] [stdout]   18:     0x644d2bd7ff12 - <std[617be2ca0a6fd877]::thread::lifecycle::spawn_unchecked<test[aada8e7e76ba119b]::run_test::{closure#1}, ()>::{closure#1} as core[a373ad73a504971]::ops::function::FnOnce<()>>::call_once::{shim:vtable#0}
[INFO] [stdout]   19:     0x644d2be21daf - <std[617be2ca0a6fd877]::sys::thread::unix::Thread>::new::thread_start
[INFO] [stdout]   20:     0x7e2820115dfa - <unknown>
[INFO] [stdout]   21:     0x7e28201a93d4 - clone
[INFO] [stdout]   22:                0x0 - <unknown>
[INFO] [stdout] 
[INFO] [stdout] ---- clean::tests::skips_a_rule_whose_app_is_open stdout ----
[INFO] [stdout] 
[INFO] [stdout] thread 'clean::tests::skips_a_rule_whose_app_is_open' (983) panicked at src/clean.rs:406:51:
[INFO] [stdout] roots should be made: Os { code: 2, kind: NotFound, message: "No such file or directory" }
[INFO] [stdout] stack backtrace:
[INFO] [stdout]    0:     0x644d2be22de1 - <<std[617be2ca0a6fd877]::sys::backtrace::BacktraceLock>::print::DisplayBacktrace as core[a373ad73a504971]::fmt::Display>::fmt
[INFO] [stdout]    1:     0x644d2be3a30a - core[a373ad73a504971]::fmt::write
[INFO] [stdout]    2:     0x644d2be275cc - <alloc[2e1b2a31b91974c5]::vec::Vec<u8> as core[a373ad73a504971]::io::write::Write>::write_fmt
[INFO] [stdout]    3:     0x644d2bdfa176 - std[617be2ca0a6fd877]::panicking::default_hook::{closure#0}
[INFO] [stdout]    4:     0x644d2be19419 - std[617be2ca0a6fd877]::panicking::default_hook
[INFO] [stdout]    5:     0x644d2bd7c860 - test[aada8e7e76ba119b]::test_main_inner::{closure#0}
[INFO] [stdout]    6:     0x644d2be19742 - std[617be2ca0a6fd877]::panicking::panic_with_hook
[INFO] [stdout]    7:     0x644d2bdfa222 - std[617be2ca0a6fd877]::panicking::panic_handler::{closure#0}
[INFO] [stdout]    8:     0x644d2bdf2ab9 - std[617be2ca0a6fd877]::sys::backtrace::__rust_end_short_backtrace::<std[617be2ca0a6fd877]::panicking::panic_handler::{closure#0}, !>
[INFO] [stdout]    9:     0x644d2bdfb1bd - __rustc[ea4f61d10b84890b]::rust_begin_unwind
[INFO] [stdout]   10:     0x644d2be3aaac - core[a373ad73a504971]::panicking::panic_fmt
[INFO] [stdout]   11:     0x644d2be3a882 - core[a373ad73a504971]::result::unwrap_failed
[INFO] [stdout]   12:     0x644d2bd4a9f1 - neet_core[8d837831733ddac7]::clean::tests::home
[INFO] [stdout]   13:     0x644d2bd4a131 - neet_core[8d837831733ddac7]::clean::tests::planned_home
[INFO] [stdout]   14:     0x644d2bd4cce5 - <neet_core[8d837831733ddac7]::clean::tests::skips_a_rule_whose_app_is_open::{closure#0} as core[a373ad73a504971]::ops::function::FnOnce<()>>::call_once
[INFO] [stdout]   15:     0x644d2bd6fcab - test[aada8e7e76ba119b]::__rust_begin_short_backtrace::<core[a373ad73a504971]::result::Result<(), alloc[2e1b2a31b91974c5]::string::String>, fn() -> core[a373ad73a504971]::result::Result<(), alloc[2e1b2a31b91974c5]::string::String>>
[INFO] [stdout]   16:     0x644d2bd7ce85 - test[aada8e7e76ba119b]::run_test::{closure#0}
[INFO] [stdout]   17:     0x644d2bd76774 - std[617be2ca0a6fd877]::sys::backtrace::__rust_begin_short_backtrace::<test[aada8e7e76ba119b]::run_test::{closure#1}, ()>
[INFO] [stdout]   18:     0x644d2bd7ff12 - <std[617be2ca0a6fd877]::thread::lifecycle::spawn_unchecked<test[aada8e7e76ba119b]::run_test::{closure#1}, ()>::{closure#1} as core[a373ad73a504971]::ops::function::FnOnce<()>>::call_once::{shim:vtable#0}
[INFO] [stdout]   19:     0x644d2be21daf - <std[617be2ca0a6fd877]::sys::thread::unix::Thread>::new::thread_start
[INFO] [stdout]   20:     0x7e2820115dfa - <unknown>
[INFO] [stdout]   21:     0x7e28201a93d4 - clone
[INFO] [stdout]   22:                0x0 - <unknown>
[INFO] [stdout] 
[INFO] [stdout] ---- clean::tests::skips_a_link_swapped_in_after_the_review stdout ----
[INFO] [stdout] 
[INFO] [stdout] thread 'clean::tests::skips_a_link_swapped_in_after_the_review' (982) panicked at src/clean.rs:406:51:
[INFO] [stdout] roots should be made: Os { code: 2, kind: NotFound, message: "No such file or directory" }
[INFO] [stdout] stack backtrace:
[INFO] [stdout]    0:     0x644d2be22de1 - <<std[617be2ca0a6fd877]::sys::backtrace::BacktraceLock>::print::DisplayBacktrace as core[a373ad73a504971]::fmt::Display>::fmt
[INFO] [stdout]    1:     0x644d2be3a30a - core[a373ad73a504971]::fmt::write
[INFO] [stdout]    2:     0x644d2be275cc - <alloc[2e1b2a31b91974c5]::vec::Vec<u8> as core[a373ad73a504971]::io::write::Write>::write_fmt
[INFO] [stdout]    3:     0x644d2bdfa176 - std[617be2ca0a6fd877]::panicking::default_hook::{closure#0}
[INFO] [stdout]    4:     0x644d2be19419 - std[617be2ca0a6fd877]::panicking::default_hook
[INFO] [stdout]    5:     0x644d2bd7c860 - test[aada8e7e76ba119b]::test_main_inner::{closure#0}
[INFO] [stdout]    6:     0x644d2be19742 - std[617be2ca0a6fd877]::panicking::panic_with_hook
[INFO] [stdout]    7:     0x644d2bdfa222 - std[617be2ca0a6fd877]::panicking::panic_handler::{closure#0}
[INFO] [stdout]    8:     0x644d2bdf2ab9 - std[617be2ca0a6fd877]::sys::backtrace::__rust_end_short_backtrace::<std[617be2ca0a6fd877]::panicking::panic_handler::{closure#0}, !>
[INFO] [stdout]    9:     0x644d2bdfb1bd - __rustc[ea4f61d10b84890b]::rust_begin_unwind
[INFO] [stdout]   10:     0x644d2be3aaac - core[a373ad73a504971]::panicking::panic_fmt
[INFO] [stdout]   11:     0x644d2be3a882 - core[a373ad73a504971]::result::unwrap_failed
[INFO] [stdout]   12:     0x644d2bd4a9f1 - neet_core[8d837831733ddac7]::clean::tests::home
[INFO] [stdout]   13:     0x644d2bd4a131 - neet_core[8d837831733ddac7]::clean::tests::planned_home
[INFO] [stdout]   14:     0x644d2bd4ef0b - <neet_core[8d837831733ddac7]::clean::tests::skips_a_link_swapped_in_after_the_review::{closure#0} as core[a373ad73a504971]::ops::function::FnOnce<()>>::call_once
[INFO] [stdout]   15:     0x644d2bd6fcab - test[aada8e7e76ba119b]::__rust_begin_short_backtrace::<core[a373ad73a504971]::result::Result<(), alloc[2e1b2a31b91974c5]::string::String>, fn() -> core[a373ad73a504971]::result::Result<(), alloc[2e1b2a31b91974c5]::string::String>>
[INFO] [stdout]   16:     0x644d2bd7ce85 - test[aada8e7e76ba119b]::run_test::{closure#0}
[INFO] [stdout]   17:     0x644d2bd76774 - std[617be2ca0a6fd877]::sys::backtrace::__rust_begin_short_backtrace::<test[aada8e7e76ba119b]::run_test::{closure#1}, ()>
[INFO] [stdout]   18:     0x644d2bd7ff12 - <std[617be2ca0a6fd877]::thread::lifecycle::spawn_unchecked<test[aada8e7e76ba119b]::run_test::{closure#1}, ()>::{closure#1} as core[a373ad73a504971]::ops::function::FnOnce<()>>::call_once::{shim:vtable#0}
[INFO] [stdout]   19:     0x644d2be21daf - <std[617be2ca0a6fd877]::sys::thread::unix::Thread>::new::thread_start
[INFO] [stdout]   20:     0x7e2820115dfa - <unknown>
[INFO] [stdout]   21:     0x7e28201a93d4 - clone
[INFO] [stdout]   22:                0x0 - <unknown>
[INFO] [stdout] 
[INFO] [stdout] ---- clean::tests::skips_an_item_changed_after_the_review stdout ----
[INFO] [stdout] 
[INFO] [stdout] thread 'clean::tests::skips_an_item_changed_after_the_review' (984) panicked at src/clean.rs:406:51:
[INFO] [stdout] roots should be made: Os { code: 2, kind: NotFound, message: "No such file or directory" }
[INFO] [stdout] stack backtrace:
[INFO] [stdout]    0:     0x644d2be22de1 - <<std[617be2ca0a6fd877]::sys::backtrace::BacktraceLock>::print::DisplayBacktrace as core[a373ad73a504971]::fmt::Display>::fmt
[INFO] [stdout]    1:     0x644d2be3a30a - core[a373ad73a504971]::fmt::write
[INFO] [stdout]    2:     0x644d2be275cc - <alloc[2e1b2a31b91974c5]::vec::Vec<u8> as core[a373ad73a504971]::io::write::Write>::write_fmt
[INFO] [stdout]    3:     0x644d2bdfa176 - std[617be2ca0a6fd877]::panicking::default_hook::{closure#0}
[INFO] [stdout]    4:     0x644d2be19419 - std[617be2ca0a6fd877]::panicking::default_hook
[INFO] [stdout]    5:     0x644d2bd7c860 - test[aada8e7e76ba119b]::test_main_inner::{closure#0}
[INFO] [stdout]    6:     0x644d2be19742 - std[617be2ca0a6fd877]::panicking::panic_with_hook
[INFO] [stdout]    7:     0x644d2bdfa222 - std[617be2ca0a6fd877]::panicking::panic_handler::{closure#0}
[INFO] [stdout]    8:     0x644d2bdf2ab9 - std[617be2ca0a6fd877]::sys::backtrace::__rust_end_short_backtrace::<std[617be2ca0a6fd877]::panicking::panic_handler::{closure#0}, !>
[INFO] [stdout]    9:     0x644d2bdfb1bd - __rustc[ea4f61d10b84890b]::rust_begin_unwind
[INFO] [stdout]   10:     0x644d2be3aaac - core[a373ad73a504971]::panicking::panic_fmt
[INFO] [stdout]   11:     0x644d2be3a882 - core[a373ad73a504971]::result::unwrap_failed
[INFO] [stdout]   12:     0x644d2bd4a9f1 - neet_core[8d837831733ddac7]::clean::tests::home
[INFO] [stdout]   13:     0x644d2bd4a131 - neet_core[8d837831733ddac7]::clean::tests::planned_home
[INFO] [stdout]   14:     0x644d2bd4ec39 - <neet_core[8d837831733ddac7]::clean::tests::skips_an_item_changed_after_the_review::{closure#0} as core[a373ad73a504971]::ops::function::FnOnce<()>>::call_once
[INFO] [stdout]   15:     0x644d2bd6fcab - test[aada8e7e76ba119b]::__rust_begin_short_backtrace::<core[a373ad73a504971]::result::Result<(), alloc[2e1b2a31b91974c5]::string::String>, fn() -> core[a373ad73a504971]::result::Result<(), alloc[2e1b2a31b91974c5]::string::String>>
[INFO] [stdout]   16:     0x644d2bd7ce85 - test[aada8e7e76ba119b]::run_test::{closure#0}
[INFO] [stdout]   17:     0x644d2bd76774 - std[617be2ca0a6fd877]::sys::backtrace::__rust_begin_short_backtrace::<test[aada8e7e76ba119b]::run_test::{closure#1}, ()>
[INFO] [stdout]   18:     0x644d2bd7ff12 - <std[617be2ca0a6fd877]::thread::lifecycle::spawn_unchecked<test[aada8e7e76ba119b]::run_test::{closure#1}, ()>::{closure#1} as core[a373ad73a504971]::ops::function::FnOnce<()>>::call_once::{shim:vtable#0}
[INFO] [stdout]   19:     0x644d2be21daf - <std[617be2ca0a6fd877]::sys::thread::unix::Thread>::new::thread_start
[INFO] [stdout]   20:     0x7e2820115dfa - <unknown>
[INFO] [stdout]   21:     0x7e28201a93d4 - clone
[INFO] [stdout]   22:                0x0 - <unknown>
[INFO] [stdout] 
[INFO] [stdout] ---- clean::tests::skips_items_changed_within_the_minimum_age stdout ----
[INFO] [stdout] 
[INFO] [stdout] thread 'clean::tests::skips_items_changed_within_the_minimum_age' (985) panicked at src/clean.rs:406:51:
[INFO] [stdout] roots should be made: Os { code: 2, kind: NotFound, message: "No such file or directory" }
[INFO] [stdout] stack backtrace:
[INFO] [stdout]    0:     0x644d2be22de1 - <<std[617be2ca0a6fd877]::sys::backtrace::BacktraceLock>::print::DisplayBacktrace as core[a373ad73a504971]::fmt::Display>::fmt
[INFO] [stdout]    1:     0x644d2be3a30a - core[a373ad73a504971]::fmt::write
[INFO] [stdout]    2:     0x644d2be275cc - <alloc[2e1b2a31b91974c5]::vec::Vec<u8> as core[a373ad73a504971]::io::write::Write>::write_fmt
[INFO] [stdout]    3:     0x644d2bdfa176 - std[617be2ca0a6fd877]::panicking::default_hook::{closure#0}
[INFO] [stdout]    4:     0x644d2be19419 - std[617be2ca0a6fd877]::panicking::default_hook
[INFO] [stdout]    5:     0x644d2bd7c860 - test[aada8e7e76ba119b]::test_main_inner::{closure#0}
[INFO] [stdout]    6:     0x644d2be19742 - std[617be2ca0a6fd877]::panicking::panic_with_hook
[INFO] [stdout]    7:     0x644d2bdfa222 - std[617be2ca0a6fd877]::panicking::panic_handler::{closure#0}
[INFO] [stdout]    8:     0x644d2bdf2ab9 - std[617be2ca0a6fd877]::sys::backtrace::__rust_end_short_backtrace::<std[617be2ca0a6fd877]::panicking::panic_handler::{closure#0}, !>
[INFO] [stdout]    9:     0x644d2bdfb1bd - __rustc[ea4f61d10b84890b]::rust_begin_unwind
[INFO] [stdout]   10:     0x644d2be3aaac - core[a373ad73a504971]::panicking::panic_fmt
[INFO] [stdout]   11:     0x644d2be3a882 - core[a373ad73a504971]::result::unwrap_failed
[INFO] [stdout]   12:     0x644d2bd4a9f1 - neet_core[8d837831733ddac7]::clean::tests::home
[INFO] [stdout]   13:     0x644d2bd4f94b - <neet_core[8d837831733ddac7]::clean::tests::skips_items_changed_within_the_minimum_age::{closure#0} as core[a373ad73a504971]::ops::function::FnOnce<()>>::call_once
[INFO] [stdout]   14:     0x644d2bd6fcab - test[aada8e7e76ba119b]::__rust_begin_short_backtrace::<core[a373ad73a504971]::result::Result<(), alloc[2e1b2a31b91974c5]::string::String>, fn() -> core[a373ad73a504971]::result::Result<(), alloc[2e1b2a31b91974c5]::string::String>>
[INFO] [stdout]   15:     0x644d2bd7ce85 - test[aada8e7e76ba119b]::run_test::{closure#0}
[INFO] [stdout]   16:     0x644d2bd76774 - std[617be2ca0a6fd877]::sys::backtrace::__rust_begin_short_backtrace::<test[aada8e7e76ba119b]::run_test::{closure#1}, ()>
[INFO] [stdout]   17:     0x644d2bd7ff12 - <std[617be2ca0a6fd877]::thread::lifecycle::spawn_unchecked<test[aada8e7e76ba119b]::run_test::{closure#1}, ()>::{closure#1} as core[a373ad73a504971]::ops::function::FnOnce<()>>::call_once::{shim:vtable#0}
[INFO] [stdout]   18:     0x644d2be21daf - <std[617be2ca0a6fd877]::sys::thread::unix::Thread>::new::thread_start
[INFO] [stdout]   19:     0x7e2820115dfa - <unknown>
[INFO] [stdout]   20:     0x7e28201a93d4 - clone
[INFO] [stdout]   21:                0x0 - <unknown>
[INFO] [stdout] 
[INFO] [stdout] ---- clean::tests::skips_links_that_lead_out stdout ----
[INFO] [stdout] 
[INFO] [stdout] thread 'clean::tests::skips_links_that_lead_out' (986) panicked at src/clean.rs:406:51:
[INFO] [stdout] roots should be made: Os { code: 2, kind: NotFound, message: "No such file or directory" }
[INFO] [stdout] stack backtrace:
[INFO] [stdout]    0:     0x644d2be22de1 - <<std[617be2ca0a6fd877]::sys::backtrace::BacktraceLock>::print::DisplayBacktrace as core[a373ad73a504971]::fmt::Display>::fmt
[INFO] [stdout]    1:     0x644d2be3a30a - core[a373ad73a504971]::fmt::write
[INFO] [stdout]    2:     0x644d2be275cc - <alloc[2e1b2a31b91974c5]::vec::Vec<u8> as core[a373ad73a504971]::io::write::Write>::write_fmt
[INFO] [stdout]    3:     0x644d2bdfa176 - std[617be2ca0a6fd877]::panicking::default_hook::{closure#0}
[INFO] [stdout]    4:     0x644d2be19419 - std[617be2ca0a6fd877]::panicking::default_hook
[INFO] [stdout]    5:     0x644d2bd7c860 - test[aada8e7e76ba119b]::test_main_inner::{closure#0}
[INFO] [stdout]    6:     0x644d2be19742 - std[617be2ca0a6fd877]::panicking::panic_with_hook
[INFO] [stdout]    7:     0x644d2bdfa222 - std[617be2ca0a6fd877]::panicking::panic_handler::{closure#0}
[INFO] [stdout]    8:     0x644d2bdf2ab9 - std[617be2ca0a6fd877]::sys::backtrace::__rust_end_short_backtrace::<std[617be2ca0a6fd877]::panicking::panic_handler::{closure#0}, !>
[INFO] [stdout]    9:     0x644d2bdfb1bd - __rustc[ea4f61d10b84890b]::rust_begin_unwind
[INFO] [stdout]   10:     0x644d2be3aaac - core[a373ad73a504971]::panicking::panic_fmt
[INFO] [stdout]   11:     0x644d2be3a882 - core[a373ad73a504971]::result::unwrap_failed
[INFO] [stdout]   12:     0x644d2bd4a9f1 - neet_core[8d837831733ddac7]::clean::tests::home
[INFO] [stdout]   13:     0x644d2bd4c0cb - <neet_core[8d837831733ddac7]::clean::tests::skips_links_that_lead_out::{closure#0} as core[a373ad73a504971]::ops::function::FnOnce<()>>::call_once
[INFO] [stdout]   14:     0x644d2bd6fcab - test[aada8e7e76ba119b]::__rust_begin_short_backtrace::<core[a373ad73a504971]::result::Result<(), alloc[2e1b2a31b91974c5]::string::String>, fn() -> core[a373ad73a504971]::result::Result<(), alloc[2e1b2a31b91974c5]::string::String>>
[INFO] [stdout]   15:     0x644d2bd7ce85 - test[aada8e7e76ba119b]::run_test::{closure#0}
[INFO] [stdout]   16:     0x644d2bd76774 - std[617be2ca0a6fd877]::sys::backtrace::__rust_begin_short_backtrace::<test[aada8e7e76ba119b]::run_test::{closure#1}, ()>
[INFO] [stdout]   17:     0x644d2bd7ff12 - <std[617be2ca0a6fd877]::thread::lifecycle::spawn_unchecked<test[aada8e7e76ba119b]::run_test::{closure#1}, ()>::{closure#1} as core[a373ad73a504971]::ops::function::FnOnce<()>>::call_once::{shim:vtable#0}
[INFO] [stdout]   18:     0x644d2be21daf - <std[617be2ca0a6fd877]::sys::thread::unix::Thread>::new::thread_start
[INFO] [stdout]   19:     0x7e2820115dfa - <unknown>
[INFO] [stdout]   20:     0x7e28201a93d4 - clone
[INFO] [stdout]   21:                0x0 - <unknown>
[INFO] [stdout] 
[INFO] [stdout] ---- clean::tests::stars_skip_finder_view_settings stdout ----
[INFO] [stdout] 
[INFO] [stdout] thread 'clean::tests::stars_skip_finder_view_settings' (988) panicked at src/clean.rs:406:51:
[INFO] [stdout] roots should be made: Os { code: 2, kind: NotFound, message: "No such file or directory" }
[INFO] [stdout] stack backtrace:
[INFO] [stdout]    0:     0x644d2be22de1 - <<std[617be2ca0a6fd877]::sys::backtrace::BacktraceLock>::print::DisplayBacktrace as core[a373ad73a504971]::fmt::Display>::fmt
[INFO] [stdout]    1:     0x644d2be3a30a - core[a373ad73a504971]::fmt::write
[INFO] [stdout]    2:     0x644d2be275cc - <alloc[2e1b2a31b91974c5]::vec::Vec<u8> as core[a373ad73a504971]::io::write::Write>::write_fmt
[INFO] [stdout]    3:     0x644d2bdfa176 - std[617be2ca0a6fd877]::panicking::default_hook::{closure#0}
[INFO] [stdout]    4:     0x644d2be19419 - std[617be2ca0a6fd877]::panicking::default_hook
[INFO] [stdout]    5:     0x644d2bd7c860 - test[aada8e7e76ba119b]::test_main_inner::{closure#0}
[INFO] [stdout]    6:     0x644d2be19742 - std[617be2ca0a6fd877]::panicking::panic_with_hook
[INFO] [stdout]    7:     0x644d2bdfa222 - std[617be2ca0a6fd877]::panicking::panic_handler::{closure#0}
[INFO] [stdout]    8:     0x644d2bdf2ab9 - std[617be2ca0a6fd877]::sys::backtrace::__rust_end_short_backtrace::<std[617be2ca0a6fd877]::panicking::panic_handler::{closure#0}, !>
[INFO] [stdout]    9:     0x644d2bdfb1bd - __rustc[ea4f61d10b84890b]::rust_begin_unwind
[INFO] [stdout]   10:     0x644d2be3aaac - core[a373ad73a504971]::panicking::panic_fmt
[INFO] [stdout]   11:     0x644d2be3a882 - core[a373ad73a504971]::result::unwrap_failed
[INFO] [stdout]   12:     0x644d2bd4a9f1 - neet_core[8d837831733ddac7]::clean::tests::home
[INFO] [stdout]   13:     0x644d2bd4cf4e - <neet_core[8d837831733ddac7]::clean::tests::stars_skip_finder_view_settings::{closure#0} as core[a373ad73a504971]::ops::function::FnOnce<()>>::call_once
[INFO] [stdout]   14:     0x644d2bd6fcab - test[aada8e7e76ba119b]::__rust_begin_short_backtrace::<core[a373ad73a504971]::result::Result<(), alloc[2e1b2a31b91974c5]::string::String>, fn() -> core[a373ad73a504971]::result::Result<(), alloc[2e1b2a31b91974c5]::string::String>>
[INFO] [stdout]   15:     0x644d2bd7ce85 - test[aada8e7e76ba119b]::run_test::{closure#0}
[INFO] [stdout]   16:     0x644d2bd76774 - std[617be2ca0a6fd877]::sys::backtrace::__rust_begin_short_backtrace::<test[aada8e7e76ba119b]::run_test::{closure#1}, ()>
[INFO] [stdout]   17:     0x644d2bd7ff12 - <std[617be2ca0a6fd877]::thread::lifecycle::spawn_unchecked<test[aada8e7e76ba119b]::run_test::{closure#1}, ()>::{closure#1} as core[a373ad73a504971]::ops::function::FnOnce<()>>::call_once::{shim:vtable#0}
[INFO] [stdout]   18:     0x644d2be21daf - <std[617be2ca0a6fd877]::sys::thread::unix::Thread>::new::thread_start
[INFO] [stdout]   19:     0x7e2820115dfa - <unknown>
[INFO] [stdout]   20:     0x7e28201a93d4 - clone
[INFO] [stdout]   21:                0x0 - <unknown>
[INFO] [stdout] 
[INFO] [stdout] ---- dotfiles::change::tests::adds_a_file_inside_new_folders stdout ----
[INFO] [stdout] 
[INFO] [stdout] thread 'dotfiles::change::tests::adds_a_file_inside_new_folders' (1000) panicked at src/dotfiles/change.rs:861:9:
[INFO] [stdout] assertion `left == right` failed
[INFO] [stdout]   left: Err("It is a link into a protected folder. View only.")
[INFO] [stdout]  right: Ok(Added("dot_config/kitty/kitty.conf"))
[INFO] [stdout] stack backtrace:
[INFO] [stdout]    0:     0x644d2be22de1 - <<std[617be2ca0a6fd877]::sys::backtrace::BacktraceLock>::print::DisplayBacktrace as core[a373ad73a504971]::fmt::Display>::fmt
[INFO] [stdout]    1:     0x644d2be3a30a - core[a373ad73a504971]::fmt::write
[INFO] [stdout]    2:     0x644d2be275cc - <alloc[2e1b2a31b91974c5]::vec::Vec<u8> as core[a373ad73a504971]::io::write::Write>::write_fmt
[INFO] [stdout]    3:     0x644d2bdfa176 - std[617be2ca0a6fd877]::panicking::default_hook::{closure#0}
[INFO] [stdout]    4:     0x644d2be19419 - std[617be2ca0a6fd877]::panicking::default_hook
[INFO] [stdout]    5:     0x644d2bd7c860 - test[aada8e7e76ba119b]::test_main_inner::{closure#0}
[INFO] [stdout]    6:     0x644d2be19742 - std[617be2ca0a6fd877]::panicking::panic_with_hook
[INFO] [stdout]    7:     0x644d2bdfa222 - std[617be2ca0a6fd877]::panicking::panic_handler::{closure#0}
[INFO] [stdout]    8:     0x644d2bdf2ab9 - std[617be2ca0a6fd877]::sys::backtrace::__rust_end_short_backtrace::<std[617be2ca0a6fd877]::panicking::panic_handler::{closure#0}, !>
[INFO] [stdout]    9:     0x644d2bdfb1bd - __rustc[ea4f61d10b84890b]::rust_begin_unwind
[INFO] [stdout]   10:     0x644d2be3aaac - core[a373ad73a504971]::panicking::panic_fmt
[INFO] [stdout]   11:     0x644d2be3a9c3 - core[a373ad73a504971]::panicking::assert_failed_inner
[INFO] [stdout]   12:     0x644d2bc9e701 - core[a373ad73a504971]::panicking::assert_failed::<core[a373ad73a504971]::result::Result<neet_core[8d837831733ddac7]::dotfiles::change::Done, alloc[2e1b2a31b91974c5]::string::String>, core[a373ad73a504971]::result::Result<neet_core[8d837831733ddac7]::dotfiles::change::Done, alloc[2e1b2a31b91974c5]::string::String>>
[INFO] [stdout]   13:     0x644d2bd123b6 - <neet_core[8d837831733ddac7]::dotfiles::change::tests::adds_a_file_inside_new_folders::{closure#0} as core[a373ad73a504971]::ops::function::FnOnce<()>>::call_once
[INFO] [stdout]   14:     0x644d2bd6fcab - test[aada8e7e76ba119b]::__rust_begin_short_backtrace::<core[a373ad73a504971]::result::Result<(), alloc[2e1b2a31b91974c5]::string::String>, fn() -> core[a373ad73a504971]::result::Result<(), alloc[2e1b2a31b91974c5]::string::String>>
[INFO] [stdout]   15:     0x644d2bd7ce85 - test[aada8e7e76ba119b]::run_test::{closure#0}
[INFO] [stdout]   16:     0x644d2bd76774 - std[617be2ca0a6fd877]::sys::backtrace::__rust_begin_short_backtrace::<test[aada8e7e76ba119b]::run_test::{closure#1}, ()>
[INFO] [stdout]   17:     0x644d2bd7ff12 - <std[617be2ca0a6fd877]::thread::lifecycle::spawn_unchecked<test[aada8e7e76ba119b]::run_test::{closure#1}, ()>::{closure#1} as core[a373ad73a504971]::ops::function::FnOnce<()>>::call_once::{shim:vtable#0}
[INFO] [stdout]   18:     0x644d2be21daf - <std[617be2ca0a6fd877]::sys::thread::unix::Thread>::new::thread_start
[INFO] [stdout]   19:     0x7e2820115dfa - <unknown>
[INFO] [stdout]   20:     0x7e28201a93d4 - clone
[INFO] [stdout]   21:                0x0 - <unknown>
[INFO] [stdout] 
[INFO] [stdout] ---- clutter::tests::plans_each_item_selected_and_skips_what_the_check_refuses stdout ----
[INFO] [stdout] 
[INFO] [stdout] thread 'clutter::tests::plans_each_item_selected_and_skips_what_the_check_refuses' (993) panicked at src/clutter.rs:471:46:
[INFO] [stdout] roots should be made: Os { code: 2, kind: NotFound, message: "No such file or directory" }
[INFO] [stdout] stack backtrace:
[INFO] [stdout]    0:     0x644d2be22de1 - <<std[617be2ca0a6fd877]::sys::backtrace::BacktraceLock>::print::DisplayBacktrace as core[a373ad73a504971]::fmt::Display>::fmt
[INFO] [stdout]    1:     0x644d2be3a30a - core[a373ad73a504971]::fmt::write
[INFO] [stdout]    2:     0x644d2be275cc - <alloc[2e1b2a31b91974c5]::vec::Vec<u8> as core[a373ad73a504971]::io::write::Write>::write_fmt
[INFO] [stdout]    3:     0x644d2bdfa176 - std[617be2ca0a6fd877]::panicking::default_hook::{closure#0}
[INFO] [stdout]    4:     0x644d2be19419 - std[617be2ca0a6fd877]::panicking::default_hook
[INFO] [stdout]    5:     0x644d2bd7c860 - test[aada8e7e76ba119b]::test_main_inner::{closure#0}
[INFO] [stdout]    6:     0x644d2be19742 - std[617be2ca0a6fd877]::panicking::panic_with_hook
[INFO] [stdout]    7:     0x644d2bdfa222 - std[617be2ca0a6fd877]::panicking::panic_handler::{closure#0}
[INFO] [stdout]    8:     0x644d2bdf2ab9 - std[617be2ca0a6fd877]::sys::backtrace::__rust_end_short_backtrace::<std[617be2ca0a6fd877]::panicking::panic_handler::{closure#0}, !>
[INFO] [stdout]    9:     0x644d2bdfb1bd - __rustc[ea4f61d10b84890b]::rust_begin_unwind
[INFO] [stdout]   10:     0x644d2be3aaac - core[a373ad73a504971]::panicking::panic_fmt
[INFO] [stdout]   11:     0x644d2be3a882 - core[a373ad73a504971]::result::unwrap_failed
[INFO] [stdout]   12:     0x644d2bcd39c3 - <neet_core[8d837831733ddac7]::clutter::tests::plans_each_item_selected_and_skips_what_the_check_refuses::{closure#0} as core[a373ad73a504971]::ops::function::FnOnce<()>>::call_once
[INFO] [stdout]   13:     0x644d2bd6fcab - test[aada8e7e76ba119b]::__rust_begin_short_backtrace::<core[a373ad73a504971]::result::Result<(), alloc[2e1b2a31b91974c5]::string::String>, fn() -> core[a373ad73a504971]::result::Result<(), alloc[2e1b2a31b91974c5]::string::String>>
[INFO] [stdout]   14:     0x644d2bd7ce85 - test[aada8e7e76ba119b]::run_test::{closure#0}
[INFO] [stdout]   15:     0x644d2bd76774 - std[617be2ca0a6fd877]::sys::backtrace::__rust_begin_short_backtrace::<test[aada8e7e76ba119b]::run_test::{closure#1}, ()>
[INFO] [stdout]   16:     0x644d2bd7ff12 - <std[617be2ca0a6fd877]::thread::lifecycle::spawn_unchecked<test[aada8e7e76ba119b]::run_test::{closure#1}, ()>::{closure#1} as core[a373ad73a504971]::ops::function::FnOnce<()>>::call_once::{shim:vtable#0}
[INFO] [stdout]   17:     0x644d2be21daf - <std[617be2ca0a6fd877]::sys::thread::unix::Thread>::new::thread_start
[INFO] [stdout]   18:     0x7e2820115dfa - <unknown>
[INFO] [stdout]   19:     0x7e28201a93d4 - clone
[INFO] [stdout]   20:                0x0 - <unknown>
[INFO] [stdout] 
[INFO] [stdout] ---- clutter::tests::the_temp_folder_is_under_var_folders stdout ----
[INFO] [stdout] 
[INFO] [stdout] thread 'clutter::tests::the_temp_folder_is_under_var_folders' (994) panicked at src/clutter.rs:437:36:
[INFO] [stdout] macOS should give a temporary folder: Custom { kind: NotFound, error: "macOS gave no temporary folder" }
[INFO] [stdout] stack backtrace:
[INFO] [stdout]    0:     0x644d2be22de1 - <<std[617be2ca0a6fd877]::sys::backtrace::BacktraceLock>::print::DisplayBacktrace as core[a373ad73a504971]::fmt::Display>::fmt
[INFO] [stdout]    1:     0x644d2be3a30a - core[a373ad73a504971]::fmt::write
[INFO] [stdout]    2:     0x644d2be275cc - <alloc[2e1b2a31b91974c5]::vec::Vec<u8> as core[a373ad73a504971]::io::write::Write>::write_fmt
[INFO] [stdout]    3:     0x644d2bdfa176 - std[617be2ca0a6fd877]::panicking::default_hook::{closure#0}
[INFO] [stdout]    4:     0x644d2be19419 - std[617be2ca0a6fd877]::panicking::default_hook
[INFO] [stdout]    5:     0x644d2bd7c860 - test[aada8e7e76ba119b]::test_main_inner::{closure#0}
[INFO] [stdout]    6:     0x644d2be19742 - std[617be2ca0a6fd877]::panicking::panic_with_hook
[INFO] [stdout]    7:     0x644d2bdfa222 - std[617be2ca0a6fd877]::panicking::panic_handler::{closure#0}
[INFO] [stdout]    8:     0x644d2bdf2ab9 - std[617be2ca0a6fd877]::sys::backtrace::__rust_end_short_backtrace::<std[617be2ca0a6fd877]::panicking::panic_handler::{closure#0}, !>
[INFO] [stdout]    9:     0x644d2bdfb1bd - __rustc[ea4f61d10b84890b]::rust_begin_unwind
[INFO] [stdout]   10:     0x644d2be3aaac - core[a373ad73a504971]::panicking::panic_fmt
[INFO] [stdout]   11:     0x644d2be3a882 - core[a373ad73a504971]::result::unwrap_failed
[INFO] [stdout]   12:     0x644d2bcd217e - <neet_core[8d837831733ddac7]::clutter::tests::the_temp_folder_is_under_var_folders::{closure#0} as core[a373ad73a504971]::ops::function::FnOnce<()>>::call_once
[INFO] [stdout]   13:     0x644d2bd6fcab - test[aada8e7e76ba119b]::__rust_begin_short_backtrace::<core[a373ad73a504971]::result::Result<(), alloc[2e1b2a31b91974c5]::string::String>, fn() -> core[a373ad73a504971]::result::Result<(), alloc[2e1b2a31b91974c5]::string::String>>
[INFO] [stdout]   14:     0x644d2bd7ce85 - test[aada8e7e76ba119b]::run_test::{closure#0}
[INFO] [stdout]   15:     0x644d2bd76774 - std[617be2ca0a6fd877]::sys::backtrace::__rust_begin_short_backtrace::<test[aada8e7e76ba119b]::run_test::{closure#1}, ()>
[INFO] [stdout]   16:     0x644d2bd7ff12 - <std[617be2ca0a6fd877]::thread::lifecycle::spawn_unchecked<test[aada8e7e76ba119b]::run_test::{closure#1}, ()>::{closure#1} as core[a373ad73a504971]::ops::function::FnOnce<()>>::call_once::{shim:vtable#0}
[INFO] [stdout]   17:     0x644d2be21daf - <std[617be2ca0a6fd877]::sys::thread::unix::Thread>::new::thread_start
[INFO] [stdout]   18:     0x7e2820115dfa - <unknown>
[INFO] [stdout]   19:     0x7e28201a93d4 - clone
[INFO] [stdout]   20:                0x0 - <unknown>
[INFO] [stdout] 
[INFO] [stdout] ---- dotfiles::change::tests::adds_a_file_to_chezmoi_without_running_it stdout ----
[INFO] [stdout] 
[INFO] [stdout] thread 'dotfiles::change::tests::adds_a_file_to_chezmoi_without_running_it' (1004) panicked at src/dotfiles/change.rs:828:52:
[INFO] [stdout] called `Result::unwrap()` on an `Err` value: "It is a link into a protected folder. View only."
[INFO] [stdout] stack backtrace:
[INFO] [stdout]    0:     0x644d2be22de1 - <<std[617be2ca0a6fd877]::sys::backtrace::BacktraceLock>::print::DisplayBacktrace as core[a373ad73a504971]::fmt::Display>::fmt
[INFO] [stdout]    1:     0x644d2be3a30a - core[a373ad73a504971]::fmt::write
[INFO] [stdout]    2:     0x644d2be275cc - <alloc[2e1b2a31b91974c5]::vec::Vec<u8> as core[a373ad73a504971]::io::write::Write>::write_fmt
[INFO] [stdout]    3:     0x644d2bdfa176 - std[617be2ca0a6fd877]::panicking::default_hook::{closure#0}
[INFO] [stdout]    4:     0x644d2be19419 - std[617be2ca0a6fd877]::panicking::default_hook
[INFO] [stdout]    5:     0x644d2bd7c860 - test[aada8e7e76ba119b]::test_main_inner::{closure#0}
[INFO] [stdout]    6:     0x644d2be19742 - std[617be2ca0a6fd877]::panicking::panic_with_hook
[INFO] [stdout]    7:     0x644d2bdfa222 - std[617be2ca0a6fd877]::panicking::panic_handler::{closure#0}
[INFO] [stdout]    8:     0x644d2bdf2ab9 - std[617be2ca0a6fd877]::sys::backtrace::__rust_end_short_backtrace::<std[617be2ca0a6fd877]::panicking::panic_handler::{closure#0}, !>
[INFO] [stdout]    9:     0x644d2bdfb1bd - __rustc[ea4f61d10b84890b]::rust_begin_unwind
[INFO] [stdout]   10:     0x644d2be3aaac - core[a373ad73a504971]::panicking::panic_fmt
[INFO] [stdout]   11:     0x644d2be3a882 - core[a373ad73a504971]::result::unwrap_failed
[INFO] [stdout]   12:     0x644d2bd15b6f - <neet_core[8d837831733ddac7]::dotfiles::change::tests::adds_a_file_to_chezmoi_without_running_it::{closure#0} as core[a373ad73a504971]::ops::function::FnOnce<()>>::call_once
[INFO] [stdout]   13:     0x644d2bd6fcab - test[aada8e7e76ba119b]::__rust_begin_short_backtrace::<core[a373ad73a504971]::result::Result<(), alloc[2e1b2a31b91974c5]::string::String>, fn() -> core[a373ad73a504971]::result::Result<(), alloc[2e1b2a31b91974c5]::string::String>>
[INFO] [stdout]   14:     0x644d2bd7ce85 - test[aada8e7e76ba119b]::run_test::{closure#0}
[INFO] [stdout]   15:     0x644d2bd76774 - std[617be2ca0a6fd877]::sys::backtrace::__rust_begin_short_backtrace::<test[aada8e7e76ba119b]::run_test::{closure#1}, ()>
[INFO] [stdout]   16:     0x644d2bd7ff12 - <std[617be2ca0a6fd877]::thread::lifecycle::spawn_unchecked<test[aada8e7e76ba119b]::run_test::{closure#1}, ()>::{closure#1} as core[a373ad73a504971]::ops::function::FnOnce<()>>::call_once::{shim:vtable#0}
[INFO] [stdout]   17:     0x644d2be21daf - <std[617be2ca0a6fd877]::sys::thread::unix::Thread>::new::thread_start
[INFO] [stdout]   18:     0x7e2820115dfa - <unknown>
[INFO] [stdout]   19:     0x7e28201a93d4 - clone
[INFO] [stdout]   20:                0x0 - <unknown>
[INFO] [stdout] 
[INFO] [stdout] ---- dotfiles::change::tests::edits_the_source_file_when_chezmoi_manages_it stdout ----
[INFO] [stdout] 
[INFO] [stdout] thread 'dotfiles::change::tests::edits_the_source_file_when_chezmoi_manages_it' (1008) panicked at src/dotfiles/change.rs:733:55:
[INFO] [stdout] called `Result::unwrap()` on an `Err` value: "It is a link into a protected folder. View only."
[INFO] [stdout] stack backtrace:
[INFO] [stdout]    0:     0x644d2be22de1 - <<std[617be2ca0a6fd877]::sys::backtrace::BacktraceLock>::print::DisplayBacktrace as core[a373ad73a504971]::fmt::Display>::fmt
[INFO] [stdout]    1:     0x644d2be3a30a - core[a373ad73a504971]::fmt::write
[INFO] [stdout]    2:     0x644d2be275cc - <alloc[2e1b2a31b91974c5]::vec::Vec<u8> as core[a373ad73a504971]::io::write::Write>::write_fmt
[INFO] [stdout]    3:     0x644d2bdfa176 - std[617be2ca0a6fd877]::panicking::default_hook::{closure#0}
[INFO] [stdout]    4:     0x644d2be19419 - std[617be2ca0a6fd877]::panicking::default_hook
[INFO] [stdout]    5:     0x644d2bd7c860 - test[aada8e7e76ba119b]::test_main_inner::{closure#0}
[INFO] [stdout]    6:     0x644d2be19742 - std[617be2ca0a6fd877]::panicking::panic_with_hook
[INFO] [stdout]    7:     0x644d2bdfa222 - std[617be2ca0a6fd877]::panicking::panic_handler::{closure#0}
[INFO] [stdout]    8:     0x644d2bdf2ab9 - std[617be2ca0a6fd877]::sys::backtrace::__rust_end_short_backtrace::<std[617be2ca0a6fd877]::panicking::panic_handler::{closure#0}, !>
[INFO] [stdout]    9:     0x644d2bdfb1bd - __rustc[ea4f61d10b84890b]::rust_begin_unwind
[INFO] [stdout]   10:     0x644d2be3aaac - core[a373ad73a504971]::panicking::panic_fmt
[INFO] [stdout]   11:     0x644d2be3a882 - core[a373ad73a504971]::result::unwrap_failed
[INFO] [stdout]   12:     0x644d2bd16751 - <neet_core[8d837831733ddac7]::dotfiles::change::tests::edits_the_source_file_when_chezmoi_manages_it::{closure#0} as core[a373ad73a504971]::ops::function::FnOnce<()>>::call_once
[INFO] [stdout]   13:     0x644d2bd6fcab - test[aada8e7e76ba119b]::__rust_begin_short_backtrace::<core[a373ad73a504971]::result::Result<(), alloc[2e1b2a31b91974c5]::string::String>, fn() -> core[a373ad73a504971]::result::Result<(), alloc[2e1b2a31b91974c5]::string::String>>
[INFO] [stdout]   14:     0x644d2bd7ce85 - test[aada8e7e76ba119b]::run_test::{closure#0}
[INFO] [stdout]   15:     0x644d2bd76774 - std[617be2ca0a6fd877]::sys::backtrace::__rust_begin_short_backtrace::<test[aada8e7e76ba119b]::run_test::{closure#1}, ()>
[INFO] [stdout]   16:     0x644d2bd7ff12 - <std[617be2ca0a6fd877]::thread::lifecycle::spawn_unchecked<test[aada8e7e76ba119b]::run_test::{closure#1}, ()>::{closure#1} as core[a373ad73a504971]::ops::function::FnOnce<()>>::call_once::{shim:vtable#0}
[INFO] [stdout]   17:     0x644d2be21daf - <std[617be2ca0a6fd877]::sys::thread::unix::Thread>::new::thread_start
[INFO] [stdout]   18:     0x7e2820115dfa - <unknown>
[INFO] [stdout]   19:     0x7e28201a93d4 - clone
[INFO] [stdout]   20:                0x0 - <unknown>
[INFO] [stdout] 
[INFO] [stdout] ---- dotfiles::change::tests::keeps_the_home_version_in_chezmoi_without_running_it stdout ----
[INFO] [stdout] 
[INFO] [stdout] thread 'dotfiles::change::tests::keeps_the_home_version_in_chezmoi_without_running_it' (1009) panicked at src/dotfiles/change.rs:811:9:
[INFO] [stdout] assertion `left == right` failed
[INFO] [stdout]   left: Err("It is a link into a protected folder. View only.")
[INFO] [stdout]  right: Ok(Kept)
[INFO] [stdout] stack backtrace:
[INFO] [stdout]    0:     0x644d2be22de1 - <<std[617be2ca0a6fd877]::sys::backtrace::BacktraceLock>::print::DisplayBacktrace as core[a373ad73a504971]::fmt::Display>::fmt
[INFO] [stdout]    1:     0x644d2be3a30a - core[a373ad73a504971]::fmt::write
[INFO] [stdout]    2:     0x644d2be275cc - <alloc[2e1b2a31b91974c5]::vec::Vec<u8> as core[a373ad73a504971]::io::write::Write>::write_fmt
[INFO] [stdout]    3:     0x644d2bdfa176 - std[617be2ca0a6fd877]::panicking::default_hook::{closure#0}
[INFO] [stdout]    4:     0x644d2be19419 - std[617be2ca0a6fd877]::panicking::default_hook
[INFO] [stdout]    5:     0x644d2bd7c860 - test[aada8e7e76ba119b]::test_main_inner::{closure#0}
[INFO] [stdout]    6:     0x644d2be19742 - std[617be2ca0a6fd877]::panicking::panic_with_hook
[INFO] [stdout]    7:     0x644d2bdfa222 - std[617be2ca0a6fd877]::panicking::panic_handler::{closure#0}
[INFO] [stdout]    8:     0x644d2bdf2ab9 - std[617be2ca0a6fd877]::sys::backtrace::__rust_end_short_backtrace::<std[617be2ca0a6fd877]::panicking::panic_handler::{closure#0}, !>
[INFO] [stdout]    9:     0x644d2bdfb1bd - __rustc[ea4f61d10b84890b]::rust_begin_unwind
[INFO] [stdout]   10:     0x644d2be3aaac - core[a373ad73a504971]::panicking::panic_fmt
[INFO] [stdout]   11:     0x644d2be3a9c3 - core[a373ad73a504971]::panicking::assert_failed_inner
[INFO] [stdout]   12:     0x644d2bc9e701 - core[a373ad73a504971]::panicking::assert_failed::<core[a373ad73a504971]::result::Result<neet_core[8d837831733ddac7]::dotfiles::change::Done, alloc[2e1b2a31b91974c5]::string::String>, core[a373ad73a504971]::result::Result<neet_core[8d837831733ddac7]::dotfiles::change::Done, alloc[2e1b2a31b91974c5]::string::String>>
[INFO] [stdout]   13:     0x644d2bd17e4a - <neet_core[8d837831733ddac7]::dotfiles::change::tests::keeps_the_home_version_in_chezmoi_without_running_it::{closure#0} as core[a373ad73a504971]::ops::function::FnOnce<()>>::call_once
[INFO] [stdout]   14:     0x644d2bd6fcab - test[aada8e7e76ba119b]::__rust_begin_short_backtrace::<core[a373ad73a504971]::result::Result<(), alloc[2e1b2a31b91974c5]::string::String>, fn() -> core[a373ad73a504971]::result::Result<(), alloc[2e1b2a31b91974c5]::string::String>>
[INFO] [stdout]   15:     0x644d2bd7ce85 - test[aada8e7e76ba119b]::run_test::{closure#0}
[INFO] [stdout]   16:     0x644d2bd76774 - std[617be2ca0a6fd877]::sys::backtrace::__rust_begin_short_backtrace::<test[aada8e7e76ba119b]::run_test::{closure#1}, ()>
[INFO] [stdout]   17:     0x644d2bd7ff12 - <std[617be2ca0a6fd877]::thread::lifecycle::spawn_unchecked<test[aada8e7e76ba119b]::run_test::{closure#1}, ()>::{closure#1} as core[a373ad73a504971]::ops::function::FnOnce<()>>::call_once::{shim:vtable#0}
[INFO] [stdout]   18:     0x644d2be21daf - <std[617be2ca0a6fd877]::sys::thread::unix::Thread>::new::thread_start
[INFO] [stdout]   19:     0x7e2820115dfa - <unknown>
[INFO] [stdout]   20:     0x7e28201a93d4 - clone
[INFO] [stdout]   21:                0x0 - <unknown>
[INFO] [stdout] 
[INFO] [stdout] ---- dotfiles::change::tests::checks_only_read_the_file stdout ----
[INFO] [stdout] 
[INFO] [stdout] thread 'dotfiles::change::tests::checks_only_read_the_file' (1006) panicked at src/dotfiles/change.rs:664:9:
[INFO] [stdout] assertion `left == right` failed
[INFO] [stdout]   left: NotChecked("zsh is not installed, so it was not checked.")
[INFO] [stdout]  right: Passed
[INFO] [stdout] stack backtrace:
[INFO] [stdout]    0:     0x644d2be22de1 - <<std[617be2ca0a6fd877]::sys::backtrace::BacktraceLock>::print::DisplayBacktrace as core[a373ad73a504971]::fmt::Display>::fmt
[INFO] [stdout]    1:     0x644d2be3a30a - core[a373ad73a504971]::fmt::write
[INFO] [stdout]    2:     0x644d2be275cc - <alloc[2e1b2a31b91974c5]::vec::Vec<u8> as core[a373ad73a504971]::io::write::Write>::write_fmt
[INFO] [stdout]    3:     0x644d2bdfa176 - std[617be2ca0a6fd877]::panicking::default_hook::{closure#0}
[INFO] [stdout]    4:     0x644d2be19419 - std[617be2ca0a6fd877]::panicking::default_hook
[INFO] [stdout]    5:     0x644d2bd7c860 - test[aada8e7e76ba119b]::test_main_inner::{closure#0}
[INFO] [stdout]    6:     0x644d2be19742 - std[617be2ca0a6fd877]::panicking::panic_with_hook
[INFO] [stdout]    7:     0x644d2bdfa222 - std[617be2ca0a6fd877]::panicking::panic_handler::{closure#0}
[INFO] [stdout]    8:     0x644d2bdf2ab9 - std[617be2ca0a6fd877]::sys::backtrace::__rust_end_short_backtrace::<std[617be2ca0a6fd877]::panicking::panic_handler::{closure#0}, !>
[INFO] [stdout]    9:     0x644d2bdfb1bd - __rustc[ea4f61d10b84890b]::rust_begin_unwind
[INFO] [stdout]   10:     0x644d2be3aaac - core[a373ad73a504971]::panicking::panic_fmt
[INFO] [stdout]   11:     0x644d2be3a9c3 - core[a373ad73a504971]::panicking::assert_failed_inner
[INFO] [stdout]   12:     0x644d2bc9f08c - core[a373ad73a504971]::panicking::assert_failed::<neet_core[8d837831733ddac7]::dotfiles::change::Checked, neet_core[8d837831733ddac7]::dotfiles::change::Checked>
[INFO] [stdout]   13:     0x644d2bd1125d - <neet_core[8d837831733ddac7]::dotfiles::change::tests::checks_only_read_the_file::{closure#0} as core[a373ad73a504971]::ops::function::FnOnce<()>>::call_once
[INFO] [stdout]   14:     0x644d2bd6fcab - test[aada8e7e76ba119b]::__rust_begin_short_backtrace::<core[a373ad73a504971]::result::Result<(), alloc[2e1b2a31b91974c5]::string::String>, fn() -> core[a373ad73a504971]::result::Result<(), alloc[2e1b2a31b91974c5]::string::String>>
[INFO] [stdout]   15:     0x644d2bd7ce85 - test[aada8e7e76ba119b]::run_test::{closure#0}
[INFO] [stdout]   16:     0x644d2bd76774 - std[617be2ca0a6fd877]::sys::backtrace::__rust_begin_short_backtrace::<test[aada8e7e76ba119b]::run_test::{closure#1}, ()>
[INFO] [stdout]   17:     0x644d2bd7ff12 - <std[617be2ca0a6fd877]::thread::lifecycle::spawn_unchecked<test[aada8e7e76ba119b]::run_test::{closure#1}, ()>::{closure#1} as core[a373ad73a504971]::ops::function::FnOnce<()>>::call_once::{shim:vtable#0}
[INFO] [stdout]   18:     0x644d2be21daf - <std[617be2ca0a6fd877]::sys::thread::unix::Thread>::new::thread_start
[INFO] [stdout]   19:     0x7e2820115dfa - <unknown>
[INFO] [stdout]   20:     0x7e28201a93d4 - clone
[INFO] [stdout]   21:                0x0 - <unknown>
[INFO] [stdout] 
[INFO] [stdout] ---- disk::tests::reads_the_free_space_finder_shows stdout ----
[INFO] [stdout] 
[INFO] [stdout] thread 'disk::tests::reads_the_free_space_finder_shows' (998) panicked at src/disk.rs:104:45:
[INFO] [stdout] Finder's free space should be readable: Os { code: 2, kind: NotFound, message: "No such file or directory" }
[INFO] [stdout] stack backtrace:
[INFO] [stdout]    0:     0x644d2be22de1 - <<std[617be2ca0a6fd877]::sys::backtrace::BacktraceLock>::print::DisplayBacktrace as core[a373ad73a504971]::fmt::Display>::fmt
[INFO] [stdout]    1:     0x644d2be3a30a - core[a373ad73a504971]::fmt::write
[INFO] [stdout]    2:     0x644d2be275cc - <alloc[2e1b2a31b91974c5]::vec::Vec<u8> as core[a373ad73a504971]::io::write::Write>::write_fmt
[INFO] [stdout]    3:     0x644d2bdfa176 - std[617be2ca0a6fd877]::panicking::default_hook::{closure#0}
[INFO] [stdout]    4:     0x644d2be19419 - std[617be2ca0a6fd877]::panicking::default_hook
[INFO] [stdout]    5:     0x644d2bd7c860 - test[aada8e7e76ba119b]::test_main_inner::{closure#0}
[INFO] [stdout]    6:     0x644d2be19742 - std[617be2ca0a6fd877]::panicking::panic_with_hook
[INFO] [stdout]    7:     0x644d2bdfa222 - std[617be2ca0a6fd877]::panicking::panic_handler::{closure#0}
[INFO] [stdout]    8:     0x644d2bdf2ab9 - std[617be2ca0a6fd877]::sys::backtrace::__rust_end_short_backtrace::<std[617be2ca0a6fd877]::panicking::panic_handler::{closure#0}, !>
[INFO] [stdout]    9:     0x644d2bdfb1bd - __rustc[ea4f61d10b84890b]::rust_begin_unwind
[INFO] [stdout]   10:     0x644d2be3aaac - core[a373ad73a504971]::panicking::panic_fmt
[INFO] [stdout]   11:     0x644d2be3a882 - core[a373ad73a504971]::result::unwrap_failed
[INFO] [stdout]   12:     0x644d2bc7cd0b - <neet_core[8d837831733ddac7]::disk::tests::reads_the_free_space_finder_shows::{closure#0} as core[a373ad73a504971]::ops::function::FnOnce<()>>::call_once
[INFO] [stdout]   13:     0x644d2bd6fcab - test[aada8e7e76ba119b]::__rust_begin_short_backtrace::<core[a373ad73a504971]::result::Result<(), alloc[2e1b2a31b91974c5]::string::String>, fn() -> core[a373ad73a504971]::result::Result<(), alloc[2e1b2a31b91974c5]::string::String>>
[INFO] [stdout]   14:     0x644d2bd7ce85 - test[aada8e7e76ba119b]::run_test::{closure#0}
[INFO] [stdout]   15:     0x644d2bd76774 - std[617be2ca0a6fd877]::sys::backtrace::__rust_begin_short_backtrace::<test[aada8e7e76ba119b]::run_test::{closure#1}, ()>
[INFO] [stdout]   16:     0x644d2bd7ff12 - <std[617be2ca0a6fd877]::thread::lifecycle::spawn_unchecked<test[aada8e7e76ba119b]::run_test::{closure#1}, ()>::{closure#1} as core[a373ad73a504971]::ops::function::FnOnce<()>>::call_once::{shim:vtable#0}
[INFO] [stdout]   17:     0x644d2be21daf - <std[617be2ca0a6fd877]::sys::thread::unix::Thread>::new::thread_start
[INFO] [stdout]   18:     0x7e2820115dfa - <unknown>
[INFO] [stdout]   19:     0x7e28201a93d4 - clone
[INFO] [stdout]   20:                0x0 - <unknown>
[INFO] [stdout] 
[INFO] [stdout] ---- dotfiles::change::tests::edits_a_file_chezmoi_does_not_manage stdout ----
[INFO] [stdout] 
[INFO] [stdout] thread 'dotfiles::change::tests::edits_a_file_chezmoi_does_not_manage' (1007) panicked at src/dotfiles/change.rs:707:61:
[INFO] [stdout] called `Result::unwrap()` on an `Err` value: "It is a link into a protected folder. View only."
[INFO] [stdout] stack backtrace:
[INFO] [stdout]    0:     0x644d2be22de1 - <<std[617be2ca0a6fd877]::sys::backtrace::BacktraceLock>::print::DisplayBacktrace as core[a373ad73a504971]::fmt::Display>::fmt
[INFO] [stdout]    1:     0x644d2be3a30a - core[a373ad73a504971]::fmt::write
[INFO] [stdout]    2:     0x644d2be275cc - <alloc[2e1b2a31b91974c5]::vec::Vec<u8> as core[a373ad73a504971]::io::write::Write>::write_fmt
[INFO] [stdout]    3:     0x644d2bdfa176 - std[617be2ca0a6fd877]::panicking::default_hook::{closure#0}
[INFO] [stdout]    4:     0x644d2be19419 - std[617be2ca0a6fd877]::panicking::default_hook
[INFO] [stdout]    5:     0x644d2bd7c860 - test[aada8e7e76ba119b]::test_main_inner::{closure#0}
[INFO] [stdout]    6:     0x644d2be19742 - std[617be2ca0a6fd877]::panicking::panic_with_hook
[INFO] [stdout]    7:     0x644d2bdfa222 - std[617be2ca0a6fd877]::panicking::panic_handler::{closure#0}
[INFO] [stdout]    8:     0x644d2bdf2ab9 - std[617be2ca0a6fd877]::sys::backtrace::__rust_end_short_backtrace::<std[617be2ca0a6fd877]::panicking::panic_handler::{closure#0}, !>
[INFO] [stdout]    9:     0x644d2bdfb1bd - __rustc[ea4f61d10b84890b]::rust_begin_unwind
[INFO] [stdout]   10:     0x644d2be3aaac - core[a373ad73a504971]::panicking::panic_fmt
[INFO] [stdout]   11:     0x644d2be3a882 - core[a373ad73a504971]::result::unwrap_failed
[INFO] [stdout]   12:     0x644d2bd14512 - <neet_core[8d837831733ddac7]::dotfiles::change::tests::edits_a_file_chezmoi_does_not_manage::{closure#0} as core[a373ad73a504971]::ops::function::FnOnce<()>>::call_once
[INFO] [stdout]   13:     0x644d2bd6fcab - test[aada8e7e76ba119b]::__rust_begin_short_backtrace::<core[a373ad73a504971]::result::Result<(), alloc[2e1b2a31b91974c5]::string::String>, fn() -> core[a373ad73a504971]::result::Result<(), alloc[2e1b2a31b91974c5]::string::String>>
[INFO] [stdout]   14:     0x644d2bd7ce85 - test[aada8e7e76ba119b]::run_test::{closure#0}
[INFO] [stdout]   15:     0x644d2bd76774 - std[617be2ca0a6fd877]::sys::backtrace::__rust_begin_short_backtrace::<test[aada8e7e76ba119b]::run_test::{closure#1}, ()>
[INFO] [stdout]   16:     0x644d2bd7ff12 - <std[617be2ca0a6fd877]::thread::lifecycle::spawn_unchecked<test[aada8e7e76ba119b]::run_test::{closure#1}, ()>::{closure#1} as core[a373ad73a504971]::ops::function::FnOnce<()>>::call_once::{shim:vtable#0}
[INFO] [stdout]   17:     0x644d2be21daf - <std[617be2ca0a6fd877]::sys::thread::unix::Thread>::new::thread_start
[INFO] [stdout]   18:     0x7e2820115dfa - <unknown>
[INFO] [stdout]   19:     0x7e28201a93d4 - clone
[INFO] [stdout]   20:                0x0 - <unknown>
[INFO] [stdout] 
[INFO] [stdout] ---- dotfiles::change::tests::never_runs_chezmoi_for_a_link stdout ----
[INFO] [stdout] 
[INFO] [stdout] thread 'dotfiles::change::tests::never_runs_chezmoi_for_a_link' (1010) panicked at src/dotfiles/change.rs:906:9:
[INFO] [stdout] assertion `left == right` failed
[INFO] [stdout]   left: Err("It is a link into a protected folder. View only.")
[INFO] [stdout]  right: Ok(Kept)
[INFO] [stdout] stack backtrace:
[INFO] [stdout]    0:     0x644d2be22de1 - <<std[617be2ca0a6fd877]::sys::backtrace::BacktraceLock>::print::DisplayBacktrace as core[a373ad73a504971]::fmt::Display>::fmt
[INFO] [stdout]    1:     0x644d2be3a30a - core[a373ad73a504971]::fmt::write
[INFO] [stdout]    2:     0x644d2be275cc - <alloc[2e1b2a31b91974c5]::vec::Vec<u8> as core[a373ad73a504971]::io::write::Write>::write_fmt
[INFO] [stdout]    3:     0x644d2bdfa176 - std[617be2ca0a6fd877]::panicking::default_hook::{closure#0}
[INFO] [stdout]    4:     0x644d2be19419 - std[617be2ca0a6fd877]::panicking::default_hook
[INFO] [stdout]    5:     0x644d2bd7c860 - test[aada8e7e76ba119b]::test_main_inner::{closure#0}
[INFO] [stdout]    6:     0x644d2be19742 - std[617be2ca0a6fd877]::panicking::panic_with_hook
[INFO] [stdout]    7:     0x644d2bdfa222 - std[617be2ca0a6fd877]::panicking::panic_handler::{closure#0}
[INFO] [stdout]    8:     0x644d2bdf2ab9 - std[617be2ca0a6fd877]::sys::backtrace::__rust_end_short_backtrace::<std[617be2ca0a6fd877]::panicking::panic_handler::{closure#0}, !>
[INFO] [stdout]    9:     0x644d2bdfb1bd - __rustc[ea4f61d10b84890b]::rust_begin_unwind
[INFO] [stdout]   10:     0x644d2be3aaac - core[a373ad73a504971]::panicking::panic_fmt
[INFO] [stdout]   11:     0x644d2be3a9c3 - core[a373ad73a504971]::panicking::assert_failed_inner
[INFO] [stdout]   12:     0x644d2bc9e701 - core[a373ad73a504971]::panicking::assert_failed::<core[a373ad73a504971]::result::Result<neet_core[8d837831733ddac7]::dotfiles::change::Done, alloc[2e1b2a31b91974c5]::string::String>, core[a373ad73a504971]::result::Result<neet_core[8d837831733ddac7]::dotfiles::change::Done, alloc[2e1b2a31b91974c5]::string::String>>
[INFO] [stdout]   13:     0x644d2bd11bca - <neet_core[8d837831733ddac7]::dotfiles::change::tests::never_runs_chezmoi_for_a_link::{closure#0} as core[a373ad73a504971]::ops::function::FnOnce<()>>::call_once
[INFO] [stdout]   14:     0x644d2bd6fcab - test[aada8e7e76ba119b]::__rust_begin_short_backtrace::<core[a373ad73a504971]::result::Result<(), alloc[2e1b2a31b91974c5]::string::String>, fn() -> core[a373ad73a504971]::result::Result<(), alloc[2e1b2a31b91974c5]::string::String>>
[INFO] [stdout]   15:     0x644d2bd7ce85 - test[aada8e7e76ba119b]::run_test::{closure#0}
[INFO] [stdout]   16:     0x644d2bd76774 - std[617be2ca0a6fd877]::sys::backtrace::__rust_begin_short_backtrace::<test[aada8e7e76ba119b]::run_test::{closure#1}, ()>
[INFO] [stdout]   17:     0x644d2bd7ff12 - <std[617be2ca0a6fd877]::thread::lifecycle::spawn_unchecked<test[aada8e7e76ba119b]::run_test::{closure#1}, ()>::{closure#1} as core[a373ad73a504971]::ops::function::FnOnce<()>>::call_once::{shim:vtable#0}
[INFO] [stdout]   18:     0x644d2be21daf - <std[617be2ca0a6fd877]::sys::thread::unix::Thread>::new::thread_start
[INFO] [stdout]   19:     0x7e2820115dfa - <unknown>
[INFO] [stdout]   20:     0x7e28201a93d4 - clone
[INFO] [stdout]   21:                0x0 - <unknown>
[INFO] [stdout] 
[INFO] [stdout] ---- dotfiles::change::tests::refuses_files_that_cannot_be_edited_yet stdout ----
[INFO] [stdout] 
[INFO] [stdout] thread 'dotfiles::change::tests::refuses_files_that_cannot_be_edited_yet' (1013) panicked at src/dotfiles/change.rs:756:9:
[INFO] [stdout] assertion failed: Edit::begin(&differs, Some(&chezmoi)).err().unwrap().contains("Press Enter")
[INFO] [stdout] stack backtrace:
[INFO] [stdout]    0:     0x644d2be22de1 - <<std[617be2ca0a6fd877]::sys::backtrace::BacktraceLock>::print::DisplayBacktrace as core[a373ad73a504971]::fmt::Display>::fmt
[INFO] [stdout]    1:     0x644d2be3a30a - core[a373ad73a504971]::fmt::write
[INFO] [stdout]    2:     0x644d2be275cc - <alloc[2e1b2a31b91974c5]::vec::Vec<u8> as core[a373ad73a504971]::io::write::Write>::write_fmt
[INFO] [stdout]    3:     0x644d2bdfa176 - std[617be2ca0a6fd877]::panicking::default_hook::{closure#0}
[INFO] [stdout]    4:     0x644d2be19419 - std[617be2ca0a6fd877]::panicking::default_hook
[INFO] [stdout]    5:     0x644d2bd7c860 - test[aada8e7e76ba119b]::test_main_inner::{closure#0}
[INFO] [stdout]    6:     0x644d2be19742 - std[617be2ca0a6fd877]::panicking::panic_with_hook
[INFO] [stdout]    7:     0x644d2bdfa254 - std[617be2ca0a6fd877]::panicking::panic_handler::{closure#0}
[INFO] [stdout]    8:     0x644d2bdf2ab9 - std[617be2ca0a6fd877]::sys::backtrace::__rust_end_short_backtrace::<std[617be2ca0a6fd877]::panicking::panic_handler::{closure#0}, !>
[INFO] [stdout]    9:     0x644d2bdfb1bd - __rustc[ea4f61d10b84890b]::rust_begin_unwind
[INFO] [stdout]   10:     0x644d2be3aaac - core[a373ad73a504971]::panicking::panic_fmt
[INFO] [stdout]   11:     0x644d2be3aa72 - core[a373ad73a504971]::panicking::panic
[INFO] [stdout]   12:     0x644d2bd1524c - <neet_core[8d837831733ddac7]::dotfiles::change::tests::refuses_files_that_cannot_be_edited_yet::{closure#0} as core[a373ad73a504971]::ops::function::FnOnce<()>>::call_once
[INFO] [stdout]   13:     0x644d2bd6fcab - test[aada8e7e76ba119b]::__rust_begin_short_backtrace::<core[a373ad73a504971]::result::Result<(), alloc[2e1b2a31b91974c5]::string::String>, fn() -> core[a373ad73a504971]::result::Result<(), alloc[2e1b2a31b91974c5]::string::String>>
[INFO] [stdout]   14:     0x644d2bd7ce85 - test[aada8e7e76ba119b]::run_test::{closure#0}
[INFO] [stdout]   15:     0x644d2bd76774 - std[617be2ca0a6fd877]::sys::backtrace::__rust_begin_short_backtrace::<test[aada8e7e76ba119b]::run_test::{closure#1}, ()>
[INFO] [stdout]   16:     0x644d2bd7ff12 - <std[617be2ca0a6fd877]::thread::lifecycle::spawn_unchecked<test[aada8e7e76ba119b]::run_test::{closure#1}, ()>::{closure#1} as core[a373ad73a504971]::ops::function::FnOnce<()>>::call_once::{shim:vtable#0}
[INFO] [stdout]   17:     0x644d2be21daf - <std[617be2ca0a6fd877]::sys::thread::unix::Thread>::new::thread_start
[INFO] [stdout]   18:     0x7e2820115dfa - <unknown>
[INFO] [stdout]   19:     0x7e28201a93d4 - clone
[INFO] [stdout]   20:                0x0 - <unknown>
[INFO] [stdout] 
[INFO] [stdout] ---- dotfiles::change::tests::refuses_to_write_when_the_home_file_changed_meanwhile stdout ----
[INFO] [stdout] 
[INFO] [stdout] thread 'dotfiles::change::tests::refuses_to_write_when_the_home_file_changed_meanwhile' (1014) panicked at src/dotfiles/change.rs:789:55:
[INFO] [stdout] called `Result::unwrap()` on an `Err` value: "It is a link into a protected folder. View only."
[INFO] [stdout] stack backtrace:
[INFO] [stdout]    0:     0x644d2be22de1 - <<std[617be2ca0a6fd877]::sys::backtrace::BacktraceLock>::print::DisplayBacktrace as core[a373ad73a504971]::fmt::Display>::fmt
[INFO] [stdout]    1:     0x644d2be3a30a - core[a373ad73a504971]::fmt::write
[INFO] [stdout]    2:     0x644d2be275cc - <alloc[2e1b2a31b91974c5]::vec::Vec<u8> as core[a373ad73a504971]::io::write::Write>::write_fmt
[INFO] [stdout]    3:     0x644d2bdfa176 - std[617be2ca0a6fd877]::panicking::default_hook::{closure#0}
[INFO] [stdout]    4:     0x644d2be19419 - std[617be2ca0a6fd877]::panicking::default_hook
[INFO] [stdout]    5:     0x644d2bd7c860 - test[aada8e7e76ba119b]::test_main_inner::{closure#0}
[INFO] [stdout]    6:     0x644d2be19742 - std[617be2ca0a6fd877]::panicking::panic_with_hook
[INFO] [stdout]    7:     0x644d2bdfa222 - std[617be2ca0a6fd877]::panicking::panic_handler::{closure#0}
[INFO] [stdout]    8:     0x644d2bdf2ab9 - std[617be2ca0a6fd877]::sys::backtrace::__rust_end_short_backtrace::<std[617be2ca0a6fd877]::panicking::panic_handler::{closure#0}, !>
[INFO] [stdout]    9:     0x644d2bdfb1bd - __rustc[ea4f61d10b84890b]::rust_begin_unwind
[INFO] [stdout]   10:     0x644d2be3aaac - core[a373ad73a504971]::panicking::panic_fmt
[INFO] [stdout]   11:     0x644d2be3a882 - core[a373ad73a504971]::result::unwrap_failed
[INFO] [stdout]   12:     0x644d2bd18706 - <neet_core[8d837831733ddac7]::dotfiles::change::tests::refuses_to_write_when_the_home_file_changed_meanwhile::{closure#0} as core[a373ad73a504971]::ops::function::FnOnce<()>>::call_once
[INFO] [stdout]   13:     0x644d2bd6fcab - test[aada8e7e76ba119b]::__rust_begin_short_backtrace::<core[a373ad73a504971]::result::Result<(), alloc[2e1b2a31b91974c5]::string::String>, fn() -> core[a373ad73a504971]::result::Result<(), alloc[2e1b2a31b91974c5]::string::String>>
[INFO] [stdout]   14:     0x644d2bd7ce85 - test[aada8e7e76ba119b]::run_test::{closure#0}
[INFO] [stdout]   15:     0x644d2bd76774 - std[617be2ca0a6fd877]::sys::backtrace::__rust_begin_short_backtrace::<test[aada8e7e76ba119b]::run_test::{closure#1}, ()>
[INFO] [stdout]   16:     0x644d2bd7ff12 - <std[617be2ca0a6fd877]::thread::lifecycle::spawn_unchecked<test[aada8e7e76ba119b]::run_test::{closure#1}, ()>::{closure#1} as core[a373ad73a504971]::ops::function::FnOnce<()>>::call_once::{shim:vtable#0}
[INFO] [stdout]   17:     0x644d2be21daf - <std[617be2ca0a6fd877]::sys::thread::unix::Thread>::new::thread_start
[INFO] [stdout]   18:     0x7e2820115dfa - <unknown>
[INFO] [stdout]   19:     0x7e28201a93d4 - clone
[INFO] [stdout]   20:                0x0 - <unknown>
[INFO] [stdout] 
[INFO] [stdout] ---- dotfiles::change::tests::refuses_broken_shell_text_on_restore_and_put_back stdout ----
[INFO] [stdout] 
[INFO] [stdout] thread 'dotfiles::change::tests::refuses_broken_shell_text_on_restore_and_put_back' (1011) panicked at src/dotfiles/change.rs:931:9:
[INFO] [stdout] assertion failed: restore(&file, &backup, &backups,
[INFO] [stdout]             SystemTime::now()).unwrap_err().contains("syntax check failed")
[INFO] [stdout] stack backtrace:
[INFO] [stdout]    0:     0x644d2be22de1 - <<std[617be2ca0a6fd877]::sys::backtrace::BacktraceLock>::print::DisplayBacktrace as core[a373ad73a504971]::fmt::Display>::fmt
[INFO] [stdout]    1:     0x644d2be3a30a - core[a373ad73a504971]::fmt::write
[INFO] [stdout]    2:     0x644d2be275cc - <alloc[2e1b2a31b91974c5]::vec::Vec<u8> as core[a373ad73a504971]::io::write::Write>::write_fmt
[INFO] [stdout]    3:     0x644d2bdfa176 - std[617be2ca0a6fd877]::panicking::default_hook::{closure#0}
[INFO] [stdout]    4:     0x644d2be19419 - std[617be2ca0a6fd877]::panicking::default_hook
[INFO] [stdout]    5:     0x644d2bd7c860 - test[aada8e7e76ba119b]::test_main_inner::{closure#0}
[INFO] [stdout]    6:     0x644d2be19742 - std[617be2ca0a6fd877]::panicking::panic_with_hook
[INFO] [stdout]    7:     0x644d2bdfa254 - std[617be2ca0a6fd877]::panicking::panic_handler::{closure#0}
[INFO] [stdout]    8:     0x644d2bdf2ab9 - std[617be2ca0a6fd877]::sys::backtrace::__rust_end_short_backtrace::<std[617be2ca0a6fd877]::panicking::panic_handler::{closure#0}, !>
[INFO] [stdout]    9:     0x644d2bdfb1bd - __rustc[ea4f61d10b84890b]::rust_begin_unwind
[INFO] [stdout]   10:     0x644d2be3aaac - core[a373ad73a504971]::panicking::panic_fmt
[INFO] [stdout]   11:     0x644d2be3aa72 - core[a373ad73a504971]::panicking::panic
[INFO] [stdout]   12:     0x644d2bd17596 - <neet_core[8d837831733ddac7]::dotfiles::change::tests::refuses_broken_shell_text_on_restore_and_put_back::{closure#0} as core[a373ad73a504971]::ops::function::FnOnce<()>>::call_once
[INFO] [stdout]   13:     0x644d2bd6fcab - test[aada8e7e76ba119b]::__rust_begin_short_backtrace::<core[a373ad73a504971]::result::Result<(), alloc[2e1b2a31b91974c5]::string::String>, fn() -> core[a373ad73a504971]::result::Result<(), alloc[2e1b2a31b91974c5]::string::String>>
[INFO] [stdout]   14:     0x644d2bd7ce85 - test[aada8e7e76ba119b]::run_test::{closure#0}
[INFO] [stdout]   15:     0x644d2bd76774 - std[617be2ca0a6fd877]::sys::backtrace::__rust_begin_short_backtrace::<test[aada8e7e76ba119b]::run_test::{closure#1}, ()>
[INFO] [stdout]   16:     0x644d2bd7ff12 - <std[617be2ca0a6fd877]::thread::lifecycle::spawn_unchecked<test[aada8e7e76ba119b]::run_test::{closure#1}, ()>::{closure#1} as core[a373ad73a504971]::ops::function::FnOnce<()>>::call_once::{shim:vtable#0}
[INFO] [stdout]   17:     0x644d2be21daf - <std[617be2ca0a6fd877]::sys::thread::unix::Thread>::new::thread_start
[INFO] [stdout]   18:     0x7e2820115dfa - <unknown>
[INFO] [stdout]   19:     0x7e28201a93d4 - clone
[INFO] [stdout]   20:                0x0 - <unknown>
[INFO] [stdout] 
[INFO] [stdout] ---- dotfiles::change::tests::restores_a_backup_of_the_home_file stdout ----
[INFO] [stdout] 
[INFO] [stdout] thread 'dotfiles::change::tests::restores_a_backup_of_the_home_file' (1015) panicked at src/dotfiles/change.rs:953:45:
[INFO] [stdout] called `Result::unwrap()` on an `Err` value: "It is a link into a protected folder. View only."
[INFO] [stdout] stack backtrace:
[INFO] [stdout]    0:     0x644d2be22de1 - <<std[617be2ca0a6fd877]::sys::backtrace::BacktraceLock>::print::DisplayBacktrace as core[a373ad73a504971]::fmt::Display>::fmt
[INFO] [stdout]    1:     0x644d2be3a30a - core[a373ad73a504971]::fmt::write
[INFO] [stdout]    2:     0x644d2be275cc - <alloc[2e1b2a31b91974c5]::vec::Vec<u8> as core[a373ad73a504971]::io::write::Write>::write_fmt
[INFO] [stdout]    3:     0x644d2bdfa176 - std[617be2ca0a6fd877]::panicking::default_hook::{closure#0}
[INFO] [stdout]    4:     0x644d2be19419 - std[617be2ca0a6fd877]::panicking::default_hook
[INFO] [stdout]    5:     0x644d2bd7c860 - test[aada8e7e76ba119b]::test_main_inner::{closure#0}
[INFO] [stdout]    6:     0x644d2be19742 - std[617be2ca0a6fd877]::panicking::panic_with_hook
[INFO] [stdout]    7:     0x644d2bdfa222 - std[617be2ca0a6fd877]::panicking::panic_handler::{closure#0}
[INFO] [stdout]    8:     0x644d2bdf2ab9 - std[617be2ca0a6fd877]::sys::backtrace::__rust_end_short_backtrace::<std[617be2ca0a6fd877]::panicking::panic_handler::{closure#0}, !>
[INFO] [stdout]    9:     0x644d2bdfb1bd - __rustc[ea4f61d10b84890b]::rust_begin_unwind
[INFO] [stdout]   10:     0x644d2be3aaac - core[a373ad73a504971]::panicking::panic_fmt
[INFO] [stdout]   11:     0x644d2be3a882 - core[a373ad73a504971]::result::unwrap_failed
[INFO] [stdout]   12:     0x644d2bd13a51 - <neet_core[8d837831733ddac7]::dotfiles::change::tests::restores_a_backup_of_the_home_file::{closure#0} as core[a373ad73a504971]::ops::function::FnOnce<()>>::call_once
[INFO] [stdout]   13:     0x644d2bd6fcab - test[aada8e7e76ba119b]::__rust_begin_short_backtrace::<core[a373ad73a504971]::result::Result<(), alloc[2e1b2a31b91974c5]::string::String>, fn() -> core[a373ad73a504971]::result::Result<(), alloc[2e1b2a31b91974c5]::string::String>>
[INFO] [stdout]   14:     0x644d2bd7ce85 - test[aada8e7e76ba119b]::run_test::{closure#0}
[INFO] [stdout]   15:     0x644d2bd76774 - std[617be2ca0a6fd877]::sys::backtrace::__rust_begin_short_backtrace::<test[aada8e7e76ba119b]::run_test::{closure#1}, ()>
[INFO] [stdout]   16:     0x644d2bd7ff12 - <std[617be2ca0a6fd877]::thread::lifecycle::spawn_unchecked<test[aada8e7e76ba119b]::run_test::{closure#1}, ()>::{closure#1} as core[a373ad73a504971]::ops::function::FnOnce<()>>::call_once::{shim:vtable#0}
[INFO] [stdout]   17:     0x644d2be21daf - <std[617be2ca0a6fd877]::sys::thread::unix::Thread>::new::thread_start
[INFO] [stdout]   18:     0x7e2820115dfa - <unknown>
[INFO] [stdout]   19:     0x7e28201a93d4 - clone
[INFO] [stdout]   20:                0x0 - <unknown>
[INFO] [stdout] 
[INFO] [stdout] ---- dotfiles::export::tests::a_new_repository_refuses_a_file_changed_after_the_review stdout ----
[INFO] [stdout] 
[INFO] [stdout] thread 'dotfiles::export::tests::a_new_repository_refuses_a_file_changed_after_the_review' (1052) panicked at src/dotfiles/export.rs:792:75:
[INFO] [stdout] called `Result::unwrap()` on an `Err` value: "None of the listed dotfiles are in your home folder yet."
[INFO] [stdout] stack backtrace:
[INFO] [stdout]    0:     0x644d2be22de1 - <<std[617be2ca0a6fd877]::sys::backtrace::BacktraceLock>::print::DisplayBacktrace as core[a373ad73a504971]::fmt::Display>::fmt
[INFO] [stdout]    1:     0x644d2be3a30a - core[a373ad73a504971]::fmt::write
[INFO] [stdout]    2:     0x644d2be275cc - <alloc[2e1b2a31b91974c5]::vec::Vec<u8> as core[a373ad73a504971]::io::write::Write>::write_fmt
[INFO] [stdout]    3:     0x644d2bdfa176 - std[617be2ca0a6fd877]::panicking::default_hook::{closure#0}
[INFO] [stdout]    4:     0x644d2be19419 - std[617be2ca0a6fd877]::panicking::default_hook
[INFO] [stdout]    5:     0x644d2bd7c860 - test[aada8e7e76ba119b]::test_main_inner::{closure#0}
[INFO] [stdout]    6:     0x644d2be19742 - std[617be2ca0a6fd877]::panicking::panic_with_hook
[INFO] [stdout]    7:     0x644d2bdfa222 - std[617be2ca0a6fd877]::panicking::panic_handler::{closure#0}
[INFO] [stdout]    8:     0x644d2bdf2ab9 - std[617be2ca0a6fd877]::sys::backtrace::__rust_end_short_backtrace::<std[617be2ca0a6fd877]::panicking::panic_handler::{closure#0}, !>
[INFO] [stdout]    9:     0x644d2bdfb1bd - __rustc[ea4f61d10b84890b]::rust_begin_unwind
[INFO] [stdout]   10:     0x644d2be3aaac - core[a373ad73a504971]::panicking::panic_fmt
[INFO] [stdout]   11:     0x644d2be3a882 - core[a373ad73a504971]::result::unwrap_failed
[INFO] [stdout]   12:     0x644d2bc5e713 - <neet_core[8d837831733ddac7]::dotfiles::export::tests::a_new_repository_refuses_a_file_changed_after_the_review::{closure#0} as core[a373ad73a504971]::ops::function::FnOnce<()>>::call_once
[INFO] [stdout]   13:     0x644d2bd6fcab - test[aada8e7e76ba119b]::__rust_begin_short_backtrace::<core[a373ad73a504971]::result::Result<(), alloc[2e1b2a31b91974c5]::string::String>, fn() -> core[a373ad73a504971]::result::Result<(), alloc[2e1b2a31b91974c5]::string::String>>
[INFO] [stdout]   14:     0x644d2bd7ce85 - test[aada8e7e76ba119b]::run_test::{closure#0}
[INFO] [stdout]   15:     0x644d2bd76774 - std[617be2ca0a6fd877]::sys::backtrace::__rust_begin_short_backtrace::<test[aada8e7e76ba119b]::run_test::{closure#1}, ()>
[INFO] [stdout]   16:     0x644d2bd7ff12 - <std[617be2ca0a6fd877]::thread::lifecycle::spawn_unchecked<test[aada8e7e76ba119b]::run_test::{closure#1}, ()>::{closure#1} as core[a373ad73a504971]::ops::function::FnOnce<()>>::call_once::{shim:vtable#0}
[INFO] [stdout]   17:     0x644d2be21daf - <std[617be2ca0a6fd877]::sys::thread::unix::Thread>::new::thread_start
[INFO] [stdout]   18:     0x7e2820115dfa - <unknown>
[INFO] [stdout]   19:     0x7e28201a93d4 - clone
[INFO] [stdout]   20:                0x0 - <unknown>
[INFO] [stdout] 
[INFO] [stdout] ---- dotfiles::export::tests::starts_a_repository_in_chezmoi_layout_with_only_the_chosen_files stdout ----
[INFO] [stdout] 
[INFO] [stdout] thread 'dotfiles::export::tests::starts_a_repository_in_chezmoi_layout_with_only_the_chosen_files' (1060) panicked at src/dotfiles/export.rs:717:57:
[INFO] [stdout] called `Result::unwrap()` on an `Err` value: "None of the listed dotfiles are in your home folder yet."
[INFO] [stdout] stack backtrace:
[INFO] [stdout]    0:     0x644d2be22de1 - <<std[617be2ca0a6fd877]::sys::backtrace::BacktraceLock>::print::DisplayBacktrace as core[a373ad73a504971]::fmt::Display>::fmt
[INFO] [stdout]    1:     0x644d2be3a30a - core[a373ad73a504971]::fmt::write
[INFO] [stdout]    2:     0x644d2be275cc - <alloc[2e1b2a31b91974c5]::vec::Vec<u8> as core[a373ad73a504971]::io::write::Write>::write_fmt
[INFO] [stdout]    3:     0x644d2bdfa176 - std[617be2ca0a6fd877]::panicking::default_hook::{closure#0}
[INFO] [stdout]    4:     0x644d2be19419 - std[617be2ca0a6fd877]::panicking::default_hook
[INFO] [stdout]    5:     0x644d2bd7c860 - test[aada8e7e76ba119b]::test_main_inner::{closure#0}
[INFO] [stdout]    6:     0x644d2be19742 - std[617be2ca0a6fd877]::panicking::panic_with_hook
[INFO] [stdout]    7:     0x644d2bdfa222 - std[617be2ca0a6fd877]::panicking::panic_handler::{closure#0}
[INFO] [stdout]    8:     0x644d2bdf2ab9 - std[617be2ca0a6fd877]::sys::backtrace::__rust_end_short_backtrace::<std[617be2ca0a6fd877]::panicking::panic_handler::{closure#0}, !>
[INFO] [stdout]    9:     0x644d2bdfb1bd - __rustc[ea4f61d10b84890b]::rust_begin_unwind
[INFO] [stdout]   10:     0x644d2be3aaac - core[a373ad73a504971]::panicking::panic_fmt
[INFO] [stdout]   11:     0x644d2be3a882 - core[a373ad73a504971]::result::unwrap_failed
[INFO] [stdout]   12:     0x644d2bc6033a - <neet_core[8d837831733ddac7]::dotfiles::export::tests::starts_a_repository_in_chezmoi_layout_with_only_the_chosen_files::{closure#0} as core[a373ad73a504971]::ops::function::FnOnce<()>>::call_once
[INFO] [stdout]   13:     0x644d2bd6fcab - test[aada8e7e76ba119b]::__rust_begin_short_backtrace::<core[a373ad73a504971]::result::Result<(), alloc[2e1b2a31b91974c5]::string::String>, fn() -> core[a373ad73a504971]::result::Result<(), alloc[2e1b2a31b91974c5]::string::String>>
[INFO] [stdout]   14:     0x644d2bd7ce85 - test[aada8e7e76ba119b]::run_test::{closure#0}
[INFO] [stdout]   15:     0x644d2bd76774 - std[617be2ca0a6fd877]::sys::backtrace::__rust_begin_short_backtrace::<test[aada8e7e76ba119b]::run_test::{closure#1}, ()>
[INFO] [stdout]   16:     0x644d2bd7ff12 - <std[617be2ca0a6fd877]::thread::lifecycle::spawn_unchecked<test[aada8e7e76ba119b]::run_test::{closure#1}, ()>::{closure#1} as core[a373ad73a504971]::ops::function::FnOnce<()>>::call_once::{shim:vtable#0}
[INFO] [stdout]   17:     0x644d2be21daf - <std[617be2ca0a6fd877]::sys::thread::unix::Thread>::new::thread_start
[INFO] [stdout]   18:     0x7e2820115dfa - <unknown>
[INFO] [stdout]   19:     0x7e28201a93d4 - clone
[INFO] [stdout]   20:                0x0 - <unknown>
[INFO] [stdout] 
[INFO] [stdout] ---- dotfiles::tests::lists_files_and_says_which_are_view_only stdout ----
[INFO] [stdout] 
[INFO] [stdout] thread 'dotfiles::tests::lists_files_and_says_which_are_view_only' (1068) panicked at src/dotfiles.rs:1222:9:
[INFO] [stdout] assertion `left == right` failed
[INFO] [stdout]   left: Some(Protected)
[INFO] [stdout]  right: None
[INFO] [stdout] stack backtrace:
[INFO] [stdout]    0:     0x644d2be22de1 - <<std[617be2ca0a6fd877]::sys::backtrace::BacktraceLock>::print::DisplayBacktrace as core[a373ad73a504971]::fmt::Display>::fmt
[INFO] [stdout]    1:     0x644d2be3a30a - core[a373ad73a504971]::fmt::write
[INFO] [stdout]    2:     0x644d2be275cc - <alloc[2e1b2a31b91974c5]::vec::Vec<u8> as core[a373ad73a504971]::io::write::Write>::write_fmt
[INFO] [stdout]    3:     0x644d2bdfa176 - std[617be2ca0a6fd877]::panicking::default_hook::{closure#0}
[INFO] [stdout]    4:     0x644d2be19419 - std[617be2ca0a6fd877]::panicking::default_hook
[INFO] [stdout]    5:     0x644d2bd7c860 - test[aada8e7e76ba119b]::test_main_inner::{closure#0}
[INFO] [stdout]    6:     0x644d2be19742 - std[617be2ca0a6fd877]::panicking::panic_with_hook
[INFO] [stdout]    7:     0x644d2bdfa222 - std[617be2ca0a6fd877]::panicking::panic_handler::{closure#0}
[INFO] [stdout]    8:     0x644d2bdf2ab9 - std[617be2ca0a6fd877]::sys::backtrace::__rust_end_short_backtrace::<std[617be2ca0a6fd877]::panicking::panic_handler::{closure#0}, !>
[INFO] [stdout]    9:     0x644d2bdfb1bd - __rustc[ea4f61d10b84890b]::rust_begin_unwind
[INFO] [stdout]   10:     0x644d2be3aaac - core[a373ad73a504971]::panicking::panic_fmt
[INFO] [stdout]   11:     0x644d2be3a9c3 - core[a373ad73a504971]::panicking::assert_failed_inner
[INFO] [stdout]   12:     0x644d2bc9e569 - core[a373ad73a504971]::panicking::assert_failed::<core[a373ad73a504971]::option::Option<neet_core[8d837831733ddac7]::dotfiles::ViewOnly>, core[a373ad73a504971]::option::Option<neet_core[8d837831733ddac7]::dotfiles::ViewOnly>>
[INFO] [stdout]   13:     0x644d2bc58b9e - <neet_core[8d837831733ddac7]::dotfiles::tests::lists_files_and_says_which_are_view_only::{closure#0} as core[a373ad73a504971]::ops::function::FnOnce<()>>::call_once
[INFO] [stdout]   14:     0x644d2bd6fcab - test[aada8e7e76ba119b]::__rust_begin_short_backtrace::<core[a373ad73a504971]::result::Result<(), alloc[2e1b2a31b91974c5]::string::String>, fn() -> core[a373ad73a504971]::result::Result<(), alloc[2e1b2a31b91974c5]::string::String>>
[INFO] [stdout]   15:     0x644d2bd7ce85 - test[aada8e7e76ba119b]::run_test::{closure#0}
[INFO] [stdout]   16:     0x644d2bd76774 - std[617be2ca0a6fd877]::sys::backtrace::__rust_begin_short_backtrace::<test[aada8e7e76ba119b]::run_test::{closure#1}, ()>
[INFO] [stdout]   17:     0x644d2bd7ff12 - <std[617be2ca0a6fd877]::thread::lifecycle::spawn_unchecked<test[aada8e7e76ba119b]::run_test::{closure#1}, ()>::{closure#1} as core[a373ad73a504971]::ops::function::FnOnce<()>>::call_once::{shim:vtable#0}
[INFO] [stdout]   18:     0x644d2be21daf - <std[617be2ca0a6fd877]::sys::thread::unix::Thread>::new::thread_start
[INFO] [stdout]   19:     0x7e2820115dfa - <unknown>
[INFO] [stdout]   20:     0x7e28201a93d4 - clone
[INFO] [stdout]   21:                0x0 - <unknown>
[INFO] [stdout] 
[INFO] [stdout] ---- rewrite::tests::a_failed_write_leaves_the_file_as_it_was stdout ----
[INFO] [stdout] 
[INFO] [stdout] thread 'rewrite::tests::a_failed_write_leaves_the_file_as_it_was' (1088) panicked at src/rewrite.rs:493:9:
[INFO] [stdout] assertion failed: matches!(result, Err(WriteError::Io(_)))
[INFO] [stdout] stack backtrace:
[INFO] [stdout]    0:     0x644d2be22de1 - <<std[617be2ca0a6fd877]::sys::backtrace::BacktraceLock>::print::DisplayBacktrace as core[a373ad73a504971]::fmt::Display>::fmt
[INFO] [stdout]    1:     0x644d2be3a30a - core[a373ad73a504971]::fmt::write
[INFO] [stdout]    2:     0x644d2be275cc - <alloc[2e1b2a31b91974c5]::vec::Vec<u8> as core[a373ad73a504971]::io::write::Write>::write_fmt
[INFO] [stdout]    3:     0x644d2bdfa176 - std[617be2ca0a6fd877]::panicking::default_hook::{closure#0}
[INFO] [stdout]    4:     0x644d2be19419 - std[617be2ca0a6fd877]::panicking::default_hook
[INFO] [stdout]    5:     0x644d2bd7c860 - test[aada8e7e76ba119b]::test_main_inner::{closure#0}
[INFO] [stdout]    6:     0x644d2be19742 - std[617be2ca0a6fd877]::panicking::panic_with_hook
[INFO] [stdout]    7:     0x644d2bdfa254 - std[617be2ca0a6fd877]::panicking::panic_handler::{closure#0}
[INFO] [stdout]    8:     0x644d2bdf2ab9 - std[617be2ca0a6fd877]::sys::backtrace::__rust_end_short_backtrace::<std[617be2ca0a6fd877]::panicking::panic_handler::{closure#0}, !>
[INFO] [stdout]    9:     0x644d2bdfb1bd - __rustc[ea4f61d10b84890b]::rust_begin_unwind
[INFO] [stdout]   10:     0x644d2be3aaac - core[a373ad73a504971]::panicking::panic_fmt
[INFO] [stdout]   11:     0x644d2be3aa72 - core[a373ad73a504971]::panicking::panic
[INFO] [stdout]   12:     0x644d2bce9065 - <neet_core[8d837831733ddac7]::rewrite::tests::a_failed_write_leaves_the_file_as_it_was::{closure#0} as core[a373ad73a504971]::ops::function::FnOnce<()>>::call_once
[INFO] [stdout]   13:     0x644d2bd6fcab - test[aada8e7e76ba119b]::__rust_begin_short_backtrace::<core[a373ad73a504971]::result::Result<(), alloc[2e1b2a31b91974c5]::string::String>, fn() -> core[a373ad73a504971]::result::Result<(), alloc[2e1b2a31b91974c5]::string::String>>
[INFO] [stdout]   14:     0x644d2bd7ce85 - test[aada8e7e76ba119b]::run_test::{closure#0}
[INFO] [stdout]   15:     0x644d2bd76774 - std[617be2ca0a6fd877]::sys::backtrace::__rust_begin_short_backtrace::<test[aada8e7e76ba119b]::run_test::{closure#1}, ()>
[INFO] [stdout]   16:     0x644d2bd7ff12 - <std[617be2ca0a6fd877]::thread::lifecycle::spawn_unchecked<test[aada8e7e76ba119b]::run_test::{closure#1}, ()>::{closure#1} as core[a373ad73a504971]::ops::function::FnOnce<()>>::call_once::{shim:vtable#0}
[INFO] [stdout]   17:     0x644d2be21daf - <std[617be2ca0a6fd877]::sys::thread::unix::Thread>::new::thread_start
[INFO] [stdout]   18:     0x7e2820115dfa - <unknown>
[INFO] [stdout]   19:     0x7e28201a93d4 - clone
[INFO] [stdout]   20:                0x0 - <unknown>
[INFO] [stdout] 
[INFO] [stdout] ---- rules::tests::a_missing_rules_folder_is_fine stdout ----
[INFO] [stdout] 
[INFO] [stdout] thread 'rules::tests::a_missing_rules_folder_is_fine' (1111) panicked at src/rules.rs:298:51:
[INFO] [stdout] roots should be made: Os { code: 2, kind: NotFound, message: "No such file or directory" }
[INFO] [stdout] stack backtrace:
[INFO] [stdout]    0:     0x644d2be22de1 - <<std[617be2ca0a6fd877]::sys::backtrace::BacktraceLock>::print::DisplayBacktrace as core[a373ad73a504971]::fmt::Display>::fmt
[INFO] [stdout]    1:     0x644d2be3a30a - core[a373ad73a504971]::fmt::write
[INFO] [stdout]    2:     0x644d2be275cc - <alloc[2e1b2a31b91974c5]::vec::Vec<u8> as core[a373ad73a504971]::io::write::Write>::write_fmt
[INFO] [stdout]    3:     0x644d2bdfa176 - std[617be2ca0a6fd877]::panicking::default_hook::{closure#0}
[INFO] [stdout]    4:     0x644d2be19419 - std[617be2ca0a6fd877]::panicking::default_hook
[INFO] [stdout]    5:     0x644d2bd7c860 - test[aada8e7e76ba119b]::test_main_inner::{closure#0}
[INFO] [stdout]    6:     0x644d2be19742 - std[617be2ca0a6fd877]::panicking::panic_with_hook
[INFO] [stdout]    7:     0x644d2bdfa222 - std[617be2ca0a6fd877]::panicking::panic_handler::{closure#0}
[INFO] [stdout]    8:     0x644d2bdf2ab9 - std[617be2ca0a6fd877]::sys::backtrace::__rust_end_short_backtrace::<std[617be2ca0a6fd877]::panicking::panic_handler::{closure#0}, !>
[INFO] [stdout]    9:     0x644d2bdfb1bd - __rustc[ea4f61d10b84890b]::rust_begin_unwind
[INFO] [stdout]   10:     0x644d2be3aaac - core[a373ad73a504971]::panicking::panic_fmt
[INFO] [stdout]   11:     0x644d2be3a882 - core[a373ad73a504971]::result::unwrap_failed
[INFO] [stdout]   12:     0x644d2bc79b1f - neet_core[8d837831733ddac7]::rules::tests::roots
[INFO] [stdout]   13:     0x644d2bc7f477 - <neet_core[8d837831733ddac7]::rules::tests::a_missing_rules_folder_is_fine::{closure#0} as core[a373ad73a504971]::ops::function::FnOnce<()>>::call_once
[INFO] [stdout]   14:     0x644d2bd6fcab - test[aada8e7e76ba119b]::__rust_begin_short_backtrace::<core[a373ad73a504971]::result::Result<(), alloc[2e1b2a31b91974c5]::string::String>, fn() -> core[a373ad73a504971]::result::Result<(), alloc[2e1b2a31b91974c5]::string::String>>
[INFO] [stdout]   15:     0x644d2bd7ce85 - test[aada8e7e76ba119b]::run_test::{closure#0}
[INFO] [stdout]   16:     0x644d2bd76774 - std[617be2ca0a6fd877]::sys::backtrace::__rust_begin_short_backtrace::<test[aada8e7e76ba119b]::run_test::{closure#1}, ()>
[INFO] [stdout]   17:     0x644d2bd7ff12 - <std[617be2ca0a6fd877]::thread::lifecycle::spawn_unchecked<test[aada8e7e76ba119b]::run_test::{closure#1}, ()>::{closure#1} as core[a373ad73a504971]::ops::function::FnOnce<()>>::call_once::{shim:vtable#0}
[INFO] [stdout]   18:     0x644d2be21daf - <std[617be2ca0a6fd877]::sys::thread::unix::Thread>::new::thread_start
[INFO] [stdout]   19:     0x7e2820115dfa - <unknown>
[INFO] [stdout]   20:     0x7e28201a93d4 - clone
[INFO] [stdout]   21:                0x0 - <unknown>
[INFO] [stdout] 
[INFO] [stdout] ---- rules::tests::a_broken_file_is_reported stdout ----
[INFO] [stdout] 
[INFO] [stdout] thread 'rules::tests::a_broken_file_is_reported' (1109) panicked at src/rules.rs:298:51:
[INFO] [stdout] roots should be made: Os { code: 2, kind: NotFound, message: "No such file or directory" }
[INFO] [stdout] stack backtrace:
[INFO] [stdout]    0:     0x644d2be22de1 - <<std[617be2ca0a6fd877]::sys::backtrace::BacktraceLock>::print::DisplayBacktrace as core[a373ad73a504971]::fmt::Display>::fmt
[INFO] [stdout]    1:     0x644d2be3a30a - core[a373ad73a504971]::fmt::write
[INFO] [stdout]    2:     0x644d2be275cc - <alloc[2e1b2a31b91974c5]::vec::Vec<u8> as core[a373ad73a504971]::io::write::Write>::write_fmt
[INFO] [stdout]    3:     0x644d2bdfa176 - std[617be2ca0a6fd877]::panicking::default_hook::{closure#0}
[INFO] [stdout]    4:     0x644d2be19419 - std[617be2ca0a6fd877]::panicking::default_hook
[INFO] [stdout]    5:     0x644d2bd7c860 - test[aada8e7e76ba119b]::test_main_inner::{closure#0}
[INFO] [stdout]    6:     0x644d2be19742 - std[617be2ca0a6fd877]::panicking::panic_with_hook
[INFO] [stdout]    7:     0x644d2bdfa222 - std[617be2ca0a6fd877]::panicking::panic_handler::{closure#0}
[INFO] [stdout]    8:     0x644d2bdf2ab9 - std[617be2ca0a6fd877]::sys::backtrace::__rust_end_short_backtrace::<std[617be2ca0a6fd877]::panicking::panic_handler::{closure#0}, !>
[INFO] [stdout]    9:     0x644d2bdfb1bd - __rustc[ea4f61d10b84890b]::rust_begin_unwind
[INFO] [stdout]   10:     0x644d2be3aaac - core[a373ad73a504971]::panicking::panic_fmt
[INFO] [stdout]   11:     0x644d2be3a882 - core[a373ad73a504971]::result::unwrap_failed
[INFO] [stdout]   12:     0x644d2bc79b1f - neet_core[8d837831733ddac7]::rules::tests::roots
[INFO] [stdout]   13:     0x644d2bc7f0dd - <neet_core[8d837831733ddac7]::rules::tests::a_broken_file_is_reported::{closure#0} as core[a373ad73a504971]::ops::function::FnOnce<()>>::call_once
[INFO] [stdout]   14:     0x644d2bd6fcab - test[aada8e7e76ba119b]::__rust_begin_short_backtrace::<core[a373ad73a504971]::result::Result<(), alloc[2e1b2a31b91974c5]::string::String>, fn() -> core[a373ad73a504971]::result::Result<(), alloc[2e1b2a31b91974c5]::string::String>>
[INFO] [stdout]   15:     0x644d2bd7ce85 - test[aada8e7e76ba119b]::run_test::{closure#0}
[INFO] [stdout]   16:     0x644d2bd76774 - std[617be2ca0a6fd877]::sys::backtrace::__rust_begin_short_backtrace::<test[aada8e7e76ba119b]::run_test::{closure#1}, ()>
[INFO] [stdout]   17:     0x644d2bd7ff12 - <std[617be2ca0a6fd877]::thread::lifecycle::spawn_unchecked<test[aada8e7e76ba119b]::run_test::{closure#1}, ()>::{closure#1} as core[a373ad73a504971]::ops::function::FnOnce<()>>::call_once::{shim:vtable#0}
[INFO] [stdout]   18:     0x644d2be21daf - <std[617be2ca0a6fd877]::sys::thread::unix::Thread>::new::thread_start
[INFO] [stdout]   19:     0x7e2820115dfa - <unknown>
[INFO] [stdout]   20:     0x7e28201a93d4 - clone
[INFO] [stdout]   21:                0x0 - <unknown>
[INFO] [stdout] 
[INFO] [stdout] ---- rules::tests::bundled_files_have_rules stdout ----
[INFO] [stdout] 
[INFO] [stdout] thread 'rules::tests::bundled_files_have_rules' (1114) panicked at src/rules.rs:298:51:
[INFO] [stdout] roots should be made: Os { code: 2, kind: NotFound, message: "No such file or directory" }
[INFO] [stdout] stack backtrace:
[INFO] [stdout]    0:     0x644d2be22de1 - <<std[617be2ca0a6fd877]::sys::backtrace::BacktraceLock>::print::DisplayBacktrace as core[a373ad73a504971]::fmt::Display>::fmt
[INFO] [stdout]    1:     0x644d2be3a30a - core[a373ad73a504971]::fmt::write
[INFO] [stdout]    2:     0x644d2be275cc - <alloc[2e1b2a31b91974c5]::vec::Vec<u8> as core[a373ad73a504971]::io::write::Write>::write_fmt
[INFO] [stdout]    3:     0x644d2bdfa176 - std[617be2ca0a6fd877]::panicking::default_hook::{closure#0}
[INFO] [stdout]    4:     0x644d2be19419 - std[617be2ca0a6fd877]::panicking::default_hook
[INFO] [stdout]    5:     0x644d2bd7c860 - test[aada8e7e76ba119b]::test_main_inner::{closure#0}
[INFO] [stdout]    6:     0x644d2be19742 - std[617be2ca0a6fd877]::panicking::panic_with_hook
[INFO] [stdout]    7:     0x644d2bdfa222 - std[617be2ca0a6fd877]::panicking::panic_handler::{closure#0}
[INFO] [stdout]    8:     0x644d2bdf2ab9 - std[617be2ca0a6fd877]::sys::backtrace::__rust_end_short_backtrace::<std[617be2ca0a6fd877]::panicking::panic_handler::{closure#0}, !>
[INFO] [stdout]    9:     0x644d2bdfb1bd - __rustc[ea4f61d10b84890b]::rust_begin_unwind
[INFO] [stdout]   10:     0x644d2be3aaac - core[a373ad73a504971]::panicking::panic_fmt
[INFO] [stdout]   11:     0x644d2be3a882 - core[a373ad73a504971]::result::unwrap_failed
[INFO] [stdout]   12:     0x644d2bc79b1f - neet_core[8d837831733ddac7]::rules::tests::roots
[INFO] [stdout]   13:     0x644d2bc7e9c7 - <neet_core[8d837831733ddac7]::rules::tests::bundled_files_have_rules::{closure#0} as core[a373ad73a504971]::ops::function::FnOnce<()>>::call_once
[INFO] [stdout]   14:     0x644d2bd6fcab - test[aada8e7e76ba119b]::__rust_begin_short_backtrace::<core[a373ad73a504971]::result::Result<(), alloc[2e1b2a31b91974c5]::string::String>, fn() -> core[a373ad73a504971]::result::Result<(), alloc[2e1b2a31b91974c5]::string::String>>
[INFO] [stdout]   15:     0x644d2bd7ce85 - test[aada8e7e76ba119b]::run_test::{closure#0}
[INFO] [stdout]   16:     0x644d2bd76774 - std[617be2ca0a6fd877]::sys::backtrace::__rust_begin_short_backtrace::<test[aada8e7e76ba119b]::run_test::{closure#1}, ()>
[INFO] [stdout]   17:     0x644d2bd7ff12 - <std[617be2ca0a6fd877]::thread::lifecycle::spawn_unchecked<test[aada8e7e76ba119b]::run_test::{closure#1}, ()>::{closure#1} as core[a373ad73a504971]::ops::function::FnOnce<()>>::call_once::{shim:vtable#0}
[INFO] [stdout]   18:     0x644d2be21daf - <std[617be2ca0a6fd877]::sys::thread::unix::Thread>::new::thread_start
[INFO] [stdout]   19:     0x7e2820115dfa - <unknown>
[INFO] [stdout]   20:     0x7e28201a93d4 - clone
[INFO] [stdout]   21:                0x0 - <unknown>
[INFO] [stdout] 
[INFO] [stdout] ---- rules::tests::bundled_download_caches_are_never_safe stdout ----
[INFO] [stdout] 
[INFO] [stdout] thread 'rules::tests::bundled_download_caches_are_never_safe' (1112) panicked at src/rules.rs:298:51:
[INFO] [stdout] roots should be made: Os { code: 2, kind: NotFound, message: "No such file or directory" }
[INFO] [stdout] stack backtrace:
[INFO] [stdout]    0:     0x644d2be22de1 - <<std[617be2ca0a6fd877]::sys::backtrace::BacktraceLock>::print::DisplayBacktrace as core[a373ad73a504971]::fmt::Display>::fmt
[INFO] [stdout]    1:     0x644d2be3a30a - core[a373ad73a504971]::fmt::write
[INFO] [stdout]    2:     0x644d2be275cc - <alloc[2e1b2a31b91974c5]::vec::Vec<u8> as core[a373ad73a504971]::io::write::Write>::write_fmt
[INFO] [stdout]    3:     0x644d2bdfa176 - std[617be2ca0a6fd877]::panicking::default_hook::{closure#0}
[INFO] [stdout]    4:     0x644d2be19419 - std[617be2ca0a6fd877]::panicking::default_hook
[INFO] [stdout]    5:     0x644d2bd7c860 - test[aada8e7e76ba119b]::test_main_inner::{closure#0}
[INFO] [stdout]    6:     0x644d2be19742 - std[617be2ca0a6fd877]::panicking::panic_with_hook
[INFO] [stdout]    7:     0x644d2bdfa222 - std[617be2ca0a6fd877]::panicking::panic_handler::{closure#0}
[INFO] [stdout]    8:     0x644d2bdf2ab9 - std[617be2ca0a6fd877]::sys::backtrace::__rust_end_short_backtrace::<std[617be2ca0a6fd877]::panicking::panic_handler::{closure#0}, !>
[INFO] [stdout]    9:     0x644d2bdfb1bd - __rustc[ea4f61d10b84890b]::rust_begin_unwind
[INFO] [stdout]   10:     0x644d2be3aaac - core[a373ad73a504971]::panicking::panic_fmt
[INFO] [stdout]   11:     0x644d2be3a882 - core[a373ad73a504971]::result::unwrap_failed
[INFO] [stdout]   12:     0x644d2bc79b1f - neet_core[8d837831733ddac7]::rules::tests::roots
[INFO] [stdout]   13:     0x644d2bc80d6c - <neet_core[8d837831733ddac7]::rules::tests::bundled_download_caches_are_never_safe::{closure#0} as core[a373ad73a504971]::ops::function::FnOnce<()>>::call_once
[INFO] [stdout]   14:     0x644d2bd6fcab - test[aada8e7e76ba119b]::__rust_begin_short_backtrace::<core[a373ad73a504971]::result::Result<(), alloc[2e1b2a31b91974c5]::string::String>, fn() -> core[a373ad73a504971]::result::Result<(), alloc[2e1b2a31b91974c5]::string::String>>
[INFO] [stdout]   15:     0x644d2bd7ce85 - test[aada8e7e76ba119b]::run_test::{closure#0}
[INFO] [stdout]   16:     0x644d2bd76774 - std[617be2ca0a6fd877]::sys::backtrace::__rust_begin_short_backtrace::<test[aada8e7e76ba119b]::run_test::{closure#1}, ()>
[INFO] [stdout]   17:     0x644d2bd7ff12 - <std[617be2ca0a6fd877]::thread::lifecycle::spawn_unchecked<test[aada8e7e76ba119b]::run_test::{closure#1}, ()>::{closure#1} as core[a373ad73a504971]::ops::function::FnOnce<()>>::call_once::{shim:vtable#0}
[INFO] [stdout]   18:     0x644d2be21daf - <std[617be2ca0a6fd877]::sys::thread::unix::Thread>::new::thread_start
[INFO] [stdout]   19:     0x7e2820115dfa - <unknown>
[INFO] [stdout]   20:     0x7e28201a93d4 - clone
[INFO] [stdout]   21:                0x0 - <unknown>
[INFO] [stdout] 
[INFO] [stdout] ---- rules::tests::every_bundled_rule_loads stdout ----
[INFO] [stdout] 
[INFO] [stdout] thread 'rules::tests::every_bundled_rule_loads' (1115) panicked at src/rules.rs:298:51:
[INFO] [stdout] roots should be made: Os { code: 2, kind: NotFound, message: "No such file or directory" }
[INFO] [stdout] stack backtrace:
[INFO] [stdout]    0:     0x644d2be22de1 - <<std[617be2ca0a6fd877]::sys::backtrace::BacktraceLock>::print::DisplayBacktrace as core[a373ad73a504971]::fmt::Display>::fmt
[INFO] [stdout]    1:     0x644d2be3a30a - core[a373ad73a504971]::fmt::write
[INFO] [stdout]    2:     0x644d2be275cc - <alloc[2e1b2a31b91974c5]::vec::Vec<u8> as core[a373ad73a504971]::io::write::Write>::write_fmt
[INFO] [stdout]    3:     0x644d2bdfa176 - std[617be2ca0a6fd877]::panicking::default_hook::{closure#0}
[INFO] [stdout]    4:     0x644d2be19419 - std[617be2ca0a6fd877]::panicking::default_hook
[INFO] [stdout]    5:     0x644d2bd7c860 - test[aada8e7e76ba119b]::test_main_inner::{closure#0}
[INFO] [stdout]    6:     0x644d2be19742 - std[617be2ca0a6fd877]::panicking::panic_with_hook
[INFO] [stdout]    7:     0x644d2bdfa222 - std[617be2ca0a6fd877]::panicking::panic_handler::{closure#0}
[INFO] [stdout]    8:     0x644d2bdf2ab9 - std[617be2ca0a6fd877]::sys::backtrace::__rust_end_short_backtrace::<std[617be2ca0a6fd877]::panicking::panic_handler::{closure#0}, !>
[INFO] [stdout]    9:     0x644d2bdfb1bd - __rustc[ea4f61d10b84890b]::rust_begin_unwind
[INFO] [stdout]   10:     0x644d2be3aaac - core[a373ad73a504971]::panicking::panic_fmt
[INFO] [stdout]   11:     0x644d2be3a882 - core[a373ad73a504971]::result::unwrap_failed
[INFO] [stdout]   12:     0x644d2bc79b1f - neet_core[8d837831733ddac7]::rules::tests::roots
[INFO] [stdout]   13:     0x644d2bc7ecc1 - <neet_core[8d837831733ddac7]::rules::tests::every_bundled_rule_loads::{closure#0} as core[a373ad73a504971]::ops::function::FnOnce<()>>::call_once
[INFO] [stdout]   14:     0x644d2bd6fcab - test[aada8e7e76ba119b]::__rust_begin_short_backtrace::<core[a373ad73a504971]::result::Result<(), alloc[2e1b2a31b91974c5]::string::String>, fn() -> core[a373ad73a504971]::result::Result<(), alloc[2e1b2a31b91974c5]::string::String>>
[INFO] [stdout]   15:     0x644d2bd7ce85 - test[aada8e7e76ba119b]::run_test::{closure#0}
[INFO] [stdout]   16:     0x644d2bd76774 - std[617be2ca0a6fd877]::sys::backtrace::__rust_begin_short_backtrace::<test[aada8e7e76ba119b]::run_test::{closure#1}, ()>
[INFO] [stdout]   17:     0x644d2bd7ff12 - <std[617be2ca0a6fd877]::thread::lifecycle::spawn_unchecked<test[aada8e7e76ba119b]::run_test::{closure#1}, ()>::{closure#1} as core[a373ad73a504971]::ops::function::FnOnce<()>>::call_once::{shim:vtable#0}
[INFO] [stdout]   18:     0x644d2be21daf - <std[617be2ca0a6fd877]::sys::thread::unix::Thread>::new::thread_start
[INFO] [stdout]   19:     0x7e2820115dfa - <unknown>
[INFO] [stdout]   20:     0x7e28201a93d4 - clone
[INFO] [stdout]   21:                0x0 - <unknown>
[INFO] [stdout] 
[INFO] [stdout] ---- rules::tests::refuses_a_repeated_id_in_one_file stdout ----
[INFO] [stdout] 
[INFO] [stdout] thread 'rules::tests::refuses_a_repeated_id_in_one_file' (1117) panicked at src/rules.rs:298:51:
[INFO] [stdout] roots should be made: Os { code: 2, kind: NotFound, message: "No such file or directory" }
[INFO] [stdout] stack backtrace:
[INFO] [stdout]    0:     0x644d2be22de1 - <<std[617be2ca0a6fd877]::sys::backtrace::BacktraceLock>::print::DisplayBacktrace as core[a373ad73a504971]::fmt::Display>::fmt
[INFO] [stdout]    1:     0x644d2be3a30a - core[a373ad73a504971]::fmt::write
[INFO] [stdout]    2:     0x644d2be275cc - <alloc[2e1b2a31b91974c5]::vec::Vec<u8> as core[a373ad73a504971]::io::write::Write>::write_fmt
[INFO] [stdout]    3:     0x644d2bdfa176 - std[617be2ca0a6fd877]::panicking::default_hook::{closure#0}
[INFO] [stdout]    4:     0x644d2be19419 - std[617be2ca0a6fd877]::panicking::default_hook
[INFO] [stdout]    5:     0x644d2bd7c860 - test[aada8e7e76ba119b]::test_main_inner::{closure#0}
[INFO] [stdout]    6:     0x644d2be19742 - std[617be2ca0a6fd877]::panicking::panic_with_hook
[INFO] [stdout]    7:     0x644d2bdfa222 - std[617be2ca0a6fd877]::panicking::panic_handler::{closure#0}
[INFO] [stdout]    8:     0x644d2bdf2ab9 - std[617be2ca0a6fd877]::sys::backtrace::__rust_end_short_backtrace::<std[617be2ca0a6fd877]::panicking::panic_handler::{closure#0}, !>
[INFO] [stdout]    9:     0x644d2bdfb1bd - __rustc[ea4f61d10b84890b]::rust_begin_unwind
[INFO] [stdout]   10:     0x644d2be3aaac - core[a373ad73a504971]::panicking::panic_fmt
[INFO] [stdout]   11:     0x644d2be3a882 - core[a373ad73a504971]::result::unwrap_failed
[INFO] [stdout]   12:     0x644d2bc79b1f - neet_core[8d837831733ddac7]::rules::tests::roots
[INFO] [stdout]   13:     0x644d2bc7f9e9 - <neet_core[8d837831733ddac7]::rules::tests::refuses_a_repeated_id_in_one_file::{closure#0} as core[a373ad73a504971]::ops::function::FnOnce<()>>::call_once
[INFO] [stdout]   14:     0x644d2bd6fcab - test[aada8e7e76ba119b]::__rust_begin_short_backtrace::<core[a373ad73a504971]::result::Result<(), alloc[2e1b2a31b91974c5]::string::String>, fn() -> core[a373ad73a504971]::result::Result<(), alloc[2e1b2a31b91974c5]::string::String>>
[INFO] [stdout]   15:     0x644d2bd7ce85 - test[aada8e7e76ba119b]::run_test::{closure#0}
[INFO] [stdout]   16:     0x644d2bd76774 - std[617be2ca0a6fd877]::sys::backtrace::__rust_begin_short_backtrace::<test[aada8e7e76ba119b]::run_test::{closure#1}, ()>
[INFO] [stdout]   17:     0x644d2bd7ff12 - <std[617be2ca0a6fd877]::thread::lifecycle::spawn_unchecked<test[aada8e7e76ba119b]::run_test::{closure#1}, ()>::{closure#1} as core[a373ad73a504971]::ops::function::FnOnce<()>>::call_once::{shim:vtable#0}
[INFO] [stdout]   18:     0x644d2be21daf - <std[617be2ca0a6fd877]::sys::thread::unix::Thread>::new::thread_start
[INFO] [stdout]   19:     0x7e2820115dfa - <unknown>
[INFO] [stdout]   20:     0x7e28201a93d4 - clone
[INFO] [stdout]   21:                0x0 - <unknown>
[INFO] [stdout] 
[INFO] [stdout] ---- rules::tests::parses_a_rule stdout ----
[INFO] [stdout] 
[INFO] [stdout] thread 'rules::tests::parses_a_rule' (1116) panicked at src/rules.rs:298:51:
[INFO] [stdout] roots should be made: Os { code: 2, kind: NotFound, message: "No such file or directory" }
[INFO] [stdout] stack backtrace:
[INFO] [stdout]    0:     0x644d2be22de1 - <<std[617be2ca0a6fd877]::sys::backtrace::BacktraceLock>::print::DisplayBacktrace as core[a373ad73a504971]::fmt::Display>::fmt
[INFO] [stdout]    1:     0x644d2be3a30a - core[a373ad73a504971]::fmt::write
[INFO] [stdout]    2:     0x644d2be275cc - <alloc[2e1b2a31b91974c5]::vec::Vec<u8> as core[a373ad73a504971]::io::write::Write>::write_fmt
[INFO] [stdout]    3:     0x644d2bdfa176 - std[617be2ca0a6fd877]::panicking::default_hook::{closure#0}
[INFO] [stdout]    4:     0x644d2be19419 - std[617be2ca0a6fd877]::panicking::default_hook
[INFO] [stdout]    5:     0x644d2bd7c860 - test[aada8e7e76ba119b]::test_main_inner::{closure#0}
[INFO] [stdout]    6:     0x644d2be19742 - std[617be2ca0a6fd877]::panicking::panic_with_hook
[INFO] [stdout]    7:     0x644d2bdfa222 - std[617be2ca0a6fd877]::panicking::panic_handler::{closure#0}
[INFO] [stdout]    8:     0x644d2bdf2ab9 - std[617be2ca0a6fd877]::sys::backtrace::__rust_end_short_backtrace::<std[617be2ca0a6fd877]::panicking::panic_handler::{closure#0}, !>
[INFO] [stdout]    9:     0x644d2bdfb1bd - __rustc[ea4f61d10b84890b]::rust_begin_unwind
[INFO] [stdout]   10:     0x644d2be3aaac - core[a373ad73a504971]::panicking::panic_fmt
[INFO] [stdout]   11:     0x644d2be3a882 - core[a373ad73a504971]::result::unwrap_failed
[INFO] [stdout]   12:     0x644d2bc79b1f - neet_core[8d837831733ddac7]::rules::tests::roots
[INFO] [stdout]   13:     0x644d2bc7e58c - <neet_core[8d837831733ddac7]::rules::tests::parses_a_rule::{closure#0} as core[a373ad73a504971]::ops::function::FnOnce<()>>::call_once
[INFO] [stdout]   14:     0x644d2bd6fcab - test[aada8e7e76ba119b]::__rust_begin_short_backtrace::<core[a373ad73a504971]::result::Result<(), alloc[2e1b2a31b91974c5]::string::String>, fn() -> core[a373ad73a504971]::result::Result<(), alloc[2e1b2a31b91974c5]::string::String>>
[INFO] [stdout]   15:     0x644d2bd7ce85 - test[aada8e7e76ba119b]::run_test::{closure#0}
[INFO] [stdout]   16:     0x644d2bd76774 - std[617be2ca0a6fd877]::sys::backtrace::__rust_begin_short_backtrace::<test[aada8e7e76ba119b]::run_test::{closure#1}, ()>
[INFO] [stdout]   17:     0x644d2bd7ff12 - <std[617be2ca0a6fd877]::thread::lifecycle::spawn_unchecked<test[aada8e7e76ba119b]::run_test::{closure#1}, ()>::{closure#1} as core[a373ad73a504971]::ops::function::FnOnce<()>>::call_once::{shim:vtable#0}
[INFO] [stdout]   18:     0x644d2be21daf - <std[617be2ca0a6fd877]::sys::thread::unix::Thread>::new::thread_start
[INFO] [stdout]   19:     0x7e2820115dfa - <unknown>
[INFO] [stdout]   20:     0x7e28201a93d4 - clone
[INFO] [stdout]   21:                0x0 - <unknown>
[INFO] [stdout] 
[INFO] [stdout] ---- rules::tests::a_bad_rule_does_not_stop_the_others stdout ----
[INFO] [stdout] 
[INFO] [stdout] thread 'rules::tests::a_bad_rule_does_not_stop_the_others' (1108) panicked at src/rules.rs:298:51:
[INFO] [stdout] roots should be made: Os { code: 2, kind: NotFound, message: "No such file or directory" }
[INFO] [stdout] stack backtrace:
[INFO] [stdout]    0:     0x644d2be22de1 - <<std[617be2ca0a6fd877]::sys::backtrace::BacktraceLock>::print::DisplayBacktrace as core[a373ad73a504971]::fmt::Display>::fmt
[INFO] [stdout]    1:     0x644d2be3a30a - core[a373ad73a504971]::fmt::write
[INFO] [stdout]    2:     0x644d2be275cc - <alloc[2e1b2a31b91974c5]::vec::Vec<u8> as core[a373ad73a504971]::io::write::Write>::write_fmt
[INFO] [stdout]    3:     0x644d2bdfa176 - std[617be2ca0a6fd877]::panicking::default_hook::{closure#0}
[INFO] [stdout]    4:     0x644d2be19419 - std[617be2ca0a6fd877]::panicking::default_hook
[INFO] [stdout]    5:     0x644d2bd7c860 - test[aada8e7e76ba119b]::test_main_inner::{closure#0}
[INFO] [stdout]    6:     0x644d2be19742 - std[617be2ca0a6fd877]::panicking::panic_with_hook
[INFO] [stdout]    7:     0x644d2bdfa222 - std[617be2ca0a6fd877]::panicking::panic_handler::{closure#0}
[INFO] [stdout]    8:     0x644d2bdf2ab9 - std[617be2ca0a6fd877]::sys::backtrace::__rust_end_short_backtrace::<std[617be2ca0a6fd877]::panicking::panic_handler::{closure#0}, !>
[INFO] [stdout]    9:     0x644d2bdfb1bd - __rustc[ea4f61d10b84890b]::rust_begin_unwind
[INFO] [stdout]   10:     0x644d2be3aaac - core[a373ad73a504971]::panicking::panic_fmt
[INFO] [stdout]   11:     0x644d2be3a882 - core[a373ad73a504971]::result::unwrap_failed
[INFO] [stdout]   12:     0x644d2bc79b1f - neet_core[8d837831733ddac7]::rules::tests::roots
[INFO] [stdout]   13:     0x644d2bc8024b - <neet_core[8d837831733ddac7]::rules::tests::a_bad_rule_does_not_stop_the_others::{closure#0} as core[a373ad73a504971]::ops::function::FnOnce<()>>::call_once
[INFO] [stdout]   14:     0x644d2bd6fcab - test[aada8e7e76ba119b]::__rust_begin_short_backtrace::<core[a373ad73a504971]::result::Result<(), alloc[2e1b2a31b91974c5]::string::String>, fn() -> core[a373ad73a504971]::result::Result<(), alloc[2e1b2a31b91974c5]::string::String>>
[INFO] [stdout]   15:     0x644d2bd7ce85 - test[aada8e7e76ba119b]::run_test::{closure#0}
[INFO] [stdout]   16:     0x644d2bd76774 - std[617be2ca0a6fd877]::sys::backtrace::__rust_begin_short_backtrace::<test[aada8e7e76ba119b]::run_test::{closure#1}, ()>
[INFO] [stdout]   17:     0x644d2bd7ff12 - <std[617be2ca0a6fd877]::thread::lifecycle::spawn_unchecked<test[aada8e7e76ba119b]::run_test::{closure#1}, ()>::{closure#1} as core[a373ad73a504971]::ops::function::FnOnce<()>>::call_once::{shim:vtable#0}
[INFO] [stdout]   18:     0x644d2be21daf - <std[617be2ca0a6fd877]::sys::thread::unix::Thread>::new::thread_start
[INFO] [stdout]   19:     0x7e2820115dfa - <unknown>
[INFO] [stdout]   20:     0x7e28201a93d4 - clone
[INFO] [stdout]   21:                0x0 - <unknown>
[INFO] [stdout] 
[INFO] [stdout] ---- rules::tests::refuses_patterns_other_than_a_star stdout ----
[INFO] [stdout] 
[INFO] [stdout] thread 'rules::tests::refuses_patterns_other_than_a_star' (1122) panicked at src/rules.rs:298:51:
[INFO] [stdout] roots should be made: Os { code: 2, kind: NotFound, message: "No such file or directory" }
[INFO] [stdout] stack backtrace:
[INFO] [stdout]    0:     0x644d2be22de1 - <<std[617be2ca0a6fd877]::sys::backtrace::BacktraceLock>::print::DisplayBacktrace as core[a373ad73a504971]::fmt::Display>::fmt
[INFO] [stdout]    1:     0x644d2be3a30a - core[a373ad73a504971]::fmt::write
[INFO] [stdout]    2:     0x644d2be275cc - <alloc[2e1b2a31b91974c5]::vec::Vec<u8> as core[a373ad73a504971]::io::write::Write>::write_fmt
[INFO] [stdout]    3:     0x644d2bdfa176 - std[617be2ca0a6fd877]::panicking::default_hook::{closure#0}
[INFO] [stdout]    4:     0x644d2be19419 - std[617be2ca0a6fd877]::panicking::default_hook
[INFO] [stdout]    5:     0x644d2bd7c860 - test[aada8e7e76ba119b]::test_main_inner::{closure#0}
[INFO] [stdout]    6:     0x644d2be19742 - std[617be2ca0a6fd877]::panicking::panic_with_hook
[INFO] [stdout]    7:     0x644d2bdfa222 - std[617be2ca0a6fd877]::panicking::panic_handler::{closure#0}
[INFO] [stdout]    8:     0x644d2bdf2ab9 - std[617be2ca0a6fd877]::sys::backtrace::__rust_end_short_backtrace::<std[617be2ca0a6fd877]::panicking::panic_handler::{closure#0}, !>
[INFO] [stdout]    9:     0x644d2bdfb1bd - __rustc[ea4f61d10b84890b]::rust_begin_unwind
[INFO] [stdout]   10:     0x644d2be3aaac - core[a373ad73a504971]::panicking::panic_fmt
[INFO] [stdout]   11:     0x644d2be3a882 - core[a373ad73a504971]::result::unwrap_failed
[INFO] [stdout]   12:     0x644d2bc79b1f - neet_core[8d837831733ddac7]::rules::tests::roots
[INFO] [stdout]   13:     0x644d2bc7fc5e - <neet_core[8d837831733ddac7]::rules::tests::refuses_patterns_other_than_a_star::{closure#0} as core[a373ad73a504971]::ops::function::FnOnce<()>>::call_once
[INFO] [stdout]   14:     0x644d2bd6fcab - test[aada8e7e76ba119b]::__rust_begin_short_backtrace::<core[a373ad73a504971]::result::Result<(), alloc[2e1b2a31b91974c5]::string::String>, fn() -> core[a373ad73a504971]::result::Result<(), alloc[2e1b2a31b91974c5]::string::String>>
[INFO] [stdout]   15:     0x644d2bd7ce85 - test[aada8e7e76ba119b]::run_test::{closure#0}
[INFO] [stdout]   16:     0x644d2bd76774 - std[617be2ca0a6fd877]::sys::backtrace::__rust_begin_short_backtrace::<test[aada8e7e76ba119b]::run_test::{closure#1}, ()>
[INFO] [stdout]   17:     0x644d2bd7ff12 - <std[617be2ca0a6fd877]::thread::lifecycle::spawn_unchecked<test[aada8e7e76ba119b]::run_test::{closure#1}, ()>::{closure#1} as core[a373ad73a504971]::ops::function::FnOnce<()>>::call_once::{shim:vtable#0}
[INFO] [stdout]   18:     0x644d2be21daf - <std[617be2ca0a6fd877]::sys::thread::unix::Thread>::new::thread_start
[INFO] [stdout]   19:     0x7e2820115dfa - <unknown>
[INFO] [stdout]   20:     0x7e28201a93d4 - clone
[INFO] [stdout]   21:                0x0 - <unknown>
[INFO] [stdout] 
[INFO] [stdout] ---- rules::tests::refuses_paths_outside_the_roots stdout ----
[INFO] [stdout] 
[INFO] [stdout] thread 'rules::tests::refuses_paths_outside_the_roots' (1120) panicked at src/rules.rs:298:51:
[INFO] [stdout] roots should be made: Os { code: 2, kind: NotFound, message: "No such file or directory" }
[INFO] [stderr] error: test failed, to rerun pass `--lib`
[INFO] [stdout] stack backtrace:
[INFO] [stdout]    0:     0x644d2be22de1 - <<std[617be2ca0a6fd877]::sys::backtrace::BacktraceLock>::print::DisplayBacktrace as core[a373ad73a504971]::fmt::Display>::fmt
[INFO] [stdout]    1:     0x644d2be3a30a - core[a373ad73a504971]::fmt::write
[INFO] [stdout]    2:     0x644d2be275cc - <alloc[2e1b2a31b91974c5]::vec::Vec<u8> as core[a373ad73a504971]::io::write::Write>::write_fmt
[INFO] [stdout]    3:     0x644d2bdfa176 - std[617be2ca0a6fd877]::panicking::default_hook::{closure#0}
[INFO] [stdout]    4:     0x644d2be19419 - std[617be2ca0a6fd877]::panicking::default_hook
[INFO] [stdout]    5:     0x644d2bd7c860 - test[aada8e7e76ba119b]::test_main_inner::{closure#0}
[INFO] [stdout]    6:     0x644d2be19742 - std[617be2ca0a6fd877]::panicking::panic_with_hook
[INFO] [stdout]    7:     0x644d2bdfa222 - std[617be2ca0a6fd877]::panicking::panic_handler::{closure#0}
[INFO] [stdout]    8:     0x644d2bdf2ab9 - std[617be2ca0a6fd877]::sys::backtrace::__rust_end_short_backtrace::<std[617be2ca0a6fd877]::panicking::panic_handler::{closure#0}, !>
[INFO] [stdout]    9:     0x644d2bdfb1bd - __rustc[ea4f61d10b84890b]::rust_begin_unwind
[INFO] [stdout]   10:     0x644d2be3aaac - core[a373ad73a504971]::panicking::panic_fmt
[INFO] [stdout]   11:     0x644d2be3a882 - core[a373ad73a504971]::result::unwrap_failed
[INFO] [stdout]   12:     0x644d2bc79b1f - neet_core[8d837831733ddac7]::rules::tests::roots
[INFO] [stdout]   13:     0x644d2bc7f653 - <neet_core[8d837831733ddac7]::rules::tests::refuses_paths_outside_the_roots::{closure#0} as core[a373ad73a504971]::ops::function::FnOnce<()>>::call_once
[INFO] [stdout]   14:     0x644d2bd6fcab - test[aada8e7e76ba119b]::__rust_begin_short_backtrace::<core[a373ad73a504971]::result::Result<(), alloc[2e1b2a31b91974c5]::string::String>, fn() -> core[a373ad73a504971]::result::Result<(), alloc[2e1b2a31b91974c5]::string::String>>
[INFO] [stdout]   15:     0x644d2bd7ce85 - test[aada8e7e76ba119b]::run_test::{closure#0}
[INFO] [stdout]   16:     0x644d2bd76774 - std[617be2ca0a6fd877]::sys::backtrace::__rust_begin_short_backtrace::<test[aada8e7e76ba119b]::run_test::{closure#1}, ()>
[INFO] [stdout]   17:     0x644d2bd7ff12 - <std[617be2ca0a6fd877]::thread::lifecycle::spawn_unchecked<test[aada8e7e76ba119b]::run_test::{closure#1}, ()>::{closure#1} as core[a373ad73a504971]::ops::function::FnOnce<()>>::call_once::{shim:vtable#0}
[INFO] [stdout]   18:     0x644d2be21daf - <std[617be2ca0a6fd877]::sys::thread::unix::Thread>::new::thread_start
[INFO] [stdout]   19:     0x7e2820115dfa - <unknown>
[INFO] [stdout]   20:     0x7e28201a93d4 - clone
[INFO] [stdout]   21:                0x0 - <unknown>
[INFO] [stdout] 
[INFO] [stdout] ---- rules::tests::refuses_unknown_fields_and_bad_values stdout ----
[INFO] [stdout] 
[INFO] [stdout] thread 'rules::tests::refuses_unknown_fields_and_bad_values' (1123) panicked at src/rules.rs:298:51:
[INFO] [stdout] roots should be made: Os { code: 2, kind: NotFound, message: "No such file or directory" }
[INFO] [stdout] stack backtrace:
[INFO] [stdout]    0:     0x644d2be22de1 - <<std[617be2ca0a6fd877]::sys::backtrace::BacktraceLock>::print::DisplayBacktrace as core[a373ad73a504971]::fmt::Display>::fmt
[INFO] [stdout]    1:     0x644d2be3a30a - core[a373ad73a504971]::fmt::write
[INFO] [stdout]    2:     0x644d2be275cc - <alloc[2e1b2a31b91974c5]::vec::Vec<u8> as core[a373ad73a504971]::io::write::Write>::write_fmt
[INFO] [stdout]    3:     0x644d2bdfa176 - std[617be2ca0a6fd877]::panicking::default_hook::{closure#0}
[INFO] [stdout]    4:     0x644d2be19419 - std[617be2ca0a6fd877]::panicking::default_hook
[INFO] [stdout]    5:     0x644d2bd7c860 - test[aada8e7e76ba119b]::test_main_inner::{closure#0}
[INFO] [stdout]    6:     0x644d2be19742 - std[617be2ca0a6fd877]::panicking::panic_with_hook
[INFO] [stdout]    7:     0x644d2bdfa222 - std[617be2ca0a6fd877]::panicking::panic_handler::{closure#0}
[INFO] [stdout]    8:     0x644d2bdf2ab9 - std[617be2ca0a6fd877]::sys::backtrace::__rust_end_short_backtrace::<std[617be2ca0a6fd877]::panicking::panic_handler::{closure#0}, !>
[INFO] [stdout]    9:     0x644d2bdfb1bd - __rustc[ea4f61d10b84890b]::rust_begin_unwind
[INFO] [stdout]   10:     0x644d2be3aaac - core[a373ad73a504971]::panicking::panic_fmt
[INFO] [stdout]   11:     0x644d2be3a882 - core[a373ad73a504971]::result::unwrap_failed
[INFO] [stdout]   12:     0x644d2bc79b1f - neet_core[8d837831733ddac7]::rules::tests::roots
[INFO] [stdout]   13:     0x644d2bc805c3 - <neet_core[8d837831733ddac7]::rules::tests::refuses_unknown_fields_and_bad_values::{closure#0} as core[a373ad73a504971]::ops::function::FnOnce<()>>::call_once
[INFO] [stdout]   14:     0x644d2bd6fcab - test[aada8e7e76ba119b]::__rust_begin_short_backtrace::<core[a373ad73a504971]::result::Result<(), alloc[2e1b2a31b91974c5]::string::String>, fn() -> core[a373ad73a504971]::result::Result<(), alloc[2e1b2a31b91974c5]::string::String>>
[INFO] [stdout]   15:     0x644d2bd7ce85 - test[aada8e7e76ba119b]::run_test::{closure#0}
[INFO] [stdout]   16:     0x644d2bd76774 - std[617be2ca0a6fd877]::sys::backtrace::__rust_begin_short_backtrace::<test[aada8e7e76ba119b]::run_test::{closure#1}, ()>
[INFO] [stdout]   17:     0x644d2bd7ff12 - <std[617be2ca0a6fd877]::thread::lifecycle::spawn_unchecked<test[aada8e7e76ba119b]::run_test::{closure#1}, ()>::{closure#1} as core[a373ad73a504971]::ops::function::FnOnce<()>>::call_once::{shim:vtable#0}
[INFO] [stdout]   18:     0x644d2be21daf - <std[617be2ca0a6fd877]::sys::thread::unix::Thread>::new::thread_start
[INFO] [stdout]   19:     0x7e2820115dfa - <unknown>
[INFO] [stdout]   20:     0x7e28201a93d4 - clone
[INFO] [stdout]   21:                0x0 - <unknown>
[INFO] [stdout] 
[INFO] [stdout] ---- rules::tests::your_own_rules_are_never_selected_from_the_start stdout ----
[INFO] [stdout] 
[INFO] [stdout] thread 'rules::tests::your_own_rules_are_never_selected_from_the_start' (1124) panicked at src/rules.rs:298:51:
[INFO] [stdout] roots should be made: Os { code: 2, kind: NotFound, message: "No such file or directory" }
[INFO] [stdout] stack backtrace:
[INFO] [stdout]    0:     0x644d2be22de1 - <<std[617be2ca0a6fd877]::sys::backtrace::BacktraceLock>::print::DisplayBacktrace as core[a373ad73a504971]::fmt::Display>::fmt
[INFO] [stdout]    1:     0x644d2be3a30a - core[a373ad73a504971]::fmt::write
[INFO] [stdout]    2:     0x644d2be275cc - <alloc[2e1b2a31b91974c5]::vec::Vec<u8> as core[a373ad73a504971]::io::write::Write>::write_fmt
[INFO] [stdout]    3:     0x644d2bdfa176 - std[617be2ca0a6fd877]::panicking::default_hook::{closure#0}
[INFO] [stdout]    4:     0x644d2be19419 - std[617be2ca0a6fd877]::panicking::default_hook
[INFO] [stdout]    5:     0x644d2bd7c860 - test[aada8e7e76ba119b]::test_main_inner::{closure#0}
[INFO] [stdout]    6:     0x644d2be19742 - std[617be2ca0a6fd877]::panicking::panic_with_hook
[INFO] [stdout]    7:     0x644d2bdfa222 - std[617be2ca0a6fd877]::panicking::panic_handler::{closure#0}
[INFO] [stdout]    8:     0x644d2bdf2ab9 - std[617be2ca0a6fd877]::sys::backtrace::__rust_end_short_backtrace::<std[617be2ca0a6fd877]::panicking::panic_handler::{closure#0}, !>
[INFO] [stdout]    9:     0x644d2bdfb1bd - __rustc[ea4f61d10b84890b]::rust_begin_unwind
[INFO] [stdout]   10:     0x644d2be3aaac - core[a373ad73a504971]::panicking::panic_fmt
[INFO] [stdout]   11:     0x644d2be3a882 - core[a373ad73a504971]::result::unwrap_failed
[INFO] [stdout]   12:     0x644d2bc79b1f - neet_core[8d837831733ddac7]::rules::tests::roots
[INFO] [stdout]   13:     0x644d2bc811cd - <neet_core[8d837831733ddac7]::rules::tests::your_own_rules_are_never_selected_from_the_start::{closure#0} as core[a373ad73a504971]::ops::function::FnOnce<()>>::call_once
[INFO] [stdout]   14:     0x644d2bd6fcab - test[aada8e7e76ba119b]::__rust_begin_short_backtrace::<core[a373ad73a504971]::result::Result<(), alloc[2e1b2a31b91974c5]::string::String>, fn() -> core[a373ad73a504971]::result::Result<(), alloc[2e1b2a31b91974c5]::string::String>>
[INFO] [stdout]   15:     0x644d2bd7ce85 - test[aada8e7e76ba119b]::run_test::{closure#0}
[INFO] [stdout]   16:     0x644d2bd76774 - std[617be2ca0a6fd877]::sys::backtrace::__rust_begin_short_backtrace::<test[aada8e7e76ba119b]::run_test::{closure#1}, ()>
[INFO] [stdout]   17:     0x644d2bd7ff12 - <std[617be2ca0a6fd877]::thread::lifecycle::spawn_unchecked<test[aada8e7e76ba119b]::run_test::{closure#1}, ()>::{closure#1} as core[a373ad73a504971]::ops::function::FnOnce<()>>::call_once::{shim:vtable#0}
[INFO] [stdout]   18:     0x644d2be21daf - <std[617be2ca0a6fd877]::sys::thread::unix::Thread>::new::thread_start
[INFO] [stdout]   19:     0x7e2820115dfa - <unknown>
[INFO] [stdout]   20:     0x7e28201a93d4 - clone
[INFO] [stdout]   21:                0x0 - <unknown>
[INFO] [stdout] 
[INFO] [stdout] ---- safety::tests::a_cleanup_path_is_checked_again_by_the_cleanup_check stdout ----
[INFO] [stdout] 
[INFO] [stdout] thread 'safety::tests::a_cleanup_path_is_checked_again_by_the_cleanup_check' (1142) panicked at src/safety.rs:587:46:
[INFO] [stdout] roots should be made: Os { code: 2, kind: NotFound, message: "No such file or directory" }
[INFO] [stdout] stack backtrace:
[INFO] [stdout]    0:     0x644d2be22de1 - <<std[617be2ca0a6fd877]::sys::backtrace::BacktraceLock>::print::DisplayBacktrace as core[a373ad73a504971]::fmt::Display>::fmt
[INFO] [stdout]    1:     0x644d2be3a30a - core[a373ad73a504971]::fmt::write
[INFO] [stdout]    2:     0x644d2be275cc - <alloc[2e1b2a31b91974c5]::vec::Vec<u8> as core[a373ad73a504971]::io::write::Write>::write_fmt
[INFO] [stdout]    3:     0x644d2bdfa176 - std[617be2ca0a6fd877]::panicking::default_hook::{closure#0}
[INFO] [stdout]    4:     0x644d2be19419 - std[617be2ca0a6fd877]::panicking::default_hook
[INFO] [stdout]    5:     0x644d2bd7c860 - test[aada8e7e76ba119b]::test_main_inner::{closure#0}
[INFO] [stdout]    6:     0x644d2be19742 - std[617be2ca0a6fd877]::panicking::panic_with_hook
[INFO] [stdout]    7:     0x644d2bdfa222 - std[617be2ca0a6fd877]::panicking::panic_handler::{closure#0}
[INFO] [stdout]    8:     0x644d2bdf2ab9 - std[617be2ca0a6fd877]::sys::backtrace::__rust_end_short_backtrace::<std[617be2ca0a6fd877]::panicking::panic_handler::{closure#0}, !>
[INFO] [stdout]    9:     0x644d2bdfb1bd - __rustc[ea4f61d10b84890b]::rust_begin_unwind
[INFO] [stdout]   10:     0x644d2be3aaac - core[a373ad73a504971]::panicking::panic_fmt
[INFO] [stdout]   11:     0x644d2be3a882 - core[a373ad73a504971]::result::unwrap_failed
[INFO] [stdout]   12:     0x644d2bc34c2d - neet_core[8d837831733ddac7]::safety::tests::home
[INFO] [stdout]   13:     0x644d2bc3f5f1 - <neet_core[8d837831733ddac7]::safety::tests::a_cleanup_path_is_checked_again_by_the_cleanup_check::{closure#0} as core[a373ad73a504971]::ops::function::FnOnce<()>>::call_once
[INFO] [stdout]   14:     0x644d2bd6fcab - test[aada8e7e76ba119b]::__rust_begin_short_backtrace::<core[a373ad73a504971]::result::Result<(), alloc[2e1b2a31b91974c5]::string::String>, fn() -> core[a373ad73a504971]::result::Result<(), alloc[2e1b2a31b91974c5]::string::String>>
[INFO] [stdout]   15:     0x644d2bd7ce85 - test[aada8e7e76ba119b]::run_test::{closure#0}
[INFO] [stdout]   16:     0x644d2bd76774 - std[617be2ca0a6fd877]::sys::backtrace::__rust_begin_short_backtrace::<test[aada8e7e76ba119b]::run_test::{closure#1}, ()>
[INFO] [stdout]   17:     0x644d2bd7ff12 - <std[617be2ca0a6fd877]::thread::lifecycle::spawn_unchecked<test[aada8e7e76ba119b]::run_test::{closure#1}, ()>::{closure#1} as core[a373ad73a504971]::ops::function::FnOnce<()>>::call_once::{shim:vtable#0}
[INFO] [stdout]   18:     0x644d2be21daf - <std[617be2ca0a6fd877]::sys::thread::unix::Thread>::new::thread_start
[INFO] [stdout]   19:     0x7e2820115dfa - <unknown>
[INFO] [stdout]   20:     0x7e28201a93d4 - clone
[INFO] [stdout]   21:                0x0 - <unknown>
[INFO] [stdout] 
[INFO] [stdout] ---- safety::tests::accepts_only_the_caches_folder_of_a_container stdout ----
[INFO] [stdout] 
[INFO] [stdout] thread 'safety::tests::accepts_only_the_caches_folder_of_a_container' (1149) panicked at src/safety.rs:587:46:
[INFO] [stdout] roots should be made: Os { code: 2, kind: NotFound, message: "No such file or directory" }
[INFO] [stdout] stack backtrace:
[INFO] [stdout]    0:     0x644d2be22de1 - <<std[617be2ca0a6fd877]::sys::backtrace::BacktraceLock>::print::DisplayBacktrace as core[a373ad73a504971]::fmt::Display>::fmt
[INFO] [stdout]    1:     0x644d2be3a30a - core[a373ad73a504971]::fmt::write
[INFO] [stdout]    2:     0x644d2be275cc - <alloc[2e1b2a31b91974c5]::vec::Vec<u8> as core[a373ad73a504971]::io::write::Write>::write_fmt
[INFO] [stdout]    3:     0x644d2bdfa176 - std[617be2ca0a6fd877]::panicking::default_hook::{closure#0}
[INFO] [stdout]    4:     0x644d2be19419 - std[617be2ca0a6fd877]::panicking::default_hook
[INFO] [stdout]    5:     0x644d2bd7c860 - test[aada8e7e76ba119b]::test_main_inner::{closure#0}
[INFO] [stdout]    6:     0x644d2be19742 - std[617be2ca0a6fd877]::panicking::panic_with_hook
[INFO] [stdout]    7:     0x644d2bdfa222 - std[617be2ca0a6fd877]::panicking::panic_handler::{closure#0}
[INFO] [stdout]    8:     0x644d2bdf2ab9 - std[617be2ca0a6fd877]::sys::backtrace::__rust_end_short_backtrace::<std[617be2ca0a6fd877]::panicking::panic_handler::{closure#0}, !>
[INFO] [stdout]    9:     0x644d2bdfb1bd - __rustc[ea4f61d10b84890b]::rust_begin_unwind
[INFO] [stdout]   10:     0x644d2be3aaac - core[a373ad73a504971]::panicking::panic_fmt
[INFO] [stdout]   11:     0x644d2be3a882 - core[a373ad73a504971]::result::unwrap_failed
[INFO] [stdout]   12:     0x644d2bc34c2d - neet_core[8d837831733ddac7]::safety::tests::home
[INFO] [stdout]   13:     0x644d2bc3d671 - <neet_core[8d837831733ddac7]::safety::tests::accepts_only_the_caches_folder_of_a_container::{closure#0} as core[a373ad73a504971]::ops::function::FnOnce<()>>::call_once
[INFO] [stdout]   14:     0x644d2bd6fcab - test[aada8e7e76ba119b]::__rust_begin_short_backtrace::<core[a373ad73a504971]::result::Result<(), alloc[2e1b2a31b91974c5]::string::String>, fn() -> core[a373ad73a504971]::result::Result<(), alloc[2e1b2a31b91974c5]::string::String>>
[INFO] [stdout]   15:     0x644d2bd7ce85 - test[aada8e7e76ba119b]::run_test::{closure#0}
[INFO] [stdout]   16:     0x644d2bd76774 - std[617be2ca0a6fd877]::sys::backtrace::__rust_begin_short_backtrace::<test[aada8e7e76ba119b]::run_test::{closure#1}, ()>
[INFO] [stdout]   17:     0x644d2bd7ff12 - <std[617be2ca0a6fd877]::thread::lifecycle::spawn_unchecked<test[aada8e7e76ba119b]::run_test::{closure#1}, ()>::{closure#1} as core[a373ad73a504971]::ops::function::FnOnce<()>>::call_once::{shim:vtable#0}
[INFO] [stdout]   18:     0x644d2be21daf - <std[617be2ca0a6fd877]::sys::thread::unix::Thread>::new::thread_start
[INFO] [stdout]   19:     0x7e2820115dfa - <unknown>
[INFO] [stdout]   20:     0x7e28201a93d4 - clone
[INFO] [stdout]   21:                0x0 - <unknown>
[INFO] [stdout] 
[INFO] [stdout] ---- safety::tests::clutter_refuses_tool_folders_links_git_and_keys stdout ----
[INFO] [stdout] 
[INFO] [stdout] thread 'safety::tests::clutter_refuses_tool_folders_links_git_and_keys' (1159) panicked at src/safety.rs:587:46:
[INFO] [stdout] roots should be made: Os { code: 2, kind: NotFound, message: "No such file or directory" }
[INFO] [stdout] stack backtrace:
[INFO] [stdout]    0:     0x644d2be22de1 - <<std[617be2ca0a6fd877]::sys::backtrace::BacktraceLock>::print::DisplayBacktrace as core[a373ad73a504971]::fmt::Display>::fmt
[INFO] [stdout]    1:     0x644d2be3a30a - core[a373ad73a504971]::fmt::write
[INFO] [stdout]    2:     0x644d2be275cc - <alloc[2e1b2a31b91974c5]::vec::Vec<u8> as core[a373ad73a504971]::io::write::Write>::write_fmt
[INFO] [stdout]    3:     0x644d2bdfa176 - std[617be2ca0a6fd877]::panicking::default_hook::{closure#0}
[INFO] [stdout]    4:     0x644d2be19419 - std[617be2ca0a6fd877]::panicking::default_hook
[INFO] [stdout]    5:     0x644d2bd7c860 - test[aada8e7e76ba119b]::test_main_inner::{closure#0}
[INFO] [stdout]    6:     0x644d2be19742 - std[617be2ca0a6fd877]::panicking::panic_with_hook
[INFO] [stdout]    7:     0x644d2bdfa222 - std[617be2ca0a6fd877]::panicking::panic_handler::{closure#0}
[INFO] [stdout]    8:     0x644d2bdf2ab9 - std[617be2ca0a6fd877]::sys::backtrace::__rust_end_short_backtrace::<std[617be2ca0a6fd877]::panicking::panic_handler::{closure#0}, !>
[INFO] [stdout]    9:     0x644d2bdfb1bd - __rustc[ea4f61d10b84890b]::rust_begin_unwind
[INFO] [stdout]   10:     0x644d2be3aaac - core[a373ad73a504971]::panicking::panic_fmt
[INFO] [stdout]   11:     0x644d2be3a882 - core[a373ad73a504971]::result::unwrap_failed
[INFO] [stdout]   12:     0x644d2bc34c2d - neet_core[8d837831733ddac7]::safety::tests::home
[INFO] [stdout]   13:     0x644d2bc3e70e - <neet_core[8d837831733ddac7]::safety::tests::clutter_refuses_tool_folders_links_git_and_keys::{closure#0} as core[a373ad73a504971]::ops::function::FnOnce<()>>::call_once
[INFO] [stdout]   14:     0x644d2bd6fcab - test[aada8e7e76ba119b]::__rust_begin_short_backtrace::<core[a373ad73a504971]::result::Result<(), alloc[2e1b2a31b91974c5]::string::String>, fn() -> core[a373ad73a504971]::result::Result<(), alloc[2e1b2a31b91974c5]::string::String>>
[INFO] [stdout]   15:     0x644d2bd7ce85 - test[aada8e7e76ba119b]::run_test::{closure#0}
[INFO] [stdout]   16:     0x644d2bd76774 - std[617be2ca0a6fd877]::sys::backtrace::__rust_begin_short_backtrace::<test[aada8e7e76ba119b]::run_test::{closure#1}, ()>
[INFO] [stdout]   17:     0x644d2bd7ff12 - <std[617be2ca0a6fd877]::thread::lifecycle::spawn_unchecked<test[aada8e7e76ba119b]::run_test::{closure#1}, ()>::{closure#1} as core[a373ad73a504971]::ops::function::FnOnce<()>>::call_once::{shim:vtable#0}
[INFO] [stdout]   18:     0x644d2be21daf - <std[617be2ca0a6fd877]::sys::thread::unix::Thread>::new::thread_start
[INFO] [stdout]   19:     0x7e2820115dfa - <unknown>
[INFO] [stdout]   20:     0x7e28201a93d4 - clone
[INFO] [stdout]   21:                0x0 - <unknown>
[INFO] [stdout] 
[INFO] [stdout] ---- safety::tests::accepts_items_inside_a_root stdout ----
[INFO] [stdout] 
[INFO] [stdout] thread 'safety::tests::accepts_items_inside_a_root' (1147) panicked at src/safety.rs:587:46:
[INFO] [stdout] roots should be made: Os { code: 2, kind: NotFound, message: "No such file or directory" }
[INFO] [stdout] stack backtrace:
[INFO] [stdout]    0:     0x644d2be22de1 - <<std[617be2ca0a6fd877]::sys::backtrace::BacktraceLock>::print::DisplayBacktrace as core[a373ad73a504971]::fmt::Display>::fmt
[INFO] [stdout]    1:     0x644d2be3a30a - core[a373ad73a504971]::fmt::write
[INFO] [stdout]    2:     0x644d2be275cc - <alloc[2e1b2a31b91974c5]::vec::Vec<u8> as core[a373ad73a504971]::io::write::Write>::write_fmt
[INFO] [stdout]    3:     0x644d2bdfa176 - std[617be2ca0a6fd877]::panicking::default_hook::{closure#0}
[INFO] [stdout]    4:     0x644d2be19419 - std[617be2ca0a6fd877]::panicking::default_hook
[INFO] [stdout]    5:     0x644d2bd7c860 - test[aada8e7e76ba119b]::test_main_inner::{closure#0}
[INFO] [stdout]    6:     0x644d2be19742 - std[617be2ca0a6fd877]::panicking::panic_with_hook
[INFO] [stdout]    7:     0x644d2bdfa222 - std[617be2ca0a6fd877]::panicking::panic_handler::{closure#0}
[INFO] [stdout]    8:     0x644d2bdf2ab9 - std[617be2ca0a6fd877]::sys::backtrace::__rust_end_short_backtrace::<std[617be2ca0a6fd877]::panicking::panic_handler::{closure#0}, !>
[INFO] [stdout]    9:     0x644d2bdfb1bd - __rustc[ea4f61d10b84890b]::rust_begin_unwind
[INFO] [stdout]   10:     0x644d2be3aaac - core[a373ad73a504971]::panicking::panic_fmt
[INFO] [stdout]   11:     0x644d2be3a882 - core[a373ad73a504971]::result::unwrap_failed
[INFO] [stdout]   12:     0x644d2bc34c2d - neet_core[8d837831733ddac7]::safety::tests::home
[INFO] [stdout]   13:     0x644d2bc3a36e - <neet_core[8d837831733ddac7]::safety::tests::accepts_items_inside_a_root::{closure#0} as core[a373ad73a504971]::ops::function::FnOnce<()>>::call_once
[INFO] [stdout]   14:     0x644d2bd6fcab - test[aada8e7e76ba119b]::__rust_begin_short_backtrace::<core[a373ad73a504971]::result::Result<(), alloc[2e1b2a31b91974c5]::string::String>, fn() -> core[a373ad73a504971]::result::Result<(), alloc[2e1b2a31b91974c5]::string::String>>
[INFO] [stdout]   15:     0x644d2bd7ce85 - test[aada8e7e76ba119b]::run_test::{closure#0}
[INFO] [stdout]   16:     0x644d2bd76774 - std[617be2ca0a6fd877]::sys::backtrace::__rust_begin_short_backtrace::<test[aada8e7e76ba119b]::run_test::{closure#1}, ()>
[INFO] [stdout]   17:     0x644d2bd7ff12 - <std[617be2ca0a6fd877]::thread::lifecycle::spawn_unchecked<test[aada8e7e76ba119b]::run_test::{closure#1}, ()>::{closure#1} as core[a373ad73a504971]::ops::function::FnOnce<()>>::call_once::{shim:vtable#0}
[INFO] [stdout]   18:     0x644d2be21daf - <std[617be2ca0a6fd877]::sys::thread::unix::Thread>::new::thread_start
[INFO] [stdout]   19:     0x7e2820115dfa - <unknown>
[INFO] [stdout]   20:     0x7e28201a93d4 - clone
[INFO] [stdout]   21:                0x0 - <unknown>
[INFO] [stdout] 
[INFO] [stdout] ---- safety::tests::judges_a_link_by_where_it_leads stdout ----
[INFO] [stdout] 
[INFO] [stdout] thread 'safety::tests::judges_a_link_by_where_it_leads' (1169) panicked at src/safety.rs:587:46:
[INFO] [stdout] roots should be made: Os { code: 2, kind: NotFound, message: "No such file or directory" }
[INFO] [stdout] stack backtrace:
[INFO] [stdout]    0:     0x644d2be22de1 - <<std[617be2ca0a6fd877]::sys::backtrace::BacktraceLock>::print::DisplayBacktrace as core[a373ad73a504971]::fmt::Display>::fmt
[INFO] [stdout]    1:     0x644d2be3a30a - core[a373ad73a504971]::fmt::write
[INFO] [stdout]    2:     0x644d2be275cc - <alloc[2e1b2a31b91974c5]::vec::Vec<u8> as core[a373ad73a504971]::io::write::Write>::write_fmt
[INFO] [stdout]    3:     0x644d2bdfa176 - std[617be2ca0a6fd877]::panicking::default_hook::{closure#0}
[INFO] [stdout]    4:     0x644d2be19419 - std[617be2ca0a6fd877]::panicking::default_hook
[INFO] [stdout]    5:     0x644d2bd7c860 - test[aada8e7e76ba119b]::test_main_inner::{closure#0}
[INFO] [stdout]    6:     0x644d2be19742 - std[617be2ca0a6fd877]::panicking::panic_with_hook
[INFO] [stdout]    7:     0x644d2bdfa222 - std[617be2ca0a6fd877]::panicking::panic_handler::{closure#0}
[INFO] [stdout]    8:     0x644d2bdf2ab9 - std[617be2ca0a6fd877]::sys::backtrace::__rust_end_short_backtrace::<std[617be2ca0a6fd877]::panicking::panic_handler::{closure#0}, !>
[INFO] [stdout]    9:     0x644d2bdfb1bd - __rustc[ea4f61d10b84890b]::rust_begin_unwind
[INFO] [stdout]   10:     0x644d2be3aaac - core[a373ad73a504971]::panicking::panic_fmt
[INFO] [stdout]   11:     0x644d2be3a882 - core[a373ad73a504971]::result::unwrap_failed
[INFO] [stdout]   12:     0x644d2bc34c2d - neet_core[8d837831733ddac7]::safety::tests::home
[INFO] [stdout]   13:     0x644d2bc3adbe - <neet_core[8d837831733ddac7]::safety::tests::judges_a_link_by_where_it_leads::{closure#0} as core[a373ad73a504971]::ops::function::FnOnce<()>>::call_once
[INFO] [stdout]   14:     0x644d2bd6fcab - test[aada8e7e76ba119b]::__rust_begin_short_backtrace::<core[a373ad73a504971]::result::Result<(), alloc[2e1b2a31b91974c5]::string::String>, fn() -> core[a373ad73a504971]::result::Result<(), alloc[2e1b2a31b91974c5]::string::String>>
[INFO] [stdout]   15:     0x644d2bd7ce85 - test[aada8e7e76ba119b]::run_test::{closure#0}
[INFO] [stdout]   16:     0x644d2bd76774 - std[617be2ca0a6fd877]::sys::backtrace::__rust_begin_short_backtrace::<test[aada8e7e76ba119b]::run_test::{closure#1}, ()>
[INFO] [stdout]   17:     0x644d2bd7ff12 - <std[617be2ca0a6fd877]::thread::lifecycle::spawn_unchecked<test[aada8e7e76ba119b]::run_test::{closure#1}, ()>::{closure#1} as core[a373ad73a504971]::ops::function::FnOnce<()>>::call_once::{shim:vtable#0}
[INFO] [stdout]   18:     0x644d2be21daf - <std[617be2ca0a6fd877]::sys::thread::unix::Thread>::new::thread_start
[INFO] [stdout]   19:     0x7e2820115dfa - <unknown>
[INFO] [stdout]   20:     0x7e28201a93d4 - clone
[INFO] [stdout]   21:                0x0 - <unknown>
[INFO] [stdout] 
[INFO] [stdout] ---- safety::tests::clutter_takes_docker_disk_image_and_nothing_beside_it stdout ----
[INFO] [stdout] 
[INFO] [stdout] thread 'safety::tests::clutter_takes_docker_disk_image_and_nothing_beside_it' (1168) panicked at src/safety.rs:587:46:
[INFO] [stdout] roots should be made: Os { code: 2, kind: NotFound, message: "No such file or directory" }
[INFO] [stdout] stack backtrace:
[INFO] [stdout]    0:     0x644d2be22de1 - <<std[617be2ca0a6fd877]::sys::backtrace::BacktraceLock>::print::DisplayBacktrace as core[a373ad73a504971]::fmt::Display>::fmt
[INFO] [stdout]    1:     0x644d2be3a30a - core[a373ad73a504971]::fmt::write
[INFO] [stdout]    2:     0x644d2be275cc - <alloc[2e1b2a31b91974c5]::vec::Vec<u8> as core[a373ad73a504971]::io::write::Write>::write_fmt
[INFO] [stdout]    3:     0x644d2bdfa176 - std[617be2ca0a6fd877]::panicking::default_hook::{closure#0}
[INFO] [stdout]    4:     0x644d2be19419 - std[617be2ca0a6fd877]::panicking::default_hook
[INFO] [stdout]    5:     0x644d2bd7c860 - test[aada8e7e76ba119b]::test_main_inner::{closure#0}
[INFO] [stdout]    6:     0x644d2be19742 - std[617be2ca0a6fd877]::panicking::panic_with_hook
[INFO] [stdout]    7:     0x644d2bdfa222 - std[617be2ca0a6fd877]::panicking::panic_handler::{closure#0}
[INFO] [stdout]    8:     0x644d2bdf2ab9 - std[617be2ca0a6fd877]::sys::backtrace::__rust_end_short_backtrace::<std[617be2ca0a6fd877]::panicking::panic_handler::{closure#0}, !>
[INFO] [stdout]    9:     0x644d2bdfb1bd - __rustc[ea4f61d10b84890b]::rust_begin_unwind
[INFO] [stdout]   10:     0x644d2be3aaac - core[a373ad73a504971]::panicking::panic_fmt
[INFO] [stdout]   11:     0x644d2be3a882 - core[a373ad73a504971]::result::unwrap_failed
[INFO] [stdout]   12:     0x644d2bc34c2d - neet_core[8d837831733ddac7]::safety::tests::home
[INFO] [stdout]   13:     0x644d2bc3facc - <neet_core[8d837831733ddac7]::safety::tests::clutter_takes_docker_disk_image_and_nothing_beside_it::{closure#0} as core[a373ad73a504971]::ops::function::FnOnce<()>>::call_once
[INFO] [stdout]   14:     0x644d2bd6fcab - test[aada8e7e76ba119b]::__rust_begin_short_backtrace::<core[a373ad73a504971]::result::Result<(), alloc[2e1b2a31b91974c5]::string::String>, fn() -> core[a373ad73a504971]::result::Result<(), alloc[2e1b2a31b91974c5]::string::String>>
[INFO] [stdout]   15:     0x644d2bd7ce85 - test[aada8e7e76ba119b]::run_test::{closure#0}
[INFO] [stdout]   16:     0x644d2bd76774 - std[617be2ca0a6fd877]::sys::backtrace::__rust_begin_short_backtrace::<test[aada8e7e76ba119b]::run_test::{closure#1}, ()>
[INFO] [stdout]   17:     0x644d2bd7ff12 - <std[617be2ca0a6fd877]::thread::lifecycle::spawn_unchecked<test[aada8e7e76ba119b]::run_test::{closure#1}, ()>::{closure#1} as core[a373ad73a504971]::ops::function::FnOnce<()>>::call_once::{shim:vtable#0}
[INFO] [stdout]   18:     0x644d2be21daf - <std[617be2ca0a6fd877]::sys::thread::unix::Thread>::new::thread_start
[INFO] [stdout]   19:     0x7e2820115dfa - <unknown>
[INFO] [stdout]   20:     0x7e28201a93d4 - clone
[INFO] [stdout]   21:                0x0 - <unknown>
[INFO] [stdout] 
[INFO] [stdout] ---- safety::tests::patterns_must_cover_a_whole_root_before_any_star stdout ----
[INFO] [stdout] 
[INFO] [stdout] thread 'safety::tests::patterns_must_cover_a_whole_root_before_any_star' (1171) panicked at src/safety.rs:587:46:
[INFO] [stdout] roots should be made: Os { code: 2, kind: NotFound, message: "No such file or directory" }
[INFO] [stdout] stack backtrace:
[INFO] [stdout]    0:     0x644d2be22de1 - <<std[617be2ca0a6fd877]::sys::backtrace::BacktraceLock>::print::DisplayBacktrace as core[a373ad73a504971]::fmt::Display>::fmt
[INFO] [stdout]    1:     0x644d2be3a30a - core[a373ad73a504971]::fmt::write
[INFO] [stdout]    2:     0x644d2be275cc - <alloc[2e1b2a31b91974c5]::vec::Vec<u8> as core[a373ad73a504971]::io::write::Write>::write_fmt
[INFO] [stdout]    3:     0x644d2bdfa176 - std[617be2ca0a6fd877]::panicking::default_hook::{closure#0}
[INFO] [stdout]    4:     0x644d2be19419 - std[617be2ca0a6fd877]::panicking::default_hook
[INFO] [stdout]    5:     0x644d2bd7c860 - test[aada8e7e76ba119b]::test_main_inner::{closure#0}
[INFO] [stdout]    6:     0x644d2be19742 - std[617be2ca0a6fd877]::panicking::panic_with_hook
[INFO] [stdout]    7:     0x644d2bdfa222 - std[617be2ca0a6fd877]::panicking::panic_handler::{closure#0}
[INFO] [stdout]    8:     0x644d2bdf2ab9 - std[617be2ca0a6fd877]::sys::backtrace::__rust_end_short_backtrace::<std[617be2ca0a6fd877]::panicking::panic_handler::{closure#0}, !>
[INFO] [stdout]    9:     0x644d2bdfb1bd - __rustc[ea4f61d10b84890b]::rust_begin_unwind
[INFO] [stdout]   10:     0x644d2be3aaac - core[a373ad73a504971]::panicking::panic_fmt
[INFO] [stdout]   11:     0x644d2be3a882 - core[a373ad73a504971]::result::unwrap_failed
[INFO] [stdout]   12:     0x644d2bc34c2d - neet_core[8d837831733ddac7]::safety::tests::home
[INFO] [stdout]   13:     0x644d2bc3f03c - <neet_core[8d837831733ddac7]::safety::tests::patterns_must_cover_a_whole_root_before_any_star::{closure#0} as core[a373ad73a504971]::ops::function::FnOnce<()>>::call_once
[INFO] [stdout]   14:     0x644d2bd6fcab - test[aada8e7e76ba119b]::__rust_begin_short_backtrace::<core[a373ad73a504971]::result::Result<(), alloc[2e1b2a31b91974c5]::string::String>, fn() -> core[a373ad73a504971]::result::Result<(), alloc[2e1b2a31b91974c5]::string::String>>
[INFO] [stdout]   15:     0x644d2bd7ce85 - test[aada8e7e76ba119b]::run_test::{closure#0}
[INFO] [stdout]   16:     0x644d2bd76774 - std[617be2ca0a6fd877]::sys::backtrace::__rust_begin_short_backtrace::<test[aada8e7e76ba119b]::run_test::{closure#1}, ()>
[INFO] [stdout]   17:     0x644d2bd7ff12 - <std[617be2ca0a6fd877]::thread::lifecycle::spawn_unchecked<test[aada8e7e76ba119b]::run_test::{closure#1}, ()>::{closure#1} as core[a373ad73a504971]::ops::function::FnOnce<()>>::call_once::{shim:vtable#0}
[INFO] [stdout]   18:     0x644d2be21daf - <std[617be2ca0a6fd877]::sys::thread::unix::Thread>::new::thread_start
[INFO] [stdout]   19:     0x7e2820115dfa - <unknown>
[INFO] [stdout]   20:     0x7e28201a93d4 - clone
[INFO] [stdout]   21:                0x0 - <unknown>
[INFO] [stdout] 
[INFO] [stdout] ---- safety::tests::refuses_empty_relative_and_top_level_paths stdout ----
[INFO] [stdout] 
[INFO] [stdout] thread 'safety::tests::refuses_empty_relative_and_top_level_paths' (1179) panicked at src/safety.rs:587:46:
[INFO] [stdout] roots should be made: Os { code: 2, kind: NotFound, message: "No such file or directory" }
[INFO] [stdout] stack backtrace:
[INFO] [stdout]    0:     0x644d2be22de1 - <<std[617be2ca0a6fd877]::sys::backtrace::BacktraceLock>::print::DisplayBacktrace as core[a373ad73a504971]::fmt::Display>::fmt
[INFO] [stdout]    1:     0x644d2be3a30a - core[a373ad73a504971]::fmt::write
[INFO] [stdout]    2:     0x644d2be275cc - <alloc[2e1b2a31b91974c5]::vec::Vec<u8> as core[a373ad73a504971]::io::write::Write>::write_fmt
[INFO] [stdout]    3:     0x644d2bdfa176 - std[617be2ca0a6fd877]::panicking::default_hook::{closure#0}
[INFO] [stdout]    4:     0x644d2be19419 - std[617be2ca0a6fd877]::panicking::default_hook
[INFO] [stdout]    5:     0x644d2bd7c860 - test[aada8e7e76ba119b]::test_main_inner::{closure#0}
[INFO] [stdout]    6:     0x644d2be19742 - std[617be2ca0a6fd877]::panicking::panic_with_hook
[INFO] [stdout]    7:     0x644d2bdfa222 - std[617be2ca0a6fd877]::panicking::panic_handler::{closure#0}
[INFO] [stdout]    8:     0x644d2bdf2ab9 - std[617be2ca0a6fd877]::sys::backtrace::__rust_end_short_backtrace::<std[617be2ca0a6fd877]::panicking::panic_handler::{closure#0}, !>
[INFO] [stdout]    9:     0x644d2bdfb1bd - __rustc[ea4f61d10b84890b]::rust_begin_unwind
[INFO] [stdout]   10:     0x644d2be3aaac - core[a373ad73a504971]::panicking::panic_fmt
[INFO] [stdout]   11:     0x644d2be3a882 - core[a373ad73a504971]::result::unwrap_failed
[INFO] [stdout]   12:     0x644d2bc34c2d - neet_core[8d837831733ddac7]::safety::tests::home
[INFO] [stdout]   13:     0x644d2bc3d1a9 - <neet_core[8d837831733ddac7]::safety::tests::refuses_empty_relative_and_top_level_paths::{closure#0} as core[a373ad73a504971]::ops::function::FnOnce<()>>::call_once
[INFO] [stdout]   14:     0x644d2bd6fcab - test[aada8e7e76ba119b]::__rust_begin_short_backtrace::<core[a373ad73a504971]::result::Result<(), alloc[2e1b2a31b91974c5]::string::String>, fn() -> core[a373ad73a504971]::result::Result<(), alloc[2e1b2a31b91974c5]::string::String>>
[INFO] [stdout]   15:     0x644d2bd7ce85 - test[aada8e7e76ba119b]::run_test::{closure#0}
[INFO] [stdout]   16:     0x644d2bd76774 - std[617be2ca0a6fd877]::sys::backtrace::__rust_begin_short_backtrace::<test[aada8e7e76ba119b]::run_test::{closure#1}, ()>
[INFO] [stdout]   17:     0x644d2bd7ff12 - <std[617be2ca0a6fd877]::thread::lifecycle::spawn_unchecked<test[aada8e7e76ba119b]::run_test::{closure#1}, ()>::{closure#1} as core[a373ad73a504971]::ops::function::FnOnce<()>>::call_once::{shim:vtable#0}
[INFO] [stdout]   18:     0x644d2be21daf - <std[617be2ca0a6fd877]::sys::thread::unix::Thread>::new::thread_start
[INFO] [stdout]   19:     0x7e2820115dfa - <unknown>
[INFO] [stdout]   20:     0x7e28201a93d4 - clone
[INFO] [stdout]   21:                0x0 - <unknown>
[INFO] [stdout] 
[INFO] [stdout] ---- safety::tests::refuses_a_parent_link_that_leads_into_a_protected_folder stdout ----
[INFO] [stdout] 
[INFO] [stdout] thread 'safety::tests::refuses_a_parent_link_that_leads_into_a_protected_folder' (1172) panicked at src/safety.rs:587:46:
[INFO] [stdout] roots should be made: Os { code: 2, kind: NotFound, message: "No such file or directory" }
[INFO] [stdout] stack backtrace:
[INFO] [stdout]    0:     0x644d2be22de1 - <<std[617be2ca0a6fd877]::sys::backtrace::BacktraceLock>::print::DisplayBacktrace as core[a373ad73a504971]::fmt::Display>::fmt
[INFO] [stdout]    1:     0x644d2be3a30a - core[a373ad73a504971]::fmt::write
[INFO] [stdout]    2:     0x644d2be275cc - <alloc[2e1b2a31b91974c5]::vec::Vec<u8> as core[a373ad73a504971]::io::write::Write>::write_fmt
[INFO] [stdout]    3:     0x644d2bdfa176 - std[617be2ca0a6fd877]::panicking::default_hook::{closure#0}
[INFO] [stdout]    4:     0x644d2be19419 - std[617be2ca0a6fd877]::panicking::default_hook
[INFO] [stdout]    5:     0x644d2bd7c860 - test[aada8e7e76ba119b]::test_main_inner::{closure#0}
[INFO] [stdout]    6:     0x644d2be19742 - std[617be2ca0a6fd877]::panicking::panic_with_hook
[INFO] [stdout]    7:     0x644d2bdfa222 - std[617be2ca0a6fd877]::panicking::panic_handler::{closure#0}
[INFO] [stdout]    8:     0x644d2bdf2ab9 - std[617be2ca0a6fd877]::sys::backtrace::__rust_end_short_backtrace::<std[617be2ca0a6fd877]::panicking::panic_handler::{closure#0}, !>
[INFO] [stdout]    9:     0x644d2bdfb1bd - __rustc[ea4f61d10b84890b]::rust_begin_unwind
[INFO] [stdout]   10:     0x644d2be3aaac - core[a373ad73a504971]::panicking::panic_fmt
[INFO] [stdout]   11:     0x644d2be3a882 - core[a373ad73a504971]::result::unwrap_failed
[INFO] [stdout]   12:     0x644d2bc34c2d - neet_core[8d837831733ddac7]::safety::tests::home
[INFO] [stdout]   13:     0x644d2bc40553 - <neet_core[8d837831733ddac7]::safety::tests::refuses_a_parent_link_that_leads_into_a_protected_folder::{closure#0} as core[a373ad73a504971]::ops::function::FnOnce<()>>::call_once
[INFO] [stdout]   14:     0x644d2bd6fcab - test[aada8e7e76ba119b]::__rust_begin_short_backtrace::<core[a373ad73a504971]::result::Result<(), alloc[2e1b2a31b91974c5]::string::String>, fn() -> core[a373ad73a504971]::result::Result<(), alloc[2e1b2a31b91974c5]::string::String>>
[INFO] [stdout]   15:     0x644d2bd7ce85 - test[aada8e7e76ba119b]::run_test::{closure#0}
[INFO] [stdout]   16:     0x644d2bd76774 - std[617be2ca0a6fd877]::sys::backtrace::__rust_begin_short_backtrace::<test[aada8e7e76ba119b]::run_test::{closure#1}, ()>
[INFO] [stdout]   17:     0x644d2bd7ff12 - <std[617be2ca0a6fd877]::thread::lifecycle::spawn_unchecked<test[aada8e7e76ba119b]::run_test::{closure#1}, ()>::{closure#1} as core[a373ad73a504971]::ops::function::FnOnce<()>>::call_once::{shim:vtable#0}
[INFO] [stdout]   18:     0x644d2be21daf - <std[617be2ca0a6fd877]::sys::thread::unix::Thread>::new::thread_start
[INFO] [stdout]   19:     0x7e2820115dfa - <unknown>
[INFO] [stdout]   20:     0x7e28201a93d4 - clone
[INFO] [stdout]   21:                0x0 - <unknown>
[INFO] [stdout] 
[INFO] [stdout] ---- safety::tests::refuses_dot_and_dot_dot_parts stdout ----
[INFO] [stdout] 
[INFO] [stdout] thread 'safety::tests::refuses_dot_and_dot_dot_parts' (1178) panicked at src/safety.rs:587:46:
[INFO] [stdout] roots should be made: Os { code: 2, kind: NotFound, message: "No such file or directory" }
[INFO] [stdout] stack backtrace:
[INFO] [stdout]    0:     0x644d2be22de1 - <<std[617be2ca0a6fd877]::sys::backtrace::BacktraceLock>::print::DisplayBacktrace as core[a373ad73a504971]::fmt::Display>::fmt
[INFO] [stdout]    1:     0x644d2be3a30a - core[a373ad73a504971]::fmt::write
[INFO] [stdout]    2:     0x644d2be275cc - <alloc[2e1b2a31b91974c5]::vec::Vec<u8> as core[a373ad73a504971]::io::write::Write>::write_fmt
[INFO] [stdout]    3:     0x644d2bdfa176 - std[617be2ca0a6fd877]::panicking::default_hook::{closure#0}
[INFO] [stdout]    4:     0x644d2be19419 - std[617be2ca0a6fd877]::panicking::default_hook
[INFO] [stdout]    5:     0x644d2bd7c860 - test[aada8e7e76ba119b]::test_main_inner::{closure#0}
[INFO] [stdout]    6:     0x644d2be19742 - std[617be2ca0a6fd877]::panicking::panic_with_hook
[INFO] [stdout]    7:     0x644d2bdfa222 - std[617be2ca0a6fd877]::panicking::panic_handler::{closure#0}
[INFO] [stdout]    8:     0x644d2bdf2ab9 - std[617be2ca0a6fd877]::sys::backtrace::__rust_end_short_backtrace::<std[617be2ca0a6fd877]::panicking::panic_handler::{closure#0}, !>
[INFO] [stdout]    9:     0x644d2bdfb1bd - __rustc[ea4f61d10b84890b]::rust_begin_unwind
[INFO] [stdout]   10:     0x644d2be3aaac - core[a373ad73a504971]::panicking::panic_fmt
[INFO] [stdout]   11:     0x644d2be3a882 - core[a373ad73a504971]::result::unwrap_failed
[INFO] [stdout]   12:     0x644d2bc34c2d - neet_core[8d837831733ddac7]::safety::tests::home
[INFO] [stdout]   13:     0x644d2bc3a9ee - <neet_core[8d837831733ddac7]::safety::tests::refuses_dot_and_dot_dot_parts::{closure#0} as core[a373ad73a504971]::ops::function::FnOnce<()>>::call_once
[INFO] [stdout]   14:     0x644d2bd6fcab - test[aada8e7e76ba119b]::__rust_begin_short_backtrace::<core[a373ad73a504971]::result::Result<(), alloc[2e1b2a31b91974c5]::string::String>, fn() -> core[a373ad73a504971]::result::Result<(), alloc[2e1b2a31b91974c5]::string::String>>
[INFO] [stdout]   15:     0x644d2bd7ce85 - test[aada8e7e76ba119b]::run_test::{closure#0}
[INFO] [stdout]   16:     0x644d2bd76774 - std[617be2ca0a6fd877]::sys::backtrace::__rust_begin_short_backtrace::<test[aada8e7e76ba119b]::run_test::{closure#1}, ()>
[INFO] [stdout]   17:     0x644d2bd7ff12 - <std[617be2ca0a6fd877]::thread::lifecycle::spawn_unchecked<test[aada8e7e76ba119b]::run_test::{closure#1}, ()>::{closure#1} as core[a373ad73a504971]::ops::function::FnOnce<()>>::call_once::{shim:vtable#0}
[INFO] [stdout]   18:     0x644d2be21daf - <std[617be2ca0a6fd877]::sys::thread::unix::Thread>::new::thread_start
[INFO] [stdout]   19:     0x7e2820115dfa - <unknown>
[INFO] [stdout]   20:     0x7e28201a93d4 - clone
[INFO] [stdout]   21:                0x0 - <unknown>
[INFO] [stdout] 
[INFO] [stdout] ---- safety::tests::tests_do_not_run_as_root stdout ----
[INFO] [stdout] 
[INFO] [stdout] thread 'safety::tests::tests_do_not_run_as_root' (1184) panicked at src/safety.rs:882:9:
[INFO] [stdout] assertion failed: !super::running_as_root()
[INFO] [stdout] stack backtrace:
[INFO] [stdout]    0:     0x644d2be22de1 - <<std[617be2ca0a6fd877]::sys::backtrace::BacktraceLock>::print::DisplayBacktrace as core[a373ad73a504971]::fmt::Display>::fmt
[INFO] [stdout]    1:     0x644d2be3a30a - core[a373ad73a504971]::fmt::write
[INFO] [stdout]    2:     0x644d2be275cc - <alloc[2e1b2a31b91974c5]::vec::Vec<u8> as core[a373ad73a504971]::io::write::Write>::write_fmt
[INFO] [stdout]    3:     0x644d2bdfa176 - std[617be2ca0a6fd877]::panicking::default_hook::{closure#0}
[INFO] [stdout]    4:     0x644d2be19419 - std[617be2ca0a6fd877]::panicking::default_hook
[INFO] [stdout]    5:     0x644d2bd7c860 - test[aada8e7e76ba119b]::test_main_inner::{closure#0}
[INFO] [stdout]    6:     0x644d2be19742 - std[617be2ca0a6fd877]::panicking::panic_with_hook
[INFO] [stdout]    7:     0x644d2bdfa254 - std[617be2ca0a6fd877]::panicking::panic_handler::{closure#0}
[INFO] [stdout]    8:     0x644d2bdf2ab9 - std[617be2ca0a6fd877]::sys::backtrace::__rust_end_short_backtrace::<std[617be2ca0a6fd877]::panicking::panic_handler::{closure#0}, !>
[INFO] [stdout]    9:     0x644d2bdfb1bd - __rustc[ea4f61d10b84890b]::rust_begin_unwind
[INFO] [stdout]   10:     0x644d2be3aaac - core[a373ad73a504971]::panicking::panic_fmt
[INFO] [stdout]   11:     0x644d2be3aa72 - core[a373ad73a504971]::panicking::panic
[INFO] [stdout]   12:     0x644d2bc3a350 - <neet_core[8d837831733ddac7]::safety::tests::tests_do_not_run_as_root::{closure#0} as core[a373ad73a504971]::ops::function::FnOnce<()>>::call_once
[INFO] [stdout]   13:     0x644d2bd6fcab - test[aada8e7e76ba119b]::__rust_begin_short_backtrace::<core[a373ad73a504971]::result::Result<(), alloc[2e1b2a31b91974c5]::string::String>, fn() -> core[a373ad73a504971]::result::Result<(), alloc[2e1b2a31b91974c5]::string::String>>
[INFO] [stdout]   14:     0x644d2bd7ce85 - test[aada8e7e76ba119b]::run_test::{closure#0}
[INFO] [stdout]   15:     0x644d2bd76774 - std[617be2ca0a6fd877]::sys::backtrace::__rust_begin_short_backtrace::<test[aada8e7e76ba119b]::run_test::{closure#1}, ()>
[INFO] [stdout]   16:     0x644d2bd7ff12 - <std[617be2ca0a6fd877]::thread::lifecycle::spawn_unchecked<test[aada8e7e76ba119b]::run_test::{closure#1}, ()>::{closure#1} as core[a373ad73a504971]::ops::function::FnOnce<()>>::call_once::{shim:vtable#0}
[INFO] [stdout]   17:     0x644d2be21daf - <std[617be2ca0a6fd877]::sys::thread::unix::Thread>::new::thread_start
[INFO] [stdout]   18:     0x7e2820115dfa - <unknown>
[INFO] [stdout]   19:     0x7e28201a93d4 - clone
[INFO] [stdout]   20:                0x0 - <unknown>
[INFO] [stdout] 
[INFO] [stdout] ---- safety::tests::refuses_a_root_itself_and_the_home_folder stdout ----
[INFO] [stdout] 
[INFO] [stdout] thread 'safety::tests::refuses_a_root_itself_and_the_home_folder' (1174) panicked at src/safety.rs:587:46:
[INFO] [stdout] roots should be made: Os { code: 2, kind: NotFound, message: "No such file or directory" }
[INFO] [stdout] stack backtrace:
[INFO] [stdout]    0:     0x644d2be22de1 - <<std[617be2ca0a6fd877]::sys::backtrace::BacktraceLock>::print::DisplayBacktrace as core[a373ad73a504971]::fmt::Display>::fmt
[INFO] [stdout]    1:     0x644d2be3a30a - core[a373ad73a504971]::fmt::write
[INFO] [stdout]    2:     0x644d2be275cc - <alloc[2e1b2a31b91974c5]::vec::Vec<u8> as core[a373ad73a504971]::io::write::Write>::write_fmt
[INFO] [stdout]    3:     0x644d2bdfa176 - std[617be2ca0a6fd877]::panicking::default_hook::{closure#0}
[INFO] [stdout]    4:     0x644d2be19419 - std[617be2ca0a6fd877]::panicking::default_hook
[INFO] [stdout]    5:     0x644d2bd7c860 - test[aada8e7e76ba119b]::test_main_inner::{closure#0}
[INFO] [stdout]    6:     0x644d2be19742 - std[617be2ca0a6fd877]::panicking::panic_with_hook
[INFO] [stdout]    7:     0x644d2bdfa222 - std[617be2ca0a6fd877]::panicking::panic_handler::{closure#0}
[INFO] [stdout]    8:     0x644d2bdf2ab9 - std[617be2ca0a6fd877]::sys::backtrace::__rust_end_short_backtrace::<std[617be2ca0a6fd877]::panicking::panic_handler::{closure#0}, !>
[INFO] [stdout]    9:     0x644d2bdfb1bd - __rustc[ea4f61d10b84890b]::rust_begin_unwind
[INFO] [stdout]   10:     0x644d2be3aaac - core[a373ad73a504971]::panicking::panic_fmt
[INFO] [stdout]   11:     0x644d2be3a882 - core[a373ad73a504971]::result::unwrap_failed
[INFO] [stdout]   12:     0x644d2bc34c2d - neet_core[8d837831733ddac7]::safety::tests::home
[INFO] [stdout]   13:     0x644d2bc3cdf0 - <neet_core[8d837831733ddac7]::safety::tests::refuses_a_root_itself_and_the_home_folder::{closure#0} as core[a373ad73a504971]::ops::function::FnOnce<()>>::call_once
[INFO] [stdout]   14:     0x644d2bd6fcab - test[aada8e7e76ba119b]::__rust_begin_short_backtrace::<core[a373ad73a504971]::result::Result<(), alloc[2e1b2a31b91974c5]::string::String>, fn() -> core[a373ad73a504971]::result::Result<(), alloc[2e1b2a31b91974c5]::string::String>>
[INFO] [stdout]   15:     0x644d2bd7ce85 - test[aada8e7e76ba119b]::run_test::{closure#0}
[INFO] [stdout]   16:     0x644d2bd76774 - std[617be2ca0a6fd877]::sys::backtrace::__rust_begin_short_backtrace::<test[aada8e7e76ba119b]::run_test::{closure#1}, ()>
[INFO] [stdout]   17:     0x644d2bd7ff12 - <std[617be2ca0a6fd877]::thread::lifecycle::spawn_unchecked<test[aada8e7e76ba119b]::run_test::{closure#1}, ()>::{closure#1} as core[a373ad73a504971]::ops::function::FnOnce<()>>::call_once::{shim:vtable#0}
[INFO] [stdout]   18:     0x644d2be21daf - <std[617be2ca0a6fd877]::sys::thread::unix::Thread>::new::thread_start
[INFO] [stdout]   19:     0x7e2820115dfa - <unknown>
[INFO] [stdout]   20:     0x7e28201a93d4 - clone
[INFO] [stdout]   21:                0x0 - <unknown>
[INFO] [stdout] 
[INFO] [stdout] ---- safety::tests::refuses_paths_outside_the_roots stdout ----
[INFO] [stdout] 
[INFO] [stdout] thread 'safety::tests::refuses_paths_outside_the_roots' (1182) panicked at src/safety.rs:587:46:
[INFO] [stdout] roots should be made: Os { code: 2, kind: NotFound, message: "No such file or directory" }
[INFO] [stdout] stack backtrace:
[INFO] [stdout]    0:     0x644d2be22de1 - <<std[617be2ca0a6fd877]::sys::backtrace::BacktraceLock>::print::DisplayBacktrace as core[a373ad73a504971]::fmt::Display>::fmt
[INFO] [stdout]    1:     0x644d2be3a30a - core[a373ad73a504971]::fmt::write
[INFO] [stdout]    2:     0x644d2be275cc - <alloc[2e1b2a31b91974c5]::vec::Vec<u8> as core[a373ad73a504971]::io::write::Write>::write_fmt
[INFO] [stdout]    3:     0x644d2bdfa176 - std[617be2ca0a6fd877]::panicking::default_hook::{closure#0}
[INFO] [stdout]    4:     0x644d2be19419 - std[617be2ca0a6fd877]::panicking::default_hook
[INFO] [stdout]    5:     0x644d2bd7c860 - test[aada8e7e76ba119b]::test_main_inner::{closure#0}
[INFO] [stdout]    6:     0x644d2be19742 - std[617be2ca0a6fd877]::panicking::panic_with_hook
[INFO] [stdout]    7:     0x644d2bdfa222 - std[617be2ca0a6fd877]::panicking::panic_handler::{closure#0}
[INFO] [stdout]    8:     0x644d2bdf2ab9 - std[617be2ca0a6fd877]::sys::backtrace::__rust_end_short_backtrace::<std[617be2ca0a6fd877]::panicking::panic_handler::{closure#0}, !>
[INFO] [stdout]    9:     0x644d2bdfb1bd - __rustc[ea4f61d10b84890b]::rust_begin_unwind
[INFO] [stdout]   10:     0x644d2be3aaac - core[a373ad73a504971]::panicking::panic_fmt
[INFO] [stdout]   11:     0x644d2be3a882 - core[a373ad73a504971]::result::unwrap_failed
[INFO] [stdout]   12:     0x644d2bc34c2d - neet_core[8d837831733ddac7]::safety::tests::home
[INFO] [stdout]   13:     0x644d2bc3b90e - <neet_core[8d837831733ddac7]::safety::tests::refuses_paths_outside_the_roots::{closure#0} as core[a373ad73a504971]::ops::function::FnOnce<()>>::call_once
[INFO] [stdout]   14:     0x644d2bd6fcab - test[aada8e7e76ba119b]::__rust_begin_short_backtrace::<core[a373ad73a504971]::result::Result<(), alloc[2e1b2a31b91974c5]::string::String>, fn() -> core[a373ad73a504971]::result::Result<(), alloc[2e1b2a31b91974c5]::string::String>>
[INFO] [stdout]   15:     0x644d2bd7ce85 - test[aada8e7e76ba119b]::run_test::{closure#0}
[INFO] [stdout]   16:     0x644d2bd76774 - std[617be2ca0a6fd877]::sys::backtrace::__rust_begin_short_backtrace::<test[aada8e7e76ba119b]::run_test::{closure#1}, ()>
[INFO] [stdout]   17:     0x644d2bd7ff12 - <std[617be2ca0a6fd877]::thread::lifecycle::spawn_unchecked<test[aada8e7e76ba119b]::run_test::{closure#1}, ()>::{closure#1} as core[a373ad73a504971]::ops::function::FnOnce<()>>::call_once::{shim:vtable#0}
[INFO] [stdout]   18:     0x644d2be21daf - <std[617be2ca0a6fd877]::sys::thread::unix::Thread>::new::thread_start
[INFO] [stdout]   19:     0x7e2820115dfa - <unknown>
[INFO] [stdout]   20:     0x7e28201a93d4 - clone
[INFO] [stdout]   21:                0x0 - <unknown>
[INFO] [stdout] 
[INFO] [stdout] ---- safety::tests::refuses_a_path_that_does_not_exist stdout ----
[INFO] [stdout] 
[INFO] [stdout] thread 'safety::tests::refuses_a_path_that_does_not_exist' (1173) panicked at src/safety.rs:587:46:
[INFO] [stdout] roots should be made: Os { code: 2, kind: NotFound, message: "No such file or directory" }
[INFO] [stdout] stack backtrace:
[INFO] [stdout]    0:     0x644d2be22de1 - <<std[617be2ca0a6fd877]::sys::backtrace::BacktraceLock>::print::DisplayBacktrace as core[a373ad73a504971]::fmt::Display>::fmt
[INFO] [stdout]    1:     0x644d2be3a30a - core[a373ad73a504971]::fmt::write
[INFO] [stdout]    2:     0x644d2be275cc - <alloc[2e1b2a31b91974c5]::vec::Vec<u8> as core[a373ad73a504971]::io::write::Write>::write_fmt
[INFO] [stdout]    3:     0x644d2bdfa176 - std[617be2ca0a6fd877]::panicking::default_hook::{closure#0}
[INFO] [stdout]    4:     0x644d2be19419 - std[617be2ca0a6fd877]::panicking::default_hook
[INFO] [stdout]    5:     0x644d2bd7c860 - test[aada8e7e76ba119b]::test_main_inner::{closure#0}
[INFO] [stdout]    6:     0x644d2be19742 - std[617be2ca0a6fd877]::panicking::panic_with_hook
[INFO] [stdout]    7:     0x644d2bdfa222 - std[617be2ca0a6fd877]::panicking::panic_handler::{closure#0}
[INFO] [stdout]    8:     0x644d2bdf2ab9 - std[617be2ca0a6fd877]::sys::backtrace::__rust_end_short_backtrace::<std[617be2ca0a6fd877]::panicking::panic_handler::{closure#0}, !>
[INFO] [stdout]    9:     0x644d2bdfb1bd - __rustc[ea4f61d10b84890b]::rust_begin_unwind
[INFO] [stdout]   10:     0x644d2be3aaac - core[a373ad73a504971]::panicking::panic_fmt
[INFO] [stdout]   11:     0x644d2be3a882 - core[a373ad73a504971]::result::unwrap_failed
[INFO] [stdout]   12:     0x644d2bc34c2d - neet_core[8d837831733ddac7]::safety::tests::home
[INFO] [stdout]   13:     0x644d2bc3be0b - <neet_core[8d837831733ddac7]::safety::tests::refuses_a_path_that_does_not_exist::{closure#0} as core[a373ad73a504971]::ops::function::FnOnce<()>>::call_once
[INFO] [stdout]   14:     0x644d2bd6fcab - test[aada8e7e76ba119b]::__rust_begin_short_backtrace::<core[a373ad73a504971]::result::Result<(), alloc[2e1b2a31b91974c5]::string::String>, fn() -> core[a373ad73a504971]::result::Result<(), alloc[2e1b2a31b91974c5]::string::String>>
[INFO] [stdout]   15:     0x644d2bd7ce85 - test[aada8e7e76ba119b]::run_test::{closure#0}
[INFO] [stdout]   16:     0x644d2bd76774 - std[617be2ca0a6fd877]::sys::backtrace::__rust_begin_short_backtrace::<test[aada8e7e76ba119b]::run_test::{closure#1}, ()>
[INFO] [stdout]   17:     0x644d2bd7ff12 - <std[617be2ca0a6fd877]::thread::lifecycle::spawn_unchecked<test[aada8e7e76ba119b]::run_test::{closure#1}, ()>::{closure#1} as core[a373ad73a504971]::ops::function::FnOnce<()>>::call_once::{shim:vtable#0}
[INFO] [stdout]   18:     0x644d2be21daf - <std[617be2ca0a6fd877]::sys::thread::unix::Thread>::new::thread_start
[INFO] [stdout]   19:     0x7e2820115dfa - <unknown>
[INFO] [stdout]   20:     0x7e28201a93d4 - clone
[INFO] [stdout]   21:                0x0 - <unknown>
[INFO] [stdout] 
[INFO] [stdout] ---- safety::tests::refuses_names_that_are_not_utf8 stdout ----
[INFO] [stdout] 
[INFO] [stdout] thread 'safety::tests::refuses_names_that_are_not_utf8' (1181) panicked at src/safety.rs:587:46:
[INFO] [stdout] roots should be made: Os { code: 2, kind: NotFound, message: "No such file or directory" }
[INFO] [stdout] stack backtrace:
[INFO] [stdout]    0:     0x644d2be22de1 - <<std[617be2ca0a6fd877]::sys::backtrace::BacktraceLock>::print::DisplayBacktrace as core[a373ad73a504971]::fmt::Display>::fmt
[INFO] [stdout]    1:     0x644d2be3a30a - core[a373ad73a504971]::fmt::write
[INFO] [stdout]    2:     0x644d2be275cc - <alloc[2e1b2a31b91974c5]::vec::Vec<u8> as core[a373ad73a504971]::io::write::Write>::write_fmt
[INFO] [stdout]    3:     0x644d2bdfa176 - std[617be2ca0a6fd877]::panicking::default_hook::{closure#0}
[INFO] [stdout]    4:     0x644d2be19419 - std[617be2ca0a6fd877]::panicking::default_hook
[INFO] [stdout]    5:     0x644d2bd7c860 - test[aada8e7e76ba119b]::test_main_inner::{closure#0}
[INFO] [stdout]    6:     0x644d2be19742 - std[617be2ca0a6fd877]::panicking::panic_with_hook
[INFO] [stdout]    7:     0x644d2bdfa222 - std[617be2ca0a6fd877]::panicking::panic_handler::{closure#0}
[INFO] [stdout]    8:     0x644d2bdf2ab9 - std[617be2ca0a6fd877]::sys::backtrace::__rust_end_short_backtrace::<std[617be2ca0a6fd877]::panicking::panic_handler::{closure#0}, !>
[INFO] [stdout]    9:     0x644d2bdfb1bd - __rustc[ea4f61d10b84890b]::rust_begin_unwind
[INFO] [stdout]   10:     0x644d2be3aaac - core[a373ad73a504971]::panicking::panic_fmt
[INFO] [stdout]   11:     0x644d2be3a882 - core[a373ad73a504971]::result::unwrap_failed
[INFO] [stdout]   12:     0x644d2bc34c2d - neet_core[8d837831733ddac7]::safety::tests::home
[INFO] [stdout]   13:     0x644d2bc3b63e - <neet_core[8d837831733ddac7]::safety::tests::refuses_names_that_are_not_utf8::{closure#0} as core[a373ad73a504971]::ops::function::FnOnce<()>>::call_once
[INFO] [stdout]   14:     0x644d2bd6fcab - test[aada8e7e76ba119b]::__rust_begin_short_backtrace::<core[a373ad73a504971]::result::Result<(), alloc[2e1b2a31b91974c5]::string::String>, fn() -> core[a373ad73a504971]::result::Result<(), alloc[2e1b2a31b91974c5]::string::String>>
[INFO] [stdout]   15:     0x644d2bd7ce85 - test[aada8e7e76ba119b]::run_test::{closure#0}
[INFO] [stdout]   16:     0x644d2bd76774 - std[617be2ca0a6fd877]::sys::backtrace::__rust_begin_short_backtrace::<test[aada8e7e76ba119b]::run_test::{closure#1}, ()>
[INFO] [stdout]   17:     0x644d2bd7ff12 - <std[617be2ca0a6fd877]::thread::lifecycle::spawn_unchecked<test[aada8e7e76ba119b]::run_test::{closure#1}, ()>::{closure#1} as core[a373ad73a504971]::ops::function::FnOnce<()>>::call_once::{shim:vtable#0}
[INFO] [stdout]   18:     0x644d2be21daf - <std[617be2ca0a6fd877]::sys::thread::unix::Thread>::new::thread_start
[INFO] [stdout]   19:     0x7e2820115dfa - <unknown>
[INFO] [stdout]   20:     0x7e28201a93d4 - clone
[INFO] [stdout]   21:                0x0 - <unknown>
[INFO] [stdout] 
[INFO] [stdout] ---- safety::tests::clutter_takes_build_folders_and_installers_from_your_folders stdout ----
[INFO] [stdout] 
[INFO] [stdout] thread 'safety::tests::clutter_takes_build_folders_and_installers_from_your_folders' (1167) panicked at src/safety.rs:587:46:
[INFO] [stdout] roots should be made: Os { code: 2, kind: NotFound, message: "No such file or directory" }
[INFO] [stdout] stack backtrace:
[INFO] [stdout]    0:     0x644d2be22de1 - <<std[617be2ca0a6fd877]::sys::backtrace::BacktraceLock>::print::DisplayBacktrace as core[a373ad73a504971]::fmt::Display>::fmt
[INFO] [stdout]    1:     0x644d2be3a30a - core[a373ad73a504971]::fmt::write
[INFO] [stdout]    2:     0x644d2be275cc - <alloc[2e1b2a31b91974c5]::vec::Vec<u8> as core[a373ad73a504971]::io::write::Write>::write_fmt
[INFO] [stdout]    3:     0x644d2bdfa176 - std[617be2ca0a6fd877]::panicking::default_hook::{closure#0}
[INFO] [stdout]    4:     0x644d2be19419 - std[617be2ca0a6fd877]::panicking::default_hook
[INFO] [stdout]    5:     0x644d2bd7c860 - test[aada8e7e76ba119b]::test_main_inner::{closure#0}
[INFO] [stdout]    6:     0x644d2be19742 - std[617be2ca0a6fd877]::panicking::panic_with_hook
[INFO] [stdout]    7:     0x644d2bdfa222 - std[617be2ca0a6fd877]::panicking::panic_handler::{closure#0}
[INFO] [stdout]    8:     0x644d2bdf2ab9 - std[617be2ca0a6fd877]::sys::backtrace::__rust_end_short_backtrace::<std[617be2ca0a6fd877]::panicking::panic_handler::{closure#0}, !>
[INFO] [stdout]    9:     0x644d2bdfb1bd - __rustc[ea4f61d10b84890b]::rust_begin_unwind
[INFO] [stdout]   10:     0x644d2be3aaac - core[a373ad73a504971]::panicking::panic_fmt
[INFO] [stdout]   11:     0x644d2be3a882 - core[a373ad73a504971]::result::unwrap_failed
[INFO] [stdout]   12:     0x644d2bc34c2d - neet_core[8d837831733ddac7]::safety::tests::home
[INFO] [stdout]   13:     0x644d2bc40a03 - <neet_core[8d837831733ddac7]::safety::tests::clutter_takes_build_folders_and_installers_from_your_folders::{closure#0} as core[a373ad73a504971]::ops::function::FnOnce<()>>::call_once
[INFO] [stdout]   14:     0x644d2bd6fcab - test[aada8e7e76ba119b]::__rust_begin_short_backtrace::<core[a373ad73a504971]::result::Result<(), alloc[2e1b2a31b91974c5]::string::String>, fn() -> core[a373ad73a504971]::result::Result<(), alloc[2e1b2a31b91974c5]::string::String>>
[INFO] [stdout]   15:     0x644d2bd7ce85 - test[aada8e7e76ba119b]::run_test::{closure#0}
[INFO] [stdout]   16:     0x644d2bd76774 - std[617be2ca0a6fd877]::sys::backtrace::__rust_begin_short_backtrace::<test[aada8e7e76ba119b]::run_test::{closure#1}, ()>
[INFO] [stdout]   17:     0x644d2bd7ff12 - <std[617be2ca0a6fd877]::thread::lifecycle::spawn_unchecked<test[aada8e7e76ba119b]::run_test::{closure#1}, ()>::{closure#1} as core[a373ad73a504971]::ops::function::FnOnce<()>>::call_once::{shim:vtable#0}
[INFO] [stdout]   18:     0x644d2be21daf - <std[617be2ca0a6fd877]::sys::thread::unix::Thread>::new::thread_start
[INFO] [stdout]   19:     0x7e2820115dfa - <unknown>
[INFO] [stdout]   20:     0x7e28201a93d4 - clone
[INFO] [stdout]   21:                0x0 - <unknown>
[INFO] [stdout] 
[INFO] [stdout] ---- safety::tests::refuses_protected_paths_written_in_other_ways stdout ----
[INFO] [stdout] 
[INFO] [stdout] thread 'safety::tests::refuses_protected_paths_written_in_other_ways' (1183) panicked at src/safety.rs:587:46:
[INFO] [stdout] roots should be made: Os { code: 2, kind: NotFound, message: "No such file or directory" }
[INFO] [stdout] stack backtrace:
[INFO] [stdout]    0:     0x644d2be22de1 - <<std[617be2ca0a6fd877]::sys::backtrace::BacktraceLock>::print::DisplayBacktrace as core[a373ad73a504971]::fmt::Display>::fmt
[INFO] [stdout]    1:     0x644d2be3a30a - core[a373ad73a504971]::fmt::write
[INFO] [stdout]    2:     0x644d2be275cc - <alloc[2e1b2a31b91974c5]::vec::Vec<u8> as core[a373ad73a504971]::io::write::Write>::write_fmt
[INFO] [stdout]    3:     0x644d2bdfa176 - std[617be2ca0a6fd877]::panicking::default_hook::{closure#0}
[INFO] [stdout]    4:     0x644d2be19419 - std[617be2ca0a6fd877]::panicking::default_hook
[INFO] [stdout]    5:     0x644d2bd7c860 - test[aada8e7e76ba119b]::test_main_inner::{closure#0}
[INFO] [stdout]    6:     0x644d2be19742 - std[617be2ca0a6fd877]::panicking::panic_with_hook
[INFO] [stdout]    7:     0x644d2bdfa222 - std[617be2ca0a6fd877]::panicking::panic_handler::{closure#0}
[INFO] [stdout]    8:     0x644d2bdf2ab9 - std[617be2ca0a6fd877]::sys::backtrace::__rust_end_short_backtrace::<std[617be2ca0a6fd877]::panicking::panic_handler::{closure#0}, !>
[INFO] [stdout]    9:     0x644d2bdfb1bd - __rustc[ea4f61d10b84890b]::rust_begin_unwind
[INFO] [stdout]   10:     0x644d2be3aaac - core[a373ad73a504971]::panicking::panic_fmt
[INFO] [stdout]   11:     0x644d2be3a882 - core[a373ad73a504971]::result::unwrap_failed
[INFO] [stdout]   12:     0x644d2bc34c2d - neet_core[8d837831733ddac7]::safety::tests::home
[INFO] [stdout]   13:     0x644d2bc3dbf1 - <neet_core[8d837831733ddac7]::safety::tests::refuses_protected_paths_written_in_other_ways::{closure#0} as core[a373ad73a504971]::ops::function::FnOnce<()>>::call_once
[INFO] [stdout]   14:     0x644d2bd6fcab - test[aada8e7e76ba119b]::__rust_begin_short_backtrace::<core[a373ad73a504971]::result::Result<(), alloc[2e1b2a31b91974c5]::string::String>, fn() -> core[a373ad73a504971]::result::Result<(), alloc[2e1b2a31b91974c5]::string::String>>
[INFO] [stdout]   15:     0x644d2bd7ce85 - test[aada8e7e76ba119b]::run_test::{closure#0}
[INFO] [stdout]   16:     0x644d2bd76774 - std[617be2ca0a6fd877]::sys::backtrace::__rust_begin_short_backtrace::<test[aada8e7e76ba119b]::run_test::{closure#1}, ()>
[INFO] [stdout]   17:     0x644d2bd7ff12 - <std[617be2ca0a6fd877]::thread::lifecycle::spawn_unchecked<test[aada8e7e76ba119b]::run_test::{closure#1}, ()>::{closure#1} as core[a373ad73a504971]::ops::function::FnOnce<()>>::call_once::{shim:vtable#0}
[INFO] [stdout]   18:     0x644d2be21daf - <std[617be2ca0a6fd877]::sys::thread::unix::Thread>::new::thread_start
[INFO] [stdout]   19:     0x7e2820115dfa - <unknown>
[INFO] [stdout]   20:     0x7e28201a93d4 - clone
[INFO] [stdout]   21:                0x0 - <unknown>
[INFO] [stdout] 
[INFO] [stdout] ---- scan::tests::scan_records_an_unreadable_folder_and_carries_on stdout ----
[INFO] [stdout] 
[INFO] [stdout] thread 'scan::tests::scan_records_an_unreadable_folder_and_carries_on' (1265) panicked at src/scan.rs:378:9:
[INFO] [stdout] assertion failed: !result.is_complete()
[INFO] [stdout] stack backtrace:
[INFO] [stdout]    0:     0x644d2be22de1 - <<std[617be2ca0a6fd877]::sys::backtrace::BacktraceLock>::print::DisplayBacktrace as core[a373ad73a504971]::fmt::Display>::fmt
[INFO] [stdout]    1:     0x644d2be3a30a - core[a373ad73a504971]::fmt::write
[INFO] [stdout]    2:     0x644d2be275cc - <alloc[2e1b2a31b91974c5]::vec::Vec<u8> as core[a373ad73a504971]::io::write::Write>::write_fmt
[INFO] [stdout]    3:     0x644d2bdfa176 - std[617be2ca0a6fd877]::panicking::default_hook::{closure#0}
[INFO] [stdout]    4:     0x644d2be19419 - std[617be2ca0a6fd877]::panicking::default_hook
[INFO] [stdout]    5:     0x644d2bd7c860 - test[aada8e7e76ba119b]::test_main_inner::{closure#0}
[INFO] [stdout]    6:     0x644d2be19742 - std[617be2ca0a6fd877]::panicking::panic_with_hook
[INFO] [stdout]    7:     0x644d2bdfa254 - std[617be2ca0a6fd877]::panicking::panic_handler::{closure#0}
[INFO] [stdout]    8:     0x644d2bdf2ab9 - std[617be2ca0a6fd877]::sys::backtrace::__rust_end_short_backtrace::<std[617be2ca0a6fd877]::panicking::panic_handler::{closure#0}, !>
[INFO] [stdout]    9:     0x644d2bdfb1bd - __rustc[ea4f61d10b84890b]::rust_begin_unwind
[INFO] [stdout]   10:     0x644d2be3aaac - core[a373ad73a504971]::panicking::panic_fmt
[INFO] [stdout]   11:     0x644d2be3aa72 - core[a373ad73a504971]::panicking::panic
[INFO] [stdout]   12:     0x644d2bce82bc - <neet_core[8d837831733ddac7]::scan::tests::scan_records_an_unreadable_folder_and_carries_on::{closure#0} as core[a373ad73a504971]::ops::function::FnOnce<()>>::call_once
[INFO] [stdout]   13:     0x644d2bd6fcab - test[aada8e7e76ba119b]::__rust_begin_short_backtrace::<core[a373ad73a504971]::result::Result<(), alloc[2e1b2a31b91974c5]::string::String>, fn() -> core[a373ad73a504971]::result::Result<(), alloc[2e1b2a31b91974c5]::string::String>>
[INFO] [stdout]   14:     0x644d2bd7ce85 - test[aada8e7e76ba119b]::run_test::{closure#0}
[INFO] [stdout]   15:     0x644d2bd76774 - std[617be2ca0a6fd877]::sys::backtrace::__rust_begin_short_backtrace::<test[aada8e7e76ba119b]::run_test::{closure#1}, ()>
[INFO] [stdout]   16:     0x644d2bd7ff12 - <std[617be2ca0a6fd877]::thread::lifecycle::spawn_unchecked<test[aada8e7e76ba119b]::run_test::{closure#1}, ()>::{closure#1} as core[a373ad73a504971]::ops::function::FnOnce<()>>::call_once::{shim:vtable#0}
[INFO] [stdout]   17:     0x644d2be21daf - <std[617be2ca0a6fd877]::sys::thread::unix::Thread>::new::thread_start
[INFO] [stdout]   18:     0x7e2820115dfa - <unknown>
[INFO] [stdout]   19:     0x7e28201a93d4 - clone
[INFO] [stdout]   20:                0x0 - <unknown>
[INFO] [stdout] 
[INFO] [stdout] ---- startup::turn::tests::refuses_changed_programs_and_arguments_until_listed_again stdout ----
[INFO] [stdout] 
[INFO] [stdout] thread 'startup::turn::tests::refuses_changed_programs_and_arguments_until_listed_again' (1358) panicked at src/startup/turn.rs:741:17:
[INFO] [stdout] assertion `left == right` failed
[INFO] [stdout]   left: None
[INFO] [stdout]  right: Some("/x/updater")
[INFO] [stdout] stack backtrace:
[INFO] [stdout]    0:     0x644d2be22de1 - <<std[617be2ca0a6fd877]::sys::backtrace::BacktraceLock>::print::DisplayBacktrace as core[a373ad73a504971]::fmt::Display>::fmt
[INFO] [stdout]    1:     0x644d2be3a30a - core[a373ad73a504971]::fmt::write
[INFO] [stdout]    2:     0x644d2be275cc - <alloc[2e1b2a31b91974c5]::vec::Vec<u8> as core[a373ad73a504971]::io::write::Write>::write_fmt
[INFO] [stdout]    3:     0x644d2bdfa176 - std[617be2ca0a6fd877]::panicking::default_hook::{closure#0}
[INFO] [stdout]    4:     0x644d2be19419 - std[617be2ca0a6fd877]::panicking::default_hook
[INFO] [stdout]    5:     0x644d2bd7c860 - test[aada8e7e76ba119b]::test_main_inner::{closure#0}
[INFO] [stdout]    6:     0x644d2be19742 - std[617be2ca0a6fd877]::panicking::panic_with_hook
[INFO] [stdout]    7:     0x644d2bdfa222 - std[617be2ca0a6fd877]::panicking::panic_handler::{closure#0}
[INFO] [stdout]    8:     0x644d2bdf2ab9 - std[617be2ca0a6fd877]::sys::backtrace::__rust_end_short_backtrace::<std[617be2ca0a6fd877]::panicking::panic_handler::{closure#0}, !>
[INFO] [stdout]    9:     0x644d2bdfb1bd - __rustc[ea4f61d10b84890b]::rust_begin_unwind
[INFO] [stdout]   10:     0x644d2be3aaac - core[a373ad73a504971]::panicking::panic_fmt
[INFO] [stdout]   11:     0x644d2be3a9c3 - core[a373ad73a504971]::panicking::assert_failed_inner
[INFO] [stdout]   12:     0x644d2bc9e602 - core[a373ad73a504971]::panicking::assert_failed::<core[a373ad73a504971]::option::Option<&std[617be2ca0a6fd877]::path::Path>, core[a373ad73a504971]::option::Option<&std[617be2ca0a6fd877]::path::Path>>
[INFO] [stdout]   13:     0x644d2bd3b8d6 - <neet_core[8d837831733ddac7]::startup::turn::tests::refuses_changed_programs_and_arguments_until_listed_again::{closure#0} as core[a373ad73a504971]::ops::function::FnOnce<()>>::call_once
[INFO] [stdout]   14:     0x644d2bd6fcab - test[aada8e7e76ba119b]::__rust_begin_short_backtrace::<core[a373ad73a504971]::result::Result<(), alloc[2e1b2a31b91974c5]::string::String>, fn() -> core[a373ad73a504971]::result::Result<(), alloc[2e1b2a31b91974c5]::string::String>>
[INFO] [stdout]   15:     0x644d2bd7ce85 - test[aada8e7e76ba119b]::run_test::{closure#0}
[INFO] [stdout]   16:     0x644d2bd76774 - std[617be2ca0a6fd877]::sys::backtrace::__rust_begin_short_backtrace::<test[aada8e7e76ba119b]::run_test::{closure#1}, ()>
[INFO] [stdout]   17:     0x644d2bd7ff12 - <std[617be2ca0a6fd877]::thread::lifecycle::spawn_unchecked<test[aada8e7e76ba119b]::run_test::{closure#1}, ()>::{closure#1} as core[a373ad73a504971]::ops::function::FnOnce<()>>::call_once::{shim:vtable#0}
[INFO] [stdout]   18:     0x644d2be21daf - <std[617be2ca0a6fd877]::sys::thread::unix::Thread>::new::thread_start
[INFO] [stdout]   19:     0x7e2820115dfa - <unknown>
[INFO] [stdout]   20:     0x7e28201a93d4 - clone
[INFO] [stdout]   21:                0x0 - <unknown>
[INFO] [stdout] 
[INFO] [stdout] ---- startup::turn::tests::a_failed_result_save_keeps_the_state_before stdout ----
[INFO] [stdout] 
[INFO] [stdout] thread 'startup::turn::tests::a_failed_result_save_keeps_the_state_before' (1350) panicked at src/startup/turn.rs:494:28:
[INFO] [stdout] called `Result::unwrap_err()` on an `Ok` value: ()
[INFO] [stdout] stack backtrace:
[INFO] [stdout]    0:     0x644d2be22de1 - <<std[617be2ca0a6fd877]::sys::backtrace::BacktraceLock>::print::DisplayBacktrace as core[a373ad73a504971]::fmt::Display>::fmt
[INFO] [stdout]    1:     0x644d2be3a30a - core[a373ad73a504971]::fmt::write
[INFO] [stdout]    2:     0x644d2be275cc - <alloc[2e1b2a31b91974c5]::vec::Vec<u8> as core[a373ad73a504971]::io::write::Write>::write_fmt
[INFO] [stdout]    3:     0x644d2bdfa176 - std[617be2ca0a6fd877]::panicking::default_hook::{closure#0}
[INFO] [stdout]    4:     0x644d2be19419 - std[617be2ca0a6fd877]::panicking::default_hook
[INFO] [stdout]    5:     0x644d2bd7c860 - test[aada8e7e76ba119b]::test_main_inner::{closure#0}
[INFO] [stdout]    6:     0x644d2be19742 - std[617be2ca0a6fd877]::panicking::panic_with_hook
[INFO] [stdout]    7:     0x644d2bdfa222 - std[617be2ca0a6fd877]::panicking::panic_handler::{closure#0}
[INFO] [stdout]    8:     0x644d2bdf2ab9 - std[617be2ca0a6fd877]::sys::backtrace::__rust_end_short_backtrace::<std[617be2ca0a6fd877]::panicking::panic_handler::{closure#0}, !>
[INFO] [stdout]    9:     0x644d2bdfb1bd - __rustc[ea4f61d10b84890b]::rust_begin_unwind
[INFO] [stdout]   10:     0x644d2be3aaac - core[a373ad73a504971]::panicking::panic_fmt
[INFO] [stdout]   11:     0x644d2be3a882 - core[a373ad73a504971]::result::unwrap_failed
[INFO] [stdout]   12:     0x644d2bd36924 - <neet_core[8d837831733ddac7]::startup::turn::tests::a_failed_result_save_keeps_the_state_before::{closure#0} as core[a373ad73a504971]::ops::function::FnOnce<()>>::call_once
[INFO] [stdout]   13:     0x644d2bd6fcab - test[aada8e7e76ba119b]::__rust_begin_short_backtrace::<core[a373ad73a504971]::result::Result<(), alloc[2e1b2a31b91974c5]::string::String>, fn() -> core[a373ad73a504971]::result::Result<(), alloc[2e1b2a31b91974c5]::string::String>>
[INFO] [stdout]   14:     0x644d2bd7ce85 - test[aada8e7e76ba119b]::run_test::{closure#0}
[INFO] [stdout]   15:     0x644d2bd76774 - std[617be2ca0a6fd877]::sys::backtrace::__rust_begin_short_backtrace::<test[aada8e7e76ba119b]::run_test::{closure#1}, ()>
[INFO] [stdout]   16:     0x644d2bd7ff12 - <std[617be2ca0a6fd877]::thread::lifecycle::spawn_unchecked<test[aada8e7e76ba119b]::run_test::{closure#1}, ()>::{closure#1} as core[a373ad73a504971]::ops::function::FnOnce<()>>::call_once::{shim:vtable#0}
[INFO] [stdout]   17:     0x644d2be21daf - <std[617be2ca0a6fd877]::sys::thread::unix::Thread>::new::thread_start
[INFO] [stdout]   18:     0x7e2820115dfa - <unknown>
[INFO] [stdout]   19:     0x7e28201a93d4 - clone
[INFO] [stdout]   20:                0x0 - <unknown>
[INFO] [stdout] 
[INFO] [stdout] 
[INFO] [stdout] failures:
[INFO] [stdout]     apps::tests::a_missing_app_is_not_running
[INFO] [stdout]     clean::tests::an_item_goes_to_the_first_rule_that_finds_it
[INFO] [stdout]     clean::tests::bundled_rules_plan_without_changing_any_file
[INFO] [stdout]     clean::tests::counts_a_hard_link_once_in_the_whole_plan
[INFO] [stdout]     clean::tests::expands_stars_one_level_at_a_time
[INFO] [stdout]     clean::tests::leaves_links_inside_the_root_out_of_the_plan
[INFO] [stdout]     clean::tests::moves_only_the_selected_rules
[INFO] [stdout]     clean::tests::plans_items_with_sizes_and_selects_only_safe_rules
[INFO] [stdout]     clean::tests::plans_one_picked_item_or_says_why_not
[INFO] [stdout]     clean::tests::reports_a_move_that_failed
[INFO] [stdout]     clean::tests::skips_a_file_replaced_after_the_review
[INFO] [stdout]     clean::tests::skips_a_link_swapped_in_after_the_review
[INFO] [stdout]     clean::tests::skips_a_rule_whose_app_is_open
[INFO] [stdout]     clean::tests::skips_an_item_changed_after_the_review
[INFO] [stdout]     clean::tests::skips_items_changed_within_the_minimum_age
[INFO] [stdout]     clean::tests::skips_links_that_lead_out
[INFO] [stdout]     clean::tests::stars_skip_finder_view_settings
[INFO] [stdout]     clutter::tests::plans_each_item_selected_and_skips_what_the_check_refuses
[INFO] [stdout]     clutter::tests::the_temp_folder_is_under_var_folders
[INFO] [stdout]     disk::tests::reads_the_free_space_finder_shows
[INFO] [stdout]     dotfiles::change::tests::adds_a_file_inside_new_folders
[INFO] [stdout]     dotfiles::change::tests::adds_a_file_to_chezmoi_without_running_it
[INFO] [stdout]     dotfiles::change::tests::checks_only_read_the_file
[INFO] [stdout]     dotfiles::change::tests::edits_a_file_chezmoi_does_not_manage
[INFO] [stdout]     dotfiles::change::tests::edits_the_source_file_when_chezmoi_manages_it
[INFO] [stdout]     dotfiles::change::tests::keeps_the_home_version_in_chezmoi_without_running_it
[INFO] [stdout]     dotfiles::change::tests::never_runs_chezmoi_for_a_link
[INFO] [stdout]     dotfiles::change::tests::refuses_broken_shell_text_on_restore_and_put_back
[INFO] [stdout]     dotfiles::change::tests::refuses_files_that_cannot_be_edited_yet
[INFO] [stdout]     dotfiles::change::tests::refuses_to_write_when_the_home_file_changed_meanwhile
[INFO] [stdout]     dotfiles::change::tests::restores_a_backup_of_the_home_file
[INFO] [stdout]     dotfiles::export::tests::a_new_repository_refuses_a_file_changed_after_the_review
[INFO] [stdout]     dotfiles::export::tests::starts_a_repository_in_chezmoi_layout_with_only_the_chosen_files
[INFO] [stdout]     dotfiles::tests::lists_files_and_says_which_are_view_only
[INFO] [stdout]     rewrite::tests::a_failed_write_leaves_the_file_as_it_was
[INFO] [stdout]     rules::tests::a_bad_rule_does_not_stop_the_others
[INFO] [stdout]     rules::tests::a_broken_file_is_reported
[INFO] [stdout]     rules::tests::a_missing_rules_folder_is_fine
[INFO] [stdout]     rules::tests::bundled_download_caches_are_never_safe
[INFO] [stdout]     rules::tests::bundled_files_have_rules
[INFO] [stdout]     rules::tests::every_bundled_rule_loads
[INFO] [stdout]     rules::tests::parses_a_rule
[INFO] [stdout]     rules::tests::refuses_a_repeated_id_in_one_file
[INFO] [stdout]     rules::tests::refuses_paths_outside_the_roots
[INFO] [stdout]     rules::tests::refuses_patterns_other_than_a_star
[INFO] [stdout]     rules::tests::refuses_unknown_fields_and_bad_values
[INFO] [stdout]     rules::tests::your_own_rules_are_never_selected_from_the_start
[INFO] [stdout]     safety::tests::a_cleanup_path_is_checked_again_by_the_cleanup_check
[INFO] [stdout]     safety::tests::accepts_items_inside_a_root
[INFO] [stdout]     safety::tests::accepts_only_the_caches_folder_of_a_container
[INFO] [stdout]     safety::tests::clutter_refuses_tool_folders_links_git_and_keys
[INFO] [stdout]     safety::tests::clutter_takes_build_folders_and_installers_from_your_folders
[INFO] [stdout]     safety::tests::clutter_takes_docker_disk_image_and_nothing_beside_it
[INFO] [stdout]     safety::tests::judges_a_link_by_where_it_leads
[INFO] [stdout]     safety::tests::patterns_must_cover_a_whole_root_before_any_star
[INFO] [stdout]     safety::tests::refuses_a_parent_link_that_leads_into_a_protected_folder
[INFO] [stdout]     safety::tests::refuses_a_path_that_does_not_exist
[INFO] [stdout]     safety::tests::refuses_a_root_itself_and_the_home_folder
[INFO] [stdout]     safety::tests::refuses_dot_and_dot_dot_parts
[INFO] [stdout]     safety::tests::refuses_empty_relative_and_top_level_paths
[INFO] [stdout]     safety::tests::refuses_names_that_are_not_utf8
[INFO] [stdout]     safety::tests::refuses_paths_outside_the_roots
[INFO] [stdout]     safety::tests::refuses_protected_paths_written_in_other_ways
[INFO] [stdout]     safety::tests::tests_do_not_run_as_root
[INFO] [stdout]     scan::tests::scan_records_an_unreadable_folder_and_carries_on
[INFO] [stdout]     startup::turn::tests::a_failed_result_save_keeps_the_state_before
[INFO] [stdout]     startup::turn::tests::refuses_changed_programs_and_arguments_until_listed_again
[INFO] [stdout] 
[INFO] [stdout] test result: FAILED. 163 passed; 67 failed; 0 ignored; 0 measured; 0 filtered out; finished in 1.47s
[INFO] [stdout] 
[INFO] running `Command { std: "docker" "inspect" "323f3c82e3b1a8de092b683b15cc7aac686d7355823b3053f5328ff8c3a4fdb9", kill_on_drop: false }`
[INFO] running `Command { std: "docker" "rm" "-f" "323f3c82e3b1a8de092b683b15cc7aac686d7355823b3053f5328ff8c3a4fdb9", kill_on_drop: false }`
[INFO] [stdout] 323f3c82e3b1a8de092b683b15cc7aac686d7355823b3053f5328ff8c3a4fdb9
