[INFO] fetching crate nedots 0.1.7...
[INFO] testing nedots-0.1.7 against 1.99.0-beta.8+cargoflags=--release for beta-release-1.100-2
[INFO] extracting crate nedots 0.1.7 into /workspace/builds/worker-4-tc1/source
[INFO] started tweaking crates.io crate nedots 0.1.7
[INFO] finished tweaking crates.io crate nedots 0.1.7
[INFO] tweaked toml for crates.io crate nedots 0.1.7 written to /workspace/builds/worker-4-tc1/source/Cargo.toml
[INFO] validating manifest of crates.io crate nedots 0.1.7 on toolchain 1.99.0-beta.8
[INFO] running `Command { std: CARGO_HOME="/workspace/cargo-home" RUSTUP_HOME="/workspace/rustup-home" "/workspace/cargo-home/bin/cargo" "+1.99.0-beta.8" "metadata" "--manifest-path" "Cargo.toml" "--no-deps", kill_on_drop: false }`
[INFO] crate crates.io crate nedots 0.1.7 already has a lockfile, it will not be regenerated
[INFO] running `Command { std: CARGO_HOME="/workspace/cargo-home" RUSTUP_HOME="/workspace/rustup-home" "/workspace/cargo-home/bin/cargo" "+1.99.0-beta.8" "fetch" "--manifest-path" "Cargo.toml", kill_on_drop: false }`
[INFO] [stderr]     Updating crates.io index
[INFO] [stderr]  Downloading crates ...
[INFO] [stderr]   Downloaded users v0.11.0
[INFO] [stderr]   Downloaded trash v3.0.0
[INFO] [stderr]   Downloaded thiserror-impl v1.0.37
[INFO] [stderr]   Downloaded itoa v1.0.4
[INFO] [stderr]   Downloaded wasm-bindgen-macro v0.2.83
[INFO] [stderr]   Downloaded link-cplusplus v1.0.7
[INFO] [stderr]   Downloaded iana-time-zone-haiku v0.1.1
[INFO] [stderr]   Downloaded scratch v1.0.2
[INFO] [stderr]   Downloaded terminal_size v0.1.17
[INFO] [stderr]   Downloaded percent-encoding v2.2.0
[INFO] [stderr]   Downloaded form_urlencoded v1.1.0
[INFO] [stderr]   Downloaded cxxbridge-flags v1.0.81
[INFO] [stderr]   Downloaded clap_lex v0.3.0
[INFO] [stderr]   Downloaded wasm-bindgen-shared v0.2.83
[INFO] [stderr]   Downloaded wasm-bindgen-macro-support v0.2.83
[INFO] [stderr]   Downloaded dialoguer v0.10.2
[INFO] [stderr]   Downloaded wasi v0.10.0+wasi-snapshot-preview1
[INFO] [stderr]   Downloaded iana-time-zone v0.1.53
[INFO] [stderr]   Downloaded clap_complete v4.0.5
[INFO] [stderr]   Downloaded time v0.1.44
[INFO] [stderr]   Downloaded wasm-bindgen-backend v0.2.83
[INFO] [stderr]   Downloaded thiserror v1.0.37
[INFO] [stderr]   Downloaded console v0.15.2
[INFO] [stderr]   Downloaded zeroize v1.5.7
[INFO] [stderr]   Downloaded os_str_bytes v6.4.0
[INFO] [stderr]   Downloaded clap_derive v4.0.21
[INFO] [stderr]   Downloaded once_cell v1.16.0
[INFO] [stderr]   Downloaded quote v1.0.21
[INFO] [stderr]   Downloaded ryu v1.0.11
[INFO] [stderr]   Downloaded unicode-ident v1.0.5
[INFO] [stderr]   Downloaded proc-macro2 v1.0.47
[INFO] [stderr]   Downloaded num-traits v0.2.15
[INFO] [stderr]   Downloaded cc v1.0.76
[INFO] [stderr]   Downloaded serde_yaml v0.9.14
[INFO] [stderr]   Downloaded unsafe-libyaml v0.2.4
[INFO] [stderr]   Downloaded serde_derive v1.0.147
[INFO] [stderr]   Downloaded anyhow v1.0.66
[INFO] [stderr]   Downloaded js-sys v0.3.60
[INFO] [stderr]   Downloaded cxxbridge-macro v1.0.81
[INFO] [stderr]   Downloaded serde v1.0.147
[INFO] [stderr]   Downloaded indicatif v0.17.2
[INFO] [stderr]   Downloaded url v2.3.1
[INFO] [stderr]   Downloaded bumpalo v3.11.1
[INFO] [stderr]   Downloaded cxx-build v1.0.81
[INFO] [stderr]   Downloaded portable-atomic v0.3.18
[INFO] [stderr]   Downloaded aho-corasick v0.7.19
[INFO] [stderr]   Downloaded unicode-normalization v0.1.22
[INFO] [stderr]   Downloaded wasm-bindgen v0.2.83
[INFO] [stderr]   Downloaded cxx v1.0.81
[INFO] [stderr]   Downloaded chrono v0.4.23
[INFO] [stderr]   Downloaded clap v4.0.24
[INFO] [stderr]   Downloaded syn v1.0.103
[INFO] [stderr]   Downloaded regex v1.7.0
[INFO] [stderr]   Downloaded idna v0.3.0
[INFO] [stderr]   Downloaded windows_x86_64_gnullvm v0.42.0
[INFO] [stderr]   Downloaded windows_aarch64_gnullvm v0.42.0
[INFO] [stderr]   Downloaded windows_x86_64_msvc v0.42.0
[INFO] [stderr]   Downloaded libc v0.2.137
[INFO] [stderr]   Downloaded windows_x86_64_gnu v0.42.0
[INFO] [stderr]   Downloaded windows_aarch64_msvc v0.42.0
[INFO] [stderr]   Downloaded windows_i686_msvc v0.42.0
[INFO] [stderr]   Downloaded windows_i686_gnu v0.42.0
[INFO] [stderr]   Downloaded windows v0.43.0
[INFO] running `Command { std: "docker" "create" "-v" "/var/lib/crater-agent-workspace/builds/worker-4-tc1/source:/opt/rustwide/workdir:ro,Z" "-v" "/var/lib/crater-agent-workspace/builds/worker-4-tc1/target:/opt/rustwide/target:rw,Z" "-v" "/var/lib/crater-agent-workspace/cargo-home:/opt/rustwide/cargo-home:ro,Z" "-v" "/var/lib/crater-agent-workspace/rustup-home:/opt/rustwide/rustup-home:ro,Z" "-m" "1610612736" "--network" "none" "ghcr.io/rust-lang/crates-build-env/linux@sha256:77db811e55d90add9212f6832c23229e3de5f1c1f9905e8cb07319ea15df73ac" "sleep" "infinity", kill_on_drop: false }`
[INFO] [stdout] 30ef914fe238732b42c03b14beee6865e3a610cc5dcc361b9c958b9a5b3a93b2
[INFO] running `Command { std: "docker" "start" "30ef914fe238732b42c03b14beee6865e3a610cc5dcc361b9c958b9a5b3a93b2", kill_on_drop: false }`
[INFO] running `Command { std: "docker" "inspect" "30ef914fe238732b42c03b14beee6865e3a610cc5dcc361b9c958b9a5b3a93b2", kill_on_drop: false }`
[INFO] running `Command { std: "docker" "exec" "-e" "SOURCE_DIR=/opt/rustwide/workdir" "-e" "CARGO_HOME=/opt/rustwide/cargo-home" "-e" "RUSTUP_HOME=/opt/rustwide/rustup-home" "-e" "CARGO_TARGET_DIR=/opt/rustwide/target" "-w" "/opt/rustwide/workdir" "--user" "0:0" "30ef914fe238732b42c03b14beee6865e3a610cc5dcc361b9c958b9a5b3a93b2" "/opt/rustwide/cargo-home/bin/cargo" "+1.99.0-beta.8" "metadata" "--no-deps" "--format-version=1", kill_on_drop: false }`
[INFO] running `Command { std: "docker" "inspect" "30ef914fe238732b42c03b14beee6865e3a610cc5dcc361b9c958b9a5b3a93b2", kill_on_drop: false }`
[INFO] running `Command { std: "docker" "exec" "-e" "SOURCE_DIR=/opt/rustwide/workdir" "-e" "CARGO_HOME=/opt/rustwide/cargo-home" "-e" "RUSTUP_HOME=/opt/rustwide/rustup-home" "-e" "CARGO_TARGET_DIR=/opt/rustwide/target" "-e" "CARGO_INCREMENTAL=0" "-e" "RUST_BACKTRACE=full" "-e" "RUSTFLAGS=--cap-lints=warn" "-e" "RUSTDOCFLAGS=--cap-lints=warn" "-w" "/opt/rustwide/workdir" "--user" "0:0" "30ef914fe238732b42c03b14beee6865e3a610cc5dcc361b9c958b9a5b3a93b2" "/opt/rustwide/cargo-home/bin/cargo" "+1.99.0-beta.8" "build" "--frozen" "--message-format=json" "--release", kill_on_drop: false }`
[INFO] [stderr]    Compiling libc v0.2.137
[INFO] [stderr]    Compiling proc-macro2 v1.0.47
[INFO] [stderr]    Compiling quote v1.0.21
[INFO] [stderr]    Compiling unicode-ident v1.0.5
[INFO] [stderr]    Compiling autocfg v1.1.0
[INFO] [stderr]    Compiling syn v1.0.103
[INFO] [stderr]    Compiling version_check v0.9.4
[INFO] [stderr]    Compiling log v0.4.17
[INFO] [stderr]    Compiling tinyvec_macros v0.1.0
[INFO] [stderr]    Compiling serde_derive v1.0.147
[INFO] [stderr]    Compiling termcolor v1.1.3
[INFO] [stderr]    Compiling heck v0.4.0
[INFO] [stderr]    Compiling once_cell v1.16.0
[INFO] [stderr]    Compiling os_str_bytes v6.4.0
[INFO] [stderr]    Compiling unicode-width v0.1.10
[INFO] [stderr]    Compiling percent-encoding v2.2.0
[INFO] [stderr]    Compiling tinyvec v1.6.0
[INFO] [stderr]    Compiling unicode-bidi v0.3.8
[INFO] [stderr]    Compiling lazy_static v1.4.0
[INFO] [stderr]    Compiling strsim v0.10.0
[INFO] [stderr]    Compiling serde v1.0.147
[INFO] [stderr]    Compiling portable-atomic v0.3.18
[INFO] [stderr]    Compiling proc-macro-error-attr v1.0.4
[INFO] [stderr]    Compiling proc-macro-error v1.0.4
[INFO] [stderr]    Compiling form_urlencoded v1.1.0
[INFO] [stderr]    Compiling aho-corasick v0.7.19
[INFO] [stderr]    Compiling anyhow v1.0.66
[INFO] [stderr]    Compiling thiserror v1.0.37
[INFO] [stderr]    Compiling regex-syntax v0.6.28
[INFO] [stderr]    Compiling clap_lex v0.3.0
[INFO] [stderr]    Compiling num-traits v0.2.15
[INFO] [stderr]    Compiling num-integer v0.1.45
[INFO] [stderr]    Compiling indexmap v1.9.1
[INFO] [stderr]    Compiling remove_dir_all v0.5.3
[INFO] [stderr]    Compiling fastrand v1.8.0
[INFO] [stderr]    Compiling hashbrown v0.12.3
[INFO] [stderr]    Compiling iana-time-zone v0.1.53
[INFO] [stderr]    Compiling unsafe-libyaml v0.2.4
[INFO] [stderr]    Compiling ryu v1.0.11
[INFO] [stderr]    Compiling itoa v1.0.4
[INFO] [stderr]    Compiling number_prefix v0.4.0
[INFO] [stderr]    Compiling scopeguard v1.1.0
[INFO] [stderr]    Compiling zeroize v1.5.7
[INFO] [stderr]    Compiling humantime v2.1.0
[INFO] [stderr]    Compiling atty v0.2.14
[INFO] [stderr]    Compiling terminal_size v0.1.17
[INFO] [stderr]    Compiling time v0.1.44
[INFO] [stderr]    Compiling console v0.15.2
[INFO] [stderr]    Compiling tempfile v3.3.0
[INFO] [stderr]    Compiling dirs-sys v0.3.7
[INFO] [stderr]    Compiling directories v4.0.1
[INFO] [stderr]    Compiling users v0.11.0
[INFO] [stderr]    Compiling indicatif v0.17.2
[INFO] [stderr]    Compiling dialoguer v0.10.2
[INFO] [stderr]    Compiling unicode-normalization v0.1.22
[INFO] [stderr]    Compiling chrono v0.4.23
[INFO] [stderr]    Compiling idna v0.3.0
[INFO] [stderr]    Compiling regex v1.7.0
[INFO] [stderr]    Compiling url v2.3.1
[INFO] [stderr]    Compiling env_logger v0.9.3
[INFO] [stderr]    Compiling trash v3.0.0
[INFO] [stderr]    Compiling clap_derive v4.0.21
[INFO] [stderr]    Compiling thiserror-impl v1.0.37
[INFO] [stderr]    Compiling clap v4.0.24
[INFO] [stderr]    Compiling clap-verbosity-flag v2.0.0
[INFO] [stderr]    Compiling clap_complete v4.0.5
[INFO] [stderr]    Compiling serde_yaml v0.9.14
[INFO] [stderr]    Compiling nedots v0.1.7 (/opt/rustwide/workdir)
[INFO] [stdout] warning: variants `ModifiedTime` and `RemoveDir` are never constructed
[INFO] [stdout]   --> src/errors.rs:16:5
[INFO] [stdout]    |
[INFO] [stdout]  2 | pub enum Error {
[INFO] [stdout]    |          ----- variants in this enum
[INFO] [stdout] ...
[INFO] [stdout] 16 |     ModifiedTime(String),
[INFO] [stdout]    |     ^^^^^^^^^^^^
[INFO] [stdout] ...
[INFO] [stdout] 19 |     RemoveDir { path: String, err: std::io::Error },
[INFO] [stdout]    |     ^^^^^^^^^
[INFO] [stdout]    |
[INFO] [stdout]    = note: `Error` has a derived impl for the trait `Debug`, but this is intentionally ignored during dead code analysis
[INFO] [stdout]    = note: `#[warn(dead_code)]` (part of `#[warn(unused)]`) on by default
[INFO] [stdout] 
[INFO] [stdout] 
[INFO] [stdout] warning: trait `RemoveDirs` is never used
[INFO] [stdout]   --> src/utils/paths.rs:92:11
[INFO] [stdout]    |
[INFO] [stdout] 92 | pub trait RemoveDirs {
[INFO] [stdout]    |           ^^^^^^^^^^
[INFO] [stdout] 
[INFO] [stdout] 
[INFO] [stdout] warning: method `get_modified` is never used
[INFO] [stdout]    --> src/utils/paths.rs:119:8
[INFO] [stdout]     |
[INFO] [stdout] 117 | pub trait Metadata {
[INFO] [stdout]     |           -------- method in this trait
[INFO] [stdout] 118 |     fn get_metadata(&self) -> anyhow::Result<std::fs::Metadata>;
[INFO] [stdout] 119 |     fn get_modified(&self) -> anyhow::Result<std::time::SystemTime>;
[INFO] [stdout]     |        ^^^^^^^^^^^^
[INFO] [stdout] 
[INFO] [stdout] 
[INFO] [stderr]     Finished `release` profile [optimized] target(s) in 55.49s
[INFO] running `Command { std: "docker" "inspect" "30ef914fe238732b42c03b14beee6865e3a610cc5dcc361b9c958b9a5b3a93b2", kill_on_drop: false }`
[INFO] running `Command { std: "docker" "exec" "-e" "SOURCE_DIR=/opt/rustwide/workdir" "-e" "CARGO_HOME=/opt/rustwide/cargo-home" "-e" "RUSTUP_HOME=/opt/rustwide/rustup-home" "-e" "CARGO_TARGET_DIR=/opt/rustwide/target" "-e" "CARGO_INCREMENTAL=0" "-e" "RUST_BACKTRACE=full" "-e" "RUSTFLAGS=--cap-lints=warn" "-e" "RUSTDOCFLAGS=--cap-lints=warn" "-w" "/opt/rustwide/workdir" "--user" "0:0" "30ef914fe238732b42c03b14beee6865e3a610cc5dcc361b9c958b9a5b3a93b2" "/opt/rustwide/cargo-home/bin/cargo" "+1.99.0-beta.8" "test" "--frozen" "--no-run" "--message-format=json" "--release", kill_on_drop: false }`
[INFO] [stderr]    Compiling nedots v0.1.7 (/opt/rustwide/workdir)
[INFO] [stdout] warning: variants `ModifiedTime` and `RemoveDir` are never constructed
[INFO] [stdout]   --> src/errors.rs:16:5
[INFO] [stdout]    |
[INFO] [stdout]  2 | pub enum Error {
[INFO] [stdout]    |          ----- variants in this enum
[INFO] [stdout] ...
[INFO] [stdout] 16 |     ModifiedTime(String),
[INFO] [stdout]    |     ^^^^^^^^^^^^
[INFO] [stdout] ...
[INFO] [stdout] 19 |     RemoveDir { path: String, err: std::io::Error },
[INFO] [stdout]    |     ^^^^^^^^^
[INFO] [stdout]    |
[INFO] [stdout]    = note: `Error` has a derived impl for the trait `Debug`, but this is intentionally ignored during dead code analysis
[INFO] [stdout]    = note: `#[warn(dead_code)]` (part of `#[warn(unused)]`) on by default
[INFO] [stdout] 
[INFO] [stdout] 
[INFO] [stdout] warning: trait `RemoveDirs` is never used
[INFO] [stdout]   --> src/utils/paths.rs:92:11
[INFO] [stdout]    |
[INFO] [stdout] 92 | pub trait RemoveDirs {
[INFO] [stdout]    |           ^^^^^^^^^^
[INFO] [stdout] 
[INFO] [stdout] 
[INFO] [stdout] warning: method `get_modified` is never used
[INFO] [stdout]    --> src/utils/paths.rs:119:8
[INFO] [stdout]     |
[INFO] [stdout] 117 | pub trait Metadata {
[INFO] [stdout]     |           -------- method in this trait
[INFO] [stdout] 118 |     fn get_metadata(&self) -> anyhow::Result<std::fs::Metadata>;
[INFO] [stdout] 119 |     fn get_modified(&self) -> anyhow::Result<std::time::SystemTime>;
[INFO] [stdout]     |        ^^^^^^^^^^^^
[INFO] [stdout] 
[INFO] [stdout] 
[INFO] [stderr]     Finished `release` profile [optimized] target(s) in 1.79s
[INFO] running `Command { std: "docker" "inspect" "30ef914fe238732b42c03b14beee6865e3a610cc5dcc361b9c958b9a5b3a93b2", kill_on_drop: false }`
[INFO] running `Command { std: "docker" "exec" "-e" "SOURCE_DIR=/opt/rustwide/workdir" "-e" "CARGO_HOME=/opt/rustwide/cargo-home" "-e" "RUSTUP_HOME=/opt/rustwide/rustup-home" "-e" "CARGO_TARGET_DIR=/opt/rustwide/target" "-e" "CARGO_INCREMENTAL=0" "-e" "RUST_BACKTRACE=full" "-e" "RUSTFLAGS=--cap-lints=warn" "-e" "RUSTDOCFLAGS=--cap-lints=warn" "-w" "/opt/rustwide/workdir" "--user" "0:0" "30ef914fe238732b42c03b14beee6865e3a610cc5dcc361b9c958b9a5b3a93b2" "/opt/rustwide/cargo-home/bin/cargo" "+1.99.0-beta.8" "test" "--frozen" "--release", kill_on_drop: false }`
[INFO] [stderr] warning: variants `ModifiedTime` and `RemoveDir` are never constructed
[INFO] [stderr]   --> src/errors.rs:16:5
[INFO] [stderr]    |
[INFO] [stderr]  2 | pub enum Error {
[INFO] [stderr]    |          ----- variants in this enum
[INFO] [stderr] ...
[INFO] [stderr] 16 |     ModifiedTime(String),
[INFO] [stderr]    |     ^^^^^^^^^^^^
[INFO] [stderr] ...
[INFO] [stderr] 19 |     RemoveDir { path: String, err: std::io::Error },
[INFO] [stderr]    |     ^^^^^^^^^
[INFO] [stderr]    |
[INFO] [stderr]    = note: `Error` has a derived impl for the trait `Debug`, but this is intentionally ignored during dead code analysis
[INFO] [stderr]    = note: `#[warn(dead_code)]` (part of `#[warn(unused)]`) on by default
[INFO] [stderr] 
[INFO] [stderr] warning: trait `RemoveDirs` is never used
[INFO] [stderr]   --> src/utils/paths.rs:92:11
[INFO] [stderr]    |
[INFO] [stderr] 92 | pub trait RemoveDirs {
[INFO] [stderr]    |           ^^^^^^^^^^
[INFO] [stderr] 
[INFO] [stderr] warning: method `get_modified` is never used
[INFO] [stderr]    --> src/utils/paths.rs:119:8
[INFO] [stderr]     |
[INFO] [stderr] 117 | pub trait Metadata {
[INFO] [stderr]     |           -------- method in this trait
[INFO] [stderr] 118 |     fn get_metadata(&self) -> anyhow::Result<std::fs::Metadata>;
[INFO] [stderr] 119 |     fn get_modified(&self) -> anyhow::Result<std::time::SystemTime>;
[INFO] [stderr]     |        ^^^^^^^^^^^^
[INFO] [stderr] 
[INFO] [stderr] warning: `nedots` (lib) generated 3 warnings
[INFO] [stderr]     Finished `release` profile [optimized] target(s) in 0.09s
[INFO] [stderr]      Running unittests src/lib.rs (/opt/rustwide/target/release/deps/nedots-68e20ef73625bb1f)
[INFO] [stdout] 
[INFO] [stdout] running 5 tests
[INFO] [stdout] test cmd::nedots::test::verify ... ok
[INFO] [stdout] test utils::paths::tests::make_remove_all_dirs ... FAILED
[INFO] [stdout] test utils::paths::tests::resolve_existing_file ... FAILED
[INFO] [stdout] test utils::paths::tests::get_metadata_modified ... FAILED
[INFO] [stdout] test utils::paths::tests::resolve_missing_file_path_fails ... ok
[INFO] [stdout] 
[INFO] [stdout] failures:
[INFO] [stdout] 
[INFO] [stdout] ---- utils::paths::tests::make_remove_all_dirs stdout ----
[INFO] [stdout] 
[INFO] [stdout] thread 'utils::paths::tests::make_remove_all_dirs' (1780) panicked at src/utils/paths.rs:204:9:
[INFO] [stdout] assertion failed: path.make_all_dirs().is_ok()
[INFO] [stdout] stack backtrace:
[INFO] [stdout]    0:     0x606483271d61 - <<std[70759c8f55707aa4]::sys::backtrace::BacktraceLock>::print::DisplayBacktrace as core[df12db4294e9bfd3]::fmt::Display>::fmt
[INFO] [stdout]    1:     0x60648328649a - core[df12db4294e9bfd3]::fmt::write
[INFO] [stdout]    2:     0x60648327652c - <alloc[2182bb758b4b3781]::vec::Vec<u8> as core[df12db4294e9bfd3]::io::write::Write>::write_fmt
[INFO] [stdout]    3:     0x60648324cf66 - std[70759c8f55707aa4]::panicking::default_hook::{closure#0}
[INFO] [stdout]    4:     0x606483269c79 - std[70759c8f55707aa4]::panicking::default_hook
[INFO] [stdout]    5:     0x6064831ea890 - test[9d35eded1c95d3be]::test_main_inner::<test[9d35eded1c95d3be]::test_main_static::{closure#0}>::{closure#0}
[INFO] [stdout]    6:     0x606483269e32 - std[70759c8f55707aa4]::panicking::panic_with_hook
[INFO] [stdout]    7:     0x60648324d044 - std[70759c8f55707aa4]::panicking::panic_handler::{closure#0}
[INFO] [stdout]    8:     0x606483245c49 - std[70759c8f55707aa4]::sys::backtrace::__rust_end_short_backtrace::<std[70759c8f55707aa4]::panicking::panic_handler::{closure#0}, !>
[INFO] [stdout]    9:     0x60648324dc0d - __rustc[8fa7c3cbc660c2b3]::rust_begin_unwind
[INFO] [stdout]   10:     0x606483286bcc - core[df12db4294e9bfd3]::panicking::panic_fmt
[INFO] [stdout]   11:     0x606483286b92 - core[df12db4294e9bfd3]::panicking::panic
[INFO] [stdout]   12:     0x6064831cf284 - <nedots[1286c834aefb0b6]::utils::paths::tests::make_remove_all_dirs::{closure#0} as core[df12db4294e9bfd3]::ops::function::FnOnce<()>>::call_once
[INFO] [stdout]   13:     0x6064831ddb7b - test[9d35eded1c95d3be]::__rust_begin_short_backtrace::<core[df12db4294e9bfd3]::result::Result<(), alloc[2182bb758b4b3781]::string::String>, fn() -> core[df12db4294e9bfd3]::result::Result<(), alloc[2182bb758b4b3781]::string::String>>
[INFO] [stdout]   14:     0x6064831eb1e5 - test[9d35eded1c95d3be]::run_test::{closure#0}
[INFO] [stdout]   15:     0x6064831e4aa4 - std[70759c8f55707aa4]::sys::backtrace::__rust_begin_short_backtrace::<test[9d35eded1c95d3be]::run_test::{closure#1}, ()>
[INFO] [stdout]   16:     0x6064831ee342 - <std[70759c8f55707aa4]::thread::lifecycle::spawn_unchecked<test[9d35eded1c95d3be]::run_test::{closure#1}, ()>::{closure#1} as core[df12db4294e9bfd3]::ops::function::FnOnce<()>>::call_once::{shim:vtable#0}
[INFO] [stdout]   17:     0x606483271639 - <std[70759c8f55707aa4]::sys::thread::unix::Thread>::new::thread_start
[INFO] [stdout]   18:     0x717c49ea3dfa - <unknown>
[INFO] [stdout]   19:     0x717c49f373d4 - clone
[INFO] [stdout]   20:                0x0 - <unknown>
[INFO] [stdout] 
[INFO] [stdout] ---- utils::paths::tests::resolve_existing_file stdout ----
[INFO] [stdout] 
[INFO] [stdout] thread 'utils::paths::tests::resolve_existing_file' (1781) panicked at src/utils/paths.rs:190:53:
[INFO] [stdout] failed to create resolves.txt: Os { code: 30, kind: ReadOnlyFilesystem, message: "Read-only file system" }
[INFO] [stdout] stack backtrace:
[INFO] [stdout]    0:     0x606483271d61 - <<std[70759c8f55707aa4]::sys::backtrace::BacktraceLock>::print::DisplayBacktrace as core[df12db4294e9bfd3]::fmt::Display>::fmt
[INFO] [stdout]    1:     0x60648328649a - core[df12db4294e9bfd3]::fmt::write
[INFO] [stdout]    2:     0x60648327652c - <alloc[2182bb758b4b3781]::vec::Vec<u8> as core[df12db4294e9bfd3]::io::write::Write>::write_fmt
[INFO] [stdout]    3:     0x60648324cf66 - std[70759c8f55707aa4]::panicking::default_hook::{closure#0}
[INFO] [stdout]    4:     0x606483269c79 - std[70759c8f55707aa4]::panicking::default_hook
[INFO] [stdout]    5:     0x6064831ea890 - test[9d35eded1c95d3be]::test_main_inner::<test[9d35eded1c95d3be]::test_main_static::{closure#0}>::{closure#0}
[INFO] [stdout]    6:     0x606483269e32 - std[70759c8f55707aa4]::panicking::panic_with_hook
[INFO] [stdout]    7:     0x60648324d012 - std[70759c8f55707aa4]::panicking::panic_handler::{closure#0}
[INFO] [stdout]    8:     0x606483245c49 - std[70759c8f55707aa4]::sys::backtrace::__rust_end_short_backtrace::<std[70759c8f55707aa4]::panicking::panic_handler::{closure#0}, !>
[INFO] [stdout]    9:     0x60648324dc0d - __rustc[8fa7c3cbc660c2b3]::rust_begin_unwind
[INFO] [stdout]   10:     0x606483286bcc - core[df12db4294e9bfd3]::panicking::panic_fmt
[INFO] [stdout]   11:     0x6064832869a2 - core[df12db4294e9bfd3]::result::unwrap_failed
[INFO] [stdout]   12:     0x6064831cf6a9 - <nedots[1286c834aefb0b6]::utils::paths::tests::resolve_existing_file::{closure#0} as core[df12db4294e9bfd3]::ops::function::FnOnce<()>>::call_once
[INFO] [stdout]   13:     0x6064831ddb7b - test[9d35eded1c95d3be]::__rust_begin_short_backtrace::<core[df12db4294e9bfd3]::result::Result<(), alloc[2182bb758b4b3781]::string::String>, fn() -> core[df12db4294e9bfd3]::result::Result<(), alloc[2182bb758b4b3781]::string::String>>
[INFO] [stdout]   14:     0x6064831eb1e5 - test[9d35eded1c95d3be]::run_test::{closure#0}
[INFO] [stdout]   15:     0x6064831e4aa4 - std[70759c8f55707aa4]::sys::backtrace::__rust_begin_short_backtrace::<test[9d35eded1c95d3be]::run_test::{closure#1}, ()>
[INFO] [stdout]   16:     0x6064831ee342 - <std[70759c8f55707aa4]::thread::lifecycle::spawn_unchecked<test[9d35eded1c95d3be]::run_test::{closure#1}, ()>::{closure#1} as core[df12db4294e9bfd3]::ops::function::FnOnce<()>>::call_once::{shim:vtable#0}
[INFO] [stdout]   17:     0x606483271639 - <std[70759c8f55707aa4]::sys::thread::unix::Thread>::new::thread_start
[INFO] [stdout]   18:     0x717c49ea3dfa - <unknown>
[INFO] [stdout]   19:     0x717c49f373d4 - clone
[INFO] [stdout]   20:                0x0 - <unknown>
[INFO] [stdout] 
[INFO] [stdout] ---- utils::paths::tests::get_metadata_modified stdout ----
[INFO] [stdout] 
[INFO] [stdout] thread 'utils::paths::tests::get_metadata_modified' (1779) panicked at src/utils/paths.rs:215:53:
[INFO] [stdout] failed to create metadata.txt: Os { code: 30, kind: ReadOnlyFilesystem, message: "Read-only file system" }
[INFO] [stdout] stack backtrace:
[INFO] [stdout]    0:     0x606483271d61 - <<std[70759c8f55707aa4]::sys::backtrace::BacktraceLock>::print::DisplayBacktrace as core[df12db4294e9bfd3]::fmt::Display>::fmt
[INFO] [stdout]    1:     0x60648328649a - core[df12db4294e9bfd3]::fmt::write
[INFO] [stdout]    2:     0x60648327652c - <alloc[2182bb758b4b3781]::vec::Vec<u8> as core[df12db4294e9bfd3]::io::write::Write>::write_fmt
[INFO] [stdout]    3:     0x60648324cf66 - std[70759c8f55707aa4]::panicking::default_hook::{closure#0}
[INFO] [stdout]    4:     0x606483269c79 - std[70759c8f55707aa4]::panicking::default_hook
[INFO] [stdout]    5:     0x6064831ea890 - test[9d35eded1c95d3be]::test_main_inner::<test[9d35eded1c95d3be]::test_main_static::{closure#0}>::{closure#0}
[INFO] [stdout]    6:     0x606483269e32 - std[70759c8f55707aa4]::panicking::panic_with_hook
[INFO] [stdout]    7:     0x60648324d012 - std[70759c8f55707aa4]::panicking::panic_handler::{closure#0}
[INFO] [stdout]    8:     0x606483245c49 - std[70759c8f55707aa4]::sys::backtrace::__rust_end_short_backtrace::<std[70759c8f55707aa4]::panicking::panic_handler::{closure#0}, !>
[INFO] [stdout]    9:     0x60648324dc0d - __rustc[8fa7c3cbc660c2b3]::rust_begin_unwind
[INFO] [stdout]   10:     0x606483286bcc - core[df12db4294e9bfd3]::panicking::panic_fmt
[INFO] [stdout]   11:     0x6064832869a2 - core[df12db4294e9bfd3]::result::unwrap_failed
[INFO] [stdout]   12:     0x6064831cf431 - <nedots[1286c834aefb0b6]::utils::paths::tests::get_metadata_modified::{closure#0} as core[df12db4294e9bfd3]::ops::function::FnOnce<()>>::call_once
[INFO] [stdout]   13:     0x6064831ddb7b - test[9d35eded1c95d3be]::__rust_begin_short_backtrace::<core[df12db4294e9bfd3]::result::Result<(), alloc[2182bb758b4b3781]::string::String>, fn() -> core[df12db4294e9bfd3]::result::Result<(), alloc[2182bb758b4b3781]::string::String>>
[INFO] [stdout]   14:     0x6064831eb1e5 - test[9d35eded1c95d3be]::run_test::{closure#0}
[INFO] [stdout]   15:     0x6064831e4aa4 - std[70759c8f55707aa4]::sys::backtrace::__rust_begin_short_backtrace::<test[9d35eded1c95d3be]::run_test::{closure#1}, ()>
[INFO] [stdout]   16:     0x6064831ee342 - <std[70759c8f55707aa4]::thread::lifecycle::spawn_unchecked<test[9d35eded1c95d3be]::run_test::{closure#1}, ()>::{closure#1} as core[df12db4294e9bfd3]::ops::function::FnOnce<()>>::call_once::{shim:vtable#0}
[INFO] [stdout]   17:     0x606483271639 - <std[70759c8f55707aa4]::sys::thread::unix::Thread>::new::thread_start
[INFO] [stdout]   18:     0x717c49ea3dfa - <unknown>
[INFO] [stdout]   19:     0x717c49f373d4 - clone
[INFO] [stdout]   20:                0x0 - <unknown>
[INFO] [stdout] 
[INFO] [stdout] 
[INFO] [stdout] failures:
[INFO] [stdout]     utils::paths::tests::get_metadata_modified
[INFO] [stdout]     utils::paths::tests::make_remove_all_dirs
[INFO] [stdout]     utils::paths::tests::resolve_existing_file
[INFO] [stdout] 
[INFO] [stdout] test result: FAILED. 2 passed; 3 failed; 0 ignored; 0 measured; 0 filtered out; finished in 0.01s
[INFO] [stdout] 
[INFO] [stderr] error: test failed, to rerun pass `--lib`
[INFO] running `Command { std: "docker" "inspect" "30ef914fe238732b42c03b14beee6865e3a610cc5dcc361b9c958b9a5b3a93b2", kill_on_drop: false }`
[INFO] running `Command { std: "docker" "rm" "-f" "30ef914fe238732b42c03b14beee6865e3a610cc5dcc361b9c958b9a5b3a93b2", kill_on_drop: false }`
[INFO] [stdout] 30ef914fe238732b42c03b14beee6865e3a610cc5dcc361b9c958b9a5b3a93b2
