[INFO] fetching crate near-verify-rs 0.3.3...
[INFO] testing near-verify-rs-0.3.3 against 1.99.0-beta.8+cargoflags=--release for beta-release-1.100-2
[INFO] extracting crate near-verify-rs 0.3.3 into /workspace/builds/worker-2-tc1/source
[INFO] removed /workspace/builds/worker-2-tc1/source/rust-toolchain.toml
[INFO] started tweaking crates.io crate near-verify-rs 0.3.3
[INFO] removed 0 missing tests
[INFO] finished tweaking crates.io crate near-verify-rs 0.3.3
[INFO] tweaked toml for crates.io crate near-verify-rs 0.3.3 written to /workspace/builds/worker-2-tc1/source/Cargo.toml
[INFO] validating manifest of crates.io crate near-verify-rs 0.3.3 on toolchain 1.99.0-beta.8
[INFO] running `Command { std: CARGO_HOME="/workspace/cargo-home" RUSTUP_HOME="/workspace/rustup-home" "/workspace/cargo-home/bin/cargo" "+1.99.0-beta.8" "metadata" "--manifest-path" "Cargo.toml" "--no-deps", kill_on_drop: false }`
[INFO] crate crates.io crate near-verify-rs 0.3.3 already has a lockfile, it will not be regenerated
[INFO] running `Command { std: CARGO_HOME="/workspace/cargo-home" RUSTUP_HOME="/workspace/rustup-home" "/workspace/cargo-home/bin/cargo" "+1.99.0-beta.8" "fetch" "--manifest-path" "Cargo.toml", kill_on_drop: false }`
[INFO] [stderr]     Updating crates.io index
[INFO] [stderr]  Downloading crates ...
[INFO] [stderr]   Downloaded openssl-sys v0.9.113
[INFO] [stderr]   Downloaded unix_str v1.0.0
[INFO] [stderr]   Downloaded cargo-platform v0.2.0
[INFO] [stderr]   Downloaded unix_path v1.0.1
[INFO] [stderr]   Downloaded cargo_metadata v0.21.0
[INFO] [stderr]   Downloaded cargo-util-schemas v0.8.2
[INFO] [stderr]   Downloaded git2 v0.20.4
[INFO] [stderr]   Downloaded libssh2-sys v0.3.1
[INFO] [stderr]   Downloaded libz-sys v1.1.28
[INFO] [stderr]   Downloaded libgit2-sys v0.18.3+1.9.2
[INFO] running `Command { std: "docker" "create" "-v" "/var/lib/crater-agent-workspace/builds/worker-2-tc1/source:/opt/rustwide/workdir:ro,Z" "-v" "/var/lib/crater-agent-workspace/builds/worker-2-tc1/target:/opt/rustwide/target:rw,Z" "-v" "/var/lib/crater-agent-workspace/cargo-home:/opt/rustwide/cargo-home:ro,Z" "-v" "/var/lib/crater-agent-workspace/rustup-home:/opt/rustwide/rustup-home:ro,Z" "-m" "1610612736" "--network" "none" "ghcr.io/rust-lang/crates-build-env/linux@sha256:77db811e55d90add9212f6832c23229e3de5f1c1f9905e8cb07319ea15df73ac" "sleep" "infinity", kill_on_drop: false }`
[INFO] [stdout] 41e2f6f4fdbae4c26e5d382ae182eb61bcf9ccf4d55ac3d62e55ede91b0344b4
[INFO] running `Command { std: "docker" "start" "41e2f6f4fdbae4c26e5d382ae182eb61bcf9ccf4d55ac3d62e55ede91b0344b4", kill_on_drop: false }`
[INFO] running `Command { std: "docker" "inspect" "41e2f6f4fdbae4c26e5d382ae182eb61bcf9ccf4d55ac3d62e55ede91b0344b4", kill_on_drop: false }`
[INFO] running `Command { std: "docker" "exec" "-e" "SOURCE_DIR=/opt/rustwide/workdir" "-e" "CARGO_HOME=/opt/rustwide/cargo-home" "-e" "RUSTUP_HOME=/opt/rustwide/rustup-home" "-e" "CARGO_TARGET_DIR=/opt/rustwide/target" "-w" "/opt/rustwide/workdir" "--user" "0:0" "41e2f6f4fdbae4c26e5d382ae182eb61bcf9ccf4d55ac3d62e55ede91b0344b4" "/opt/rustwide/cargo-home/bin/cargo" "+1.99.0-beta.8" "metadata" "--no-deps" "--format-version=1", kill_on_drop: false }`
[INFO] running `Command { std: "docker" "inspect" "41e2f6f4fdbae4c26e5d382ae182eb61bcf9ccf4d55ac3d62e55ede91b0344b4", kill_on_drop: false }`
[INFO] running `Command { std: "docker" "exec" "-e" "SOURCE_DIR=/opt/rustwide/workdir" "-e" "CARGO_HOME=/opt/rustwide/cargo-home" "-e" "RUSTUP_HOME=/opt/rustwide/rustup-home" "-e" "CARGO_TARGET_DIR=/opt/rustwide/target" "-e" "CARGO_INCREMENTAL=0" "-e" "RUST_BACKTRACE=full" "-e" "RUSTFLAGS=--cap-lints=warn" "-e" "RUSTDOCFLAGS=--cap-lints=warn" "-w" "/opt/rustwide/workdir" "--user" "0:0" "41e2f6f4fdbae4c26e5d382ae182eb61bcf9ccf4d55ac3d62e55ede91b0344b4" "/opt/rustwide/cargo-home/bin/cargo" "+1.99.0-beta.8" "build" "--frozen" "--message-format=json" "--release", kill_on_drop: false }`
[INFO] [stderr]    Compiling syn v2.0.117
[INFO] [stderr]    Compiling serde_core v1.0.228
[INFO] [stderr]    Compiling num-traits v0.2.19
[INFO] [stderr]    Compiling typenum v1.19.0
[INFO] [stderr]    Compiling typeid v1.0.3
[INFO] [stderr]    Compiling hashbrown v0.17.0
[INFO] [stderr]    Compiling erased-serde v0.4.10
[INFO] [stderr]    Compiling thiserror v2.0.18
[INFO] [stderr]    Compiling percent-encoding v2.3.2
[INFO] [stderr]    Compiling camino v1.2.2
[INFO] [stderr]    Compiling winnow v0.7.15
[INFO] [stderr]    Compiling toml_write v0.1.2
[INFO] [stderr]    Compiling form_urlencoded v1.2.2
[INFO] [stderr]    Compiling serde_json v1.0.149
[INFO] [stderr]    Compiling libc v0.2.185
[INFO] [stderr]    Compiling nix v0.30.1
[INFO] [stderr]    Compiling ordered-float v2.10.1
[INFO] [stderr]    Compiling aho-corasick v1.1.4
[INFO] [stderr]    Compiling eyre v0.6.12
[INFO] [stderr]    Compiling generic-array v0.14.7
[INFO] [stderr]    Compiling indexmap v2.14.0
[INFO] [stderr]    Compiling regex-syntax v0.8.10
[INFO] [stderr]    Compiling unicode-xid v0.2.6
[INFO] [stderr]    Compiling block-buffer v0.10.4
[INFO] [stderr]    Compiling crypto-common v0.1.7
[INFO] [stderr]    Compiling digest v0.10.7
[INFO] [stderr]    Compiling unix_str v1.0.0
[INFO] [stderr]    Compiling indenter v0.3.4
[INFO] [stderr]    Compiling bitflags v2.11.1
[INFO] [stderr]    Compiling unix_path v1.0.1
[INFO] [stderr]    Compiling sha2 v0.10.9
[INFO] [stderr]    Compiling shell-words v1.1.1
[INFO] [stderr]    Compiling bs58 v0.5.1
[INFO] [stderr]    Compiling dunce v1.0.5
[INFO] [stderr]    Compiling colored v3.1.1
[INFO] [stderr]    Compiling semver v1.0.28
[INFO] [stderr]    Compiling serde-untagged v0.1.9
[INFO] [stderr]    Compiling regex-automata v0.4.14
[INFO] [stderr]    Compiling synstructure v0.13.2
[INFO] [stderr]    Compiling pathdiff v0.2.3
[INFO] [stderr]    Compiling zerofrom-derive v0.1.7
[INFO] [stderr]    Compiling yoke-derive v0.8.2
[INFO] [stderr]    Compiling zerovec-derive v0.11.3
[INFO] [stderr]    Compiling displaydoc v0.2.5
[INFO] [stderr]    Compiling serde_derive v1.0.228
[INFO] [stderr]    Compiling thiserror-impl v2.0.18
[INFO] [stderr]    Compiling tracing-attributes v0.1.31
[INFO] [stderr]    Compiling zerofrom v0.1.7
[INFO] [stderr]    Compiling regex v1.12.3
[INFO] [stderr]    Compiling yoke v0.8.2
[INFO] [stderr]    Compiling zerotrie v0.2.4
[INFO] [stderr]    Compiling zerovec v0.11.6
[INFO] [stderr]    Compiling tracing v0.1.44
[INFO] [stderr]    Compiling tinystr v0.8.3
[INFO] [stderr]    Compiling potential_utf v0.1.5
[INFO] [stderr]    Compiling icu_locale_core v2.2.0
[INFO] [stderr]    Compiling icu_collections v2.2.0
[INFO] [stderr]    Compiling icu_provider v2.2.0
[INFO] [stderr]    Compiling icu_properties v2.2.0
[INFO] [stderr]    Compiling icu_normalizer v2.2.0
[INFO] [stderr]    Compiling serde v1.0.228
[INFO] [stderr]    Compiling toml_datetime v0.6.11
[INFO] [stderr]    Compiling serde_spanned v0.6.9
[INFO] [stderr]    Compiling serde-value v0.7.0
[INFO] [stderr]    Compiling cargo-platform v0.2.0
[INFO] [stderr]    Compiling toml_edit v0.22.27
[INFO] [stderr]    Compiling idna_adapter v1.2.1
[INFO] [stderr]    Compiling idna v1.1.0
[INFO] [stderr]    Compiling url v2.5.8
[INFO] [stderr]    Compiling toml v0.8.23
[INFO] [stderr]    Compiling cargo-util-schemas v0.8.2
[INFO] [stderr]    Compiling cargo_metadata v0.21.0
[INFO] [stderr]    Compiling near-verify-rs v0.3.3 (/opt/rustwide/workdir)
[INFO] [stdout] warning: trailing semicolon in macro used in expression position
[INFO] [stdout]   --> src/types/internal/legacy_rust/manifest_path.rs:28:17
[INFO] [stdout]    |
[INFO] [stdout] 28 |                 eyre::bail!("the manifest-path must be a path to a Cargo.toml file")
[INFO] [stdout]    |                 ^^^^^^^^^^^^^^^^^^^^^^^^^^^^^^^^^^^^^^^^^^^^^^^^^^^^^^^^^^^^^^^^^^^^
[INFO] [stdout]    |
[INFO] [stdout]    = note: macro invocations at the end of a block are treated as expressions
[INFO] [stdout]    = note: to ignore the value produced by the macro, add a semicolon after the invocation of `bail`
[INFO] [stdout]    = warning: this was previously accepted by the compiler but is being phased out; it will become a hard error in a future release!
[INFO] [stdout]    = note: for more information, see issue #79813 <https://github.com/rust-lang/rust/issues/79813>
[INFO] [stdout]    = note: `#[warn(semicolon_in_expressions_from_non_local_macros)]` (part of `#[warn(future_incompatible)]`) on by default
[INFO] [stdout]    = note: this warning originates in the macro `eyre::bail` (in Nightly builds, run with -Z macro-backtrace for more info)
[INFO] [stdout] 
[INFO] [stdout] 
[INFO] [stdout] warning: trailing semicolon in macro used in expression position
[INFO] [stdout]   --> src/types/internal/legacy_rust/manifest_path.rs:31:17
[INFO] [stdout]    |
[INFO] [stdout] 31 |                 eyre::bail!("the manifest-path must be a path to a Cargo.toml file")
[INFO] [stdout]    |                 ^^^^^^^^^^^^^^^^^^^^^^^^^^^^^^^^^^^^^^^^^^^^^^^^^^^^^^^^^^^^^^^^^^^^
[INFO] [stdout]    |
[INFO] [stdout]    = note: macro invocations at the end of a block are treated as expressions
[INFO] [stdout]    = note: to ignore the value produced by the macro, add a semicolon after the invocation of `bail`
[INFO] [stdout]    = warning: this was previously accepted by the compiler but is being phased out; it will become a hard error in a future release!
[INFO] [stdout]    = note: for more information, see issue #79813 <https://github.com/rust-lang/rust/issues/79813>
[INFO] [stdout]    = note: this warning originates in the macro `eyre::bail` (in Nightly builds, run with -Z macro-backtrace for more info)
[INFO] [stdout] 
[INFO] [stdout] 
[INFO] [stderr]     Finished `release` profile [optimized] target(s) in 2m 02s
[INFO] running `Command { std: "docker" "inspect" "41e2f6f4fdbae4c26e5d382ae182eb61bcf9ccf4d55ac3d62e55ede91b0344b4", kill_on_drop: false }`
[INFO] running `Command { std: "docker" "exec" "-e" "SOURCE_DIR=/opt/rustwide/workdir" "-e" "CARGO_HOME=/opt/rustwide/cargo-home" "-e" "RUSTUP_HOME=/opt/rustwide/rustup-home" "-e" "CARGO_TARGET_DIR=/opt/rustwide/target" "-e" "CARGO_INCREMENTAL=0" "-e" "RUST_BACKTRACE=full" "-e" "RUSTFLAGS=--cap-lints=warn" "-e" "RUSTDOCFLAGS=--cap-lints=warn" "-w" "/opt/rustwide/workdir" "--user" "0:0" "41e2f6f4fdbae4c26e5d382ae182eb61bcf9ccf4d55ac3d62e55ede91b0344b4" "/opt/rustwide/cargo-home/bin/cargo" "+1.99.0-beta.8" "test" "--frozen" "--no-run" "--message-format=json" "--release", kill_on_drop: false }`
[INFO] [stderr]    Compiling libc v0.2.185
[INFO] [stderr]    Compiling pkg-config v0.3.33
[INFO] [stderr]    Compiling nix v0.30.1
[INFO] [stderr]    Compiling getrandom v0.4.2
[INFO] [stderr]    Compiling log v0.4.29
[INFO] [stderr]    Compiling openssl-probe v0.1.6
[INFO] [stderr]    Compiling tempfile v3.27.0
[INFO] [stderr]    Compiling near-verify-rs v0.3.3 (/opt/rustwide/workdir)
[INFO] [stdout] warning: trailing semicolon in macro used in expression position
[INFO] [stdout]   --> src/types/internal/legacy_rust/manifest_path.rs:28:17
[INFO] [stdout]    |
[INFO] [stdout] 28 |                 eyre::bail!("the manifest-path must be a path to a Cargo.toml file")
[INFO] [stdout]    |                 ^^^^^^^^^^^^^^^^^^^^^^^^^^^^^^^^^^^^^^^^^^^^^^^^^^^^^^^^^^^^^^^^^^^^
[INFO] [stdout]    |
[INFO] [stdout]    = note: macro invocations at the end of a block are treated as expressions
[INFO] [stdout]    = note: to ignore the value produced by the macro, add a semicolon after the invocation of `bail`
[INFO] [stdout]    = warning: this was previously accepted by the compiler but is being phased out; it will become a hard error in a future release!
[INFO] [stdout]    = note: for more information, see issue #79813 <https://github.com/rust-lang/rust/issues/79813>
[INFO] [stdout]    = note: `#[warn(semicolon_in_expressions_from_non_local_macros)]` (part of `#[warn(future_incompatible)]`) on by default
[INFO] [stdout]    = note: this warning originates in the macro `eyre::bail` (in Nightly builds, run with -Z macro-backtrace for more info)
[INFO] [stdout] 
[INFO] [stdout] 
[INFO] [stdout] warning: trailing semicolon in macro used in expression position
[INFO] [stdout]   --> src/types/internal/legacy_rust/manifest_path.rs:31:17
[INFO] [stdout]    |
[INFO] [stdout] 31 |                 eyre::bail!("the manifest-path must be a path to a Cargo.toml file")
[INFO] [stdout]    |                 ^^^^^^^^^^^^^^^^^^^^^^^^^^^^^^^^^^^^^^^^^^^^^^^^^^^^^^^^^^^^^^^^^^^^
[INFO] [stdout]    |
[INFO] [stdout]    = note: macro invocations at the end of a block are treated as expressions
[INFO] [stdout]    = note: to ignore the value produced by the macro, add a semicolon after the invocation of `bail`
[INFO] [stdout]    = warning: this was previously accepted by the compiler but is being phased out; it will become a hard error in a future release!
[INFO] [stdout]    = note: for more information, see issue #79813 <https://github.com/rust-lang/rust/issues/79813>
[INFO] [stdout]    = note: this warning originates in the macro `eyre::bail` (in Nightly builds, run with -Z macro-backtrace for more info)
[INFO] [stdout] 
[INFO] [stdout] 
[INFO] [stderr]    Compiling jobserver v0.1.34
[INFO] [stderr]    Compiling cc v1.2.60
[INFO] [stderr]    Compiling openssl-sys v0.9.113
[INFO] [stderr]    Compiling libz-sys v1.1.28
[INFO] [stderr]    Compiling libssh2-sys v0.3.1
[INFO] [stderr]    Compiling libgit2-sys v0.18.3+1.9.2
[INFO] [stderr]    Compiling git2 v0.20.4
[INFO] [stdout] warning: trailing semicolon in macro used in expression position
[INFO] [stdout]   --> src/types/internal/legacy_rust/manifest_path.rs:28:17
[INFO] [stdout]    |
[INFO] [stdout] 28 |                 eyre::bail!("the manifest-path must be a path to a Cargo.toml file")
[INFO] [stdout]    |                 ^^^^^^^^^^^^^^^^^^^^^^^^^^^^^^^^^^^^^^^^^^^^^^^^^^^^^^^^^^^^^^^^^^^^
[INFO] [stdout]    |
[INFO] [stdout]    = note: macro invocations at the end of a block are treated as expressions
[INFO] [stdout]    = note: to ignore the value produced by the macro, add a semicolon after the invocation of `bail`
[INFO] [stdout]    = warning: this was previously accepted by the compiler but is being phased out; it will become a hard error in a future release!
[INFO] [stdout]    = note: for more information, see issue #79813 <https://github.com/rust-lang/rust/issues/79813>
[INFO] [stdout]    = note: `#[warn(semicolon_in_expressions_from_non_local_macros)]` (part of `#[warn(future_incompatible)]`) on by default
[INFO] [stdout]    = note: this warning originates in the macro `eyre::bail` (in Nightly builds, run with -Z macro-backtrace for more info)
[INFO] [stdout] 
[INFO] [stdout] 
[INFO] [stdout] warning: trailing semicolon in macro used in expression position
[INFO] [stdout]   --> src/types/internal/legacy_rust/manifest_path.rs:31:17
[INFO] [stdout]    |
[INFO] [stdout] 31 |                 eyre::bail!("the manifest-path must be a path to a Cargo.toml file")
[INFO] [stdout]    |                 ^^^^^^^^^^^^^^^^^^^^^^^^^^^^^^^^^^^^^^^^^^^^^^^^^^^^^^^^^^^^^^^^^^^^
[INFO] [stdout]    |
[INFO] [stdout]    = note: macro invocations at the end of a block are treated as expressions
[INFO] [stdout]    = note: to ignore the value produced by the macro, add a semicolon after the invocation of `bail`
[INFO] [stdout]    = warning: this was previously accepted by the compiler but is being phased out; it will become a hard error in a future release!
[INFO] [stdout]    = note: for more information, see issue #79813 <https://github.com/rust-lang/rust/issues/79813>
[INFO] [stdout]    = note: this warning originates in the macro `eyre::bail` (in Nightly builds, run with -Z macro-backtrace for more info)
[INFO] [stdout] 
[INFO] [stdout] 
[INFO] [stderr]     Finished `release` profile [optimized] target(s) in 1m 59s
[INFO] running `Command { std: "docker" "inspect" "41e2f6f4fdbae4c26e5d382ae182eb61bcf9ccf4d55ac3d62e55ede91b0344b4", kill_on_drop: false }`
[INFO] running `Command { std: "docker" "exec" "-e" "SOURCE_DIR=/opt/rustwide/workdir" "-e" "CARGO_HOME=/opt/rustwide/cargo-home" "-e" "RUSTUP_HOME=/opt/rustwide/rustup-home" "-e" "CARGO_TARGET_DIR=/opt/rustwide/target" "-e" "CARGO_INCREMENTAL=0" "-e" "RUST_BACKTRACE=full" "-e" "RUSTFLAGS=--cap-lints=warn" "-e" "RUSTDOCFLAGS=--cap-lints=warn" "-w" "/opt/rustwide/workdir" "--user" "0:0" "41e2f6f4fdbae4c26e5d382ae182eb61bcf9ccf4d55ac3d62e55ede91b0344b4" "/opt/rustwide/cargo-home/bin/cargo" "+1.99.0-beta.8" "test" "--frozen" "--release", kill_on_drop: false }`
[INFO] [stderr] warning: trailing semicolon in macro used in expression position
[INFO] [stderr]   --> src/types/internal/legacy_rust/manifest_path.rs:28:17
[INFO] [stderr]    |
[INFO] [stderr] 28 |                 eyre::bail!("the manifest-path must be a path to a Cargo.toml file")
[INFO] [stderr]    |                 ^^^^^^^^^^^^^^^^^^^^^^^^^^^^^^^^^^^^^^^^^^^^^^^^^^^^^^^^^^^^^^^^^^^^
[INFO] [stderr]    |
[INFO] [stderr]    = note: macro invocations at the end of a block are treated as expressions
[INFO] [stderr]    = note: to ignore the value produced by the macro, add a semicolon after the invocation of `bail`
[INFO] [stderr]    = warning: this was previously accepted by the compiler but is being phased out; it will become a hard error in a future release!
[INFO] [stderr]    = note: for more information, see issue #79813 <https://github.com/rust-lang/rust/issues/79813>
[INFO] [stderr]    = note: `#[warn(semicolon_in_expressions_from_non_local_macros)]` (part of `#[warn(future_incompatible)]`) on by default
[INFO] [stderr]    = note: this warning originates in the macro `eyre::bail` (in Nightly builds, run with -Z macro-backtrace for more info)
[INFO] [stderr] 
[INFO] [stderr] warning: trailing semicolon in macro used in expression position
[INFO] [stderr]   --> src/types/internal/legacy_rust/manifest_path.rs:31:17
[INFO] [stderr]    |
[INFO] [stderr] 31 |                 eyre::bail!("the manifest-path must be a path to a Cargo.toml file")
[INFO] [stderr]    |                 ^^^^^^^^^^^^^^^^^^^^^^^^^^^^^^^^^^^^^^^^^^^^^^^^^^^^^^^^^^^^^^^^^^^^
[INFO] [stderr]    |
[INFO] [stderr]    = note: macro invocations at the end of a block are treated as expressions
[INFO] [stderr]    = note: to ignore the value produced by the macro, add a semicolon after the invocation of `bail`
[INFO] [stderr]    = warning: this was previously accepted by the compiler but is being phased out; it will become a hard error in a future release!
[INFO] [stderr]    = note: for more information, see issue #79813 <https://github.com/rust-lang/rust/issues/79813>
[INFO] [stderr]    = note: this warning originates in the macro `eyre::bail` (in Nightly builds, run with -Z macro-backtrace for more info)
[INFO] [stderr] 
[INFO] [stderr] warning: `near-verify-rs` (lib) generated 2 warnings
[INFO] [stderr] warning: `near-verify-rs` (lib test) generated 2 warnings (2 duplicates)
[INFO] [stderr]     Finished `release` profile [optimized] target(s) in 0.22s
[INFO] [stderr]      Running unittests src/lib.rs (/opt/rustwide/target/release/deps/near_verify_rs-8467a51e1f1254b2)
[INFO] [stdout] 
[INFO] [stdout] running 4 tests
[INFO] [stdout] test types::source_id::tests::test_for_git ... ok
[INFO] [stderr]      Running tests/checkout.rs (/opt/rustwide/target/release/deps/checkout-702564e794258547)
[INFO] [stdout] test types::source_id::tests::test_source_id_from_url ... ok
[INFO] [stdout] test types::contract_source_metadata::tests::test_parse_old_1_0_metadata ... ok
[INFO] [stdout] test types::contract_source_metadata::validate::tests::check_regex ... ok
[INFO] [stdout] 
[INFO] [stdout] test result: ok. 4 passed; 0 failed; 0 ignored; 0 measured; 0 filtered out; finished in 0.00s
[INFO] [stdout] 
[INFO] [stdout] 
[INFO] [stdout] running 1 test
[INFO] [stdout] test test_checkout ... ignored
[INFO] [stdout] 
[INFO] [stdout] test result: ok. 0 passed; 0 failed; 1 ignored; 0 measured; 0 filtered out; finished in 0.00s
[INFO] [stdout] 
[INFO] [stderr]      Running tests/tests.rs (/opt/rustwide/target/release/deps/tests-0f1bfc2dd459977a)
[INFO] [stdout] 
[INFO] [stdout] running 22 tests
[INFO] [stdout] test checkout::test_checkout ... ignored
[INFO] [stdout] test test_double_nested_factory_1st_level_with_out_path ... FAILED
[INFO] [stdout] test test_simple_factory_product_vanilla ... FAILED
[INFO] [stdout] test test_simple_factory_product_with_out_path_and_features ... FAILED
[INFO] [stdout] test test_simple_factory_product_with_out_path_with_passed_env ... FAILED
[INFO] [stdout] test test_double_nested_factory_2nd_level_with_out_path ... FAILED
[INFO] [stdout] test test_simple_factory_product_with_features ... FAILED
[INFO] [stdout] test test_simple_factory_with_features ... FAILED
[INFO] [stdout] test test_simple_factory_with_out_path ... FAILED
[INFO] [stdout] test test_simple_factory_vanilla ... FAILED
[INFO] [stdout] test test_simple_factory_product_with_out_path ... FAILED
[INFO] [stdout] test test_double_nested_factory_product_with_out_path ... FAILED
[INFO] [stdout] test whitelist::decline::test_decline_simple_package_with_invalid_out_path ... ok
[INFO] [stdout] test whitelist::decline::test_decline_simple_package_with_unexpected_image ... ok
[INFO] [stdout] test whitelist::test_simple_package_with_nonstandard_image ... ok
[INFO] [stdout] test test_simple_package_with_out_path ... FAILED
[INFO] [stdout] test test_simple_package_with_wrong_out_path ... FAILED
[INFO] [stdout] test test_simple_package_vanilla ... FAILED
[INFO] [stdout] test test_simple_package_with_passed_env ... FAILED
[INFO] [stdout] test test_simple_factory_with_out_path_with_passed_env ... FAILED
[INFO] [stdout] test test_simple_factory_with_out_path_and_features ... FAILED
[INFO] [stdout] test test_simple_package_with_features ... FAILED
[INFO] [stdout] 
[INFO] [stdout] failures:
[INFO] [stdout] 
[INFO] [stdout] ---- test_double_nested_factory_1st_level_with_out_path stdout ----
[INFO] [stdout] rev: 12d1b6558444b2aab00aee3a03cdb3aa729d5006
[INFO] [stdout] Error: failed to resolve address for github.com: Temporary failure in name resolution; class=Net (12)
[INFO] [stdout] 
[INFO] [stdout] Location:
[INFO] [stdout]     tests/checkout.rs:8:16
[INFO] [stdout] 
[INFO] [stdout] ---- test_simple_factory_product_vanilla stdout ----
[INFO] [stdout] rev: dffdd3a2a33ee3aebb0a72cdccd902f5ab69989c
[INFO] [stdout] Error: failed to resolve address for github.com: Temporary failure in name resolution; class=Net (12)
[INFO] [stdout] 
[INFO] [stdout] Location:
[INFO] [stdout]     tests/checkout.rs:8:16
[INFO] [stdout] 
[INFO] [stdout] ---- test_simple_factory_product_with_out_path_and_features stdout ----
[INFO] [stdout] rev: 5530049ceb73e62aff368a631068d0790b2ca6fe
[INFO] [stdout] Error: failed to resolve address for github.com: Temporary failure in name resolution; class=Net (12)
[INFO] [stdout] 
[INFO] [stdout] Location:
[INFO] [stdout]     tests/checkout.rs:8:16
[INFO] [stdout] 
[INFO] [stdout] ---- test_simple_factory_product_with_out_path_with_passed_env stdout ----
[INFO] [stdout] rev: 119cc225e72e4a7889a87c8ea8d78f5c8ae349ee
[INFO] [stdout] Error: failed to resolve address for github.com: Temporary failure in name resolution; class=Net (12)
[INFO] [stdout] 
[INFO] [stdout] Location:
[INFO] [stdout]     tests/checkout.rs:8:16
[INFO] [stdout] 
[INFO] [stdout] ---- test_double_nested_factory_2nd_level_with_out_path stdout ----
[INFO] [stdout] rev: 12d1b6558444b2aab00aee3a03cdb3aa729d5006
[INFO] [stdout] Error: failed to resolve address for github.com: Temporary failure in name resolution; class=Net (12)
[INFO] [stdout] 
[INFO] [stdout] Location:
[INFO] [stdout]     tests/checkout.rs:8:16
[INFO] [stdout] 
[INFO] [stdout] ---- test_simple_factory_product_with_features stdout ----
[INFO] [stdout] rev: 0db6242138876e591900d3c0fdac95cc74ac6e89
[INFO] [stdout] Error: failed to resolve address for github.com: Temporary failure in name resolution; class=Net (12)
[INFO] [stdout] 
[INFO] [stdout] Location:
[INFO] [stdout]     tests/checkout.rs:8:16
[INFO] [stdout] 
[INFO] [stdout] ---- test_simple_factory_with_features stdout ----
[INFO] [stdout] rev: 0db6242138876e591900d3c0fdac95cc74ac6e89
[INFO] [stdout] Error: failed to resolve address for github.com: Temporary failure in name resolution; class=Net (12)
[INFO] [stdout] 
[INFO] [stdout] Location:
[INFO] [stdout]     tests/checkout.rs:8:16
[INFO] [stdout] 
[INFO] [stdout] ---- test_simple_factory_with_out_path stdout ----
[INFO] [stdout] rev: ddf06c68cec61fa8203843f1481de84b38d33b74
[INFO] [stdout] Error: failed to resolve address for github.com: Temporary failure in name resolution; class=Net (12)
[INFO] [stdout] 
[INFO] [stdout] Location:
[INFO] [stdout]     tests/checkout.rs:8:16
[INFO] [stdout] 
[INFO] [stdout] ---- test_simple_factory_vanilla stdout ----
[INFO] [stdout] rev: dffdd3a2a33ee3aebb0a72cdccd902f5ab69989c
[INFO] [stdout] Error: failed to resolve address for github.com: Temporary failure in name resolution; class=Net (12)
[INFO] [stdout] 
[INFO] [stdout] Location:
[INFO] [stdout]     tests/checkout.rs:8:16
[INFO] [stdout] 
[INFO] [stdout] ---- test_simple_factory_product_with_out_path stdout ----
[INFO] [stdout] rev: ddf06c68cec61fa8203843f1481de84b38d33b74
[INFO] [stdout] Error: failed to resolve address for github.com: Temporary failure in name resolution; class=Net (12)
[INFO] [stdout] 
[INFO] [stdout] Location:
[INFO] [stdout]     tests/checkout.rs:8:16
[INFO] [stdout] 
[INFO] [stdout] ---- test_double_nested_factory_product_with_out_path stdout ----
[INFO] [stdout] rev: 12d1b6558444b2aab00aee3a03cdb3aa729d5006
[INFO] [stdout] Error: failed to resolve address for github.com: Temporary failure in name resolution; class=Net (12)
[INFO] [stdout] 
[INFO] [stdout] Location:
[INFO] [stdout]     tests/checkout.rs:8:16
[INFO] [stdout] 
[INFO] [stdout] ---- test_simple_package_with_out_path stdout ----
[INFO] [stdout] rev: 2a8369686e8793d17925e69e948d1df5f867fdfb
[INFO] [stdout] Error: failed to resolve address for github.com: Temporary failure in name resolution; class=Net (12)
[INFO] [stdout] 
[INFO] [stdout] Location:
[INFO] [stdout]     tests/checkout.rs:8:16
[INFO] [stdout] 
[INFO] [stdout] ---- test_simple_package_with_wrong_out_path stdout ----
[INFO] [stdout] rev: 2a8369686e8793d17925e69e948d1df5f867fdfb
[INFO] [stdout] Error {
[INFO] [stdout]     code: -1,
[INFO] [stdout]     klass: 12,
[INFO] [stdout]     message: "failed to resolve address for github.com: Temporary failure in name resolution",
[INFO] [stdout] }
[INFO] [stdout] 
[INFO] [stdout] thread 'test_simple_package_with_wrong_out_path' (2555) panicked at tests/tests.rs:373:5:
[INFO] [stdout] assertion failed: format!("{:?}",
[INFO] [stdout]         err).contains("assumed artifact result path for a generic nep330 1.3.0 compliant docker build not found")
[INFO] [stdout] stack backtrace:
[INFO] [stdout]    0:     0x5c6b9c8c4fc1 - <<std[70759c8f55707aa4]::sys::backtrace::BacktraceLock>::print::DisplayBacktrace as core[df12db4294e9bfd3]::fmt::Display>::fmt
[INFO] [stdout]    1:     0x5c6b9c8dd70a - core[df12db4294e9bfd3]::fmt::write
[INFO] [stdout]    2:     0x5c6b9c8caddc - <alloc[2182bb758b4b3781]::vec::Vec<u8> as core[df12db4294e9bfd3]::io::write::Write>::write_fmt
[INFO] [stdout]    3:     0x5c6b9c89e946 - std[70759c8f55707aa4]::panicking::default_hook::{closure#0}
[INFO] [stdout]    4:     0x5c6b9c8bc529 - std[70759c8f55707aa4]::panicking::default_hook
[INFO] [stdout]    5:     0x5c6b9c717210 - test[9d35eded1c95d3be]::test_main_inner::<test[9d35eded1c95d3be]::test_main_static::{closure#0}>::{closure#0}
[INFO] [stdout]    6:     0x5c6b9c8bc852 - std[70759c8f55707aa4]::panicking::panic_with_hook
[INFO] [stdout]    7:     0x5c6b9c89ea24 - std[70759c8f55707aa4]::panicking::panic_handler::{closure#0}
[INFO] [stdout]    8:     0x5c6b9c8971e9 - std[70759c8f55707aa4]::sys::backtrace::__rust_end_short_backtrace::<std[70759c8f55707aa4]::panicking::panic_handler::{closure#0}, !>
[INFO] [stdout]    9:     0x5c6b9c89f70d - __rustc[8fa7c3cbc660c2b3]::rust_begin_unwind
[INFO] [stdout]   10:     0x5c6b9c8ddeec - core[df12db4294e9bfd3]::panicking::panic_fmt
[INFO] [stdout]   11:     0x5c6b9c8ddeb2 - core[df12db4294e9bfd3]::panicking::panic
[INFO] [stdout]   12:     0x5c6b9c61ed2e - <tests[48eef0e8949cda75]::test_simple_package_with_wrong_out_path::{closure#0} as core[df12db4294e9bfd3]::ops::function::FnOnce<()>>::call_once
[INFO] [stdout]   13:     0x5c6b9c70a4fb - test[9d35eded1c95d3be]::__rust_begin_short_backtrace::<core[df12db4294e9bfd3]::result::Result<(), alloc[2182bb758b4b3781]::string::String>, fn() -> core[df12db4294e9bfd3]::result::Result<(), alloc[2182bb758b4b3781]::string::String>>
[INFO] [stdout]   14:     0x5c6b9c717b65 - test[9d35eded1c95d3be]::run_test::{closure#0}
[INFO] [stdout]   15:     0x5c6b9c711424 - std[70759c8f55707aa4]::sys::backtrace::__rust_begin_short_backtrace::<test[9d35eded1c95d3be]::run_test::{closure#1}, ()>
[INFO] [stdout]   16:     0x5c6b9c71acc2 - <std[70759c8f55707aa4]::thread::lifecycle::spawn_unchecked<test[9d35eded1c95d3be]::run_test::{closure#1}, ()>::{closure#1} as core[df12db4294e9bfd3]::ops::function::FnOnce<()>>::call_once::{shim:vtable#0}
[INFO] [stdout]   17:     0x5c6b9c8c44b9 - <std[70759c8f55707aa4]::sys::thread::unix::Thread>::new::thread_start
[INFO] [stdout]   18:     0x7de4646e8dfa - <unknown>
[INFO] [stdout]   19:     0x7de46477c3d4 - clone
[INFO] [stdout]   20:                0x0 - <unknown>
[INFO] [stdout] 
[INFO] [stdout] ---- test_simple_package_vanilla stdout ----
[INFO] [stdout] rev: e3303f0cf8761b99f84f93c3a2d7046be6f4edb5
[INFO] [stdout] Error: failed to resolve address for github.com: Temporary failure in name resolution; class=Net (12)
[INFO] [stdout] 
[INFO] [stdout] Location:
[INFO] [stdout]     tests/checkout.rs:8:16
[INFO] [stdout] 
[INFO] [stdout] ---- test_simple_package_with_passed_env stdout ----
[INFO] [stdout] rev: 4f593556476fb0c5d71a73e615a391a972aa586a
[INFO] [stdout] Error: failed to resolve address for github.com: Temporary failure in name resolution; class=Net (12)
[INFO] [stdout] 
[INFO] [stdout] Location:
[INFO] [stdout]     tests/checkout.rs:8:16
[INFO] [stdout] 
[INFO] [stdout] ---- test_simple_factory_with_out_path_with_passed_env stdout ----
[INFO] [stdout] rev: 119cc225e72e4a7889a87c8ea8d78f5c8ae349ee
[INFO] [stdout] Error: failed to resolve address for github.com: Temporary failure in name resolution; class=Net (12)
[INFO] [stdout] 
[INFO] [stdout] Location:
[INFO] [stdout]     tests/checkout.rs:8:16
[INFO] [stdout] 
[INFO] [stdout] ---- test_simple_factory_with_out_path_and_features stdout ----
[INFO] [stdout] rev: 5530049ceb73e62aff368a631068d0790b2ca6fe
[INFO] [stdout] Error: failed to resolve address for github.com: Temporary failure in name resolution; class=Net (12)
[INFO] [stdout] 
[INFO] [stdout] Location:
[INFO] [stdout]     tests/checkout.rs:8:16
[INFO] [stdout] 
[INFO] [stdout] ---- test_simple_package_with_features stdout ----
[INFO] [stdout] rev: 6fc35ed210d3578b301e25b3b8c11fb53767d032
[INFO] [stdout] Error: failed to resolve address for github.com: Temporary failure in name resolution; class=Net (12)
[INFO] [stdout] 
[INFO] [stdout] Location:
[INFO] [stdout]     tests/checkout.rs:8:16
[INFO] [stdout] 
[INFO] [stdout] 
[INFO] [stdout] failures:
[INFO] [stdout]     test_double_nested_factory_1st_level_with_out_path
[INFO] [stdout]     test_double_nested_factory_2nd_level_with_out_path
[INFO] [stdout]     test_double_nested_factory_product_with_out_path
[INFO] [stdout]     test_simple_factory_product_vanilla
[INFO] [stdout]     test_simple_factory_product_with_features
[INFO] [stdout]     test_simple_factory_product_with_out_path
[INFO] [stdout]     test_simple_factory_product_with_out_path_and_features
[INFO] [stdout]     test_simple_factory_product_with_out_path_with_passed_env
[INFO] [stdout]     test_simple_factory_vanilla
[INFO] [stdout]     test_simple_factory_with_features
[INFO] [stdout]     test_simple_factory_with_out_path
[INFO] [stdout]     test_simple_factory_with_out_path_and_features
[INFO] [stdout]     test_simple_factory_with_out_path_with_passed_env
[INFO] [stdout]     test_simple_package_vanilla
[INFO] [stdout]     test_simple_package_with_features
[INFO] [stdout]     test_simple_package_with_out_path
[INFO] [stdout]     test_simple_package_with_passed_env
[INFO] [stdout]     test_simple_package_with_wrong_out_path
[INFO] [stdout] 
[INFO] [stdout] test result: FAILED. 3 passed; 18 failed; 1 ignored; 0 measured; 0 filtered out; finished in 0.17s
[INFO] [stdout] 
[INFO] [stderr] error: test failed, to rerun pass `--test tests`
[INFO] running `Command { std: "docker" "inspect" "41e2f6f4fdbae4c26e5d382ae182eb61bcf9ccf4d55ac3d62e55ede91b0344b4", kill_on_drop: false }`
[INFO] running `Command { std: "docker" "rm" "-f" "41e2f6f4fdbae4c26e5d382ae182eb61bcf9ccf4d55ac3d62e55ede91b0344b4", kill_on_drop: false }`
[INFO] [stdout] 41e2f6f4fdbae4c26e5d382ae182eb61bcf9ccf4d55ac3d62e55ede91b0344b4
