[INFO] fetching crate ndic-zarr 0.2.5...
[INFO] testing ndic-zarr-0.2.5 against 1.99.0-beta.8+cargoflags=--release for beta-release-1.100-2
[INFO] extracting crate ndic-zarr 0.2.5 into /workspace/builds/worker-2-tc1/source
[INFO] started tweaking crates.io crate ndic-zarr 0.2.5
[INFO] removed 0 missing tests
[INFO] finished tweaking crates.io crate ndic-zarr 0.2.5
[INFO] tweaked toml for crates.io crate ndic-zarr 0.2.5 written to /workspace/builds/worker-2-tc1/source/Cargo.toml
[INFO] validating manifest of crates.io crate ndic-zarr 0.2.5 on toolchain 1.99.0-beta.8
[INFO] running `Command { std: CARGO_HOME="/workspace/cargo-home" RUSTUP_HOME="/workspace/rustup-home" "/workspace/cargo-home/bin/cargo" "+1.99.0-beta.8" "metadata" "--manifest-path" "Cargo.toml" "--no-deps", kill_on_drop: false }`
[INFO] crate crates.io crate ndic-zarr 0.2.5 already has a lockfile, it will not be regenerated
[INFO] running `Command { std: CARGO_HOME="/workspace/cargo-home" RUSTUP_HOME="/workspace/rustup-home" "/workspace/cargo-home/bin/cargo" "+1.99.0-beta.8" "fetch" "--manifest-path" "Cargo.toml", kill_on_drop: false }`
[INFO] [stderr]     Updating crates.io index
[INFO] [stderr]  Downloading crates ...
[INFO] [stderr]   Downloaded zarrs_storage v0.4.5
[INFO] [stderr]   Downloaded ndic-htj2k v0.2.5
[INFO] [stderr]   Downloaded ndic-lift v0.2.5
[INFO] [stderr]   Downloaded ndic-core v0.2.5
[INFO] [stderr]   Downloaded ndic-zfp v0.2.5
[INFO] [stderr]   Downloaded zfp-rs v0.1.1
[INFO] [stderr]   Downloaded ndic-codestream v0.2.5
[INFO] running `Command { std: "docker" "create" "-v" "/var/lib/crater-agent-workspace/builds/worker-2-tc1/source:/opt/rustwide/workdir:ro,Z" "-v" "/var/lib/crater-agent-workspace/builds/worker-2-tc1/target:/opt/rustwide/target:rw,Z" "-v" "/var/lib/crater-agent-workspace/cargo-home:/opt/rustwide/cargo-home:ro,Z" "-v" "/var/lib/crater-agent-workspace/rustup-home:/opt/rustwide/rustup-home:ro,Z" "-m" "1610612736" "--network" "none" "ghcr.io/rust-lang/crates-build-env/linux@sha256:77db811e55d90add9212f6832c23229e3de5f1c1f9905e8cb07319ea15df73ac" "sleep" "infinity", kill_on_drop: false }`
[INFO] [stdout] d0d4d9884ced923d8fa8cafd306d1b4621f6454a35e74b8ba8e9b7c66890308d
[INFO] running `Command { std: "docker" "start" "d0d4d9884ced923d8fa8cafd306d1b4621f6454a35e74b8ba8e9b7c66890308d", kill_on_drop: false }`
[INFO] running `Command { std: "docker" "inspect" "d0d4d9884ced923d8fa8cafd306d1b4621f6454a35e74b8ba8e9b7c66890308d", kill_on_drop: false }`
[INFO] running `Command { std: "docker" "exec" "-e" "SOURCE_DIR=/opt/rustwide/workdir" "-e" "CARGO_HOME=/opt/rustwide/cargo-home" "-e" "RUSTUP_HOME=/opt/rustwide/rustup-home" "-e" "CARGO_TARGET_DIR=/opt/rustwide/target" "-w" "/opt/rustwide/workdir" "--user" "0:0" "d0d4d9884ced923d8fa8cafd306d1b4621f6454a35e74b8ba8e9b7c66890308d" "/opt/rustwide/cargo-home/bin/cargo" "+1.99.0-beta.8" "metadata" "--no-deps" "--format-version=1", kill_on_drop: false }`
[INFO] running `Command { std: "docker" "inspect" "d0d4d9884ced923d8fa8cafd306d1b4621f6454a35e74b8ba8e9b7c66890308d", kill_on_drop: false }`
[INFO] running `Command { std: "docker" "exec" "-e" "SOURCE_DIR=/opt/rustwide/workdir" "-e" "CARGO_HOME=/opt/rustwide/cargo-home" "-e" "RUSTUP_HOME=/opt/rustwide/rustup-home" "-e" "CARGO_TARGET_DIR=/opt/rustwide/target" "-e" "CARGO_INCREMENTAL=0" "-e" "RUST_BACKTRACE=full" "-e" "RUSTFLAGS=--cap-lints=warn" "-e" "RUSTDOCFLAGS=--cap-lints=warn" "-w" "/opt/rustwide/workdir" "--user" "0:0" "d0d4d9884ced923d8fa8cafd306d1b4621f6454a35e74b8ba8e9b7c66890308d" "/opt/rustwide/cargo-home/bin/cargo" "+1.99.0-beta.8" "build" "--frozen" "--message-format=json" "--release", kill_on_drop: false }`
[INFO] [stderr]    Compiling proc-macro2 v1.0.107
[INFO] [stderr]    Compiling thiserror v2.0.19
[INFO] [stderr]    Compiling bitflags v2.13.1
[INFO] [stderr]    Compiling serde_json v1.0.151
[INFO] [stderr]    Compiling quote v1.0.47
[INFO] [stderr]    Compiling syn v3.0.3
[INFO] [stderr]    Compiling syn v2.0.119
[INFO] [stderr]    Compiling thiserror-impl v2.0.19
[INFO] [stderr]    Compiling serde_derive v1.0.229
[INFO] [stderr]    Compiling bytemuck_derive v1.11.0
[INFO] [stderr]    Compiling bytemuck v1.25.2
[INFO] [stderr]    Compiling ndic-core v0.2.5
[INFO] [stderr]    Compiling zfp-rs v0.1.1
[INFO] [stderr]    Compiling ndic-htj2k v0.2.5
[INFO] [stderr]    Compiling ndic-lift v0.2.5
[INFO] [stderr]    Compiling ndic-codestream v0.2.5
[INFO] [stderr]    Compiling ndic-zfp v0.2.5
[INFO] [stderr]    Compiling serde v1.0.229
[INFO] [stderr]    Compiling ndic-zarr v0.2.5 (/opt/rustwide/workdir)
[INFO] [stderr]     Finished `release` profile [optimized] target(s) in 20.62s
[INFO] running `Command { std: "docker" "inspect" "d0d4d9884ced923d8fa8cafd306d1b4621f6454a35e74b8ba8e9b7c66890308d", kill_on_drop: false }`
[INFO] running `Command { std: "docker" "exec" "-e" "SOURCE_DIR=/opt/rustwide/workdir" "-e" "CARGO_HOME=/opt/rustwide/cargo-home" "-e" "RUSTUP_HOME=/opt/rustwide/rustup-home" "-e" "CARGO_TARGET_DIR=/opt/rustwide/target" "-e" "CARGO_INCREMENTAL=0" "-e" "RUST_BACKTRACE=full" "-e" "RUSTFLAGS=--cap-lints=warn" "-e" "RUSTDOCFLAGS=--cap-lints=warn" "-w" "/opt/rustwide/workdir" "--user" "0:0" "d0d4d9884ced923d8fa8cafd306d1b4621f6454a35e74b8ba8e9b7c66890308d" "/opt/rustwide/cargo-home/bin/cargo" "+1.99.0-beta.8" "test" "--frozen" "--no-run" "--message-format=json" "--release", kill_on_drop: false }`
[INFO] [stderr]    Compiling syn v2.0.119
[INFO] [stderr]    Compiling find-msvc-tools v0.1.9
[INFO] [stderr]    Compiling syn v3.0.3
[INFO] [stderr]    Compiling pkg-config v0.3.33
[INFO] [stderr]    Compiling num-traits v0.2.19
[INFO] [stderr]    Compiling unicode-segmentation v1.13.3
[INFO] [stderr]    Compiling serde_json v1.0.151
[INFO] [stderr]    Compiling indexmap v2.14.0
[INFO] [stderr]    Compiling unicode-xid v0.2.6
[INFO] [stderr]    Compiling zerocopy v0.8.55
[INFO] [stderr]    Compiling crossbeam-epoch v0.9.20
[INFO] [stderr]    Compiling aho-corasick v1.1.4
[INFO] [stderr]    Compiling either v1.17.0
[INFO] [stderr]    Compiling paste v1.0.15
[INFO] [stderr]    Compiling futures-core v0.3.33
[INFO] [stderr]    Compiling futures-sink v0.3.33
[INFO] [stderr]    Compiling cc v1.4.0
[INFO] [stderr]    Compiling slab v0.4.12
[INFO] [stderr]    Compiling futures-channel v0.3.33
[INFO] [stderr]    Compiling futures-task v0.3.33
[INFO] [stderr]    Compiling inventory v0.3.24
[INFO] [stderr]    Compiling futures-io v0.3.33
[INFO] [stderr]    Compiling itertools v0.14.0
[INFO] [stderr]    Compiling matrixmultiply v0.3.11
[INFO] [stderr]    Compiling tinyvec_macros v0.1.1
[INFO] [stderr]    Compiling smallvec v1.15.2
[INFO] [stderr]    Compiling portable-atomic v1.14.0
[INFO] [stderr]    Compiling unsafe_cell_slice v0.2.2
[INFO] [stderr]    Compiling tinyvec v1.12.0
[INFO] [stderr]    Compiling getrandom v0.4.3
[INFO] [stderr]    Compiling rawpointer v0.2.1
[INFO] [stderr]    Compiling crossbeam-channel v0.5.16
[INFO] [stderr]    Compiling crossbeam-deque v0.8.7
[INFO] [stderr]    Compiling convert_case v0.10.0
[INFO] [stderr]    Compiling parking_lot_core v0.9.12
[INFO] [stderr]    Compiling uuid v1.24.0
[INFO] [stderr]    Compiling tagptr v0.2.0
[INFO] [stderr]    Compiling async-lock v3.4.2
[INFO] [stderr]    Compiling lru v0.16.4
[INFO] [stderr]    Compiling rayon-core v1.13.0
[INFO] [stderr]    Compiling parking_lot v0.12.5
[INFO] [stderr]    Compiling thread_local v1.1.10
[INFO] [stderr]    Compiling log v0.4.33
[INFO] [stderr]    Compiling moka v0.12.15
[INFO] [stderr]    Compiling num-integer v0.1.46
[INFO] [stderr]    Compiling rayon v1.12.0
[INFO] [stderr]    Compiling regex-automata v0.4.16
[INFO] [stderr]    Compiling link-cplusplus v1.0.12
[INFO] [stderr]    Compiling libz-sys v1.1.29
[INFO] [stderr]    Compiling snappy_src v0.2.5+snappy.1.2.2
[INFO] [stderr]    Compiling zstd-sys v2.0.16+zstd.1.5.7
[INFO] [stderr]    Compiling lz4-sys v1.11.1+lz4-1.10.0
[INFO] [stderr]    Compiling num-bigint v0.4.8
[INFO] [stderr]    Compiling num-iter v0.1.46
[INFO] [stderr]    Compiling blosc-src v0.3.8
[INFO] [stderr]    Compiling zarrs v0.23.13
[INFO] [stderr]    Compiling num-rational v0.4.2
[INFO] [stderr]    Compiling thiserror-impl v2.0.19
[INFO] [stderr]    Compiling serde_derive v1.0.229
[INFO] [stderr]    Compiling monostate-impl v1.0.3
[INFO] [stderr]    Compiling serde_repr v0.1.21
[INFO] [stderr]    Compiling monostate v1.0.3
[INFO] [stderr]    Compiling async-trait v0.1.91
[INFO] [stderr]    Compiling rayon_iter_concurrent_limit v0.2.0
[INFO] [stderr]    Compiling bytemuck_derive v1.11.0
[INFO] [stderr]    Compiling derive_more-impl v2.1.1
[INFO] [stderr]    Compiling zerocopy-derive v0.8.55
[INFO] [stderr]    Compiling futures-macro v0.3.33
[INFO] [stderr]    Compiling auto_impl v1.3.0
[INFO] [stderr]    Compiling thiserror v2.0.19
[INFO] [stderr]    Compiling futures-util v0.3.33
[INFO] [stderr]    Compiling bytemuck v1.25.2
[INFO] [stderr]    Compiling num-complex v0.4.6
[INFO] [stderr]    Compiling regex v1.13.1
[INFO] [stderr]    Compiling derive_more v2.1.1
[INFO] [stderr]    Compiling zarrs_plugin v0.4.1
[INFO] [stderr]    Compiling ndic-core v0.2.5
[INFO] [stderr]    Compiling num v0.4.3
[INFO] [stderr]    Compiling zarrs_storage v0.4.5
[INFO] [stderr]    Compiling serde v1.0.229
[INFO] [stderr]    Compiling ndic-lift v0.2.5
[INFO] [stderr]    Compiling ndic-htj2k v0.2.5
[INFO] [stderr]    Compiling zfp-rs v0.1.1
[INFO] [stderr]    Compiling ndic-codestream v0.2.5
[INFO] [stderr]    Compiling futures-executor v0.3.33
[INFO] [stderr]    Compiling ndic-zfp v0.2.5
[INFO] [stderr]    Compiling futures v0.3.33
[INFO] [stderr]    Compiling ndarray v0.17.2
[INFO] [stderr]    Compiling half v2.7.1
[INFO] [stderr]    Compiling ndic-zarr v0.2.5 (/opt/rustwide/workdir)
[INFO] [stderr]    Compiling zarrs_metadata v0.7.5
[INFO] [stderr]    Compiling zarrs_data_type v0.9.0
[INFO] [stderr]    Compiling zarrs_chunk_grid v0.5.1
[INFO] [stderr]    Compiling zarrs_metadata_ext v0.4.4
[INFO] [stderr]    Compiling zarrs_chunk_key_encoding v0.2.0
[INFO] [stderr]    Compiling zarrs_codec v0.2.1
[INFO] [stderr]     Finished `release` profile [optimized] target(s) in 2m 05s
[INFO] running `Command { std: "docker" "inspect" "d0d4d9884ced923d8fa8cafd306d1b4621f6454a35e74b8ba8e9b7c66890308d", kill_on_drop: false }`
[INFO] running `Command { std: "docker" "exec" "-e" "SOURCE_DIR=/opt/rustwide/workdir" "-e" "CARGO_HOME=/opt/rustwide/cargo-home" "-e" "RUSTUP_HOME=/opt/rustwide/rustup-home" "-e" "CARGO_TARGET_DIR=/opt/rustwide/target" "-e" "CARGO_INCREMENTAL=0" "-e" "RUST_BACKTRACE=full" "-e" "RUSTFLAGS=--cap-lints=warn" "-e" "RUSTDOCFLAGS=--cap-lints=warn" "-w" "/opt/rustwide/workdir" "--user" "0:0" "d0d4d9884ced923d8fa8cafd306d1b4621f6454a35e74b8ba8e9b7c66890308d" "/opt/rustwide/cargo-home/bin/cargo" "+1.99.0-beta.8" "test" "--frozen" "--release", kill_on_drop: false }`
[INFO] [stderr]     Finished `release` profile [optimized] target(s) in 0.20s
[INFO] [stderr]      Running unittests src/lib.rs (/opt/rustwide/target/release/deps/ndic_zarr-5219f2e44c2aca3d)
[INFO] [stdout] 
[INFO] [stdout] running 18 tests
[INFO] [stdout] test htj2k::tests::int32_planes_with_narrow_range_encode ... ok
[INFO] [stdout] test series::tests::t_chunk_of_one_stays_leading_and_untransformed ... ok
[INFO] [stdout] test series::tests::exact_override_decorrelates_channels_only ... ok
[INFO] [stdout] test series::tests::primary_spatial_axes_are_rejected ... ok
[INFO] [stdout] test htj2k::tests::config_defaults_match_the_series_builder ... ok
[INFO] [stdout] test htj2k::tests::chunk_round_trips_u16 ... ok
[INFO] [stdout] test lift::tests::round_trips_u16 ... ok
[INFO] [stdout] test series::tests::lift_ht_tczyx_groups_t_and_z ... ok
[INFO] [stdout] test lift::tests::refuses_unsigned_input_beyond_the_plane ... ok
[INFO] [stdout] test lift::tests::round_trips_u64_in_the_i64_plane ... ok
[INFO] [stdout] test series::tests::delta_axis_moves_fastest ... ok
[INFO] [stdout] test htj2k::tests::chunk_round_trips_without_index ... ok
[INFO] [stdout] test lift::tests::refuses_coefficients_that_do_not_narrow ... ok
[INFO] [stdout] test series::tests::xyz_input_is_transposed_to_zyx ... ok
[INFO] [stdout] test series::tests::remove_default_disables_z ... ok
[INFO] [stdout] test htj2k::tests::full_range_int32_is_refused_with_context ... ok
[INFO] [stdout] test series::tests::zfp_singletons_collapse_via_reshape ... ok
[INFO] [stdout] test series::tests::zfp_rejects_more_than_four_dims ... ok
[INFO] [stderr]      Running tests/delta_zarrs.rs (/opt/rustwide/target/release/deps/delta_zarrs-35d1444458af4d69)
[INFO] [stdout] 
[INFO] [stdout] test result: ok. 18 passed; 0 failed; 0 ignored; 0 measured; 0 filtered out; finished in 0.01s
[INFO] [stdout] 
[INFO] [stdout] 
[INFO] [stdout] running 0 tests
[INFO] [stdout] 
[INFO] [stdout] test result: ok. 0 passed; 0 failed; 0 ignored; 0 measured; 0 filtered out; finished in 0.00s
[INFO] [stdout] 
[INFO] [stderr]      Running tests/htj2k_zarrs.rs (/opt/rustwide/target/release/deps/htj2k_zarrs-fd33e02c65056121)
[INFO] [stdout] 
[INFO] [stdout] running 0 tests
[INFO] [stdout] 
[INFO] [stdout] test result: ok. 0 passed; 0 failed; 0 ignored; 0 measured; 0 filtered out; finished in 0.00s
[INFO] [stdout] 
[INFO] [stderr]      Running tests/lift_zarrs.rs (/opt/rustwide/target/release/deps/lift_zarrs-589f3b60c3173ab1)
[INFO] [stdout] 
[INFO] [stderr]      Running tests/series_matrix.rs (/opt/rustwide/target/release/deps/series_matrix-72d1702aa3623733)
[INFO] [stdout] running 0 tests
[INFO] [stdout] 
[INFO] [stdout] test result: ok. 0 passed; 0 failed; 0 ignored; 0 measured; 0 filtered out; finished in 0.00s
[INFO] [stdout] 
[INFO] [stdout] 
[INFO] [stdout] running 1 test
[INFO] [stdout] test matrix_matches_committed_expectations ... FAILED
[INFO] [stdout] 
[INFO] [stdout] failures:
[INFO] [stdout] 
[INFO] [stdout] ---- matrix_matches_committed_expectations stdout ----
[INFO] [stdout] 
[INFO] [stdout] thread 'matrix_matches_committed_expectations' (2959) panicked at tests/series_matrix.rs:18:10:
[INFO] [stdout] fixture matrix must exist; see scripts/gen-series-fixtures.py: Os { code: 2, kind: NotFound, message: "No such file or directory" }
[INFO] [stdout] stack backtrace:
[INFO] [stdout]    0:     0x5ff4548e19b1 - <<std[70759c8f55707aa4]::sys::backtrace::BacktraceLock>::print::DisplayBacktrace as core[df12db4294e9bfd3]::fmt::Display>::fmt
[INFO] [stdout]    1:     0x5ff4548f670a - core[df12db4294e9bfd3]::fmt::write
[INFO] [stdout]    2:     0x5ff4548e5e4c - <alloc[2182bb758b4b3781]::vec::Vec<u8> as core[df12db4294e9bfd3]::io::write::Write>::write_fmt
[INFO] [stdout]    3:     0x5ff4548bdc36 - std[70759c8f55707aa4]::panicking::default_hook::{closure#0}
[INFO] [stdout]    4:     0x5ff4548d9da9 - std[70759c8f55707aa4]::panicking::default_hook
[INFO] [stdout]    5:     0x5ff454860c20 - test[9d35eded1c95d3be]::test_main_inner::<test[9d35eded1c95d3be]::test_main_static::{closure#0}>::{closure#0}
[INFO] [stdout]    6:     0x5ff4548d9f62 - std[70759c8f55707aa4]::panicking::panic_with_hook
[INFO] [stdout]    7:     0x5ff4548bdce2 - std[70759c8f55707aa4]::panicking::panic_handler::{closure#0}
[INFO] [stdout]    8:     0x5ff4548b68d9 - std[70759c8f55707aa4]::sys::backtrace::__rust_end_short_backtrace::<std[70759c8f55707aa4]::panicking::panic_handler::{closure#0}, !>
[INFO] [stdout]    9:     0x5ff4548be8dd - __rustc[8fa7c3cbc660c2b3]::rust_begin_unwind
[INFO] [stdout]   10:     0x5ff4548f6e3c - core[df12db4294e9bfd3]::panicking::panic_fmt
[INFO] [stdout]   11:     0x5ff4548f6c12 - core[df12db4294e9bfd3]::result::unwrap_failed
[INFO] [stdout]   12:     0x5ff454851636 - <series_matrix[f9ca40b9ae12d998]::matrix_matches_committed_expectations::{closure#0} as core[df12db4294e9bfd3]::ops::function::FnOnce<()>>::call_once
[INFO] [stdout]   13:     0x5ff454853f0b - test[9d35eded1c95d3be]::__rust_begin_short_backtrace::<core[df12db4294e9bfd3]::result::Result<(), alloc[2182bb758b4b3781]::string::String>, fn() -> core[df12db4294e9bfd3]::result::Result<(), alloc[2182bb758b4b3781]::string::String>>
[INFO] [stdout]   14:     0x5ff454861575 - test[9d35eded1c95d3be]::run_test::{closure#0}
[INFO] [stdout]   15:     0x5ff45485ae34 - std[70759c8f55707aa4]::sys::backtrace::__rust_begin_short_backtrace::<test[9d35eded1c95d3be]::run_test::{closure#1}, ()>
[INFO] [stdout]   16:     0x5ff4548646d2 - <std[70759c8f55707aa4]::thread::lifecycle::spawn_unchecked<test[9d35eded1c95d3be]::run_test::{closure#1}, ()>::{closure#1} as core[df12db4294e9bfd3]::ops::function::FnOnce<()>>::call_once::{shim:vtable#0}
[INFO] [stdout]   17:     0x5ff4548e0f19 - <std[70759c8f55707aa4]::sys::thread::unix::Thread>::new::thread_start
[INFO] [stdout]   18:     0x7cc194d80dfa - <unknown>
[INFO] [stdout]   19:     0x7cc194e143d4 - clone
[INFO] [stdout]   20:                0x0 - <unknown>
[INFO] [stdout] 
[INFO] [stdout] 
[INFO] [stdout] failures:
[INFO] [stdout]     matrix_matches_committed_expectations
[INFO] [stdout] 
[INFO] [stdout] test result: FAILED. 0 passed; 1 failed; 0 ignored; 0 measured; 0 filtered out; finished in 0.00s
[INFO] [stdout] 
[INFO] [stderr] error: test failed, to rerun pass `--test series_matrix`
[INFO] running `Command { std: "docker" "inspect" "d0d4d9884ced923d8fa8cafd306d1b4621f6454a35e74b8ba8e9b7c66890308d", kill_on_drop: false }`
[INFO] running `Command { std: "docker" "rm" "-f" "d0d4d9884ced923d8fa8cafd306d1b4621f6454a35e74b8ba8e9b7c66890308d", kill_on_drop: false }`
[INFO] [stdout] d0d4d9884ced923d8fa8cafd306d1b4621f6454a35e74b8ba8e9b7c66890308d
