[INFO] fetching crate ndic-codestream 0.2.5...
[INFO] testing ndic-codestream-0.2.5 against 1.99.0-beta.8+cargoflags=--release for beta-release-1.100-2
[INFO] extracting crate ndic-codestream 0.2.5 into /workspace/builds/worker-0-tc1/source
[INFO] started tweaking crates.io crate ndic-codestream 0.2.5
[INFO] removed 0 missing tests
[INFO] finished tweaking crates.io crate ndic-codestream 0.2.5
[INFO] tweaked toml for crates.io crate ndic-codestream 0.2.5 written to /workspace/builds/worker-0-tc1/source/Cargo.toml
[INFO] validating manifest of crates.io crate ndic-codestream 0.2.5 on toolchain 1.99.0-beta.8
[INFO] running `Command { std: CARGO_HOME="/workspace/cargo-home" RUSTUP_HOME="/workspace/rustup-home" "/workspace/cargo-home/bin/cargo" "+1.99.0-beta.8" "metadata" "--manifest-path" "Cargo.toml" "--no-deps", kill_on_drop: false }`
[INFO] crate crates.io crate ndic-codestream 0.2.5 already has a lockfile, it will not be regenerated
[INFO] running `Command { std: CARGO_HOME="/workspace/cargo-home" RUSTUP_HOME="/workspace/rustup-home" "/workspace/cargo-home/bin/cargo" "+1.99.0-beta.8" "fetch" "--manifest-path" "Cargo.toml", kill_on_drop: false }`
[INFO] [stderr]     Updating crates.io index
[INFO] [stderr]  Downloading crates ...
[INFO] [stderr]   Downloaded ndic-lift v0.2.5
[INFO] [stderr]   Downloaded ndic-htj2k v0.2.5
[INFO] [stderr]   Downloaded ndic-core v0.2.5
[INFO] running `Command { std: "docker" "create" "-v" "/var/lib/crater-agent-workspace/builds/worker-0-tc1/source:/opt/rustwide/workdir:ro,Z" "-v" "/var/lib/crater-agent-workspace/builds/worker-0-tc1/target:/opt/rustwide/target:rw,Z" "-v" "/var/lib/crater-agent-workspace/cargo-home:/opt/rustwide/cargo-home:ro,Z" "-v" "/var/lib/crater-agent-workspace/rustup-home:/opt/rustwide/rustup-home:ro,Z" "-m" "1610612736" "--network" "none" "ghcr.io/rust-lang/crates-build-env/linux@sha256:77db811e55d90add9212f6832c23229e3de5f1c1f9905e8cb07319ea15df73ac" "sleep" "infinity", kill_on_drop: false }`
[INFO] [stdout] 8caf3f019c25a0035f84767492b143270dea73fc8dfa784aadd6eef4715f9405
[INFO] running `Command { std: "docker" "start" "8caf3f019c25a0035f84767492b143270dea73fc8dfa784aadd6eef4715f9405", kill_on_drop: false }`
[INFO] running `Command { std: "docker" "inspect" "8caf3f019c25a0035f84767492b143270dea73fc8dfa784aadd6eef4715f9405", kill_on_drop: false }`
[INFO] running `Command { std: "docker" "exec" "-e" "SOURCE_DIR=/opt/rustwide/workdir" "-e" "CARGO_HOME=/opt/rustwide/cargo-home" "-e" "RUSTUP_HOME=/opt/rustwide/rustup-home" "-e" "CARGO_TARGET_DIR=/opt/rustwide/target" "-w" "/opt/rustwide/workdir" "--user" "0:0" "8caf3f019c25a0035f84767492b143270dea73fc8dfa784aadd6eef4715f9405" "/opt/rustwide/cargo-home/bin/cargo" "+1.99.0-beta.8" "metadata" "--no-deps" "--format-version=1", kill_on_drop: false }`
[INFO] running `Command { std: "docker" "inspect" "8caf3f019c25a0035f84767492b143270dea73fc8dfa784aadd6eef4715f9405", kill_on_drop: false }`
[INFO] running `Command { std: "docker" "exec" "-e" "SOURCE_DIR=/opt/rustwide/workdir" "-e" "CARGO_HOME=/opt/rustwide/cargo-home" "-e" "RUSTUP_HOME=/opt/rustwide/rustup-home" "-e" "CARGO_TARGET_DIR=/opt/rustwide/target" "-e" "CARGO_INCREMENTAL=0" "-e" "RUST_BACKTRACE=full" "-e" "RUSTFLAGS=--cap-lints=warn" "-e" "RUSTDOCFLAGS=--cap-lints=warn" "-w" "/opt/rustwide/workdir" "--user" "0:0" "8caf3f019c25a0035f84767492b143270dea73fc8dfa784aadd6eef4715f9405" "/opt/rustwide/cargo-home/bin/cargo" "+1.99.0-beta.8" "build" "--frozen" "--message-format=json" "--release", kill_on_drop: false }`
[INFO] [stderr]    Compiling syn v3.0.3
[INFO] [stderr]    Compiling syn v2.0.119
[INFO] [stderr]    Compiling bytemuck_derive v1.11.0
[INFO] [stderr]    Compiling thiserror-impl v2.0.19
[INFO] [stderr]    Compiling bytemuck v1.25.2
[INFO] [stderr]    Compiling thiserror v2.0.19
[INFO] [stderr]    Compiling ndic-core v0.2.5
[INFO] [stderr]    Compiling ndic-lift v0.2.5
[INFO] [stderr]    Compiling ndic-htj2k v0.2.5
[INFO] [stderr]    Compiling ndic-codestream v0.2.5 (/opt/rustwide/workdir)
[INFO] [stderr]     Finished `release` profile [optimized] target(s) in 11.68s
[INFO] running `Command { std: "docker" "inspect" "8caf3f019c25a0035f84767492b143270dea73fc8dfa784aadd6eef4715f9405", kill_on_drop: false }`
[INFO] running `Command { std: "docker" "exec" "-e" "SOURCE_DIR=/opt/rustwide/workdir" "-e" "CARGO_HOME=/opt/rustwide/cargo-home" "-e" "RUSTUP_HOME=/opt/rustwide/rustup-home" "-e" "CARGO_TARGET_DIR=/opt/rustwide/target" "-e" "CARGO_INCREMENTAL=0" "-e" "RUST_BACKTRACE=full" "-e" "RUSTFLAGS=--cap-lints=warn" "-e" "RUSTDOCFLAGS=--cap-lints=warn" "-w" "/opt/rustwide/workdir" "--user" "0:0" "8caf3f019c25a0035f84767492b143270dea73fc8dfa784aadd6eef4715f9405" "/opt/rustwide/cargo-home/bin/cargo" "+1.99.0-beta.8" "test" "--frozen" "--no-run" "--message-format=json" "--release", kill_on_drop: false }`
[INFO] [stderr]    Compiling zerocopy v0.8.55
[INFO] [stderr]    Compiling tempfile v3.27.0
[INFO] [stderr]    Compiling rand v0.9.5
[INFO] [stderr]    Compiling rand_xorshift v0.4.0
[INFO] [stderr]    Compiling rusty-fork v0.3.1
[INFO] [stderr]    Compiling ppv-lite86 v0.2.21
[INFO] [stderr]    Compiling rand_chacha v0.9.0
[INFO] [stderr]    Compiling proptest v1.11.0
[INFO] [stderr]    Compiling ndic-codestream v0.2.5 (/opt/rustwide/workdir)
[INFO] [stderr]     Finished `release` profile [optimized] target(s) in 21.22s
[INFO] running `Command { std: "docker" "inspect" "8caf3f019c25a0035f84767492b143270dea73fc8dfa784aadd6eef4715f9405", kill_on_drop: false }`
[INFO] running `Command { std: "docker" "exec" "-e" "SOURCE_DIR=/opt/rustwide/workdir" "-e" "CARGO_HOME=/opt/rustwide/cargo-home" "-e" "RUSTUP_HOME=/opt/rustwide/rustup-home" "-e" "CARGO_TARGET_DIR=/opt/rustwide/target" "-e" "CARGO_INCREMENTAL=0" "-e" "RUST_BACKTRACE=full" "-e" "RUSTFLAGS=--cap-lints=warn" "-e" "RUSTDOCFLAGS=--cap-lints=warn" "-w" "/opt/rustwide/workdir" "--user" "0:0" "8caf3f019c25a0035f84767492b143270dea73fc8dfa784aadd6eef4715f9405" "/opt/rustwide/cargo-home/bin/cargo" "+1.99.0-beta.8" "test" "--frozen" "--release", kill_on_drop: false }`
[INFO] [stderr]     Finished `release` profile [optimized] target(s) in 0.07s
[INFO] [stderr]      Running unittests src/lib.rs (/opt/rustwide/target/release/deps/ndic_codestream-fb9a5c5906ca31be)
[INFO] [stdout] 
[INFO] [stdout] running 33 tests
[INFO] [stdout] test bitio::tests::truncated_header_errors ... ok
[INFO] [stdout] test geometry::tests::bands_tile_the_plane ... ok
[INFO] [stdout] test geometry::tests::block_rects_clip ... ok
[INFO] [stdout] test container::tests::rejects_hostile_headers ... ok
[INFO] [stdout] test container::tests::plane_count_overflow_is_caught ... ok
[INFO] [stdout] test jph::tests::codestream_offset_finds_the_payload_from_a_prefix ... ok
[INFO] [stdout] test container::tests::round_trips_without_index ... ok
[INFO] [stdout] test bitio::tests::trailing_ff_gets_stuffed_byte ... ok
[INFO] [stdout] test jph::tests::codestream_offset_survives_hostile_prefixes ... ok
[INFO] [stdout] test jph::tests::mixed_depths_use_bpcc ... ok
[INFO] [stdout] test bitio::tests::roundtrips_with_stuffing ... ok
[INFO] [stdout] test container::tests::to_bytes_refuses_over_bound_levels - should panic ... ok
[INFO] [stdout] test container::tests::round_trips ... ok
[INFO] [stdout] test geometry::tests::degenerate_bands_have_zero_blocks ... ok
[INFO] [stdout] test jph::tests::rejects_bad_signature ... ok
[INFO] [stdout] test markers::tests::tlm_and_plt_roundtrip ... ok
[INFO] [stdout] test jph::tests::wrap_parse_roundtrip ... ok
[INFO] [stdout] test markers::tests::cap_matches_ojph ... ok
[INFO] [stdout] test markers::tests::cod_roundtrips ... ok
[INFO] [stdout] test markers::tests::siz_roundtrips_and_matches_ojph_dump ... ok
[INFO] [stdout] test packet::tests::three_band_packet_with_empty_band ... ok
[INFO] [stdout] test quant::tests::ranging_grows_with_levels ... ok
[INFO] [stdout] test quant::tests::rejects_over_38_bits ... ok
[INFO] [stdout] test quant::tests::zero_decomp_ranging_covers_the_full_signed_range ... ok
[INFO] [stdout] test range::tests::coalescing_merges_adjacent_and_overlapping ... ok
[INFO] [stdout] test packet::tests::empty_packet_is_one_zero_byte ... ok
[INFO] [stdout] test range::tests::plane_plan_fetches_index_and_one_plane ... ok
[INFO] [stdout] test packet::tests::roundtrips_various_grids ... ok
[INFO] [stdout] test range::tests::thumbnail_3d_selects_low_pass_planes_only ... ok
[INFO] [stdout] test range::tests::thumbnail_is_few_ranges_and_small ... ok
[INFO] [stdout] test range::tests::thumbnail_prefers_the_largest_fitting_resolution ... ok
[INFO] [stdout] test tagtree::tests::log2_ceil_values ... ok
[INFO] [stdout] test tagtree::tests::reduce_min_propagates ... ok
[INFO] [stdout] 
[INFO] [stdout] test result: ok. 33 passed; 0 failed; 0 ignored; 0 measured; 0 filtered out; finished in 0.01s
[INFO] [stdout] 
[INFO] [stderr]      Running tests/codestream_roundtrip.rs (/opt/rustwide/target/release/deps/codestream_roundtrip-1d3f5274cb7c8af6)
[INFO] [stdout] 
[INFO] [stdout] running 6 tests
[INFO] [stdout] test multi_component_roundtrip ... ok
[INFO] [stdout] test packet_index_matches_walked_offsets ... ok
[INFO] [stdout] test partial_decode_matches_wavelet_pyramid ... ok
[INFO] [stdout] test truncated_streams_error_not_panic ... ok
[INFO] [stdout] test roundtrips_dtypes_and_geometries ... ok
[INFO] [stdout] test roundtrips_random ... ok
[INFO] [stdout] 
[INFO] [stdout] test result: ok. 6 passed; 0 failed; 0 ignored; 0 measured; 0 filtered out; finished in 0.02s
[INFO] [stdout] 
[INFO] [stderr]      Running tests/corpus_conformance.rs (/opt/rustwide/target/release/deps/corpus_conformance-eba2721e571480ad)
[INFO] [stdout] 
[INFO] [stdout] running 1 test
[INFO] [stderr]      Running tests/fixtures.rs (/opt/rustwide/target/release/deps/fixtures-16b05c23ed95c4c1)
[INFO] [stdout] test decodes_rev53_corpus_bit_exactly ... ok
[INFO] [stdout] 
[INFO] [stdout] test result: ok. 1 passed; 0 failed; 0 ignored; 0 measured; 0 filtered out; finished in 0.00s
[INFO] [stdout] 
[INFO] [stdout] 
[INFO] [stdout] running 2 tests
[INFO] [stdout] test tiny_jph_decodes_and_is_byte_stable ... FAILED
[INFO] [stdout] test tiny_j2c_decodes_and_is_byte_stable ... FAILED
[INFO] [stdout] 
[INFO] [stdout] failures:
[INFO] [stdout] 
[INFO] [stdout] ---- tiny_jph_decodes_and_is_byte_stable stdout ----
[INFO] [stdout] 
[INFO] [stdout] thread 'tiny_jph_decodes_and_is_byte_stable' (619) panicked at tests/fixtures.rs:51:65:
[INFO] [stdout] fixture present: Os { code: 2, kind: NotFound, message: "No such file or directory" }
[INFO] [stdout] stack backtrace:
[INFO] [stdout]    0:     0x5a51a52d5321 - <<std[70759c8f55707aa4]::sys::backtrace::BacktraceLock>::print::DisplayBacktrace as core[df12db4294e9bfd3]::fmt::Display>::fmt
[INFO] [stdout]    1:     0x5a51a52e9f0a - core[df12db4294e9bfd3]::fmt::write
[INFO] [stdout]    2:     0x5a51a52d97bc - <alloc[2182bb758b4b3781]::vec::Vec<u8> as core[df12db4294e9bfd3]::io::write::Write>::write_fmt
[INFO] [stdout]    3:     0x5a51a52b1466 - std[70759c8f55707aa4]::panicking::default_hook::{closure#0}
[INFO] [stdout]    4:     0x5a51a52cd769 - std[70759c8f55707aa4]::panicking::default_hook
[INFO] [stdout]    5:     0x5a51a524f040 - test[9d35eded1c95d3be]::test_main_inner::<test[9d35eded1c95d3be]::test_main_static::{closure#0}>::{closure#0}
[INFO] [stdout]    6:     0x5a51a52cd922 - std[70759c8f55707aa4]::panicking::panic_with_hook
[INFO] [stdout]    7:     0x5a51a52b1512 - std[70759c8f55707aa4]::panicking::panic_handler::{closure#0}
[INFO] [stdout]    8:     0x5a51a52aa109 - std[70759c8f55707aa4]::sys::backtrace::__rust_end_short_backtrace::<std[70759c8f55707aa4]::panicking::panic_handler::{closure#0}, !>
[INFO] [stdout]    9:     0x5a51a52b210d - __rustc[8fa7c3cbc660c2b3]::rust_begin_unwind
[INFO] [stdout]   10:     0x5a51a52ea63c - core[df12db4294e9bfd3]::panicking::panic_fmt
[INFO] [stdout]   11:     0x5a51a52ea412 - core[df12db4294e9bfd3]::result::unwrap_failed
[INFO] [stdout]   12:     0x5a51a5241f40 - <fixtures[ef8accf4c14f2f97]::tiny_jph_decodes_and_is_byte_stable::{closure#0} as core[df12db4294e9bfd3]::ops::function::FnOnce<()>>::call_once
[INFO] [stdout]   13:     0x5a51a524232b - test[9d35eded1c95d3be]::__rust_begin_short_backtrace::<core[df12db4294e9bfd3]::result::Result<(), alloc[2182bb758b4b3781]::string::String>, fn() -> core[df12db4294e9bfd3]::result::Result<(), alloc[2182bb758b4b3781]::string::String>>
[INFO] [stdout]   14:     0x5a51a524f995 - test[9d35eded1c95d3be]::run_test::{closure#0}
[INFO] [stdout]   15:     0x5a51a5249254 - std[70759c8f55707aa4]::sys::backtrace::__rust_begin_short_backtrace::<test[9d35eded1c95d3be]::run_test::{closure#1}, ()>
[INFO] [stdout]   16:     0x5a51a5252af2 - <std[70759c8f55707aa4]::thread::lifecycle::spawn_unchecked<test[9d35eded1c95d3be]::run_test::{closure#1}, ()>::{closure#1} as core[df12db4294e9bfd3]::ops::function::FnOnce<()>>::call_once::{shim:vtable#0}
[INFO] [stdout]   17:     0x5a51a52d48d9 - <std[70759c8f55707aa4]::sys::thread::unix::Thread>::new::thread_start
[INFO] [stdout]   18:     0x7b6d874ebdfa - <unknown>
[INFO] [stdout]   19:     0x7b6d8757f3d4 - clone
[INFO] [stdout]   20:                0x0 - <unknown>
[INFO] [stdout] 
[INFO] [stdout] ---- tiny_j2c_decodes_and_is_byte_stable stdout ----
[INFO] [stdout] 
[INFO] [stdout] thread 'tiny_j2c_decodes_and_is_byte_stable' (618) panicked at tests/fixtures.rs:26:65:
[INFO] [stdout] fixture present: Os { code: 2, kind: NotFound, message: "No such file or directory" }
[INFO] [stdout] stack backtrace:
[INFO] [stdout]    0:     0x5a51a52d5321 - <<std[70759c8f55707aa4]::sys::backtrace::BacktraceLock>::print::DisplayBacktrace as core[df12db4294e9bfd3]::fmt::Display>::fmt
[INFO] [stdout]    1:     0x5a51a52e9f0a - core[df12db4294e9bfd3]::fmt::write
[INFO] [stdout]    2:     0x5a51a52d97bc - <alloc[2182bb758b4b3781]::vec::Vec<u8> as core[df12db4294e9bfd3]::io::write::Write>::write_fmt
[INFO] [stdout]    3:     0x5a51a52b1466 - std[70759c8f55707aa4]::panicking::default_hook::{closure#0}
[INFO] [stdout]    4:     0x5a51a52cd769 - std[70759c8f55707aa4]::panicking::default_hook
[INFO] [stdout]    5:     0x5a51a524f040 - test[9d35eded1c95d3be]::test_main_inner::<test[9d35eded1c95d3be]::test_main_static::{closure#0}>::{closure#0}
[INFO] [stdout]    6:     0x5a51a52cd922 - std[70759c8f55707aa4]::panicking::panic_with_hook
[INFO] [stdout]    7:     0x5a51a52b1512 - std[70759c8f55707aa4]::panicking::panic_handler::{closure#0}
[INFO] [stdout]    8:     0x5a51a52aa109 - std[70759c8f55707aa4]::sys::backtrace::__rust_end_short_backtrace::<std[70759c8f55707aa4]::panicking::panic_handler::{closure#0}, !>
[INFO] [stdout]    9:     0x5a51a52b210d - __rustc[8fa7c3cbc660c2b3]::rust_begin_unwind
[INFO] [stdout]   10:     0x5a51a52ea63c - core[df12db4294e9bfd3]::panicking::panic_fmt
[INFO] [stdout]   11:     0x5a51a52ea412 - core[df12db4294e9bfd3]::result::unwrap_failed
[INFO] [stdout]   12:     0x5a51a52415c7 - <fixtures[ef8accf4c14f2f97]::tiny_j2c_decodes_and_is_byte_stable::{closure#0} as core[df12db4294e9bfd3]::ops::function::FnOnce<()>>::call_once
[INFO] [stdout]   13:     0x5a51a524232b - test[9d35eded1c95d3be]::__rust_begin_short_backtrace::<core[df12db4294e9bfd3]::result::Result<(), alloc[2182bb758b4b3781]::string::String>, fn() -> core[df12db4294e9bfd3]::result::Result<(), alloc[2182bb758b4b3781]::string::String>>
[INFO] [stdout]   14:     0x5a51a524f995 - test[9d35eded1c95d3be]::run_test::{closure#0}
[INFO] [stdout]   15:     0x5a51a5249254 - std[70759c8f55707aa4]::sys::backtrace::__rust_begin_short_backtrace::<test[9d35eded1c95d3be]::run_test::{closure#1}, ()>
[INFO] [stdout]   16:     0x5a51a5252af2 - <std[70759c8f55707aa4]::thread::lifecycle::spawn_unchecked<test[9d35eded1c95d3be]::run_test::{closure#1}, ()>::{closure#1} as core[df12db4294e9bfd3]::ops::function::FnOnce<()>>::call_once::{shim:vtable#0}
[INFO] [stdout]   17:     0x5a51a52d48d9 - <std[70759c8f55707aa4]::sys::thread::unix::Thread>::new::thread_start
[INFO] [stdout]   18:     0x7b6d874ebdfa - <unknown>
[INFO] [stdout]   19:     0x7b6d8757f3d4 - clone
[INFO] [stdout]   20:                0x0 - <unknown>
[INFO] [stdout] 
[INFO] [stdout] 
[INFO] [stdout] failures:
[INFO] [stdout]     tiny_j2c_decodes_and_is_byte_stable
[INFO] [stdout]     tiny_jph_decodes_and_is_byte_stable
[INFO] [stdout] 
[INFO] [stdout] test result: FAILED. 0 passed; 2 failed; 0 ignored; 0 measured; 0 filtered out; finished in 0.00s
[INFO] [stdout] 
[INFO] [stderr] error: test failed, to rerun pass `--test fixtures`
[INFO] running `Command { std: "docker" "inspect" "8caf3f019c25a0035f84767492b143270dea73fc8dfa784aadd6eef4715f9405", kill_on_drop: false }`
[INFO] running `Command { std: "docker" "rm" "-f" "8caf3f019c25a0035f84767492b143270dea73fc8dfa784aadd6eef4715f9405", kill_on_drop: false }`
[INFO] [stdout] 8caf3f019c25a0035f84767492b143270dea73fc8dfa784aadd6eef4715f9405
