[INFO] fetching crate ndarray-npy 0.10.0...
[INFO] testing ndarray-npy-0.10.0 against 1.99.0-beta.8+cargoflags=--release for beta-release-1.100-2
[INFO] extracting crate ndarray-npy 0.10.0 into /workspace/builds/worker-3-tc1/source
[INFO] started tweaking crates.io crate ndarray-npy 0.10.0
[INFO] removed 0 missing examples
[INFO] removed 0 missing tests
[INFO] finished tweaking crates.io crate ndarray-npy 0.10.0
[INFO] tweaked toml for crates.io crate ndarray-npy 0.10.0 written to /workspace/builds/worker-3-tc1/source/Cargo.toml
[INFO] validating manifest of crates.io crate ndarray-npy 0.10.0 on toolchain 1.99.0-beta.8
[INFO] running `Command { std: CARGO_HOME="/workspace/cargo-home" RUSTUP_HOME="/workspace/rustup-home" "/workspace/cargo-home/bin/cargo" "+1.99.0-beta.8" "metadata" "--manifest-path" "Cargo.toml" "--no-deps", kill_on_drop: false }`
[INFO] crate crates.io crate ndarray-npy 0.10.0 already has a lockfile, it will not be regenerated
[INFO] running `Command { std: CARGO_HOME="/workspace/cargo-home" RUSTUP_HOME="/workspace/rustup-home" "/workspace/cargo-home/bin/cargo" "+1.99.0-beta.8" "fetch" "--manifest-path" "Cargo.toml", kill_on_drop: false }`
[INFO] [stderr]     Updating crates.io index
[INFO] [stderr]  Downloading crates ...
[INFO] [stderr]   Downloaded py_literal v0.4.0
[INFO] [stderr]   Downloaded libz-rs-sys v0.5.4
[INFO] [stderr]   Downloaded pest_derive v2.8.4
[INFO] [stderr]   Downloaded pest_generator v2.8.4
[INFO] [stderr]   Downloaded pest_meta v2.8.4
[INFO] [stderr]   Downloaded zip v6.0.0
[INFO] [stderr]   Downloaded pest v2.8.4
[INFO] [stderr]   Downloaded zlib-rs v0.5.4
[INFO] [stderr]   Downloaded ndarray v0.17.1
[INFO] running `Command { std: "docker" "create" "-v" "/var/lib/crater-agent-workspace/builds/worker-3-tc1/source:/opt/rustwide/workdir:ro,Z" "-v" "/var/lib/crater-agent-workspace/builds/worker-3-tc1/target:/opt/rustwide/target:rw,Z" "-v" "/var/lib/crater-agent-workspace/cargo-home:/opt/rustwide/cargo-home:ro,Z" "-v" "/var/lib/crater-agent-workspace/rustup-home:/opt/rustwide/rustup-home:ro,Z" "-m" "1610612736" "--network" "none" "ghcr.io/rust-lang/crates-build-env/linux@sha256:77db811e55d90add9212f6832c23229e3de5f1c1f9905e8cb07319ea15df73ac" "sleep" "infinity", kill_on_drop: false }`
[INFO] [stdout] b9ebe11f7a3f944b06a5f938d847125d3011bf39bbaf3ae47d20940f0bdb389a
[INFO] running `Command { std: "docker" "start" "b9ebe11f7a3f944b06a5f938d847125d3011bf39bbaf3ae47d20940f0bdb389a", kill_on_drop: false }`
[INFO] running `Command { std: "docker" "inspect" "b9ebe11f7a3f944b06a5f938d847125d3011bf39bbaf3ae47d20940f0bdb389a", kill_on_drop: false }`
[INFO] running `Command { std: "docker" "exec" "-e" "SOURCE_DIR=/opt/rustwide/workdir" "-e" "CARGO_HOME=/opt/rustwide/cargo-home" "-e" "RUSTUP_HOME=/opt/rustwide/rustup-home" "-e" "CARGO_TARGET_DIR=/opt/rustwide/target" "-w" "/opt/rustwide/workdir" "--user" "0:0" "b9ebe11f7a3f944b06a5f938d847125d3011bf39bbaf3ae47d20940f0bdb389a" "/opt/rustwide/cargo-home/bin/cargo" "+1.99.0-beta.8" "metadata" "--no-deps" "--format-version=1", kill_on_drop: false }`
[INFO] running `Command { std: "docker" "inspect" "b9ebe11f7a3f944b06a5f938d847125d3011bf39bbaf3ae47d20940f0bdb389a", kill_on_drop: false }`
[INFO] running `Command { std: "docker" "exec" "-e" "SOURCE_DIR=/opt/rustwide/workdir" "-e" "CARGO_HOME=/opt/rustwide/cargo-home" "-e" "RUSTUP_HOME=/opt/rustwide/rustup-home" "-e" "CARGO_TARGET_DIR=/opt/rustwide/target" "-e" "CARGO_INCREMENTAL=0" "-e" "RUST_BACKTRACE=full" "-e" "RUSTFLAGS=--cap-lints=warn" "-e" "RUSTDOCFLAGS=--cap-lints=warn" "-w" "/opt/rustwide/workdir" "--user" "0:0" "b9ebe11f7a3f944b06a5f938d847125d3011bf39bbaf3ae47d20940f0bdb389a" "/opt/rustwide/cargo-home/bin/cargo" "+1.99.0-beta.8" "build" "--frozen" "--message-format=json" "--release", kill_on_drop: false }`
[INFO] [stderr]    Compiling num-traits v0.2.19
[INFO] [stderr]    Compiling crc32fast v1.5.0
[INFO] [stderr]    Compiling ucd-trie v0.1.7
[INFO] [stderr]    Compiling matrixmultiply v0.3.10
[INFO] [stderr]    Compiling zlib-rs v0.5.4
[INFO] [stderr]    Compiling syn v2.0.111
[INFO] [stderr]    Compiling bumpalo v3.19.0
[INFO] [stderr]    Compiling simd-adler32 v0.3.8
[INFO] [stderr]    Compiling pest v2.8.4
[INFO] [stderr]    Compiling rawpointer v0.2.1
[INFO] [stderr]    Compiling zopfli v0.8.3
[INFO] [stderr]    Compiling indexmap v2.12.1
[INFO] [stderr]    Compiling num-integer v0.1.46
[INFO] [stderr]    Compiling pest_meta v2.8.4
[INFO] [stderr]    Compiling num-complex v0.4.6
[INFO] [stderr]    Compiling num-bigint v0.4.6
[INFO] [stderr]    Compiling ndarray v0.17.1
[INFO] [stderr]    Compiling pest_generator v2.8.4
[INFO] [stderr]    Compiling libz-rs-sys v0.5.4
[INFO] [stderr]    Compiling pest_derive v2.8.4
[INFO] [stderr]    Compiling flate2 v1.1.5
[INFO] [stderr]    Compiling zip v6.0.0
[INFO] [stderr]    Compiling py_literal v0.4.0
[INFO] [stderr]    Compiling ndarray-npy v0.10.0 (/opt/rustwide/workdir)
[INFO] [stderr]     Finished `release` profile [optimized] target(s) in 44.81s
[INFO] running `Command { std: "docker" "inspect" "b9ebe11f7a3f944b06a5f938d847125d3011bf39bbaf3ae47d20940f0bdb389a", kill_on_drop: false }`
[INFO] running `Command { std: "docker" "exec" "-e" "SOURCE_DIR=/opt/rustwide/workdir" "-e" "CARGO_HOME=/opt/rustwide/cargo-home" "-e" "RUSTUP_HOME=/opt/rustwide/rustup-home" "-e" "CARGO_TARGET_DIR=/opt/rustwide/target" "-e" "CARGO_INCREMENTAL=0" "-e" "RUST_BACKTRACE=full" "-e" "RUSTFLAGS=--cap-lints=warn" "-e" "RUSTDOCFLAGS=--cap-lints=warn" "-w" "/opt/rustwide/workdir" "--user" "0:0" "b9ebe11f7a3f944b06a5f938d847125d3011bf39bbaf3ae47d20940f0bdb389a" "/opt/rustwide/cargo-home/bin/cargo" "+1.99.0-beta.8" "test" "--frozen" "--no-run" "--message-format=json" "--release", kill_on_drop: false }`
[INFO] [stderr]    Compiling libc v0.2.178
[INFO] [stderr]    Compiling getrandom v0.3.4
[INFO] [stderr]    Compiling memmap2 v0.9.9
[INFO] [stderr]    Compiling tempfile v3.23.0
[INFO] [stderr]    Compiling ndarray-npy v0.10.0 (/opt/rustwide/workdir)
[INFO] [stderr]     Finished `release` profile [optimized] target(s) in 19.94s
[INFO] running `Command { std: "docker" "inspect" "b9ebe11f7a3f944b06a5f938d847125d3011bf39bbaf3ae47d20940f0bdb389a", kill_on_drop: false }`
[INFO] running `Command { std: "docker" "exec" "-e" "SOURCE_DIR=/opt/rustwide/workdir" "-e" "CARGO_HOME=/opt/rustwide/cargo-home" "-e" "RUSTUP_HOME=/opt/rustwide/rustup-home" "-e" "CARGO_TARGET_DIR=/opt/rustwide/target" "-e" "CARGO_INCREMENTAL=0" "-e" "RUST_BACKTRACE=full" "-e" "RUSTFLAGS=--cap-lints=warn" "-e" "RUSTDOCFLAGS=--cap-lints=warn" "-w" "/opt/rustwide/workdir" "--user" "0:0" "b9ebe11f7a3f944b06a5f938d847125d3011bf39bbaf3ae47d20940f0bdb389a" "/opt/rustwide/cargo-home/bin/cargo" "+1.99.0-beta.8" "test" "--frozen" "--release", kill_on_drop: false }`
[INFO] [stderr]     Finished `release` profile [optimized] target(s) in 0.13s
[INFO] [stderr]      Running unittests src/lib.rs (/opt/rustwide/target/release/deps/ndarray_npy-eda7024bd4159fd3)
[INFO] [stdout] 
[INFO] [stdout] running 0 tests
[INFO] [stdout] 
[INFO] [stdout] test result: ok. 0 passed; 0 failed; 0 ignored; 0 measured; 0 filtered out; finished in 0.00s
[INFO] [stdout] 
[INFO] [stderr]      Running tests/integration/main.rs (/opt/rustwide/target/release/deps/integration-40d1164e3adcea94)
[INFO] [stdout] 
[INFO] [stdout] running 39 tests
[INFO] [stdout] test examples::read_c64_standard ... ok
[INFO] [stdout] test examples::read_c64_fortran ... ok
[INFO] [stdout] test examples::read_f64_fortran ... ok
[INFO] [stdout] test examples::read_bool_bad_value ... ok
[INFO] [stdout] test examples::view_bool_bad_value ... ok
[INFO] [stdout] test examples::view_c64_fortran ... ok
[INFO] [stdout] test examples::view_c64_standard ... ok
[INFO] [stdout] test examples::view_bool ... ok
[INFO] [stdout] test examples::read_f64_standard ... ok
[INFO] [stdout] test examples::view_f64_standard ... ok
[INFO] [stdout] test examples::view_mut_bool_bad_value ... FAILED
[INFO] [stdout] test examples::misaligned ... ok
[INFO] [stdout] test examples::read_bool ... ok
[INFO] [stdout] test examples::write_c64_standard ... ok
[INFO] [stdout] test examples::write_f64_discontiguous ... ok
[INFO] [stdout] test examples::view_mut_bool ... FAILED
[INFO] [stdout] test examples::view_f64_fortran ... ok
[INFO] [stdout] test examples::view_mut_f64_fortran ... FAILED
[INFO] [stdout] test examples::view_mut_f64_standard ... FAILED
[INFO] [stdout] test examples::write_c64_fortran ... ok
[INFO] [stdout] test examples::write_c64_discontiguous ... ok
[INFO] [stdout] test primitive::read_bool ... ok
[INFO] [stdout] test examples::write_f64_standard ... ok
[INFO] [stdout] test primitive::read_bool_bad_value ... ok
[INFO] [stdout] test primitive::view_bool_bad_value ... ok
[INFO] [stdout] test examples::zeroed ... ok
[INFO] [stdout] test primitive::view_bool ... ok
[INFO] [stdout] test examples::write_f64_fortran ... ok
[INFO] [stdout] test primitive::view_bool_mut ... ok
[INFO] [stdout] test primitive::view_bool_mut_bad_value ... ok
[INFO] [stdout] test npz::round_trip_npz ... ok
[INFO] [stdout] test primitive::view_i32_non_native_endian ... ok
[INFO] [stdout] test primitive::view_i32 ... ok
[INFO] [stdout] test primitive::view_i32_mut ... ok
[INFO] [stdout] test round_trip::round_trip_bool ... ok
[INFO] [stderr] error: test failed, to rerun pass `--test integration`
[INFO] [stdout] test round_trip::round_trip_f64 ... ok
[INFO] [stdout] test round_trip::round_trip_c32 ... ok
[INFO] [stdout] test round_trip::round_trip_i32 ... ok
[INFO] [stdout] test round_trip::round_trip_f32 ... ok
[INFO] [stdout] 
[INFO] [stdout] failures:
[INFO] [stdout] 
[INFO] [stdout] ---- examples::view_mut_bool_bad_value stdout ----
[INFO] [stdout] 
[INFO] [stdout] thread 'examples::view_mut_bool_bad_value' (782) panicked at tests/integration/examples.rs:392:10:
[INFO] [stdout] called `Result::unwrap()` on an `Err` value: Os { code: 30, kind: ReadOnlyFilesystem, message: "Read-only file system" }
[INFO] [stdout] stack backtrace:
[INFO] [stdout]    0:     0x6171c72d6a71 - <<std[70759c8f55707aa4]::sys::backtrace::BacktraceLock>::print::DisplayBacktrace as core[df12db4294e9bfd3]::fmt::Display>::fmt
[INFO] [stdout]    1:     0x6171c72ed2aa - core[df12db4294e9bfd3]::fmt::write
[INFO] [stdout]    2:     0x6171c72db0dc - <alloc[2182bb758b4b3781]::vec::Vec<u8> as core[df12db4294e9bfd3]::io::write::Write>::write_fmt
[INFO] [stdout]    3:     0x6171c72b2616 - std[70759c8f55707aa4]::panicking::default_hook::{closure#0}
[INFO] [stdout]    4:     0x6171c72cec69 - std[70759c8f55707aa4]::panicking::default_hook
[INFO] [stdout]    5:     0x6171c7208da0 - test[9d35eded1c95d3be]::test_main_inner::<test[9d35eded1c95d3be]::test_main_static::{closure#0}>::{closure#0}
[INFO] [stdout]    6:     0x6171c72cee22 - std[70759c8f55707aa4]::panicking::panic_with_hook
[INFO] [stdout]    7:     0x6171c72b26c2 - std[70759c8f55707aa4]::panicking::panic_handler::{closure#0}
[INFO] [stdout]    8:     0x6171c72ab209 - std[70759c8f55707aa4]::sys::backtrace::__rust_end_short_backtrace::<std[70759c8f55707aa4]::panicking::panic_handler::{closure#0}, !>
[INFO] [stdout]    9:     0x6171c72b32bd - __rustc[8fa7c3cbc660c2b3]::rust_begin_unwind
[INFO] [stdout]   10:     0x6171c72ed9dc - core[df12db4294e9bfd3]::panicking::panic_fmt
[INFO] [stdout]   11:     0x6171c72ed7b2 - core[df12db4294e9bfd3]::result::unwrap_failed
[INFO] [stdout]   12:     0x6171c71df24b - integration[333dd2dc855a8e62]::examples::view_mut_bool_bad_value
[INFO] [stdout]   13:     0x6171c71e5b99 - <integration[333dd2dc855a8e62]::examples::view_mut_bool_bad_value::{closure#0} as core[df12db4294e9bfd3]::ops::function::FnOnce<()>>::call_once
[INFO] [stdout]   14:     0x6171c71fc08b - test[9d35eded1c95d3be]::__rust_begin_short_backtrace::<core[df12db4294e9bfd3]::result::Result<(), alloc[2182bb758b4b3781]::string::String>, fn() -> core[df12db4294e9bfd3]::result::Result<(), alloc[2182bb758b4b3781]::string::String>>
[INFO] [stdout]   15:     0x6171c72096f5 - test[9d35eded1c95d3be]::run_test::{closure#0}
[INFO] [stdout]   16:     0x6171c7202fb4 - std[70759c8f55707aa4]::sys::backtrace::__rust_begin_short_backtrace::<test[9d35eded1c95d3be]::run_test::{closure#1}, ()>
[INFO] [stdout]   17:     0x6171c720c852 - <std[70759c8f55707aa4]::thread::lifecycle::spawn_unchecked<test[9d35eded1c95d3be]::run_test::{closure#1}, ()>::{closure#1} as core[df12db4294e9bfd3]::ops::function::FnOnce<()>>::call_once::{shim:vtable#0}
[INFO] [stdout]   18:     0x6171c72d6029 - <std[70759c8f55707aa4]::sys::thread::unix::Thread>::new::thread_start
[INFO] [stdout]   19:     0x76149b534dfa - <unknown>
[INFO] [stdout]   20:     0x76149b5c83d4 - clone
[INFO] [stdout]   21:                0x0 - <unknown>
[INFO] [stdout] 
[INFO] [stdout] ---- examples::view_mut_bool stdout ----
[INFO] [stdout] 
[INFO] [stdout] thread 'examples::view_mut_bool' (781) panicked at tests/integration/examples.rs:379:10:
[INFO] [stdout] called `Result::unwrap()` on an `Err` value: Os { code: 30, kind: ReadOnlyFilesystem, message: "Read-only file system" }
[INFO] [stdout] stack backtrace:
[INFO] [stdout]    0:     0x6171c72d6a71 - <<std[70759c8f55707aa4]::sys::backtrace::BacktraceLock>::print::DisplayBacktrace as core[df12db4294e9bfd3]::fmt::Display>::fmt
[INFO] [stdout]    1:     0x6171c72ed2aa - core[df12db4294e9bfd3]::fmt::write
[INFO] [stdout]    2:     0x6171c72db0dc - <alloc[2182bb758b4b3781]::vec::Vec<u8> as core[df12db4294e9bfd3]::io::write::Write>::write_fmt
[INFO] [stdout]    3:     0x6171c72b2616 - std[70759c8f55707aa4]::panicking::default_hook::{closure#0}
[INFO] [stdout]    4:     0x6171c72cec69 - std[70759c8f55707aa4]::panicking::default_hook
[INFO] [stdout]    5:     0x6171c7208da0 - test[9d35eded1c95d3be]::test_main_inner::<test[9d35eded1c95d3be]::test_main_static::{closure#0}>::{closure#0}
[INFO] [stdout]    6:     0x6171c72cee22 - std[70759c8f55707aa4]::panicking::panic_with_hook
[INFO] [stdout]    7:     0x6171c72b26c2 - std[70759c8f55707aa4]::panicking::panic_handler::{closure#0}
[INFO] [stdout]    8:     0x6171c72ab209 - std[70759c8f55707aa4]::sys::backtrace::__rust_end_short_backtrace::<std[70759c8f55707aa4]::panicking::panic_handler::{closure#0}, !>
[INFO] [stdout]    9:     0x6171c72b32bd - __rustc[8fa7c3cbc660c2b3]::rust_begin_unwind
[INFO] [stdout]   10:     0x6171c72ed9dc - core[df12db4294e9bfd3]::panicking::panic_fmt
[INFO] [stdout]   11:     0x6171c72ed7b2 - core[df12db4294e9bfd3]::result::unwrap_failed
[INFO] [stdout]   12:     0x6171c71da0bc - integration[333dd2dc855a8e62]::examples::view_mut_bool
[INFO] [stdout]   13:     0x6171c71e5979 - <integration[333dd2dc855a8e62]::examples::view_mut_bool::{closure#0} as core[df12db4294e9bfd3]::ops::function::FnOnce<()>>::call_once
[INFO] [stdout]   14:     0x6171c71fc08b - test[9d35eded1c95d3be]::__rust_begin_short_backtrace::<core[df12db4294e9bfd3]::result::Result<(), alloc[2182bb758b4b3781]::string::String>, fn() -> core[df12db4294e9bfd3]::result::Result<(), alloc[2182bb758b4b3781]::string::String>>
[INFO] [stdout]   15:     0x6171c72096f5 - test[9d35eded1c95d3be]::run_test::{closure#0}
[INFO] [stdout]   16:     0x6171c7202fb4 - std[70759c8f55707aa4]::sys::backtrace::__rust_begin_short_backtrace::<test[9d35eded1c95d3be]::run_test::{closure#1}, ()>
[INFO] [stdout]   17:     0x6171c720c852 - <std[70759c8f55707aa4]::thread::lifecycle::spawn_unchecked<test[9d35eded1c95d3be]::run_test::{closure#1}, ()>::{closure#1} as core[df12db4294e9bfd3]::ops::function::FnOnce<()>>::call_once::{shim:vtable#0}
[INFO] [stdout]   18:     0x6171c72d6029 - <std[70759c8f55707aa4]::sys::thread::unix::Thread>::new::thread_start
[INFO] [stdout]   19:     0x76149b534dfa - <unknown>
[INFO] [stdout]   20:     0x76149b5c83d4 - clone
[INFO] [stdout]   21:                0x0 - <unknown>
[INFO] [stdout] 
[INFO] [stdout] ---- examples::view_mut_f64_fortran stdout ----
[INFO] [stdout] 
[INFO] [stdout] thread 'examples::view_mut_f64_fortran' (783) panicked at tests/integration/examples.rs:362:10:
[INFO] [stdout] called `Result::unwrap()` on an `Err` value: Os { code: 30, kind: ReadOnlyFilesystem, message: "Read-only file system" }
[INFO] [stdout] stack backtrace:
[INFO] [stdout]    0:     0x6171c72d6a71 - <<std[70759c8f55707aa4]::sys::backtrace::BacktraceLock>::print::DisplayBacktrace as core[df12db4294e9bfd3]::fmt::Display>::fmt
[INFO] [stdout]    1:     0x6171c72ed2aa - core[df12db4294e9bfd3]::fmt::write
[INFO] [stdout]    2:     0x6171c72db0dc - <alloc[2182bb758b4b3781]::vec::Vec<u8> as core[df12db4294e9bfd3]::io::write::Write>::write_fmt
[INFO] [stdout]    3:     0x6171c72b2616 - std[70759c8f55707aa4]::panicking::default_hook::{closure#0}
[INFO] [stdout]    4:     0x6171c72cec69 - std[70759c8f55707aa4]::panicking::default_hook
[INFO] [stdout]    5:     0x6171c7208da0 - test[9d35eded1c95d3be]::test_main_inner::<test[9d35eded1c95d3be]::test_main_static::{closure#0}>::{closure#0}
[INFO] [stdout]    6:     0x6171c72cee22 - std[70759c8f55707aa4]::panicking::panic_with_hook
[INFO] [stdout]    7:     0x6171c72b26c2 - std[70759c8f55707aa4]::panicking::panic_handler::{closure#0}
[INFO] [stdout]    8:     0x6171c72ab209 - std[70759c8f55707aa4]::sys::backtrace::__rust_end_short_backtrace::<std[70759c8f55707aa4]::panicking::panic_handler::{closure#0}, !>
[INFO] [stdout]    9:     0x6171c72b32bd - __rustc[8fa7c3cbc660c2b3]::rust_begin_unwind
[INFO] [stdout]   10:     0x6171c72ed9dc - core[df12db4294e9bfd3]::panicking::panic_fmt
[INFO] [stdout]   11:     0x6171c72ed7b2 - core[df12db4294e9bfd3]::result::unwrap_failed
[INFO] [stdout]   12:     0x6171c71dea4d - integration[333dd2dc855a8e62]::examples::view_mut_f64_fortran
[INFO] [stdout]   13:     0x6171c71e5b59 - <integration[333dd2dc855a8e62]::examples::view_mut_f64_fortran::{closure#0} as core[df12db4294e9bfd3]::ops::function::FnOnce<()>>::call_once
[INFO] [stdout]   14:     0x6171c71fc08b - test[9d35eded1c95d3be]::__rust_begin_short_backtrace::<core[df12db4294e9bfd3]::result::Result<(), alloc[2182bb758b4b3781]::string::String>, fn() -> core[df12db4294e9bfd3]::result::Result<(), alloc[2182bb758b4b3781]::string::String>>
[INFO] [stdout]   15:     0x6171c72096f5 - test[9d35eded1c95d3be]::run_test::{closure#0}
[INFO] [stdout]   16:     0x6171c7202fb4 - std[70759c8f55707aa4]::sys::backtrace::__rust_begin_short_backtrace::<test[9d35eded1c95d3be]::run_test::{closure#1}, ()>
[INFO] [stdout]   17:     0x6171c720c852 - <std[70759c8f55707aa4]::thread::lifecycle::spawn_unchecked<test[9d35eded1c95d3be]::run_test::{closure#1}, ()>::{closure#1} as core[df12db4294e9bfd3]::ops::function::FnOnce<()>>::call_once::{shim:vtable#0}
[INFO] [stdout]   18:     0x6171c72d6029 - <std[70759c8f55707aa4]::sys::thread::unix::Thread>::new::thread_start
[INFO] [stdout]   19:     0x76149b534dfa - <unknown>
[INFO] [stdout]   20:     0x76149b5c83d4 - clone
[INFO] [stdout]   21:                0x0 - <unknown>
[INFO] [stdout] 
[INFO] [stdout] ---- examples::view_mut_f64_standard stdout ----
[INFO] [stdout] 
[INFO] [stdout] thread 'examples::view_mut_f64_standard' (784) panicked at tests/integration/examples.rs:340:10:
[INFO] [stdout] called `Result::unwrap()` on an `Err` value: Os { code: 30, kind: ReadOnlyFilesystem, message: "Read-only file system" }
[INFO] [stdout] stack backtrace:
[INFO] [stdout]    0:     0x6171c72d6a71 - <<std[70759c8f55707aa4]::sys::backtrace::BacktraceLock>::print::DisplayBacktrace as core[df12db4294e9bfd3]::fmt::Display>::fmt
[INFO] [stdout]    1:     0x6171c72ed2aa - core[df12db4294e9bfd3]::fmt::write
[INFO] [stdout]    2:     0x6171c72db0dc - <alloc[2182bb758b4b3781]::vec::Vec<u8> as core[df12db4294e9bfd3]::io::write::Write>::write_fmt
[INFO] [stdout]    3:     0x6171c72b2616 - std[70759c8f55707aa4]::panicking::default_hook::{closure#0}
[INFO] [stdout]    4:     0x6171c72cec69 - std[70759c8f55707aa4]::panicking::default_hook
[INFO] [stdout]    5:     0x6171c7208da0 - test[9d35eded1c95d3be]::test_main_inner::<test[9d35eded1c95d3be]::test_main_static::{closure#0}>::{closure#0}
[INFO] [stdout]    6:     0x6171c72cee22 - std[70759c8f55707aa4]::panicking::panic_with_hook
[INFO] [stdout]    7:     0x6171c72b26c2 - std[70759c8f55707aa4]::panicking::panic_handler::{closure#0}
[INFO] [stdout]    8:     0x6171c72ab209 - std[70759c8f55707aa4]::sys::backtrace::__rust_end_short_backtrace::<std[70759c8f55707aa4]::panicking::panic_handler::{closure#0}, !>
[INFO] [stdout]    9:     0x6171c72b32bd - __rustc[8fa7c3cbc660c2b3]::rust_begin_unwind
[INFO] [stdout]   10:     0x6171c72ed9dc - core[df12db4294e9bfd3]::panicking::panic_fmt
[INFO] [stdout]   11:     0x6171c72ed7b2 - core[df12db4294e9bfd3]::result::unwrap_failed
[INFO] [stdout]   12:     0x6171c71defd5 - integration[333dd2dc855a8e62]::examples::view_mut_f64_standard
[INFO] [stdout]   13:     0x6171c71e5b79 - <integration[333dd2dc855a8e62]::examples::view_mut_f64_standard::{closure#0} as core[df12db4294e9bfd3]::ops::function::FnOnce<()>>::call_once
[INFO] [stdout]   14:     0x6171c71fc08b - test[9d35eded1c95d3be]::__rust_begin_short_backtrace::<core[df12db4294e9bfd3]::result::Result<(), alloc[2182bb758b4b3781]::string::String>, fn() -> core[df12db4294e9bfd3]::result::Result<(), alloc[2182bb758b4b3781]::string::String>>
[INFO] [stdout]   15:     0x6171c72096f5 - test[9d35eded1c95d3be]::run_test::{closure#0}
[INFO] [stdout]   16:     0x6171c7202fb4 - std[70759c8f55707aa4]::sys::backtrace::__rust_begin_short_backtrace::<test[9d35eded1c95d3be]::run_test::{closure#1}, ()>
[INFO] [stdout]   17:     0x6171c720c852 - <std[70759c8f55707aa4]::thread::lifecycle::spawn_unchecked<test[9d35eded1c95d3be]::run_test::{closure#1}, ()>::{closure#1} as core[df12db4294e9bfd3]::ops::function::FnOnce<()>>::call_once::{shim:vtable#0}
[INFO] [stdout]   18:     0x6171c72d6029 - <std[70759c8f55707aa4]::sys::thread::unix::Thread>::new::thread_start
[INFO] [stdout]   19:     0x76149b534dfa - <unknown>
[INFO] [stdout]   20:     0x76149b5c83d4 - clone
[INFO] [stdout]   21:                0x0 - <unknown>
[INFO] [stdout] 
[INFO] [stdout] 
[INFO] [stdout] failures:
[INFO] [stdout]     examples::view_mut_bool
[INFO] [stdout]     examples::view_mut_bool_bad_value
[INFO] [stdout]     examples::view_mut_f64_fortran
[INFO] [stdout]     examples::view_mut_f64_standard
[INFO] [stdout] 
[INFO] [stdout] test result: FAILED. 35 passed; 4 failed; 0 ignored; 0 measured; 0 filtered out; finished in 0.03s
[INFO] [stdout] 
[INFO] running `Command { std: "docker" "inspect" "b9ebe11f7a3f944b06a5f938d847125d3011bf39bbaf3ae47d20940f0bdb389a", kill_on_drop: false }`
[INFO] running `Command { std: "docker" "rm" "-f" "b9ebe11f7a3f944b06a5f938d847125d3011bf39bbaf3ae47d20940f0bdb389a", kill_on_drop: false }`
[INFO] [stdout] b9ebe11f7a3f944b06a5f938d847125d3011bf39bbaf3ae47d20940f0bdb389a
