[INFO] fetching crate ndarray-interp 0.6.0...
[INFO] testing ndarray-interp-0.6.0 against 1.99.0-beta.8+cargoflags=--release for beta-release-1.100-2
[INFO] extracting crate ndarray-interp 0.6.0 into /workspace/builds/worker-5-tc1/source
[INFO] started tweaking crates.io crate ndarray-interp 0.6.0
[INFO] removed 0 missing examples
[INFO] removed 0 missing tests
[INFO] finished tweaking crates.io crate ndarray-interp 0.6.0
[INFO] tweaked toml for crates.io crate ndarray-interp 0.6.0 written to /workspace/builds/worker-5-tc1/source/Cargo.toml
[INFO] validating manifest of crates.io crate ndarray-interp 0.6.0 on toolchain 1.99.0-beta.8
[INFO] running `Command { std: CARGO_HOME="/workspace/cargo-home" RUSTUP_HOME="/workspace/rustup-home" "/workspace/cargo-home/bin/cargo" "+1.99.0-beta.8" "metadata" "--manifest-path" "Cargo.toml" "--no-deps", kill_on_drop: false }`
[INFO] crate crates.io crate ndarray-interp 0.6.0 already has a lockfile, it will not be regenerated
[INFO] running `Command { std: CARGO_HOME="/workspace/cargo-home" RUSTUP_HOME="/workspace/rustup-home" "/workspace/cargo-home/bin/cargo" "+1.99.0-beta.8" "fetch" "--manifest-path" "Cargo.toml", kill_on_drop: false }`
[INFO] [stderr]  Downloading crates ...
[INFO] [stderr]   Downloaded wit-bindgen-rt v0.33.0
[INFO] [stderr]   Downloaded ciborium-ll v0.2.1
[INFO] [stderr]   Downloaded plotters-svg v0.3.5
[INFO] [stderr]   Downloaded oorandom v11.1.3
[INFO] [stderr]   Downloaded plotters-backend v0.3.5
[INFO] [stderr]   Downloaded ciborium-io v0.2.1
[INFO] [stderr]   Downloaded criterion-plot v0.8.1
[INFO] [stderr]   Downloaded rand_core v0.9.2
[INFO] [stderr]   Downloaded num-complex v0.4.4
[INFO] [stderr]   Downloaded crossbeam-deque v0.8.3
[INFO] [stderr]   Downloaded zmij v1.0.16
[INFO] [stderr]   Downloaded crossbeam-epoch v0.9.15
[INFO] [stderr]   Downloaded ciborium v0.2.1
[INFO] [stderr]   Downloaded getrandom v0.3.1
[INFO] [stderr]   Downloaded bitflags v2.4.0
[INFO] [stderr]   Downloaded half v1.8.2
[INFO] [stderr]   Downloaded matrixmultiply v0.3.7
[INFO] [stderr]   Downloaded clap v4.5.54
[INFO] [stderr]   Downloaded rand v0.9.0
[INFO] [stderr]   Downloaded zerocopy v0.8.20
[INFO] [stderr]   Downloaded zerocopy-derive v0.8.20
[INFO] [stderr]   Downloaded num-traits v0.2.16
[INFO] [stderr]   Downloaded criterion v0.8.1
[INFO] [stderr]   Downloaded wasi v0.13.3+wasi-0.2.2
[INFO] [stderr]   Downloaded plotters v0.3.5
[INFO] [stderr]   Downloaded clap_builder v4.5.54
[INFO] [stderr]   Downloaded aho-corasick v1.0.4
[INFO] [stderr]   Downloaded syn v2.0.98
[INFO] running `Command { std: "docker" "create" "-v" "/var/lib/crater-agent-workspace/builds/worker-5-tc1/source:/opt/rustwide/workdir:ro,Z" "-v" "/var/lib/crater-agent-workspace/builds/worker-5-tc1/target:/opt/rustwide/target:rw,Z" "-v" "/var/lib/crater-agent-workspace/cargo-home:/opt/rustwide/cargo-home:ro,Z" "-v" "/var/lib/crater-agent-workspace/rustup-home:/opt/rustwide/rustup-home:ro,Z" "-m" "1610612736" "--network" "none" "ghcr.io/rust-lang/crates-build-env/linux@sha256:77db811e55d90add9212f6832c23229e3de5f1c1f9905e8cb07319ea15df73ac" "sleep" "infinity", kill_on_drop: false }`
[INFO] [stdout] 3b7341d03e6af5c7c1a50d68f558608d00a434edb0eb44abb71080cde37b841c
[INFO] running `Command { std: "docker" "start" "3b7341d03e6af5c7c1a50d68f558608d00a434edb0eb44abb71080cde37b841c", kill_on_drop: false }`
[INFO] running `Command { std: "docker" "inspect" "3b7341d03e6af5c7c1a50d68f558608d00a434edb0eb44abb71080cde37b841c", kill_on_drop: false }`
[INFO] running `Command { std: "docker" "exec" "-e" "SOURCE_DIR=/opt/rustwide/workdir" "-e" "CARGO_HOME=/opt/rustwide/cargo-home" "-e" "RUSTUP_HOME=/opt/rustwide/rustup-home" "-e" "CARGO_TARGET_DIR=/opt/rustwide/target" "-w" "/opt/rustwide/workdir" "--user" "0:0" "3b7341d03e6af5c7c1a50d68f558608d00a434edb0eb44abb71080cde37b841c" "/opt/rustwide/cargo-home/bin/cargo" "+1.99.0-beta.8" "metadata" "--no-deps" "--format-version=1", kill_on_drop: false }`
[INFO] running `Command { std: "docker" "inspect" "3b7341d03e6af5c7c1a50d68f558608d00a434edb0eb44abb71080cde37b841c", kill_on_drop: false }`
[INFO] running `Command { std: "docker" "exec" "-e" "SOURCE_DIR=/opt/rustwide/workdir" "-e" "CARGO_HOME=/opt/rustwide/cargo-home" "-e" "RUSTUP_HOME=/opt/rustwide/rustup-home" "-e" "CARGO_TARGET_DIR=/opt/rustwide/target" "-e" "CARGO_INCREMENTAL=0" "-e" "RUST_BACKTRACE=full" "-e" "RUSTFLAGS=--cap-lints=warn" "-e" "RUSTDOCFLAGS=--cap-lints=warn" "-w" "/opt/rustwide/workdir" "--user" "0:0" "3b7341d03e6af5c7c1a50d68f558608d00a434edb0eb44abb71080cde37b841c" "/opt/rustwide/cargo-home/bin/cargo" "+1.99.0-beta.8" "build" "--frozen" "--message-format=json" "--release", kill_on_drop: false }`
[INFO] [stderr]    Compiling proc-macro2 v1.0.93
[INFO] [stderr]    Compiling num-traits v0.2.16
[INFO] [stderr]    Compiling unicode-ident v1.0.11
[INFO] [stderr]    Compiling matrixmultiply v0.3.7
[INFO] [stderr]    Compiling num-integer v0.1.45
[INFO] [stderr]    Compiling rawpointer v0.2.1
[INFO] [stderr]    Compiling quote v1.0.38
[INFO] [stderr]    Compiling syn v2.0.98
[INFO] [stderr]    Compiling num-complex v0.4.4
[INFO] [stderr]    Compiling ndarray v0.17.2
[INFO] [stderr]    Compiling thiserror-impl v2.0.18
[INFO] [stderr]    Compiling thiserror v2.0.18
[INFO] [stderr]    Compiling ndarray-interp v0.6.0 (/opt/rustwide/workdir)
[INFO] [stdout] warning: hiding a lifetime that's elided elsewhere is confusing
[INFO] [stdout]    --> src/interp1d/mod.rs:371:24
[INFO] [stdout]     |
[INFO] [stdout] 371 |     pub fn index_point(&self, index: usize) -> (Sx::Elem, ArrayView<Sd::Elem, D::Smaller>) {
[INFO] [stdout]     |                        ^^^^^ the lifetime is elided here  ^^^^^^^^^^^^^^^^^^^^^^^^^^^^^^^ the same lifetime is hidden here
[INFO] [stdout]     |
[INFO] [stdout]     = help: the same lifetime is referred to in inconsistent ways, making the signature confusing
[INFO] [stdout]     = note: `#[warn(mismatched_lifetime_syntaxes)]` on by default
[INFO] [stdout] help: use `'_` for type paths
[INFO] [stdout]     |
[INFO] [stdout] 371 |     pub fn index_point(&self, index: usize) -> (Sx::Elem, ArrayView<'_, Sd::Elem, D::Smaller>) {
[INFO] [stdout]     |                                                                     +++
[INFO] [stdout] 
[INFO] [stdout] 
[INFO] [stdout] warning: hiding a lifetime that's elided elsewhere is confusing
[INFO] [stdout]    --> src/interp2d/mod.rs:349:9
[INFO] [stdout]     |
[INFO] [stdout] 349 |         &self,
[INFO] [stdout]     |         ^^^^^ the lifetime is elided here
[INFO] [stdout] ...
[INFO] [stdout] 355 |         ArrayView<Sd::Elem, <D::Smaller as Dimension>::Smaller>,
[INFO] [stdout]     |         ^^^^^^^^^^^^^^^^^^^^^^^^^^^^^^^^^^^^^^^^^^^^^^^^^^^^^^^ the same lifetime is hidden here
[INFO] [stdout]     |
[INFO] [stdout]     = help: the same lifetime is referred to in inconsistent ways, making the signature confusing
[INFO] [stdout] help: use `'_` for type paths
[INFO] [stdout]     |
[INFO] [stdout] 355 |         ArrayView<'_, Sd::Elem, <D::Smaller as Dimension>::Smaller>,
[INFO] [stdout]     |                   +++
[INFO] [stdout] 
[INFO] [stdout] 
[INFO] [stderr]     Finished `release` profile [optimized] target(s) in 15.55s
[INFO] running `Command { std: "docker" "inspect" "3b7341d03e6af5c7c1a50d68f558608d00a434edb0eb44abb71080cde37b841c", kill_on_drop: false }`
[INFO] running `Command { std: "docker" "exec" "-e" "SOURCE_DIR=/opt/rustwide/workdir" "-e" "CARGO_HOME=/opt/rustwide/cargo-home" "-e" "RUSTUP_HOME=/opt/rustwide/rustup-home" "-e" "CARGO_TARGET_DIR=/opt/rustwide/target" "-e" "CARGO_INCREMENTAL=0" "-e" "RUST_BACKTRACE=full" "-e" "RUSTFLAGS=--cap-lints=warn" "-e" "RUSTDOCFLAGS=--cap-lints=warn" "-w" "/opt/rustwide/workdir" "--user" "0:0" "3b7341d03e6af5c7c1a50d68f558608d00a434edb0eb44abb71080cde37b841c" "/opt/rustwide/cargo-home/bin/cargo" "+1.99.0-beta.8" "test" "--frozen" "--no-run" "--message-format=json" "--release", kill_on_drop: false }`
[INFO] [stderr]    Compiling memoffset v0.9.0
[INFO] [stderr]    Compiling crossbeam-utils v0.8.16
[INFO] [stderr]    Compiling crossbeam-epoch v0.9.15
[INFO] [stderr]    Compiling libc v0.2.180
[INFO] [stderr]    Compiling rayon-core v1.12.1
[INFO] [stderr]    Compiling either v1.9.0
[INFO] [stderr]    Compiling zmij v1.0.16
[INFO] [stderr]    Compiling zerocopy v0.8.20
[INFO] [stderr]    Compiling getrandom v0.3.1
[INFO] [stderr]    Compiling serde_derive v1.0.228
[INFO] [stderr]    Compiling half v1.8.2
[INFO] [stderr]    Compiling itoa v1.0.9
[INFO] [stderr]    Compiling ciborium-io v0.2.1
[INFO] [stderr]    Compiling regex-syntax v0.8.5
[INFO] [stderr]    Compiling plotters-backend v0.3.5
[INFO] [stderr]    Compiling clap_lex v0.7.7
[INFO] [stderr]    Compiling clap_builder v4.5.54
[INFO] [stderr]    Compiling plotters-svg v0.3.5
[INFO] [stderr]    Compiling crossbeam-deque v0.8.3
[INFO] [stderr]    Compiling serde_json v1.0.149
[INFO] [stderr]    Compiling ciborium-ll v0.2.1
[INFO] [stderr]    Compiling cc v1.0.83
[INFO] [stderr]    Compiling itertools v0.13.0
[INFO] [stderr]    Compiling rayon v1.10.0
[INFO] [stderr]    Compiling alloca v0.4.0
[INFO] [stderr]    Compiling regex-automata v0.4.9
[INFO] [stderr]    Compiling rand_core v0.9.2
[INFO] [stderr]    Compiling approx v0.5.1
[INFO] [stderr]    Compiling ppv-lite86 v0.2.17
[INFO] [stderr]    Compiling serde v1.0.228
[INFO] [stderr]    Compiling rand_chacha v0.9.0
[INFO] [stderr]    Compiling criterion-plot v0.8.1
[INFO] [stderr]    Compiling clap v4.5.54
[INFO] [stderr]    Compiling plotters v0.3.5
[INFO] [stderr]    Compiling ciborium v0.2.1
[INFO] [stderr]    Compiling tinytemplate v1.2.1
[INFO] [stderr]    Compiling regex v1.11.1
[INFO] [stderr]    Compiling ndarray v0.17.2
[INFO] [stderr]    Compiling page_size v0.6.0
[INFO] [stderr]    Compiling oorandom v11.1.3
[INFO] [stderr]    Compiling criterion v0.8.1
[INFO] [stderr]    Compiling rand v0.9.0
[INFO] [stderr]    Compiling ndarray-interp v0.6.0 (/opt/rustwide/workdir)
[INFO] [stdout] warning: hiding a lifetime that's elided elsewhere is confusing
[INFO] [stdout]    --> src/interp1d/mod.rs:371:24
[INFO] [stdout]     |
[INFO] [stdout] 371 |     pub fn index_point(&self, index: usize) -> (Sx::Elem, ArrayView<Sd::Elem, D::Smaller>) {
[INFO] [stdout]     |                        ^^^^^ the lifetime is elided here  ^^^^^^^^^^^^^^^^^^^^^^^^^^^^^^^ the same lifetime is hidden here
[INFO] [stdout]     |
[INFO] [stdout]     = help: the same lifetime is referred to in inconsistent ways, making the signature confusing
[INFO] [stdout]     = note: `#[warn(mismatched_lifetime_syntaxes)]` on by default
[INFO] [stdout] help: use `'_` for type paths
[INFO] [stdout]     |
[INFO] [stdout] 371 |     pub fn index_point(&self, index: usize) -> (Sx::Elem, ArrayView<'_, Sd::Elem, D::Smaller>) {
[INFO] [stdout]     |                                                                     +++
[INFO] [stdout] 
[INFO] [stdout] 
[INFO] [stdout] warning: hiding a lifetime that's elided elsewhere is confusing
[INFO] [stdout]    --> src/interp2d/mod.rs:349:9
[INFO] [stdout]     |
[INFO] [stdout] 349 |         &self,
[INFO] [stdout]     |         ^^^^^ the lifetime is elided here
[INFO] [stdout] ...
[INFO] [stdout] 355 |         ArrayView<Sd::Elem, <D::Smaller as Dimension>::Smaller>,
[INFO] [stdout]     |         ^^^^^^^^^^^^^^^^^^^^^^^^^^^^^^^^^^^^^^^^^^^^^^^^^^^^^^^ the same lifetime is hidden here
[INFO] [stdout]     |
[INFO] [stdout]     = help: the same lifetime is referred to in inconsistent ways, making the signature confusing
[INFO] [stdout] help: use `'_` for type paths
[INFO] [stdout]     |
[INFO] [stdout] 355 |         ArrayView<'_, Sd::Elem, <D::Smaller as Dimension>::Smaller>,
[INFO] [stdout]     |                   +++
[INFO] [stdout] 
[INFO] [stdout] 
[INFO] [stdout] warning: hiding a lifetime that's elided elsewhere is confusing
[INFO] [stdout]    --> src/interp1d/mod.rs:371:24
[INFO] [stdout]     |
[INFO] [stdout] 371 |     pub fn index_point(&self, index: usize) -> (Sx::Elem, ArrayView<Sd::Elem, D::Smaller>) {
[INFO] [stdout]     |                        ^^^^^ the lifetime is elided here  ^^^^^^^^^^^^^^^^^^^^^^^^^^^^^^^ the same lifetime is hidden here
[INFO] [stdout]     |
[INFO] [stdout]     = help: the same lifetime is referred to in inconsistent ways, making the signature confusing
[INFO] [stdout]     = note: `#[warn(mismatched_lifetime_syntaxes)]` on by default
[INFO] [stdout] help: use `'_` for type paths
[INFO] [stdout]     |
[INFO] [stdout] 371 |     pub fn index_point(&self, index: usize) -> (Sx::Elem, ArrayView<'_, Sd::Elem, D::Smaller>) {
[INFO] [stdout]     |                                                                     +++
[INFO] [stdout] 
[INFO] [stdout] 
[INFO] [stdout] warning: hiding a lifetime that's elided elsewhere is confusing
[INFO] [stdout]    --> src/interp2d/mod.rs:349:9
[INFO] [stdout]     |
[INFO] [stdout] 349 |         &self,
[INFO] [stdout]     |         ^^^^^ the lifetime is elided here
[INFO] [stdout] ...
[INFO] [stdout] 355 |         ArrayView<Sd::Elem, <D::Smaller as Dimension>::Smaller>,
[INFO] [stdout]     |         ^^^^^^^^^^^^^^^^^^^^^^^^^^^^^^^^^^^^^^^^^^^^^^^^^^^^^^^ the same lifetime is hidden here
[INFO] [stdout]     |
[INFO] [stdout]     = help: the same lifetime is referred to in inconsistent ways, making the signature confusing
[INFO] [stdout] help: use `'_` for type paths
[INFO] [stdout]     |
[INFO] [stdout] 355 |         ArrayView<'_, Sd::Elem, <D::Smaller as Dimension>::Smaller>,
[INFO] [stdout]     |                   +++
[INFO] [stdout] 
[INFO] [stdout] 
[INFO] [stderr]     Finished `release` profile [optimized] target(s) in 1m 58s
[INFO] running `Command { std: "docker" "inspect" "3b7341d03e6af5c7c1a50d68f558608d00a434edb0eb44abb71080cde37b841c", kill_on_drop: false }`
[INFO] running `Command { std: "docker" "exec" "-e" "SOURCE_DIR=/opt/rustwide/workdir" "-e" "CARGO_HOME=/opt/rustwide/cargo-home" "-e" "RUSTUP_HOME=/opt/rustwide/rustup-home" "-e" "CARGO_TARGET_DIR=/opt/rustwide/target" "-e" "CARGO_INCREMENTAL=0" "-e" "RUST_BACKTRACE=full" "-e" "RUSTFLAGS=--cap-lints=warn" "-e" "RUSTDOCFLAGS=--cap-lints=warn" "-w" "/opt/rustwide/workdir" "--user" "0:0" "3b7341d03e6af5c7c1a50d68f558608d00a434edb0eb44abb71080cde37b841c" "/opt/rustwide/cargo-home/bin/cargo" "+1.99.0-beta.8" "test" "--frozen" "--release", kill_on_drop: false }`
[INFO] [stderr] warning: hiding a lifetime that's elided elsewhere is confusing
[INFO] [stderr]    --> src/interp1d/mod.rs:371:24
[INFO] [stderr]     |
[INFO] [stderr] 371 |     pub fn index_point(&self, index: usize) -> (Sx::Elem, ArrayView<Sd::Elem, D::Smaller>) {
[INFO] [stderr]     |                        ^^^^^ the lifetime is elided here  ^^^^^^^^^^^^^^^^^^^^^^^^^^^^^^^ the same lifetime is hidden here
[INFO] [stderr]     |
[INFO] [stderr]     = help: the same lifetime is referred to in inconsistent ways, making the signature confusing
[INFO] [stderr]     = note: `#[warn(mismatched_lifetime_syntaxes)]` on by default
[INFO] [stderr] help: use `'_` for type paths
[INFO] [stderr]     |
[INFO] [stderr] 371 |     pub fn index_point(&self, index: usize) -> (Sx::Elem, ArrayView<'_, Sd::Elem, D::Smaller>) {
[INFO] [stderr]     |                                                                     +++
[INFO] [stderr] 
[INFO] [stderr] warning: hiding a lifetime that's elided elsewhere is confusing
[INFO] [stderr]    --> src/interp2d/mod.rs:349:9
[INFO] [stderr]     |
[INFO] [stderr] 349 |         &self,
[INFO] [stderr]     |         ^^^^^ the lifetime is elided here
[INFO] [stderr] ...
[INFO] [stderr] 355 |         ArrayView<Sd::Elem, <D::Smaller as Dimension>::Smaller>,
[INFO] [stderr]     |         ^^^^^^^^^^^^^^^^^^^^^^^^^^^^^^^^^^^^^^^^^^^^^^^^^^^^^^^ the same lifetime is hidden here
[INFO] [stderr]     |
[INFO] [stderr]     = help: the same lifetime is referred to in inconsistent ways, making the signature confusing
[INFO] [stderr] help: use `'_` for type paths
[INFO] [stderr]     |
[INFO] [stderr] 355 |         ArrayView<'_, Sd::Elem, <D::Smaller as Dimension>::Smaller>,
[INFO] [stderr]     |                   +++
[INFO] [stderr] 
[INFO] [stderr] warning: `ndarray-interp` (lib) generated 2 warnings (run `cargo fix --lib -p ndarray-interp` to apply 2 suggestions)
[INFO] [stderr] warning: `ndarray-interp` (lib test) generated 2 warnings (2 duplicates)
[INFO] [stderr]     Finished `release` profile [optimized] target(s) in 0.11s
[INFO] [stderr]      Running unittests src/lib.rs (/opt/rustwide/target/release/deps/ndarray_interp-e92dfb51a4e227ed)
[INFO] [stdout] 
[INFO] [stdout] running 60 tests
[INFO] [stdout] test dim_extensions::test::create_ix1_long_iter ... ok
[INFO] [stdout] test dim_extensions::test::create_ix3_long_iter ... ok
[INFO] [stdout] test dim_extensions::test::create_ix0_long_iter ... ok
[INFO] [stdout] test dim_extensions::test::create_ix1_short_iter ... ok
[INFO] [stdout] test dim_extensions::test::create_ix2_short_iter ... ok
[INFO] [stdout] test dim_extensions::test::create_ix3_short_iter ... ok
[INFO] [stdout] test dim_extensions::test::create_ix0_short_iter ... ok
[INFO] [stdout] test interp1d::tests::interp1d_1d ... ok
[INFO] [stdout] test interp1d::tests::interp1d_1d_scalar ... ok
[INFO] [stdout] test interp1d::tests::interp1d_2d ... ok
[INFO] [stdout] test interp1d::tests::interp1d_2d_array_into_too_big1 - should panic ... ok
[INFO] [stdout] test interp1d::tests::interp1d_2d_into_too_big - should panic ... FAILED
[INFO] [stdout] test dim_extensions::test::create_ixdyn_long_iter ... ok
[INFO] [stdout] test dim_extensions::test::create_ixdyn_short_iter ... ok
[INFO] [stdout] test interp1d::tests::interp1d_3d ... ok
[INFO] [stdout] test dim_extensions::test::create_ix2_long_iter ... ok
[INFO] [stdout] test interp1d::tests::interp1d_4d ... ok
[INFO] [stdout] test interp1d::tests::interp1d_6d ... ok
[INFO] [stdout] test interp2d::tests::interp2d_2d_scalar ... ok
[INFO] [stdout] test interp1d::tests::interp1d_5d ... ok
[INFO] [stdout] test interp1d::tests::interp1d_2d_array_into_too_big2 - should panic ... ok
[INFO] [stdout] test interp1d::tests::interp1d_2d_array_into_too_small1 - should panic ... FAILED
[INFO] [stdout] test interp2d::tests::interp2d_2d ... ok
[INFO] [stdout] test interp1d::tests::interp1d_2d_array_into_too_small2 - should panic ... ok
[INFO] [stdout] test interp1d::tests::interp1d_2d_into_too_small - should panic ... FAILED
[INFO] [stdout] test interp1d::tests::interp1d_7d ... ok
[INFO] [stdout] test interp2d::tests::interp2d_3d ... ok
[INFO] [stdout] test interp2d::tests::interp2d_6d ... ok
[INFO] [stdout] test vector_extensions::test::test_exponential_left_border ... ok
[INFO] [stdout] test vector_extensions::test::test_exponential_index ... ok
[INFO] [stdout] test interp2d::tests::interp2d_4d ... ok
[INFO] [stdout] test interp2d::tests::interp2d_5d ... ok
[INFO] [stdout] test interp2d::tests::interp2d_7d ... ok
[INFO] [stdout] test vector_extensions::test::test_exact_index ... ok
[INFO] [stdout] test vector_extensions::test::test_index ... ok
[INFO] [stdout] test vector_extensions::test::test_exponential_exact_index ... ok
[INFO] [stdout] test vector_extensions::test::test_exponential_right_border ... ok
[INFO] [stdout] test interp2d::tests::interp2d_8d ... ok
[INFO] [stdout] test vector_extensions::test::test_flat ... ok
[INFO] [stdout] test vector_extensions::test::test_left_border ... ok
[INFO] [stdout] test vector_extensions::test::test_log ... ok
[INFO] [stdout] test vector_extensions::test::test_monotonic_falling_i32 ... ok
[INFO] [stdout] test vector_extensions::test::test_monotonic_rising_i32 ... ok
[INFO] [stdout] test vector_extensions::test::test_monotonic_falling_f64 ... ok
[INFO] [stdout] test vector_extensions::test::test_monotonic_rising_f64 ... ok
[INFO] [stdout] test vector_extensions::test::test_nan - should panic ... ok
[INFO] [stdout] test vector_extensions::test::test_not_monotonic_i32 ... ok
[INFO] [stdout] test vector_extensions::test::test_one_element_array ... ok
[INFO] [stdout] test vector_extensions::test::test_outside_right ... ok
[INFO] [stdout] test vector_extensions::test::test_pos_inf_index ... ok
[INFO] [stdout] test vector_extensions::test::test_starting_flat ... ok
[INFO] [stdout] test vector_extensions::test::test_strict_monotonic_falling_f64 ... ok
[INFO] [stdout] test vector_extensions::test::test_strict_monotonic_falling_i32 ... ok
[INFO] [stdout] test vector_extensions::test::test_strict_monotonic_rising_f64 ... ok
[INFO] [stdout] test vector_extensions::test::test_strict_monotonic_rising_i32 ... ok
[INFO] [stdout] test vector_extensions::test::test_neg_inf_index ... ok
[INFO] [stdout] test vector_extensions::test::test_not_monotonic_f64 ... ok
[INFO] [stdout] test vector_extensions::test::test_ordered_view_on_unordred_array ... ok
[INFO] [stdout] test vector_extensions::test::test_outside_left ... ok
[INFO] [stdout] test vector_extensions::test::test_right_border ... ok
[INFO] [stdout] 
[INFO] [stdout] failures:
[INFO] [stdout] 
[INFO] [stdout] ---- interp1d::tests::interp1d_2d_into_too_big stdout ----
[INFO] [stdout] 
[INFO] [stdout] thread 'interp1d::tests::interp1d_2d_into_too_big' (1400) panicked at /opt/rustwide/cargo-home/registry/src/index.crates.io-1949cf8c6b5b557f/ndarray-0.17.2/src/zip/mod.rs:252:5:
[INFO] [stdout] assertion failed: part.equal_dim(dimension)
[INFO] [stdout] stack backtrace:
[INFO] [stdout]    0:     0x60ce09d6b1c1 - <<std[70759c8f55707aa4]::sys::backtrace::BacktraceLock>::print::DisplayBacktrace as core[df12db4294e9bfd3]::fmt::Display>::fmt
[INFO] [stdout]    1:     0x60ce09d800aa - core[df12db4294e9bfd3]::fmt::write
[INFO] [stdout]    2:     0x60ce09d6f65c - <alloc[2182bb758b4b3781]::vec::Vec<u8> as core[df12db4294e9bfd3]::io::write::Write>::write_fmt
[INFO] [stdout]    3:     0x60ce09d477b6 - std[70759c8f55707aa4]::panicking::default_hook::{closure#0}
[INFO] [stdout]    4:     0x60ce09d63929 - std[70759c8f55707aa4]::panicking::default_hook
[INFO] [stdout]    5:     0x60ce09cfd560 - test[9d35eded1c95d3be]::test_main_inner::<test[9d35eded1c95d3be]::test_main_static::{closure#0}>::{closure#0}
[INFO] [stdout]    6:     0x60ce09d63ae2 - std[70759c8f55707aa4]::panicking::panic_with_hook
[INFO] [stdout]    7:     0x60ce09d47894 - std[70759c8f55707aa4]::panicking::panic_handler::{closure#0}
[INFO] [stdout]    8:     0x60ce09d405e9 - std[70759c8f55707aa4]::sys::backtrace::__rust_end_short_backtrace::<std[70759c8f55707aa4]::panicking::panic_handler::{closure#0}, !>
[INFO] [stdout]    9:     0x60ce09d4845d - __rustc[8fa7c3cbc660c2b3]::rust_begin_unwind
[INFO] [stdout]   10:     0x60ce09d807dc - core[df12db4294e9bfd3]::panicking::panic_fmt
[INFO] [stdout]   11:     0x60ce09d807a2 - core[df12db4294e9bfd3]::panicking::panic
[INFO] [stdout]   12:     0x60ce09cdf279 - <ndarray_interp[8f7e6c575894f86]::interp1d::strategies::linear::Linear as ndarray_interp[8f7e6c575894f86]::interp1d::strategies::Interp1DStrategy<ndarray[6bd9fefc927e9280]::data_repr::OwnedRepr<f64>, ndarray[6bd9fefc927e9280]::data_repr::OwnedRepr<f64>, ndarray[6bd9fefc927e9280]::dimension::dim::Dim<[usize; 2usize]>>>::interp_into
[INFO] [stdout]   13:     0x60ce09ce8e18 - ndarray_interp[8f7e6c575894f86]::interp1d::tests::interp1d_2d_into_too_big
[INFO] [stdout]   14:     0x60ce09cda3e9 - <ndarray_interp[8f7e6c575894f86]::interp1d::tests::interp1d_2d_into_too_big::{closure#0} as core[df12db4294e9bfd3]::ops::function::FnOnce<()>>::call_once
[INFO] [stdout]   15:     0x60ce09cf084b - test[9d35eded1c95d3be]::__rust_begin_short_backtrace::<core[df12db4294e9bfd3]::result::Result<(), alloc[2182bb758b4b3781]::string::String>, fn() -> core[df12db4294e9bfd3]::result::Result<(), alloc[2182bb758b4b3781]::string::String>>
[INFO] [stdout]   16:     0x60ce09cfdeb5 - test[9d35eded1c95d3be]::run_test::{closure#0}
[INFO] [stdout]   17:     0x60ce09cf7774 - std[70759c8f55707aa4]::sys::backtrace::__rust_begin_short_backtrace::<test[9d35eded1c95d3be]::run_test::{closure#1}, ()>
[INFO] [stdout]   18:     0x60ce09d01012 - <std[70759c8f55707aa4]::thread::lifecycle::spawn_unchecked<test[9d35eded1c95d3be]::run_test::{closure#1}, ()>::{closure#1} as core[df12db4294e9bfd3]::ops::function::FnOnce<()>>::call_once::{shim:vtable#0}
[INFO] [stdout]   19:     0x60ce09d6aa99 - <std[70759c8f55707aa4]::sys::thread::unix::Thread>::new::thread_start
[INFO] [stdout]   20:     0x75ba352a6dfa - <unknown>
[INFO] [stdout]   21:     0x75ba3533a3d4 - clone
[INFO] [stdout]   22:                0x0 - <unknown>
[INFO] [stdout] note: panic did not contain expected string
[INFO] [stdout]       panic message: "assertion failed: part.equal_dim(dimension)"
[INFO] [stdout]  expected substring: "expected: [4], got: [5]"
[INFO] [stdout] ---- interp1d::tests::interp1d_2d_array_into_too_small1 stdout ----
[INFO] [stdout] 
[INFO] [stdout] thread 'interp1d::tests::interp1d_2d_array_into_too_small1' (1398) panicked at /opt/rustwide/cargo-home/registry/src/index.crates.io-1949cf8c6b5b557f/ndarray-0.17.2/src/zip/mod.rs:252:5:
[INFO] [stdout] assertion failed: part.equal_dim(dimension)
[INFO] [stdout] stack backtrace:
[INFO] [stdout]    0:     0x60ce09d6b1c1 - <<std[70759c8f55707aa4]::sys::backtrace::BacktraceLock>::print::DisplayBacktrace as core[df12db4294e9bfd3]::fmt::Display>::fmt
[INFO] [stdout]    1:     0x60ce09d800aa - core[df12db4294e9bfd3]::fmt::write
[INFO] [stdout]    2:     0x60ce09d6f65c - <alloc[2182bb758b4b3781]::vec::Vec<u8> as core[df12db4294e9bfd3]::io::write::Write>::write_fmt
[INFO] [stdout]    3:     0x60ce09d477b6 - std[70759c8f55707aa4]::panicking::default_hook::{closure#0}
[INFO] [stdout]    4:     0x60ce09d63929 - std[70759c8f55707aa4]::panicking::default_hook
[INFO] [stdout]    5:     0x60ce09cfd560 - test[9d35eded1c95d3be]::test_main_inner::<test[9d35eded1c95d3be]::test_main_static::{closure#0}>::{closure#0}
[INFO] [stdout]    6:     0x60ce09d63ae2 - std[70759c8f55707aa4]::panicking::panic_with_hook
[INFO] [stdout]    7:     0x60ce09d47894 - std[70759c8f55707aa4]::panicking::panic_handler::{closure#0}
[INFO] [stdout]    8:     0x60ce09d405e9 - std[70759c8f55707aa4]::sys::backtrace::__rust_end_short_backtrace::<std[70759c8f55707aa4]::panicking::panic_handler::{closure#0}, !>
[INFO] [stdout]    9:     0x60ce09d4845d - __rustc[8fa7c3cbc660c2b3]::rust_begin_unwind
[INFO] [stdout]   10:     0x60ce09d807dc - core[df12db4294e9bfd3]::panicking::panic_fmt
[INFO] [stdout]   11:     0x60ce09d807a2 - core[df12db4294e9bfd3]::panicking::panic
[INFO] [stdout]   12:     0x60ce09cea44e - ndarray_interp[8f7e6c575894f86]::interp1d::tests::interp1d_2d_array_into_too_small1
[INFO] [stdout]   13:     0x60ce09cda469 - <ndarray_interp[8f7e6c575894f86]::interp1d::tests::interp1d_2d_array_into_too_small1::{closure#0} as core[df12db4294e9bfd3]::ops::function::FnOnce<()>>::call_once
[INFO] [stdout]   14:     0x60ce09cf084b - test[9d35eded1c95d3be]::__rust_begin_short_backtrace::<core[df12db4294e9bfd3]::result::Result<(), alloc[2182bb758b4b3781]::string::String>, fn() -> core[df12db4294e9bfd3]::result::Result<(), alloc[2182bb758b4b3781]::string::String>>
[INFO] [stdout]   15:     0x60ce09cfdeb5 - test[9d35eded1c95d3be]::run_test::{closure#0}
[INFO] [stdout]   16:     0x60ce09cf7774 - std[70759c8f55707aa4]::sys::backtrace::__rust_begin_short_backtrace::<test[9d35eded1c95d3be]::run_test::{closure#1}, ()>
[INFO] [stdout]   17:     0x60ce09d01012 - <std[70759c8f55707aa4]::thread::lifecycle::spawn_unchecked<test[9d35eded1c95d3be]::run_test::{closure#1}, ()>::{closure#1} as core[df12db4294e9bfd3]::ops::function::FnOnce<()>>::call_once::{shim:vtable#0}
[INFO] [stdout]   18:     0x60ce09d6aa99 - <std[70759c8f55707aa4]::sys::thread::unix::Thread>::new::thread_start
[INFO] [stdout]   19:     0x75ba352a6dfa - <unknown>
[INFO] [stdout]   20:     0x75ba3533a3d4 - clone
[INFO] [stdout]   21:                0x0 - <unknown>
[INFO] [stdout] note: panic did not contain expected string
[INFO] [stdout]       panic message: "assertion failed: part.equal_dim(dimension)"
[INFO] [stdout]  expected substring: "expected: [2], got: [1]"
[INFO] [stdout] ---- interp1d::tests::interp1d_2d_into_too_small stdout ----
[INFO] [stdout] 
[INFO] [stdout] thread 'interp1d::tests::interp1d_2d_into_too_small' (1401) panicked at /opt/rustwide/cargo-home/registry/src/index.crates.io-1949cf8c6b5b557f/ndarray-0.17.2/src/zip/mod.rs:252:5:
[INFO] [stdout] assertion failed: part.equal_dim(dimension)
[INFO] [stdout] stack backtrace:
[INFO] [stdout]    0:     0x60ce09d6b1c1 - <<std[70759c8f55707aa4]::sys::backtrace::BacktraceLock>::print::DisplayBacktrace as core[df12db4294e9bfd3]::fmt::Display>::fmt
[INFO] [stdout]    1:     0x60ce09d800aa - core[df12db4294e9bfd3]::fmt::write
[INFO] [stdout]    2:     0x60ce09d6f65c - <alloc[2182bb758b4b3781]::vec::Vec<u8> as core[df12db4294e9bfd3]::io::write::Write>::write_fmt
[INFO] [stdout]    3:     0x60ce09d477b6 - std[70759c8f55707aa4]::panicking::default_hook::{closure#0}
[INFO] [stdout]    4:     0x60ce09d63929 - std[70759c8f55707aa4]::panicking::default_hook
[INFO] [stdout]    5:     0x60ce09cfd560 - test[9d35eded1c95d3be]::test_main_inner::<test[9d35eded1c95d3be]::test_main_static::{closure#0}>::{closure#0}
[INFO] [stdout]    6:     0x60ce09d63ae2 - std[70759c8f55707aa4]::panicking::panic_with_hook
[INFO] [stdout]    7:     0x60ce09d47894 - std[70759c8f55707aa4]::panicking::panic_handler::{closure#0}
[INFO] [stdout]    8:     0x60ce09d405e9 - std[70759c8f55707aa4]::sys::backtrace::__rust_end_short_backtrace::<std[70759c8f55707aa4]::panicking::panic_handler::{closure#0}, !>
[INFO] [stdout]    9:     0x60ce09d4845d - __rustc[8fa7c3cbc660c2b3]::rust_begin_unwind
[INFO] [stdout]   10:     0x60ce09d807dc - core[df12db4294e9bfd3]::panicking::panic_fmt
[INFO] [stdout]   11:     0x60ce09d807a2 - core[df12db4294e9bfd3]::panicking::panic
[INFO] [stdout]   12:     0x60ce09cdf279 - <ndarray_interp[8f7e6c575894f86]::interp1d::strategies::linear::Linear as ndarray_interp[8f7e6c575894f86]::interp1d::strategies::Interp1DStrategy<ndarray[6bd9fefc927e9280]::data_repr::OwnedRepr<f64>, ndarray[6bd9fefc927e9280]::data_repr::OwnedRepr<f64>, ndarray[6bd9fefc927e9280]::dimension::dim::Dim<[usize; 2usize]>>>::interp_into
[INFO] [stdout]   13:     0x60ce09ce93b8 - ndarray_interp[8f7e6c575894f86]::interp1d::tests::interp1d_2d_into_too_small
[INFO] [stdout]   14:     0x60ce09cda409 - <ndarray_interp[8f7e6c575894f86]::interp1d::tests::interp1d_2d_into_too_small::{closure#0} as core[df12db4294e9bfd3]::ops::function::FnOnce<()>>::call_once
[INFO] [stdout]   15:     0x60ce09cf084b - test[9d35eded1c95d3be]::__rust_begin_short_backtrace::<core[df12db4294e9bfd3]::result::Result<(), alloc[2182bb758b4b3781]::string::String>, fn() -> core[df12db4294e9bfd3]::result::Result<(), alloc[2182bb758b4b3781]::string::String>>
[INFO] [stdout]   16:     0x60ce09cfdeb5 - test[9d35eded1c95d3be]::run_test::{closure#0}
[INFO] [stdout]   17:     0x60ce09cf7774 - std[70759c8f55707aa4]::sys::backtrace::__rust_begin_short_backtrace::<test[9d35eded1c95d3be]::run_test::{closure#1}, ()>
[INFO] [stdout]   18:     0x60ce09d01012 - <std[70759c8f55707aa4]::thread::lifecycle::spawn_unchecked<test[9d35eded1c95d3be]::run_test::{closure#1}, ()>::{closure#1} as core[df12db4294e9bfd3]::ops::function::FnOnce<()>>::call_once::{shim:vtable#0}
[INFO] [stdout]   19:     0x60ce09d6aa99 - <std[70759c8f55707aa4]::sys::thread::unix::Thread>::new::thread_start
[INFO] [stdout]   20:     0x75ba352a6dfa - <unknown>
[INFO] [stdout]   21:     0x75ba3533a3d4 - clone
[INFO] [stdout]   22:                0x0 - <unknown>
[INFO] [stdout] note: panic did not contain expected string
[INFO] [stdout]       panic message: "assertion failed: part.equal_dim(dimension)"
[INFO] [stdout]  expected substring: "expected: [4], got: [3]"
[INFO] [stdout] 
[INFO] [stdout] failures:
[INFO] [stdout]     interp1d::tests::interp1d_2d_array_into_too_small1
[INFO] [stdout]     interp1d::tests::interp1d_2d_into_too_big
[INFO] [stdout]     interp1d::tests::interp1d_2d_into_too_small
[INFO] [stdout] 
[INFO] [stdout] test result: FAILED. 57 passed; 3 failed; 0 ignored; 0 measured; 0 filtered out; finished in 0.01s
[INFO] [stdout] 
[INFO] [stderr] error: test failed, to rerun pass `--lib`
[INFO] running `Command { std: "docker" "inspect" "3b7341d03e6af5c7c1a50d68f558608d00a434edb0eb44abb71080cde37b841c", kill_on_drop: false }`
[INFO] running `Command { std: "docker" "rm" "-f" "3b7341d03e6af5c7c1a50d68f558608d00a434edb0eb44abb71080cde37b841c", kill_on_drop: false }`
[INFO] [stdout] 3b7341d03e6af5c7c1a50d68f558608d00a434edb0eb44abb71080cde37b841c
