[INFO] fetching crate navier 0.2.0...
[INFO] testing navier-0.2.0 against 1.99.0-beta.8+cargoflags=--release for beta-release-1.100-2
[INFO] extracting crate navier 0.2.0 into /workspace/builds/worker-2-tc1/source
[INFO] started tweaking crates.io crate navier 0.2.0
[INFO] removed 0 missing examples
[INFO] removed 0 missing tests
[INFO] finished tweaking crates.io crate navier 0.2.0
[INFO] tweaked toml for crates.io crate navier 0.2.0 written to /workspace/builds/worker-2-tc1/source/Cargo.toml
[INFO] validating manifest of crates.io crate navier 0.2.0 on toolchain 1.99.0-beta.8
[INFO] running `Command { std: CARGO_HOME="/workspace/cargo-home" RUSTUP_HOME="/workspace/rustup-home" "/workspace/cargo-home/bin/cargo" "+1.99.0-beta.8" "metadata" "--manifest-path" "Cargo.toml" "--no-deps", kill_on_drop: false }`
[INFO] crate crates.io crate navier 0.2.0 already has a lockfile, it will not be regenerated
[INFO] running `Command { std: CARGO_HOME="/workspace/cargo-home" RUSTUP_HOME="/workspace/rustup-home" "/workspace/cargo-home/bin/cargo" "+1.99.0-beta.8" "fetch" "--manifest-path" "Cargo.toml", kill_on_drop: false }`
[INFO] [stderr]     Updating crates.io index
[INFO] [stderr]  Downloading crates ...
[INFO] [stderr]   Downloaded affectus v0.0.1
[INFO] [stderr]   Downloaded vav v0.1.0
[INFO] [stderr]   Downloaded potentia v0.0.1
[INFO] [stderr]   Downloaded minerva v0.3.0
[INFO] running `Command { std: "docker" "create" "-v" "/var/lib/crater-agent-workspace/builds/worker-2-tc1/source:/opt/rustwide/workdir:ro,Z" "-v" "/var/lib/crater-agent-workspace/builds/worker-2-tc1/target:/opt/rustwide/target:rw,Z" "-v" "/var/lib/crater-agent-workspace/cargo-home:/opt/rustwide/cargo-home:ro,Z" "-v" "/var/lib/crater-agent-workspace/rustup-home:/opt/rustwide/rustup-home:ro,Z" "-m" "1610612736" "--network" "none" "ghcr.io/rust-lang/crates-build-env/linux@sha256:77db811e55d90add9212f6832c23229e3de5f1c1f9905e8cb07319ea15df73ac" "sleep" "infinity", kill_on_drop: false }`
[INFO] [stdout] c0cc3d8e7143cb5b2cf8759e048ce4c7a00dcfc722aa4b4f28be45c97e16ff67
[INFO] running `Command { std: "docker" "start" "c0cc3d8e7143cb5b2cf8759e048ce4c7a00dcfc722aa4b4f28be45c97e16ff67", kill_on_drop: false }`
[INFO] running `Command { std: "docker" "inspect" "c0cc3d8e7143cb5b2cf8759e048ce4c7a00dcfc722aa4b4f28be45c97e16ff67", kill_on_drop: false }`
[INFO] running `Command { std: "docker" "exec" "-e" "SOURCE_DIR=/opt/rustwide/workdir" "-e" "CARGO_HOME=/opt/rustwide/cargo-home" "-e" "RUSTUP_HOME=/opt/rustwide/rustup-home" "-e" "CARGO_TARGET_DIR=/opt/rustwide/target" "-w" "/opt/rustwide/workdir" "--user" "0:0" "c0cc3d8e7143cb5b2cf8759e048ce4c7a00dcfc722aa4b4f28be45c97e16ff67" "/opt/rustwide/cargo-home/bin/cargo" "+1.99.0-beta.8" "metadata" "--no-deps" "--format-version=1", kill_on_drop: false }`
[INFO] running `Command { std: "docker" "inspect" "c0cc3d8e7143cb5b2cf8759e048ce4c7a00dcfc722aa4b4f28be45c97e16ff67", kill_on_drop: false }`
[INFO] running `Command { std: "docker" "exec" "-e" "SOURCE_DIR=/opt/rustwide/workdir" "-e" "CARGO_HOME=/opt/rustwide/cargo-home" "-e" "RUSTUP_HOME=/opt/rustwide/rustup-home" "-e" "CARGO_TARGET_DIR=/opt/rustwide/target" "-e" "CARGO_INCREMENTAL=0" "-e" "RUST_BACKTRACE=full" "-e" "RUSTFLAGS=--cap-lints=warn" "-e" "RUSTDOCFLAGS=--cap-lints=warn" "-w" "/opt/rustwide/workdir" "--user" "0:0" "c0cc3d8e7143cb5b2cf8759e048ce4c7a00dcfc722aa4b4f28be45c97e16ff67" "/opt/rustwide/cargo-home/bin/cargo" "+1.99.0-beta.8" "build" "--frozen" "--message-format=json" "--release", kill_on_drop: false }`
[INFO] [stderr]    Compiling num-integer v0.1.47
[INFO] [stderr]    Compiling proc-macro2 v1.0.95
[INFO] [stderr]    Compiling syn v2.0.104
[INFO] [stderr]    Compiling portable-atomic v1.11.1
[INFO] [stderr]    Compiling affectus v0.0.1
[INFO] [stderr]    Compiling strength_reduce v0.2.4
[INFO] [stderr]    Compiling num-complex v0.4.6
[INFO] [stderr]    Compiling unicode-normalization v0.1.25
[INFO] [stderr]    Compiling potentia v0.0.1
[INFO] [stderr]    Compiling num-bigint v0.4.8
[INFO] [stderr]    Compiling primal-check v0.3.4
[INFO] [stderr]    Compiling transpose v0.2.3
[INFO] [stderr]    Compiling quote v1.0.40
[INFO] [stderr]    Compiling rustfft v6.4.1
[INFO] [stderr]    Compiling thiserror-impl v2.0.12
[INFO] [stderr]    Compiling num-rational v0.4.2
[INFO] [stderr]    Compiling thiserror v2.0.12
[INFO] [stderr]    Compiling minerva v0.3.0
[INFO] [stderr]    Compiling vav v0.1.0
[INFO] [stderr]    Compiling navier v0.2.0 (/opt/rustwide/workdir)
[INFO] [stderr]     Finished `release` profile [optimized] target(s) in 1m 07s
[INFO] running `Command { std: "docker" "inspect" "c0cc3d8e7143cb5b2cf8759e048ce4c7a00dcfc722aa4b4f28be45c97e16ff67", kill_on_drop: false }`
[INFO] running `Command { std: "docker" "exec" "-e" "SOURCE_DIR=/opt/rustwide/workdir" "-e" "CARGO_HOME=/opt/rustwide/cargo-home" "-e" "RUSTUP_HOME=/opt/rustwide/rustup-home" "-e" "CARGO_TARGET_DIR=/opt/rustwide/target" "-e" "CARGO_INCREMENTAL=0" "-e" "RUST_BACKTRACE=full" "-e" "RUSTFLAGS=--cap-lints=warn" "-e" "RUSTDOCFLAGS=--cap-lints=warn" "-w" "/opt/rustwide/workdir" "--user" "0:0" "c0cc3d8e7143cb5b2cf8759e048ce4c7a00dcfc722aa4b4f28be45c97e16ff67" "/opt/rustwide/cargo-home/bin/cargo" "+1.99.0-beta.8" "test" "--frozen" "--no-run" "--message-format=json" "--release", kill_on_drop: false }`
[INFO] [stderr]    Compiling getrandom v0.3.3
[INFO] [stderr]    Compiling zerocopy v0.8.26
[INFO] [stderr]    Compiling bitflags v2.13.0
[INFO] [stderr]    Compiling rand_core v0.9.3
[INFO] [stderr]    Compiling rand_xorshift v0.4.0
[INFO] [stderr]    Compiling rand v0.9.1
[INFO] [stderr]    Compiling ppv-lite86 v0.2.21
[INFO] [stderr]    Compiling rand_chacha v0.9.0
[INFO] [stderr]    Compiling proptest v1.11.0
[INFO] [stderr]    Compiling navier v0.2.0 (/opt/rustwide/workdir)
[INFO] [stderr]     Finished `release` profile [optimized] target(s) in 1m 28s
[INFO] running `Command { std: "docker" "inspect" "c0cc3d8e7143cb5b2cf8759e048ce4c7a00dcfc722aa4b4f28be45c97e16ff67", kill_on_drop: false }`
[INFO] running `Command { std: "docker" "exec" "-e" "SOURCE_DIR=/opt/rustwide/workdir" "-e" "CARGO_HOME=/opt/rustwide/cargo-home" "-e" "RUSTUP_HOME=/opt/rustwide/rustup-home" "-e" "CARGO_TARGET_DIR=/opt/rustwide/target" "-e" "CARGO_INCREMENTAL=0" "-e" "RUST_BACKTRACE=full" "-e" "RUSTFLAGS=--cap-lints=warn" "-e" "RUSTDOCFLAGS=--cap-lints=warn" "-w" "/opt/rustwide/workdir" "--user" "0:0" "c0cc3d8e7143cb5b2cf8759e048ce4c7a00dcfc722aa4b4f28be45c97e16ff67" "/opt/rustwide/cargo-home/bin/cargo" "+1.99.0-beta.8" "test" "--frozen" "--release", kill_on_drop: false }`
[INFO] [stderr]     Finished `release` profile [optimized] target(s) in 0.11s
[INFO] [stderr]      Running unittests src/lib.rs (/opt/rustwide/target/release/deps/navier-2064321dcd1eb933)
[INFO] [stdout] 
[INFO] [stdout] running 204 tests
[INFO] [stdout] test barrier::polynomial::tests::bernstein_conversion_checks_normalized_and_accumulated_capacity ... ok
[INFO] [stdout] test barrier::checker::tests::correlated_bulk_terms_cancel_before_bounding ... ok
[INFO] [stdout] test barrier::polynomial::tests::bernstein_conversion_refuses_every_insufficient_allowance ... ok
[INFO] [stdout] test barrier::checker::tests::one_axis_inequalities_do_not_spend_boxes_on_a_constant_axis ... ok
[INFO] [stdout] test barrier::checker::tests::a_positive_polynomial_can_exhaust_enclosure_without_a_violation ... ok
[INFO] [stdout] test barrier::checker::tests::cached_verification_admits_boxes_before_work_and_keeps_the_depth_limit ... ok
[INFO] [stdout] test barrier::checker::tests::coupled_inequalities_keep_refining_both_axes ... ok
[INFO] [stdout] test barrier::checker::tests::spatial_refinement_precedes_time_for_a_coupled_nonnegative_graph ... ok
[INFO] [stdout] test barrier::polynomial::tests::bernstein_transform_preserves_order_signs_and_zero_slots ... ok
[INFO] [stdout] test barrier::polynomial::tests::intermediate_coefficients_still_obey_the_arithmetic_capacity ... ok
[INFO] [stdout] test barrier::polynomial::tests::every_insufficient_allowance_refuses_without_mutating_the_polynomial ... ok
[INFO] [stdout] test barrier::checker::tests::cached_roots_preserve_degenerate_axes_and_zero_curvature ... ok
[INFO] [stdout] test barrier::checker::tests::cached_child_cancellation_preserves_the_actual_degree_hull ... ok
[INFO] [stdout] test barrier::checker::tests::bulk_axis_selection_keeps_every_component_dependency ... ok
[INFO] [stdout] test barrier::polynomial::tests::coefficient_endpoints_preserve_cancellation_degrees_and_zero_slots ... ok
[INFO] [stdout] test barrier::polynomial::tests::endpoint_corrections_obey_intermediate_capacity ... ok
[INFO] [stdout] test barrier::checker::tests::a_final_point_can_disprove_a_sign_missed_by_uniform_samples ... ok
[INFO] [stdout] test barrier::polynomial::tests::midpoint_children_refuse_every_insufficient_operation_allowance ... ok
[INFO] [stdout] test barrier::polynomial::tests::padded_bernstein_grids_preserve_the_declared_basis ... ok
[INFO] [stdout] test barrier::terminal::tests::endpoint_evaluator_refuses_intermediate_arithmetic_capacity ... ok
[INFO] [stdout] test barrier::polynomial::tests::unit_point_and_cancelling_restrictions_remain_canonical ... ok
[INFO] [stdout] test barrier::terminal::tests::outward_exchange_handles_one_sided_influx_and_egress ... ok
[INFO] [stdout] test barrier::polynomial::tests::point_restriction_does_not_expand_terms_that_vanish ... ok
[INFO] [stdout] test barrier::tests::a_good_bulk_sign_does_not_replace_the_kinetic_law ... ok
[INFO] [stdout] test barrier::polynomial::tests::shared_endpoint_hulls_refuse_exhaustion_without_mutating_inputs ... ok
[INFO] [stdout] test barrier::tests::amount_bounds_reject_invalid_claims_and_preserve_stored_endpoints ... ok
[INFO] [stdout] test barrier::tests::a_kinetically_admissible_linear_lower_graph_still_needs_diffusion ... ok
[INFO] [stdout] test barrier::tests::an_inflated_initial_zero_retains_the_original_preparation_class ... ok
[INFO] [stdout] test barrier::tests::an_empty_first_shell_and_full_second_shell_retain_the_startup_kink ... ok
[INFO] [stdout] test barrier::tests::both_incident_slabs_must_satisfy_the_kinetic_law ... ok
[INFO] [stdout] test barrier::tests::a_lower_zero_may_start_moving_outward_at_a_time_join ... ok
[INFO] [stdout] test barrier::tests::capacity_and_common_horizon_are_admission_conditions ... ok
[INFO] [stdout] test barrier::polynomial::tests::bernstein_dimensions_are_bounded_before_conversion ... ok
[INFO] [stdout] test barrier::tests::closed_wall_and_capacity_use_opposite_amount_extrema ... ok
[INFO] [stdout] test barrier::tests::a_point_certificate_does_not_authorize_wider_observations ... ok
[INFO] [stdout] test barrier::tests::coefficients_and_work_have_fixed_admission_limits ... ok
[INFO] [stdout] test barrier::tests::bounded_amounts_can_establish_positive_release_with_initial_margin ... ok
[INFO] [stdout] test barrier::tests::full_shell_uncertainty_keeps_fallback_and_problem_identity ... ok
[INFO] [stdout] test barrier::tests::exhaustion_keeps_the_fallback_and_spent_work ... ok
[INFO] [stdout] test barrier::tests::elementary_barriers_reproduce_the_analytic_interval_for_both_boundaries ... ok
[INFO] [stdout] test barrier::tests::curved_continuum_barrier_establishes_positive_release ... ok
[INFO] [stdout] test barrier::checker::tests::root_brackets_enclose_the_exact_cube ... ok
[INFO] [stdout] test barrier::checker::tests::cached_bulk_children_recompute_their_diffusion_interval ... ok
[INFO] [stdout] test barrier::tests::initial_zero_order_and_positive_annulus_are_checked_before_residuals ... ok
[INFO] [stdout] test barrier::tests::matching_values_do_not_hide_a_spatial_slope_jump ... ok
[INFO] [stdout] test barrier::tests::positive_corners_do_not_establish_a_nonnegative_polynomial ... ok
[INFO] [stdout] test barrier::tests::research::a_release_witness_for_empty_liquid_does_not_enclose_every_preparation ... ok
[INFO] [stdout] test barrier::tests::research::the_other_admissible_preparation_has_exactly_zero_release ... ok
[INFO] [stdout] test barrier::tests::scalar_order_is_exact_at_full_input_width ... ok
[INFO] [stdout] test barrier::tests::saturated_stationary_graphs_certify_zero_release ... ok
[INFO] [stdout] test barrier::tests::research::outward_auxiliary_motion_keeps_the_physical_release_intersection ... ok
[INFO] [stdout] test barrier::tests::spatial_and_temporal_resets_cannot_hide_between_valid_patches ... ok
[INFO] [stdout] test barrier::tests::research::reported_positive_release_witness_passes_the_production_checker ... ok
[INFO] [stdout] test barrier::checker::tests::coefficient_endpoint_polynomials_enclose_variable_diffusion ... ok
[INFO] [stdout] test barrier::tests::startup::startup_failure_keeps_started_work_and_does_not_spend_boxes ... ok
[INFO] [stdout] test barrier::tests::startup::startup_does_not_create_knots_at_slope_continuous_shell_joins ... ok
[INFO] [stdout] test barrier::tests::startup::startup_invalid_requests_spend_no_work ... ok
[INFO] [stdout] test barrier::tests::startup::startup_refuses_geometry_patch_and_encoding_obstructions ... ok
[INFO] [stdout] test barrier::tests::stored_observation_bounds_match_independent_rational_decoding ... ok
[INFO] [stdout] test barrier::tests::terminal::a_checked_moving_history_can_establish_positive_outward_exchange ... ok
[INFO] [stdout] test barrier::tests::startup::startup_never_shortens_an_infeasible_requested_horizon ... ok
[INFO] [stdout] test barrier::tests::terminal::a_crossing_shell_retains_a_nontrivial_geometric_lower_bound ... ok
[INFO] [stdout] test barrier::tests::terminal::exact_saturated_observations_cover_dry_crossing_and_liquid_shells ... ok
[INFO] [stdout] test barrier::polynomial::tests::separable_restriction_reduces_work_at_maximum_degrees ... ok
[INFO] [stdout] test barrier::tests::terminal::observation_refusal_preserves_history_and_spent_work ... ok
[INFO] [stdout] test barrier::tests::terminal::moving_interface_queries_use_physical_geometry ... ok
[INFO] [stdout] test barrier::tests::nonuniform_mesh_and_time_partition_retain_the_same_interval ... ok
[INFO] [stdout] test barrier::tests::terminal::only_verified_histories_enable_observations ... ok
[INFO] [stdout] test barrier::tests::the_closed_horizon_includes_exactly_the_radius_floor ... ok
[INFO] [stdout] test barrier::tests::terminal::signed_exchange_retains_preparation_uncertainty_and_wall_policy ... ok
[INFO] [stdout] test barrier::tests::the_outer_policy_and_initial_preparation_are_separate_obligations ... ok
[INFO] [stdout] test barrier::tests::zero_and_slope_are_checked_independently_of_bulk ... ok
[INFO] [stdout] test binary64::tests::admission_matches_binary64_classification ... ok
[INFO] [stdout] test binary64::tests::nonfinite_refusal_precedes_sign ... ok
[INFO] [stdout] test barrier::tests::terminal::saturated_shell_amount_is_the_exact_liquid_volume ... ok
[INFO] [stdout] test binary64::tests::zeros_and_exponent_boundaries ... ok
[INFO] [stdout] test film::tests::advance::arbitrary_slots_laws_panes_wind_and_budgets_match_the_independent_oracle ... ok
[INFO] [stdout] test film::tests::advance::evaporation_precedes_depletion_criticality_and_band_selection ... ok
[INFO] [stdout] test film::tests::advance::every_band_ceiling_and_its_successor_select_the_expected_speed ... ok
[INFO] [stdout] test film::tests::advance::extreme_signed_drift_and_unsigned_speed_do_not_wrap_coordinates ... ok
[INFO] [stdout] test film::tests::advance::late_move_refusal_follows_depletion_and_charges_prior_motion_exactly ... ok
[INFO] [stdout] test film::tests::advance::pane_edges_drain_only_past_the_inclusive_boundary ... ok
[INFO] [stdout] test film::tests::advance::inclusive_band_ceiling_uses_the_band_ending_at_that_volume ... ok
[INFO] [stdout] test film::tests::advance::public_register_checkpoint_is_unchanged_after_cancellation_and_late_refusal ... ok
[INFO] [stdout] test film::tests::advance::sixty_four_moves_drain_wide_runoff_and_the_last_unaffordable_move_refuses ... ok
[INFO] [stdout] test film::tests::advance::sparse_holes_and_zero_volume_slots_are_preserved_or_removed_in_place ... ok
[INFO] [stdout] test film::tests::advance::zero_and_one_slot_arrays_are_supported ... ok
[INFO] [stdout] test film::tests::advance::sixty_four_maximum_volumes_keep_wide_evaporation_accounting ... ok
[INFO] [stdout] test film::tests::advance::zero_speed_moves_only_when_wind_is_nonzero_while_pinned_drops_ignore_wind ... ok
[INFO] [stdout] test film::tests::arrivals::arrivals_fill_first_free_holes_in_counter_order_and_preserve_residents ... ok
[INFO] [stdout] test film::tests::arrivals::bounded_rain_panes_budgets_and_arbitrary_sparse_slots_match_the_oracle ... ok
[INFO] [stdout] test film::tests::arrivals::capacity_refusal_precedes_a_possible_merge_and_retains_the_arrival_charge ... ok
[INFO] [stdout] test film::tests::arrivals::maximum_pane_and_volume_span_handle_extreme_counters ... ok
[INFO] [stdout] test film::tests::arrivals::one_cell_inclusive_volume_span_reaches_both_endpoints ... ok
[INFO] [stdout] test film::tests::arrivals::public_prepare_preserves_source_on_late_arrival_refusal_and_cancellation ... ok
[INFO] [stdout] test film::tests::arrivals::public_rain_matches_independent_wire_hash_for_arbitrary_counters ... ok
[INFO] [stdout] test barrier::tests::initial_extremes_cover_profiles_with_the_same_two_shell_amounts ... ok
[INFO] [stdout] test film::tests::arrivals::sixty_four_maximum_volumes_use_wide_accounting_and_the_final_unaffordable_arrival_refuses ... ok
[INFO] [stdout] test film::tests::arrivals::skipped_attempts_on_full_capacity_do_not_charge_or_refuse ... ok
[INFO] [stdout] test film::tests::arrivals::version_one_rain_known_vectors_pin_byte_order_and_draw_order ... ok
[INFO] [stdout] test film::tests::arrivals::zero_attempts_and_out_of_range_counters_produce_no_drop ... ok
[INFO] [stdout] test film::tests::cancellation_and_all_budget_refusals_preserve_exact_checkpoint ... ok
[INFO] [stdout] test film::tests::coalescence::holes_are_skipped_and_only_live_pairs_are_charged ... ok
[INFO] [stdout] test film::tests::coalescence::merge_budget_refusal_retains_prior_merge_and_pair_debits ... ok
[INFO] [stdout] test film::tests::coalescence::radius_zero_merges_coincident_centres_inclusively ... ok
[INFO] [stdout] test film::tests::coalescence::sixty_four_separated_drops_charge_all_2016_pairs ... ok
[INFO] [stdout] test film::tests::arrivals::zero_attempts_and_zero_chance_leave_a_full_candidate_uncharged ... ok
[INFO] [stdout] test film::tests::coalescence::traversal_order_keeps_the_left_anchor_through_a_merge_chain ... ok
[INFO] [stdout] test film::tests::coalescence::sparse_slot_orders_match_the_independent_traversal_oracle ... ok
[INFO] [stdout] test film::tests::coalescence::zero_and_one_slots_preserve_drops_and_prior_work ... ok
[INFO] [stdout] test film::tests::evaporation_precedes_motion_and_merges_keep_the_canonical_anchor ... ok
[INFO] [stdout] test film::tests::coalescence::volume_overflow_after_a_merge_keeps_both_started_merge_debits ... ok
[INFO] [stdout] test film::tests::inclusive_bands_control_motion_and_exact_publication_words ... ok
[INFO] [stdout] test film::tests::maximum_checkpoint_and_pair_work_are_bounded ... ok
[INFO] [stdout] test film::tests::merge_and_lifetime_ledger_overflows_refuse ... ok
[INFO] [stdout] test barrier::tests::startup::startup_handles_both_orientations_of_saturated_shell_transitions ... ok
[INFO] [stdout] test barrier::tests::startup::startup_slab_partition_preserves_exact_shared_traces_and_endpoint ... ok
[INFO] [stdout] test film::tests::pair::merge_budget_refusal_precedes_a_volume_overflow ... ok
[INFO] [stdout] test film::tests::pair::geometry_is_inclusive_at_coordinate_limits_and_radius_zero ... ok
[INFO] [stdout] test film::tests::pair::inspect_matches_widened_oracle_and_is_geometrically_symmetric ... ok
[INFO] [stdout] test film::tests::pair::no_contact_preserves_both_drops_and_charges_only_the_pair_check ... ok
[INFO] [stdout] test film::tests::pair::success_sums_volume_keeps_left_anchor_and_uses_oldest_birth ... ok
[INFO] [stdout] test film::tests::pair::volume_overflow_keeps_the_started_merge_debit ... ok
[INFO] [stdout] test film::tests::parser_rejects_truncation_corruption_and_valid_checksums_on_illegal_state ... ok
[INFO] [stdout] test film::tests::rain_demand_does_not_depend_on_budget_and_capacity_never_truncates ... ok
[INFO] [stdout] test film::tests::rejects_invalid_configuration_and_capacity ... ok
[INFO] [stdout] test film::tests::malformed_and_mutated_checkpoints_never_install_partial_state ... ok
[INFO] [stdout] test hybrid::delay::tests::checked_callback_unwind_preserves_owner_and_spent_work ... ok
[INFO] [stdout] test film::tests::ticks_never_wrap_skip_or_replay ... ok
[INFO] [stdout] test barrier::polynomial::tests::midpoint_arithmetic_checks_intermediate_capacity_and_copies_equal_controls ... ok
[INFO] [stdout] test hybrid::horizon::tests::boundaries_preserve_zero_sign_and_subnormals ... ok
[INFO] [stdout] test hybrid::interval::tests::admission_matches_native_float_classification ... ok
[INFO] [stdout] test hybrid::interval::tests::construction_admits_the_computed_duration ... ok
[INFO] [stdout] test hybrid::delay::tests::promotion_binds_candidate_and_preserves_owner_on_every_return ... ok
[INFO] [stdout] test hybrid::horizon::tests::admission_preserves_every_finite_word ... ok
[INFO] [stdout] test hybrid::preparation::tests::budget_controls_build_and_commit ... ok
[INFO] [stdout] test hybrid::interval::tests::source_subtraction_and_admission_preserve_boundary_words ... ok
[INFO] [stdout] test hybrid::delay::tests::checked_callers_preserve_order_and_every_debit ... ok
[INFO] [stdout] test hybrid::preparation::tests::cancellation_preserves_source_and_spends_only_work ... ok
[INFO] [stdout] test hybrid::preparation::tests::build_unwind_preserves_source_and_spends_only_work ... ok
[INFO] [stdout] test hybrid::preparation::tests::build_refusal_preserves_source_and_spends_only_work ... ok
[INFO] [stdout] test hybrid::preparation::tests::execution_returns_the_retired_source_and_actual_debits ... ok
[INFO] [stdout] test hybrid::preparation::tests::execution_unwind_preserves_source_and_spends_only_work ... ok
[INFO] [stdout] test hybrid::release::tests::deposit_wraps_and_keeps_zero_weight_additions ... ok
[INFO] [stdout] test hybrid::release::tests::numerical_unwind_releases_both_borrows_without_commit ... ok
[INFO] [stdout] test hybrid::release::tests::preparation_binds_checked_words_and_both_owners ... ok
[INFO] [stdout] test hybrid::suspension::tests::checker_refusals_map_to_suspension_refusals ... ok
[INFO] [stdout] test hybrid::suspension::tests::a_fresh_flow_rereads_the_checked_bracket ... ok
[INFO] [stdout] test hybrid::suspension::tests::closed_step_refuses_loss_above_exact_half_of_subnormal_stock ... ok
[INFO] [stdout] test hybrid::suspension::tests::closed_stock_readings_do_not_increase_at_adjacent_time_words ... ok
[INFO] [stdout] test hybrid::suspension::tests::a_refused_reading_refuses_the_delay_and_keeps_the_state ... ok
[INFO] [stdout] test hybrid::suspension::tests::concentration_distinguishes_zero_from_range_loss ... ok
[INFO] [stdout] test hybrid::suspension::tests::composed_rates_distinguish_zero_from_range_loss ... ok
[INFO] [stdout] test hybrid::suspension::tests::creeping_transfer_preserves_compensating_peclet_scales ... ok
[INFO] [stdout] test hybrid::suspension::tests::composed_rates_preserve_compensating_film_and_surface_scales ... ok
[INFO] [stdout] test hybrid::suspension::tests::exact_split_and_sterbenz ... ok
[INFO] [stdout] test hybrid::suspension::tests::ledger_refuses_absorbed_residual ... ok
[INFO] [stdout] test hybrid::suspension::tests::concentration_keeps_subnormal_samples ... ok
[INFO] [stdout] test hybrid::suspension::tests::outside_proposals_fall_back_to_bisection ... ok
[INFO] [stdout] test hybrid::suspension::tests::concentration_keeps_remote_term_at_subnormal_tie ... ok
[INFO] [stdout] test hybrid::suspension::tests::provider_unwind_retains_everything ... ok
[INFO] [stdout] test hybrid::suspension::tests::remote_positive_sample_breaks_subnormal_ties ... ok
[INFO] [stdout] test hybrid::suspension::tests::sampling_preserves_uniform_concentration ... ok
[INFO] [stdout] test hybrid::suspension::tests::sink_rate_readings_preserve_compensating_radius_scales ... ok
[INFO] [stdout] test hybrid::suspension::tests::event_time_order_follows_stock_order ... ok
[INFO] [stdout] test hybrid::suspension::tests::transfer_admits_exactly_losses_at_most_half_stock ... ok
[INFO] [stdout] test hybrid::suspension::tests::transfer_and_split_keep_exact_half_bounds_at_underflow ... ok
[INFO] [stdout] test hybrid::suspension::tests::surface_sink_first_integral_under_the_midpoint_flow ... ok
[INFO] [stdout] test hybrid::suspension::tests::transfer_refuses_before_any_state_change ... ok
[INFO] [stdout] test barrier::tests::bernstein_bounds_contain_independent_power_evaluation ... ok
[INFO] [stdout] test hybrid::suspension::tests::strang_is_second_order_lie_is_first ... ok
[INFO] [stdout] test hybrid::suspension::tests::midpoint_guard_readings_are_ordered_and_independent_of_query_order ... ok
[INFO] [stdout] test inventory::tests::addition_and_capacity_match_independent_integers ... ok
[INFO] [stdout] test hybrid::suspension::tests::uniform_concentration_ignores_rounded_weight_sum ... ok
[INFO] [stdout] test hybrid::suspension::tests::uniform_concentration_keeps_range_decisions_at_every_position ... ok
[INFO] [stdout] test inventory::tests::borrow_and_product_carries_match_independent_integers ... ok
[INFO] [stdout] test inventory::tests::product_comparison_matches_independent_integers ... ok
[INFO] [stdout] test inventory::tests::out_of_range_addition_preserves_the_buffer ... ok
[INFO] [stdout] test inventory::tests::tolerance_includes_equality_and_rejects_the_next_scaled_unit ... ok
[INFO] [stdout] test film::tests::arrivals::maximum_capacity_arbitrary_slots_match_the_oracle ... ok
[INFO] [stdout] test inventory::tests::carry_exhaustion_is_an_ordinary_refusal ... ok
[INFO] [stdout] test inventory::tests::product_comparison_retains_the_final_carry_and_zero_factor ... ok
[INFO] [stdout] test inventory::tests::word_addition_and_refusal_match_independent_integers ... ok
[INFO] [stdout] test inventory::tests::word_capacity_retains_only_the_applied_additions ... ok
[INFO] [stdout] test inventory::tests::all_finite_exponents_accumulate_exactly ... ok
[INFO] [stdout] test inventory::tests::word_validation_precedes_mutation_and_capacity ... ok
[INFO] [stdout] test separation::tests::coordinate_bound_pays_for_the_actual_dual_residual ... ok
[INFO] [stdout] test separation::tests::every_short_budget_refuses_and_retry_uses_unchanged_inputs ... ok
[INFO] [stdout] test separation::tests::canonical_input_and_cross_problem_row_references_are_checked ... ok
[INFO] [stdout] test separation::tests::strict_separation_and_all_coordinate_directions_are_required ... ok
[INFO] [stdout] test separation::tests::extreme_finite_words_cannot_bypass_the_rational_capacity ... ok
[INFO] [stdout] test separation::tests::arbitrary_combinations_cannot_exclude_a_known_feasible_point ... ok
[INFO] [stdout] test film::tests::replay_ledger_and_refusal_hold_across_drivers ... ok
[INFO] [stdout] test separation::tests::positive_rescaling_preserves_an_exact_separating_combination ... ok
[INFO] [stdout] test barrier::tests::uncertain_initial_extremes_cover_profiles_and_widen_monotonically ... ok
[INFO] [stdout] test separation::tests::cross_column_residuals_cannot_exclude_a_known_feasible_box ... ok
[INFO] [stdout] test barrier::tests::startup::startup_proposals_pass_the_independent_checker_for_both_wall_policies ... ok
[INFO] [stdout] test barrier::tests::startup::bounded_startup_profiles_preserve_observation_order ... ok
[INFO] [stdout] test barrier::polynomial::tests::midpoint_children_match_every_monomial_in_the_maximum_basis ... ok
[INFO] [stdout] test barrier::checker::tests::shared_restrictions_preserve_both_coefficient_endpoint_bounds ... ok
[INFO] [stdout] test barrier::polynomial::tests::shared_endpoint_hulls_match_independent_direct_formula ... ok
[INFO] [stdout] test barrier::polynomial::tests::coefficients_ranges_and_point_values_match_independent_composition ... ok
[INFO] [stdout] test barrier::tests::terminal::curved_terminal_observations_are_invariant_under_exact_mesh_and_time_refinement ... ok
[INFO] [stdout] test barrier::polynomial::tests::recursive_midpoints_preserve_signed_rational_coefficients ... ok
[INFO] [stdout] 
[INFO] [stdout] test result: ok. 204 passed; 0 failed; 0 ignored; 0 measured; 0 filtered out; finished in 3.55s
[INFO] [stdout] 
[INFO] [stderr]      Running tests/affine_bound.rs (/opt/rustwide/target/release/deps/affine_bound-234b8afc417875fd)
[INFO] [stdout] 
[INFO] [stdout] running 6 tests
[INFO] [stdout] test duration_admission_matches_the_stored_value ... ok
[INFO] [stdout] test duration_preserves_words_and_refuses_nonfinite_before_negative ... ok
[INFO] [stdout] test maximal_duration_scales_a_coefficient_beyond_float_range ... ok
[INFO] [stdout] test smallest_duration_retains_a_subnormal_intercept ... ok
[INFO] [stdout] test exact_time_bound_retains_provenance_without_more_audit_credit ... ok
[INFO] [stdout] test scaled_bound_matches_independent_integer_polynomial ... ok
[INFO] [stdout] 
[INFO] [stdout] test result: ok. 6 passed; 0 failed; 0 ignored; 0 measured; 0 filtered out; finished in 2.34s
[INFO] [stdout] 
[INFO] [stderr]      Running tests/audited_program.rs (/opt/rustwide/target/release/deps/audited_program-8e62ceb9967b3deb)
[INFO] [stdout] 
[INFO] [stdout] running 5 tests
[INFO] [stdout] test charged_audit_refusal_preserves_physical_state_and_returns_spent_credit ... ok
[INFO] [stdout] test completed_prefix_releases_the_same_audited_field_and_returns_all_credits ... ok
[INFO] [stdout] test release_refusal_is_a_completion_payload_and_retains_the_checked_prefix ... ok
[INFO] [stdout] test upstream_and_preparation_refusals_keep_their_priority_and_credit ... ok
[INFO] [stdout] test stops_never_reach_the_audit ... ok
[INFO] [stdout] 
[INFO] [stdout] test result: ok. 5 passed; 0 failed; 0 ignored; 0 measured; 0 filtered out; finished in 0.00s
[INFO] [stdout] 
[INFO] [stderr]      Running tests/audited_sequence.rs (/opt/rustwide/target/release/deps/audited_sequence-2519d593780aefe9)
[INFO] [stdout] 
[INFO] [stdout] running 6 tests
[INFO] [stdout] test source_admission_enforces_the_profile_bound ... ok
[INFO] [stdout] test cancellation_precedes_fuel_and_completion_precedes_cancellation ... ok
[INFO] [stdout] test mixed_commits_return_contiguous_reports_and_exact_debits ... ok
[INFO] [stdout] test refusal_retains_spent_work_and_can_be_retried_with_returned_resources ... ok
[INFO] [stdout] test bounded_mixed_runs_retain_prefixes_and_charge_only_reached_work ... ok
[INFO] [stderr]      Running tests/cartesian.rs (/opt/rustwide/target/release/deps/cartesian-7238fa7c2462a12e)
[INFO] [stdout] test full_sequence_uses_receipts_to_reach_the_final_minerva_firing ... ok
[INFO] [stdout] 
[INFO] [stdout] test result: ok. 6 passed; 0 failed; 0 ignored; 0 measured; 0 filtered out; finished in 6.91s
[INFO] [stdout] 
[INFO] [stdout] 
[INFO] [stdout] running 10 tests
[INFO] [stdout] test rate_and_accumulator_overflow_are_distinct_refusals ... ok
[INFO] [stdout] test insulated_singleton_axes_have_no_unused_rate_obligation ... ok
[INFO] [stdout] test shared_native_transfers_do_not_claim_exact_floating_conservation ... ok
[INFO] [stdout] test cell_average_diffusion_has_second_order_spatial_consistency ... ok
[INFO] [stdout] test the_two_dimensional_boundary_layout_has_independent_axis_rates ... ok
[INFO] [stdout] test geometry_and_rates_avoid_spurious_intermediate_range_loss ... ok
[INFO] [stdout] test geometry_refuses_invalid_dimensions_limits_and_unrepresentable_measures ... ok
[INFO] [stdout] test faces_match_dense_conservative_positive_diffusion ... ok
[INFO] [stdout] test amounts_are_admitted_once_and_overflow_does_not_change_them ... ok
[INFO] [stdout] test native_faces_match_the_existing_separately_rounded_reference ... ok
[INFO] [stderr]      Running tests/channel.rs (/opt/rustwide/target/release/deps/channel-c159fbe666737797)
[INFO] [stdout] 
[INFO] [stdout] test result: ok. 10 passed; 0 failed; 0 ignored; 0 measured; 0 filtered out; finished in 2.64s
[INFO] [stdout] 
[INFO] [stdout] 
[INFO] [stdout] running 26 tests
[INFO] [stdout] test arbitrary_velocity_matches_independent_ghost_stencil ... ok
[INFO] [stdout] test poiseuille_velocity_flux_shear_and_dissipation_converge ... ok
[INFO] [stdout] test invalid_viscosity_geometry_and_unrepresentable_wall_rates_refuse ... ok
[INFO] [stdout] test coupled_stokes_oracle_exercises_pressure_and_both_velocity_components ... ok
[INFO] [stdout] test signed_work_and_wall_momentum_balance ... ok
[INFO] [stdout] test pressure_work_retains_the_divergence_defect ... ok
[INFO] [stdout] test transient::certificates::exceptional_wall_faults_do_not_escape_through_stored_residual_replay ... ok
[INFO] [stdout] test transient::certificates::mean_violation_and_auxiliary_refusal_preserve_scalar_evidence_and_inputs ... ok
[INFO] [stdout] test transient::affine_time_fixture_has_exact_endpoint_velocity_and_mean_zero_pressure ... ok
[INFO] [stdout] test transient::certificates::finite_extremes_have_exact_decoding_and_no_squared_norm_overflow ... ok
[INFO] [stdout] test transient::certificates::zero_momentum_defect_still_requires_continuity_evidence ... ok
[INFO] [stdout] test admission_binds_fields_and_keeps_wall_geometry_active_for_one_row ... ok
[INFO] [stdout] test transient::certificates::exact_temporal_cancellation_preserves_complete_be_and_bdf2_sources ... ok
[INFO] [stdout] test both_staggered_components_refine_for_two_dimensional_smooth_fields ... ok
[INFO] [stdout] test transient::certificates::tiny_squared_defect_is_not_erased_by_binary64_underflow ... ok
[INFO] [stdout] test transient::certificates::nonzero_scalar_acceptance_and_checked_witness_rescue_are_effective ... ok
[INFO] [stdout] test transient::certificates::work_storage_range_and_source_admission_refuse_without_mutation ... ok
[INFO] [stdout] test transient::exact_energy_and_velocity_do_not_certify_pressure ... ok
[INFO] [stdout] test transient::certificates::nominal_lengths_and_non_dyadic_temporal_coefficients_are_retained ... ok
[INFO] [stdout] test zero_and_extreme_velocities_preserve_source_on_every_outcome ... ok
[INFO] [stdout] test transient::zero_momentum_residual_does_not_certify_incompressibility ... ok
[INFO] [stdout] test transient::unforced_temporal_refinement_has_first_order_velocity_error ... ok
[INFO] [stdout] test transient::exact_stencils_match_native_operators_including_both_walls ... ok
[INFO] [stdout] test transient::complete_pair_bound_retains_momentum_and_divergence ... ok
[INFO] [stdout] test transient::certificates::archived_rq35_candidates_match_independent_coupled_oracle ... ok
[INFO] [stdout] test transient::certificates::baseline_coercivity_and_pressure_rank_hold_on_independent_tiny_grids ... ok
[INFO] [stdout] 
[INFO] [stdout] test result: ok. 26 passed; 0 failed; 0 ignored; 0 measured; 0 filtered out; finished in 0.38s
[INFO] [stdout] 
[INFO] [stderr]      Running tests/continuations.rs (/opt/rustwide/target/release/deps/continuations-6350fc35245fc0a6)
[INFO] [stdout] 
[INFO] [stdout] running 9 tests
[INFO] [stdout] test bounded_caller_retains_work_spent_by_a_second_build_refusal ... ok
[INFO] [stdout] test actual_endpoint_selects_the_next_ode_segment ... ok
[INFO] [stdout] test checked_readouts_select_a_literal_from_the_actual_receipt ... ok
[INFO] [stdout] test finite_checked_histories_respect_each_resource_bound ... ok
[INFO] [stdout] test bounded_caller_stops_from_actual_resource_snapshots ... ok
[INFO] [stdout] test equal_ode_endpoints_do_not_supply_each_others_checker_credit ... ok
[INFO] [stdout] test bounded_caller_preserves_first_call_refusal_order ... ok
[INFO] [stdout] test bounded_caller_uses_both_exact_and_inexact_receipts ... ok
[INFO] [stderr]      Running tests/electrolyte.rs (/opt/rustwide/target/release/deps/electrolyte-8a176a8bb8f9d9a3)
[INFO] [stdout] test bounded_caller_retains_a_second_time_refusal ... ok
[INFO] [stdout] 
[INFO] [stdout] test result: ok. 9 passed; 0 failed; 0 ignored; 0 measured; 0 filtered out; finished in 0.01s
[INFO] [stdout] 
[INFO] [stdout] 
[INFO] [stdout] running 30 tests
[INFO] [stdout] test conductivity_keeps_the_smaller_diffusivity_at_underflow ... ok
[INFO] [stdout] test cancellation_cannot_hide_an_overflowing_sg_flux ... ok
[INFO] [stdout] test log_mean_loop_resistance_converges_at_second_order ... ok
[INFO] [stdout] test nonuniform_boundary_refuses_when_the_face_budget_is_exhausted ... ok
[INFO] [stdout] test physical_anchors_at_room_temperature ... ok
[INFO] [stdout] test normal_resistance_word_does_not_decide_emf_or_current_underflow ... ok
[INFO] [stdout] test electric_readouts_and_salts_refuse_invalid_input ... ok
[INFO] [stdout] test loop_current_leaves_the_salt_generator_unchanged ... ok
[INFO] [stdout] test log_mean_diffusion_potential_telescopes_and_the_arithmetic_mean_does_not ... ok
[INFO] [stdout] test bernoulli_branches_are_accurate_finite_and_symmetric ... ok
[INFO] [stdout] test loop_current_retains_a_small_conductivity_contribution_at_underflow ... ok
[INFO] [stdout] test face_gradient_keeps_exact_cancellation_before_rounding ... ok
[INFO] [stdout] test nonuniform_loop_current_certifies_the_underflow_side ... ok
[INFO] [stdout] test non_one_to_one_salt_rounds_the_exact_subnormal_diffusivity ... ok
[INFO] [stdout] test loop_readouts_keep_representable_results ... ok
[INFO] [stdout] test sg_converges_at_second_order_on_a_tilted_washboard ... ok
[INFO] [stdout] test subtraction_free_implicit_step_keeps_a_sparse_pulse_nonnegative ... ok
[INFO] [stdout] test random_salts_are_neutral_and_split_the_current ... ok
[INFO] [stdout] test reviewer_cases_keep_representable_results ... ok
[INFO] [stdout] test sg_flux_at_zero_jump_is_the_centred_diffusion_flux ... ok
[INFO] [stdout] test zero_current_one_to_one_salt_is_the_ambipolar_ring_bit_for_bit ... ok
[INFO] [stdout] test tiny_nonzero_jump_boundary_classification ... ok
[INFO] [stdout] test sg_flux_vanishes_on_the_discrete_boltzmann_ratio ... ok
[INFO] [stdout] test poisson_boltzmann_ring_matches_debye_huckel_and_zeroes_sg_fluxes ... ok
[INFO] [stdout] test compensating_extremes_match_the_oracle ... ok
[INFO] [stdout] test face_conductivity_accepts_the_least_subnormal ... ok
[INFO] [stdout] test resistance_scaling_crosses_the_certified_rounding_boundary ... ok
[INFO] [stdout] test emf_uses_the_certified_resistance_word ... ok
[INFO] [stdout] test every_extreme_salt_and_flux_matches_the_oracle ... ok
[INFO] [stdout] test loop_readouts_scale_exactly_by_powers_of_two ... ok
[INFO] [stderr]      Running tests/encoding.rs (/opt/rustwide/target/release/deps/encoding-296ab25906191b95)
[INFO] [stdout] 
[INFO] [stdout] test result: ok. 30 passed; 0 failed; 0 ignored; 0 measured; 0 filtered out; finished in 2.43s
[INFO] [stdout] 
[INFO] [stdout] 
[INFO] [stdout] running 5 tests
[INFO] [stdout] test midpoint_rounding_crosses_underflow_normal_and_overflow_boundaries ... ok
[INFO] [stderr]      Running tests/endpoint_bound.rs (/opt/rustwide/target/release/deps/endpoint_bound-9a8f5b188e4baba3)
[INFO] [stdout] test packed_words_preserve_exact_lattice_values ... ok
[INFO] [stdout] test wide_rationals_round_once_before_packing ... ok
[INFO] [stdout] test wide_quotients_are_rejected_before_narrowing ... ok
[INFO] [stdout] test both_formats_retain_zeros_subnormals_and_binade_carries ... ok
[INFO] [stdout] 
[INFO] [stdout] test result: ok. 5 passed; 0 failed; 0 ignored; 0 measured; 0 filtered out; finished in 0.00s
[INFO] [stdout] 
[INFO] [stdout] 
[INFO] [stdout] running 5 tests
[INFO] [stdout] test exact_euler_candidate_keeps_only_the_affine_error ... ok
[INFO] [stdout] test subnormal_jump_is_aligned_without_rounding ... ok
[INFO] [stdout] test refusal_order_and_debit_are_stable ... ok
[INFO] [stdout] test jump_remains_exact_when_affine_values_exceed_float_range ... ok
[INFO] [stdout] test combined_bound_matches_independent_signed_integer_oracle ... ok
[INFO] [stdout] 
[INFO] [stdout] test result: ok. 5 passed; 0 failed; 0 ignored; 0 measured; 0 filtered out; finished in 1.60s
[INFO] [stdout] 
[INFO] [stderr]      Running tests/endpoint_limit.rs (/opt/rustwide/target/release/deps/endpoint_limit-c64ced450b8cb84c)
[INFO] [stdout] 
[INFO] [stdout] running 7 tests
[INFO] [stdout] test limit_admission_matches_binary64 ... ok
[INFO] [stdout] test limit_admission_retains_zeros_and_classifies_refusals ... ok
[INFO] [stdout] test conservative_upper_bound_can_be_inconclusive_for_an_accurate_candidate ... ok
[INFO] [stdout] test zero_limit_requires_an_exact_zero_bound ... ok
[INFO] [stdout] test threshold_placement_crosses_limbs_and_reaches_maximum_finite_limit ... ok
[INFO] [stdout] test exact_equality_and_subnormal_excess_do_not_round_together ... ok
[INFO] [stderr]      Running tests/endpoint_progress.rs (/opt/rustwide/target/release/deps/endpoint_progress-903f90a9137ced70)
[INFO] [stdout] test comparison_matches_independent_integer_units ... ok
[INFO] [stdout] 
[INFO] [stdout] test result: ok. 7 passed; 0 failed; 0 ignored; 0 measured; 0 filtered out; finished in 1.89s
[INFO] [stdout] 
[INFO] [stdout] 
[INFO] [stdout] running 3 tests
[INFO] [stdout] test arbitrary_words_shapes_and_credits_return_an_ordinary_decision ... ok
[INFO] [stdout] test maximal_signed_distance_and_refusal_priority_preserve_spent_credit ... ok
[INFO] [stderr]      Running tests/finite_addition.rs (/opt/rustwide/target/release/deps/finite_addition-58c5c6eae9b2ee8f)
[INFO] [stdout] test finite_signed_fields_match_independent_exact_endpoints ... ok
[INFO] [stdout] 
[INFO] [stdout] test result: ok. 3 passed; 0 failed; 0 ignored; 0 measured; 0 filtered out; finished in 3.09s
[INFO] [stdout] 
[INFO] [stdout] 
[INFO] [stdout] running 6 tests
[INFO] [stdout] test rounded_overflow_is_not_a_finite_operand ... ok
[INFO] [stdout] test subtraction_midpoints_use_the_difference_lattice ... ok
[INFO] [stdout] test opposite_signs_keep_tiny_exact_differences ... ok
[INFO] [stdout] test zeros_and_exact_cancellation_preserve_the_operation_rule ... ok
[INFO] [stdout] test midpoint_parities_exponent_gaps_and_overflow_round_once ... ok
[INFO] [stdout] test exact_addition_and_subtraction_match_native_words ... ok
[INFO] [stderr]      Running tests/finite_multiplication.rs (/opt/rustwide/target/release/deps/finite_multiplication-badc117dd76401e3)
[INFO] [stdout] 
[INFO] [stdout] test result: ok. 6 passed; 0 failed; 0 ignored; 0 measured; 0 filtered out; finished in 0.44s
[INFO] [stdout] 
[INFO] [stdout] 
[INFO] [stdout] running 6 tests
[INFO] [stdout] test nonfinite_words_have_no_finite_operand ... ok
[INFO] [stdout] test finite_admission_retains_every_original_bit ... ok
[INFO] [stdout] test a_rounded_output_requires_finite_readmission_before_the_next_operation ... ok
[INFO] [stdout] test zero_products_keep_the_xor_sign ... ok
[INFO] [stdout] test products_cover_midpoints_subnormal_transition_and_overflow ... ok
[INFO] [stdout] test exact_products_round_to_the_native_word ... ok
[INFO] [stdout] 
[INFO] [stdout] test result: ok. 6 passed; 0 failed; 0 ignored; 0 measured; 0 filtered out; finished in 0.25s
[INFO] [stdout] 
[INFO] [stderr]      Running tests/handoff_capacity.rs (/opt/rustwide/target/release/deps/handoff_capacity-9b3de043640b70df)
[INFO] [stdout] 
[INFO] [stdout] running 6 tests
[INFO] [stdout] test equality_and_signed_zero_amounts_are_admitted ... ok
[INFO] [stdout] test exact_tiny_excess_is_refused ... ok
[INFO] [stdout] test shape_and_owner_refusals_precede_indexing ... ok
[INFO] [stdout] test invalid_words_and_zero_capacity_have_specific_refusals ... ok
[INFO] [stdout] test maximum_extent_and_values_fit_without_floating_sums ... ok
[INFO] [stdout] test acceptance_matches_exact_group_capacity ... ok
[INFO] [stdout] 
[INFO] [stdout] test result: ok. 6 passed; 0 failed; 0 ignored; 0 measured; 0 filtered out; finished in 0.01s
[INFO] [stdout] 
[INFO] [stderr]      Running tests/handoff_collection.rs (/opt/rustwide/target/release/deps/handoff_collection-cc53f96da8f186a3)
[INFO] [stdout] 
[INFO] [stdout] running 8 tests
[INFO] [stdout] test complete_field_binds_noncontiguous_groups_and_their_distinct_denominators ... ok
[INFO] [stdout] test conservative_rounding_is_inconclusive_rather_than_actual_error_exceeded ... ok
[INFO] [stdout] test exhaustion_and_inconclusive_checks_preserve_inputs_and_spent_work ... ok
[INFO] [stdout] test exact_and_signed_zero_fields_accept_zero_allowance ... ok
[INFO] [stdout] test opposite_errors_do_not_cancel_the_encoding_allowance ... ok
[INFO] [stdout] test limit_domain_preserves_bits_and_classifies_invalid_words ... ok
[INFO] [stdout] test maximum_dimensions_have_bounded_storage_and_complete_exact_output ... ok
[INFO] [stdout] test every_output_and_group_ceiling_matches_independent_rational_arithmetic ... ok
[INFO] [stderr]      Running tests/handoff_rounding.rs (/opt/rustwide/target/release/deps/handoff_rounding-19129e1ae9abc33b)
[INFO] [stdout] 
[INFO] [stdout] test result: ok. 8 passed; 0 failed; 0 ignored; 0 measured; 0 filtered out; finished in 0.32s
[INFO] [stdout] 
[INFO] [stdout] 
[INFO] [stdout] running 6 tests
[INFO] [stdout] test halfway_rounds_to_even_including_the_normal_boundary ... ok
[INFO] [stdout] test maximum_group_capacity_does_not_overflow_a_floating_sum ... ok
[INFO] [stdout] test zero_saturation_and_extreme_ratios_stay_bounded ... ok
[INFO] [stdout] test uniform_targets_are_rounded_once ... ok
[INFO] [stdout] test prepared_group_and_receipt_keep_the_input_borrows ... ok
[INFO] [stderr]      Running tests/hybrid.rs (/opt/rustwide/target/release/deps/hybrid-10cdda547cff1fad)
[INFO] [stdout] test complete_partition_matches_rational_rounding_and_signed_ledger ... ok
[INFO] [stdout] 
[INFO] [stdout] test result: ok. 6 passed; 0 failed; 0 ignored; 0 measured; 0 filtered out; finished in 0.10s
[INFO] [stdout] 
[INFO] [stdout] 
[INFO] [stdout] running 17 tests
[INFO] [stdout] test checked_cancellation_preserves_both_success_allowances_and_spends_work ... ok
[INFO] [stdout] test equal_dissolved_observations_do_not_determine_the_effect_of_release ... ok
[INFO] [stdout] test exact_refusal_preserves_physics_and_does_not_downgrade_to_measured_acceptance ... ok
[INFO] [stdout] test failed_numerical_candidate_keeps_both_owners_reusable ... ok
[INFO] [stdout] test numerical_builder_failure_preserves_checker_credit_in_both_checked_paths ... ok
[INFO] [stdout] test advancement_refusal_preserves_preflight_order_and_spent_work ... ok
[INFO] [stdout] test checked_preflight_and_delay_refusals_do_not_spend_checker_work ... ok
[INFO] [stdout] test release_inventory_refusal_preserves_both_owners_for_retry ... ok
[INFO] [stdout] test release_conserves_salt_and_delay_survives_the_last_firing ... ok
[INFO] [stdout] test independent_resource_refusals_preserve_state ... ok
[INFO] [stdout] test advancement_returns_the_same_candidate_and_keeps_acceptance_grades_distinct ... ok
[INFO] [stdout] test cancellation_preserves_physics_and_only_charges_attempted_work ... ok
[INFO] [stdout] test invalid_time_and_input_are_refused_without_work ... ok
[INFO] [stdout] test horizon_observation_is_distinct_from_an_action_at_the_same_time ... ok
[INFO] [stdout] test measured_release_can_hide_an_absorbed_packet ... ok
[INFO] [stdout] test all_delay_paths_validate_time_before_empty_allowances ... ok
[INFO] [stdout] test checked_commit_installs_the_same_words_and_returns_the_matching_report ... ok
[INFO] [stdout] 
[INFO] [stdout] test result: ok. 17 passed; 0 failed; 0 ignored; 0 measured; 0 filtered out; finished in 0.03s
[INFO] [stdout] 
[INFO] [stderr]      Running tests/inventory.rs (/opt/rustwide/target/release/deps/inventory-a9585771e9bd7d6c)
[INFO] [stdout] 
[INFO] [stdout] running 11 tests
[INFO] [stdout] test charge_precedes_checking_and_refusals_do_not_refund_work ... ok
[INFO] [stdout] test rounded_sum_cannot_hide_a_lost_unit ... ok
[INFO] [stdout] test first_refusal_follows_cells_then_sides ... ok
[INFO] [stdout] test malformed_metadata_and_nonfinite_words_are_structured_refusals ... ok
[INFO] [stdout] test signed_zeros_retain_bits_and_subnormals_retain_value ... ok
[INFO] [stdout] test every_word_obeys_the_binary64_domain ... ok
[INFO] [stdout] test finite_word_decode_matches_independent_big_integer ... ok
[INFO] [stdout] test arbitrary_buffers_report_the_first_domain_refusal ... ok
[INFO] [stdout] test rational_thresholds_are_exact_and_inclusive ... ok
[INFO] [stdout] test full_width_accumulation_and_comparison_do_not_overflow ... ok
[INFO] [stderr]      Running tests/magnitude.rs (/opt/rustwide/target/release/deps/magnitude-a070faba62f487e4)
[INFO] [stdout] test comparison_and_summary_match_independent_big_integers ... ok
[INFO] [stdout] 
[INFO] [stdout] test result: ok. 11 passed; 0 failed; 0 ignored; 0 measured; 0 filtered out; finished in 0.05s
[INFO] [stdout] 
[INFO] [stdout] 
[INFO] [stdout] running 7 tests
[INFO] [stdout] test highest_bit_handles_zero_width_zero_and_every_product_bit ... ok
[INFO] [stdout] test highest_bit_matches_independent_integer_length ... ok
[INFO] [stdout] test product_units_encode_one_and_each_maximum_finite_word ... ok
[INFO] [stdout] test binary64_products_match_native_finite_operand_multiplication ... ok
[INFO] [stdout] test exact_magnitudes_match_monotone_word_search ... ok
[INFO] [stdout] test binary32_products_match_native_finite_operand_multiplication ... ok
[INFO] [stderr]      Running tests/numerics.rs (/opt/rustwide/target/release/deps/numerics-ad768a100dfb45c4)
[INFO] [stdout] test rounding_selects_spacing_at_underflow_normal_and_overflow_thresholds ... ok
[INFO] [stdout] 
[INFO] [stdout] test result: ok. 7 passed; 0 failed; 0 ignored; 0 measured; 0 filtered out; finished in 0.11s
[INFO] [stdout] 
[INFO] [stdout] 
[INFO] [stdout] running 25 tests
[INFO] [stdout] test advection_has_the_correct_direction_and_converges_under_refinement ... ok
[INFO] [stdout] test field_validation_checks_shape_before_finiteness ... ok
[INFO] [stdout] test positive_nodes_do_not_imply_a_positive_fourier_interpolant ... ok
[INFO] [stdout] test mean_stokes_mode_requires_a_force_balance_and_gauge ... ok
[INFO] [stdout] test rounded_spacing_can_change_the_stored_generator ... ok
[INFO] [stdout] test reviewer_cases_keep_representable_results ... ok
[INFO] [stdout] test series_mass_transfer_keeps_small_and_symmetric_inputs ... ok
[INFO] [stdout] test dissolution_rate_is_a_one_sided_surface_flux ... ok
[INFO] [stdout] test particle_reynolds_checks_the_creeping_flow_regime ... ok
[INFO] [stdout] test ambipolar_reduction_handles_unequal_ionic_diffusivities ... ok
[INFO] [stdout] test stokes_drag_and_mobility_are_reciprocal ... ok
[INFO] [stdout] test conservative_generator_matches_fourier_evolution_in_both_directions ... ok
[INFO] [stdout] test settling_is_odd_in_density_difference_and_quadratic_in_radius ... ok
[INFO] [stdout] test sherwood_closure_recovers_pure_diffusion ... ok
[INFO] [stdout] test smooth_diffusion_converges_to_the_pde_at_second_order_in_space ... ok
[INFO] [stdout] test sphere_radius_inverts_the_sphere_volume ... ok
[INFO] [stdout] test sphere_radius_keeps_the_smallest_positive_volume ... ok
[INFO] [stdout] test rhs_preserves_face_accumulation_rounding ... ok
[INFO] [stdout] test exponential_flow_composes_to_roundoff_and_preserves_the_mean ... ok
[INFO] [stdout] test field_validation_matches_native_classification ... ok
[INFO] [stdout] test stokes_settling_velocity_balances_drag_and_buoyant_weight ... ok
[INFO] [stdout] test stokes_projection_satisfies_momentum_and_incompressibility ... ok
[INFO] [stdout] test compensating_extremes_match_the_exact_oracle ... ok
[INFO] [stdout] test grain_radius_matches_the_exact_cube_root ... ok
[INFO] [stderr]      Running tests/pde_composition.rs (/opt/rustwide/target/release/deps/pde_composition-91782705c0afadc7)
[INFO] [stdout] test every_extreme_input_tuple_matches_the_exact_oracle ... ok
[INFO] [stdout] 
[INFO] [stdout] test result: ok. 25 passed; 0 failed; 0 ignored; 0 measured; 0 filtered out; finished in 0.42s
[INFO] [stdout] 
[INFO] [stdout] 
[INFO] [stdout] running 2 tests
[INFO] [stderr]      Running tests/periodic_reference.rs (/opt/rustwide/target/release/deps/periodic_reference-9d327cdbd261204a)
[INFO] [stdout] test partitioning_delays_preserves_the_hybrid_pde_result_to_roundoff ... ok
[INFO] [stdout] test flow_release_flow_converges_to_continuum_cell_amounts ... ok
[INFO] [stdout] 
[INFO] [stdout] test result: ok. 2 passed; 0 failed; 0 ignored; 0 measured; 0 filtered out; finished in 0.00s
[INFO] [stdout] 
[INFO] [stdout] 
[INFO] [stdout] running 7 tests
[INFO] [stdout] test wraparound_reuses_the_first_cell_accumulator ... ok
[INFO] [stdout] test admission_checks_shape_then_right_and_left_rates ... ok
[INFO] [stdout] test rounded_products_are_retained_through_the_ring ... ok
[INFO] [stdout] test captured_native_rhs_words_match_the_reference_loop ... ok
[INFO] [stdout] test first_overflow_reports_the_face_and_operation ... ok
[INFO] [stdout] test bounded_ring_matches_sequential_native_words ... ok
[INFO] [stderr]      Running tests/petri_allocation.rs (/opt/rustwide/target/release/deps/petri_allocation-2ce3532c0fe630d0)
[INFO] [stdout] test zero_initialization_and_signed_sources_preserve_native_bits ... ok
[INFO] [stdout] 
[INFO] [stdout] test result: ok. 7 passed; 0 failed; 0 ignored; 0 measured; 0 filtered out; finished in 1.66s
[INFO] [stdout] 
[INFO] [stderr]      Running tests/prepared_endpoint.rs (/opt/rustwide/target/release/deps/prepared_endpoint-5fcdd4defa676c8c)
[INFO] [stdout] 
[INFO] [stdout] running 2 tests
[INFO] [stdout] test each_startup_allocation_can_refuse_and_partial_storage_is_released ... ok
[INFO] [stdout] test empty_markings_require_no_storage_even_when_allocation_would_refuse ... ok
[INFO] [stdout] 
[INFO] [stdout] test result: ok. 2 passed; 0 failed; 0 ignored; 0 measured; 0 filtered out; finished in 0.00s
[INFO] [stdout] 
[INFO] [stdout] 
[INFO] [stdout] running 10 tests
[INFO] [stdout] test preflight_refusal_spends_no_attempt_or_audit_work ... ok
[INFO] [stdout] test native_build_refusal_spends_only_the_attempt ... ok
[INFO] [stdout] test committed_receipt_retains_the_native_candidate_source_and_computed_duration ... ok
[INFO] [stdout] test committed_audit_refusal_retains_state_and_charged_work ... ok
[INFO] [stdout] test inconclusive_assessment_does_not_replace_the_existing_commit_policy ... ok
[INFO] [stdout] test committed_audits_retain_a_contiguous_delay_release_delay_chain ... ok
[INFO] [stdout] test cancellation_and_each_audit_exhaustion_preserve_the_live_owner ... ok
[INFO] [stdout] test native_capture_owns_signed_words_after_input_buffers_change ... ok
[INFO] [stdout] test preparation_matches_the_existing_native_path_and_preserves_receipts ... ok
[INFO] [stdout] test report_chain_survives_an_intervening_refusal ... ok
[INFO] [stdout] 
[INFO] [stdout] test result: ok. 10 passed; 0 failed; 0 ignored; 0 measured; 0 filtered out; finished in 0.46s
[INFO] [stdout] 
[INFO] [stderr]      Running tests/prepared_release_audit.rs (/opt/rustwide/target/release/deps/prepared_release_audit-20d7a0787b59874a)
[INFO] [stdout] 
[INFO] [stdout] running 11 tests
[INFO] [stdout] test committed_release_refusal_keeps_a_retryable_owner ... ok
[INFO] [stdout] test selection_refusals_precede_native_preparation_and_audit_credit ... ok
[INFO] [stdout] test preparation_refusal_precedes_audit_and_does_not_charge_it ... ok
[INFO] [stdout] test exhaustion_precedes_dimension_and_refusal_keeps_physical_state ... ok
[INFO] [stdout] test committed_release_retains_an_absorbed_reset_residual ... ok
[INFO] [stdout] test program_handoff_audits_only_the_actual_completed_owner ... ok
[INFO] [stdout] test report_retains_signed_zero_words ... ok
[INFO] [stdout] test dropping_audited_preparation_keeps_the_owner_and_spends_work ... ok
[INFO] [stdout] test committed_report_binds_every_native_word ... ok
[INFO] [stdout] test measured_refusal_retains_audit_credit_even_when_exhausted ... ok
[INFO] [stderr]      Running tests/program.rs (/opt/rustwide/target/release/deps/program-79f53094a34f7d03)
[INFO] [stdout] test absorbed_stock_is_reported_without_changing_measured_acceptance ... ok
[INFO] [stdout] 
[INFO] [stdout] test result: ok. 11 passed; 0 failed; 0 ignored; 0 measured; 0 filtered out; finished in 0.01s
[INFO] [stdout] 
[INFO] [stdout] 
[INFO] [stdout] running 15 tests
[INFO] [stdout] test actual_inventory_readout_selects_both_branches_under_a_positive_tolerance ... ok
[INFO] [stdout] test admission_requires_every_edge_to_be_forward_and_in_bounds ... ok
[INFO] [stdout] test cancellation_and_fuel_retain_prefix_without_charging_the_next_call ... ok
[INFO] [stdout] test empty_and_terminal_sources_do_not_consult_another_boundary ... ok
[INFO] [stdout] test later_checker_and_time_refusals_retain_every_committed_receipt ... ok
[INFO] [stdout] test maximum_source_bounds_execution_even_with_machine_maximum_fuel ... ok
[INFO] [stdout] test empty_program_dispatches_without_fuel_or_a_cancellation_check ... ok
[INFO] [stdout] test receiver_failure_retains_completed_sender_evidence ... ok
[INFO] [stdout] test finite_paths_match_direct_calls_and_preserve_the_petri_frame ... ok
[INFO] [stdout] test completed_receiver_uses_the_returned_owner_and_credits_once ... ok
[INFO] [stdout] test source_admission_checks_unreachable_edges_and_owns_literals ... ok
[INFO] [stdout] test same_physical_endpoint_with_different_checker_credit_selects_or_stops ... ok
[INFO] [stdout] test first_refusal_preserves_public_priority_and_consumes_only_reached_work ... ok
[INFO] [stdout] test stopped_programs_never_invoke_the_receiver ... ok
[INFO] [stdout] test later_provider_refusal_keeps_the_first_receipt_and_attempt_debit ... ok
[INFO] [stderr]      Running tests/projection.rs (/opt/rustwide/target/release/deps/projection-f8e39911845a01ea)
[INFO] [stdout] 
[INFO] [stdout] test result: ok. 15 passed; 0 failed; 0 ignored; 0 measured; 0 filtered out; finished in 0.01s
[INFO] [stdout] 
[INFO] [stdout] 
[INFO] [stdout] running 13 tests
[INFO] [stdout] test acceptance_checks_the_eliminated_gauge_cell ... ok
[INFO] [stdout] test unresolved_extreme_scales_refuse_without_installation ... ok
[INFO] [stdout] test one_dimensional_closed_projection_retains_no_through_flow ... ok
[INFO] [stdout] test inverse_spacing_requires_only_active_axes_to_be_representable ... ok
[INFO] [stdout] test overflow_refuses_before_replacing_live_velocity ... ok
[INFO] [stdout] test periodic_uniform_flow_and_the_empty_face_space_need_no_solve ... ok
[INFO] [stdout] test compatible_operators_satisfy_the_discrete_work_identity ... ok
[INFO] [stdout] test manufactured_gradient_is_removed_and_circulation_is_retained ... ok
[INFO] [stdout] test cancellation_and_all_budget_refusals_preserve_source_words ... ok
[INFO] [stdout] test admission_preserves_gauge_shape_and_finite_fields ... ok
[INFO] [stdout] test measured_energy_growth_requires_the_callers_allowance ... ok
[INFO] [stdout] test matrix_free_projection_matches_dense_factorization ... ok
[INFO] [stdout] test periodic_smooth_projection_has_second_order_spatial_consistency ... ok
[INFO] [stdout] 
[INFO] [stdout] test result: ok. 13 passed; 0 failed; 0 ignored; 0 measured; 0 filtered out; finished in 0.08s
[INFO] [stdout] 
[INFO] [stderr]      Running tests/reference.rs (/opt/rustwide/target/release/deps/reference-cf52bbecd04bd016)
[INFO] [stdout] 
[INFO] [stdout] running 18 tests
[INFO] [stdout] test addition_retains_carry_and_zero_width ... ok
[INFO] [stdout] test shifted_limbs_include_boundary_spills_and_zero_extension ... ok
[INFO] [stdout] test multiplication_retains_high_carry_and_zero_width ... ok
[INFO] [stdout] test prepared_word_width_is_not_limited_by_inventory_width ... ok
[INFO] [stdout] test nearest_rounding_retains_carries_and_wide_remainders ... ok
[INFO] [stdout] test zero_unit_equal_and_smaller_numerators ... ok
[INFO] [stdout] test native_division_matches_independent_integers ... ok
[INFO] [stdout] test nearest_quotients_minimize_independent_integer_distance ... ok
[INFO] [stdout] test zero_divisor_has_no_inhabitant ... ok
[INFO] [stdout] test shifted_output_limbs_match_independent_integers ... ok
[INFO] [stdout] test division_retains_the_low_remainder_and_limb_order ... ok
[INFO] [stdout] test highest_bits_and_borrow_chains ... ok
[INFO] [stdout] test nearest_rounding_covers_both_midpoint_parities_and_exact_points ... ok
[INFO] [stderr]      Running tests/release_audit.rs (/opt/rustwide/target/release/deps/release_audit-befe7374e4224683)
[INFO] [stdout] test full_register_sums_match_independent_integers ... ok
[INFO] [stdout] test full_word_products_match_independent_integers ... ok
[INFO] [stdout] test nearest_full_quotients_minimize_distance ... ok
[INFO] [stdout] test full_quotients_and_short_divisors ... ok
[INFO] [stdout] test extreme_shift_and_output_indices_do_not_overflow ... ok
[INFO] [stdout] 
[INFO] [stdout] test result: ok. 18 passed; 0 failed; 0 ignored; 0 measured; 0 filtered out; finished in 0.02s
[INFO] [stdout] 
[INFO] [stdout] 
[INFO] [stdout] running 9 tests
[INFO] [stdout] test absorbed_stock_wrong_support_and_remote_mutation ... ok
[INFO] [stdout] test exact_center_split_and_periodic_seam ... ok
[INFO] [stdout] test maximal_numerator_needs_4203_bits ... ok
[INFO] [stdout] test positions_on_both_sides_of_a_rounded_center_keep_the_exact_residual ... ok
[INFO] [stdout] test subnormal_split_and_signed_zero ... ok
[INFO] [stdout] test admission_priority_and_spent_credit ... ok
[INFO] [stdout] test complete_residual_matches_independent_signed_integer_sum ... ok
[INFO] [stdout] test arbitrary_words_return_with_exact_refusal_priority_and_credit ... ok
[INFO] [stdout] test all_dimensions_and_support_locations_include_negative_changes ... ok
[INFO] [stdout] 
[INFO] [stdout] test result: ok. 9 passed; 0 failed; 0 ignored; 0 measured; 0 filtered out; finished in 0.11s
[INFO] [stdout] 
[INFO] [stderr]      Running tests/release_coordinates.rs (/opt/rustwide/target/release/deps/release_coordinates-f367ae3c8662d6ea)
[INFO] [stdout] 
[INFO] [stdout] running 4 tests
[INFO] [stdout] test invalid_geometry_and_outside_positions_are_refused ... ok
[INFO] [stdout] test smallest_scale_fractional_coordinates_and_periodic_seam ... ok
[INFO] [stdout] test six_round_coordinates_match_independent_integer_division ... ok
[INFO] [stdout] test centers_cover_every_six_bit_index ... ok
[INFO] [stdout] 
[INFO] [stdout] test result: ok. 4 passed; 0 failed; 0 ignored; 0 measured; 0 filtered out; finished in 0.01s
[INFO] [stdout] 
[INFO] [stderr]      Running tests/rhs_audit.rs (/opt/rustwide/target/release/deps/rhs_audit-987d0cbfc5e33ae9)
[INFO] [stdout] 
[INFO] [stdout] running 15 tests
[INFO] [stdout] test refusal_order_and_credit_are_deterministic ... ok
[INFO] [stdout] test oriented_ring_and_signed_fields ... ok
[INFO] [stdout] test subnormal_products_and_signed_zero_retain_exact_words ... ok
[INFO] [stdout] test native_call_retains_actual_words_and_separates_its_report ... ok
[INFO] [stdout] test native_refusals_spend_reserved_credit_and_exhaustion_precedes_validation ... ok
[INFO] [stdout] test reference_audit_owns_words_after_input_and_derivative_are_dropped ... ok
[INFO] [stdout] test maximal_signed_fields_fit_without_cancellation_assumptions ... ok
[INFO] [stdout] test affine_report_retains_the_audited_path_and_spends_one_more_credit ... ok
[INFO] [stdout] test rounded_reference_subnormal_error_is_reported_without_rejection ... ok
[INFO] [stdout] test rounded_reference_exact_case_has_zero_discrepancy ... ok
[INFO] [stdout] test affine_report_keeps_subnormal_intercept_when_its_slope_is_zero ... ok
[INFO] [stdout] test affine_report_keeps_exact_curvature_beyond_floating_range ... ok
[INFO] [stdout] test every_cell_matches_independent_signed_integers ... ok
[INFO] [stdout] test reference_audit_reserves_before_assembly_and_never_refunds ... ok
[INFO] [stdout] test rounded_reference_audit_matches_exact_integer_oracle ... ok
[INFO] [stdout] 
[INFO] [stdout] test result: ok. 15 passed; 0 failed; 0 ignored; 0 measured; 0 filtered out; finished in 1.20s
[INFO] [stdout] 
[INFO] [stderr]      Running tests/selection.rs (/opt/rustwide/target/release/deps/selection-3964f668247d1672)
[INFO] [stdout] 
[INFO] [stdout] running 4 tests
[INFO] [stdout] test capture_refusal_preserves_the_checked_source ... ok
[INFO] [stdout] test continuation_output_selects_the_horizon_independently_of_the_readout ... ok
[INFO] [stdout] test checked_selectors_and_substitution_preserve_routed_caller_results ... ok
[INFO] [stdout] test finite_words_and_credits_preserve_routed_returns ... ok
[INFO] [stdout] 
[INFO] [stdout] test result: ok. 4 passed; 0 failed; 0 ignored; 0 measured; 0 filtered out; finished in 0.06s
[INFO] [stdout] 
[INFO] [stderr]      Running tests/source_composition.rs (/opt/rustwide/target/release/deps/source_composition-b026066428505a48)
[INFO] [stdout] 
[INFO] [stdout] running 6 tests
[INFO] [stdout] test suspension_keeps_zero_slip_finite_at_tiny_first_order_rates ... ok
[INFO] [stdout] test suspension_halves_the_attempted_interval_when_the_horizon_limits_the_step ... ok
[INFO] [stdout] test source_timing_converges_to_the_independent_duhamel_ode ... ok
[INFO] [stdout] test suspension_converges_to_duhamel_with_emission_at_the_observation_time ... ok
[INFO] [stdout] test suspension_reset_matches_the_threshold_model_and_exposes_early_release_error ... ok
[INFO] [stderr]      Running tests/suspension.rs (/opt/rustwide/target/release/deps/suspension-1906b44fe3539133)
[INFO] [stdout] test continuous_source_bridge_converges_to_continuum_cell_amounts ... ok
[INFO] [stdout] 
[INFO] [stdout] test result: ok. 6 passed; 0 failed; 0 ignored; 0 measured; 0 filtered out; finished in 0.09s
[INFO] [stdout] 
[INFO] [stdout] 
[INFO] [stdout] running 31 tests
[INFO] [stdout] test brownian_peclet_preserves_compensating_scales_and_exact_zeros ... ok
[INFO] [stdout] test field_coupled_event_brackets_the_fixed_numerical_trajectory ... ok
[INFO] [stdout] test every_grain_id_is_a_crossing_guard ... ok
[INFO] [stdout] test first_order_stock_matches_closed_form ... ok
[INFO] [stdout] test creeping_flow_sherwood_and_series_resistance ... ok
[INFO] [stdout] test mixed_diffusion_sink_keeps_a_representable_rate_with_overflowing_film ... ok
[INFO] [stdout] test diffusion_sink_preserves_compensating_coefficient_scales ... ok
[INFO] [stdout] test cancellation_retains_everything ... ok
[INFO] [stdout] test event_stops_strictly_before_target ... ok
[INFO] [stdout] test construction_validates_every_grain ... ok
[INFO] [stdout] test ledger_accepts_derived_deposit_refuses_drift ... ok
[INFO] [stdout] test preflight_refusals_spend_nothing ... ok
[INFO] [stdout] test first_order_tiny_rates_preserve_the_constant_slip_limit ... ok
[INFO] [stdout] test coupled_scan_does_not_erase_an_interior_crossing_with_an_overshot_predictor ... ok
[INFO] [stdout] test diffusion_sink_extinction_and_position ... ok
[INFO] [stdout] test shrinking_sphere_extinction_time ... FAILED
[INFO] [stdout] test simultaneous_extinction_is_ordered_by_id ... ok
[INFO] [stdout] test sink_laws_keep_dissolution_when_radius_squared_underflows ... ok
[INFO] [stdout] test surface_sink_keeps_adjacent_time_words_ordered_and_detects_the_crossing ... ok
[INFO] [stdout] test zero_dissolution_matches_the_pilot_field_bit_for_bit ... ok
[INFO] [stdout] test radius_regime_keeps_subnormal_cross_section ... ok
[INFO] [stdout] test static_regime_checks ... ok
[INFO] [stdout] test surface_sink_first_integral ... ok
[INFO] [stdout] test conservation_by_construction ... ok
[INFO] [stdout] test no_event_before_threshold ... ok
[INFO] [stdout] test saturated_subnormal_bath_keeps_stock_and_has_no_event ... ok
[INFO] [stdout] test schmidt_matches_exact_power_of_two_ratios ... ok
[INFO] [stdout] test schmidt_preserves_compensating_scales_and_refuses_lost_results ... ok
[INFO] [stdout] test positivity_comparison_and_no_clipping ... ok
[INFO] [stdout] test radius_regime_refuses_a_lost_positive_ratio ... ok
[INFO] [stdout] test self_interaction_regime ... ok
[INFO] [stdout] 
[INFO] [stdout] failures:
[INFO] [stdout] 
[INFO] [stdout] ---- shrinking_sphere_extinction_time stdout ----
[INFO] [stdout] 
[INFO] [stdout] thread 'shrinking_sphere_extinction_time' (2900) panicked at tests/suspension.rs:205:5:
[INFO] [stdout] assertion failed: bracket.crossing().is_tight() && bracket.sole() == Some(id(0))
[INFO] [stdout] stack backtrace:
[INFO] [stdout]    0:     0x64b3be4dfdd1 - <<std[70759c8f55707aa4]::sys::backtrace::BacktraceLock>::print::DisplayBacktrace as core[df12db4294e9bfd3]::fmt::Display>::fmt
[INFO] [stdout]    1:     0x64b3be4f521a - core[df12db4294e9bfd3]::fmt::write
[INFO] [stdout]    2:     0x64b3be4e42cc - <alloc[2182bb758b4b3781]::vec::Vec<u8> as core[df12db4294e9bfd3]::io::write::Write>::write_fmt
[INFO] [stdout]    3:     0x64b3be4bb716 - std[70759c8f55707aa4]::panicking::default_hook::{closure#0}
[INFO] [stdout]    4:     0x64b3be4d8469 - std[70759c8f55707aa4]::panicking::default_hook
[INFO] [stdout]    5:     0x64b3be3a0ae0 - test[9d35eded1c95d3be]::test_main_inner::<test[9d35eded1c95d3be]::test_main_static::{closure#0}>::{closure#0}
[INFO] [stdout]    6:     0x64b3be4d8622 - std[70759c8f55707aa4]::panicking::panic_with_hook
[INFO] [stdout]    7:     0x64b3be4bb7f4 - std[70759c8f55707aa4]::panicking::panic_handler::{closure#0}
[INFO] [stdout]    8:     0x64b3be4b4429 - std[70759c8f55707aa4]::sys::backtrace::__rust_end_short_backtrace::<std[70759c8f55707aa4]::panicking::panic_handler::{closure#0}, !>
[INFO] [stdout]    9:     0x64b3be4bc3bd - __rustc[8fa7c3cbc660c2b3]::rust_begin_unwind
[INFO] [stdout]   10:     0x64b3be4f594c - core[df12db4294e9bfd3]::panicking::panic_fmt
[INFO] [stdout]   11:     0x64b3be4f5912 - core[df12db4294e9bfd3]::panicking::panic
[INFO] [stdout]   12:     0x64b3be3838e5 - <suspension[f2a6dd1ff68da4b4]::shrinking_sphere_extinction_time::{closure#0} as core[df12db4294e9bfd3]::ops::function::FnOnce<()>>::call_once
[INFO] [stdout]   13:     0x64b3be393dcb - test[9d35eded1c95d3be]::__rust_begin_short_backtrace::<core[df12db4294e9bfd3]::result::Result<(), alloc[2182bb758b4b3781]::string::String>, fn() -> core[df12db4294e9bfd3]::result::Result<(), alloc[2182bb758b4b3781]::string::String>>
[INFO] [stdout]   14:     0x64b3be3a1435 - test[9d35eded1c95d3be]::run_test::{closure#0}
[INFO] [stdout]   15:     0x64b3be39acf4 - std[70759c8f55707aa4]::sys::backtrace::__rust_begin_short_backtrace::<test[9d35eded1c95d3be]::run_test::{closure#1}, ()>
[INFO] [stdout]   16:     0x64b3be3a4592 - <std[70759c8f55707aa4]::thread::lifecycle::spawn_unchecked<test[9d35eded1c95d3be]::run_test::{closure#1}, ()>::{closure#1} as core[df12db4294e9bfd3]::ops::function::FnOnce<()>>::call_once::{shim:vtable#0}
[INFO] [stdout]   17:     0x64b3be4df6a9 - <std[70759c8f55707aa4]::sys::thread::unix::Thread>::new::thread_start
[INFO] [stdout]   18:     0x736ededb4dfa - <unknown>
[INFO] [stdout]   19:     0x736edee483d4 - clone
[INFO] [stdout]   20:                0x0 - <unknown>
[INFO] [stdout] 
[INFO] [stdout] 
[INFO] [stdout] failures:
[INFO] [stdout]     shrinking_sphere_extinction_time
[INFO] [stdout] 
[INFO] [stdout] test result: FAILED. 30 passed; 1 failed; 0 ignored; 0 measured; 0 filtered out; finished in 0.04s
[INFO] [stdout] 
[INFO] [stderr] error: test failed, to rerun pass `--test suspension`
[INFO] running `Command { std: "docker" "inspect" "c0cc3d8e7143cb5b2cf8759e048ce4c7a00dcfc722aa4b4f28be45c97e16ff67", kill_on_drop: false }`
[INFO] running `Command { std: "docker" "rm" "-f" "c0cc3d8e7143cb5b2cf8759e048ce4c7a00dcfc722aa4b4f28be45c97e16ff67", kill_on_drop: false }`
[INFO] [stdout] c0cc3d8e7143cb5b2cf8759e048ce4c7a00dcfc722aa4b4f28be45c97e16ff67
