[INFO] fetching crate nautilus-sockets 0.1.1...
[INFO] testing nautilus-sockets-0.1.1 against 1.99.0-beta.8+cargoflags=--release for beta-release-1.100-2
[INFO] extracting crate nautilus-sockets 0.1.1 into /workspace/builds/worker-3-tc1/source
[INFO] started tweaking crates.io crate nautilus-sockets 0.1.1
[INFO] removed 0 missing examples
[INFO] finished tweaking crates.io crate nautilus-sockets 0.1.1
[INFO] tweaked toml for crates.io crate nautilus-sockets 0.1.1 written to /workspace/builds/worker-3-tc1/source/Cargo.toml
[INFO] validating manifest of crates.io crate nautilus-sockets 0.1.1 on toolchain 1.99.0-beta.8
[INFO] running `Command { std: CARGO_HOME="/workspace/cargo-home" RUSTUP_HOME="/workspace/rustup-home" "/workspace/cargo-home/bin/cargo" "+1.99.0-beta.8" "metadata" "--manifest-path" "Cargo.toml" "--no-deps", kill_on_drop: false }`
[INFO] crate crates.io crate nautilus-sockets 0.1.1 already has a lockfile, it will not be regenerated
[INFO] running `Command { std: CARGO_HOME="/workspace/cargo-home" RUSTUP_HOME="/workspace/rustup-home" "/workspace/cargo-home/bin/cargo" "+1.99.0-beta.8" "fetch" "--manifest-path" "Cargo.toml", kill_on_drop: false }`
[INFO] running `Command { std: "docker" "create" "-v" "/var/lib/crater-agent-workspace/builds/worker-3-tc1/source:/opt/rustwide/workdir:ro,Z" "-v" "/var/lib/crater-agent-workspace/builds/worker-3-tc1/target:/opt/rustwide/target:rw,Z" "-v" "/var/lib/crater-agent-workspace/cargo-home:/opt/rustwide/cargo-home:ro,Z" "-v" "/var/lib/crater-agent-workspace/rustup-home:/opt/rustwide/rustup-home:ro,Z" "-m" "1610612736" "--network" "none" "ghcr.io/rust-lang/crates-build-env/linux@sha256:77db811e55d90add9212f6832c23229e3de5f1c1f9905e8cb07319ea15df73ac" "sleep" "infinity", kill_on_drop: false }`
[INFO] [stdout] f6717a1243ed5ecba1db184c47fa5add4d261153affcb15eebb308fac7cc87c6
[INFO] running `Command { std: "docker" "start" "f6717a1243ed5ecba1db184c47fa5add4d261153affcb15eebb308fac7cc87c6", kill_on_drop: false }`
[INFO] running `Command { std: "docker" "inspect" "f6717a1243ed5ecba1db184c47fa5add4d261153affcb15eebb308fac7cc87c6", kill_on_drop: false }`
[INFO] running `Command { std: "docker" "exec" "-e" "SOURCE_DIR=/opt/rustwide/workdir" "-e" "CARGO_HOME=/opt/rustwide/cargo-home" "-e" "RUSTUP_HOME=/opt/rustwide/rustup-home" "-e" "CARGO_TARGET_DIR=/opt/rustwide/target" "-w" "/opt/rustwide/workdir" "--user" "0:0" "f6717a1243ed5ecba1db184c47fa5add4d261153affcb15eebb308fac7cc87c6" "/opt/rustwide/cargo-home/bin/cargo" "+1.99.0-beta.8" "metadata" "--no-deps" "--format-version=1", kill_on_drop: false }`
[INFO] running `Command { std: "docker" "inspect" "f6717a1243ed5ecba1db184c47fa5add4d261153affcb15eebb308fac7cc87c6", kill_on_drop: false }`
[INFO] running `Command { std: "docker" "exec" "-e" "SOURCE_DIR=/opt/rustwide/workdir" "-e" "CARGO_HOME=/opt/rustwide/cargo-home" "-e" "RUSTUP_HOME=/opt/rustwide/rustup-home" "-e" "CARGO_TARGET_DIR=/opt/rustwide/target" "-e" "CARGO_INCREMENTAL=0" "-e" "RUST_BACKTRACE=full" "-e" "RUSTFLAGS=--cap-lints=warn" "-e" "RUSTDOCFLAGS=--cap-lints=warn" "-w" "/opt/rustwide/workdir" "--user" "0:0" "f6717a1243ed5ecba1db184c47fa5add4d261153affcb15eebb308fac7cc87c6" "/opt/rustwide/cargo-home/bin/cargo" "+1.99.0-beta.8" "build" "--frozen" "--message-format=json" "--release", kill_on_drop: false }`
[INFO] [stderr]    Compiling anyhow v1.0.93
[INFO] [stderr]    Compiling nautilus-sockets v0.1.1 (/opt/rustwide/workdir)
[INFO] [stdout] warning: unused import: `Any`
[INFO] [stdout]  --> src/persistent/storage.rs:2:11
[INFO] [stdout]   |
[INFO] [stdout] 2 |     any::{Any, TypeId},
[INFO] [stdout]   |           ^^^
[INFO] [stdout]   |
[INFO] [stdout]   = note: `#[warn(unused_imports)]` (part of `#[warn(unused)]`) on by default
[INFO] [stdout] 
[INFO] [stdout] 
[INFO] [stderr]     Finished `release` profile [optimized] target(s) in 1.40s
[INFO] running `Command { std: "docker" "inspect" "f6717a1243ed5ecba1db184c47fa5add4d261153affcb15eebb308fac7cc87c6", kill_on_drop: false }`
[INFO] running `Command { std: "docker" "exec" "-e" "SOURCE_DIR=/opt/rustwide/workdir" "-e" "CARGO_HOME=/opt/rustwide/cargo-home" "-e" "RUSTUP_HOME=/opt/rustwide/rustup-home" "-e" "CARGO_TARGET_DIR=/opt/rustwide/target" "-e" "CARGO_INCREMENTAL=0" "-e" "RUST_BACKTRACE=full" "-e" "RUSTFLAGS=--cap-lints=warn" "-e" "RUSTDOCFLAGS=--cap-lints=warn" "-w" "/opt/rustwide/workdir" "--user" "0:0" "f6717a1243ed5ecba1db184c47fa5add4d261153affcb15eebb308fac7cc87c6" "/opt/rustwide/cargo-home/bin/cargo" "+1.99.0-beta.8" "test" "--frozen" "--no-run" "--message-format=json" "--release", kill_on_drop: false }`
[INFO] [stdout] warning: unused import: `Any`
[INFO] [stdout]  --> src/persistent/storage.rs:2:11
[INFO] [stdout]   |
[INFO] [stdout] 2 |     any::{Any, TypeId},
[INFO] [stdout]   |           ^^^
[INFO] [stdout]   |
[INFO] [stdout]   = note: `#[warn(unused_imports)]` (part of `#[warn(unused)]`) on by default
[INFO] [stdout] 
[INFO] [stdout] 
[INFO] [stderr]    Compiling nautilus-sockets v0.1.1 (/opt/rustwide/workdir)
[INFO] [stdout] warning: unused import: `Any`
[INFO] [stdout]  --> src/persistent/storage.rs:2:11
[INFO] [stdout]   |
[INFO] [stdout] 2 |     any::{Any, TypeId},
[INFO] [stdout]   |           ^^^
[INFO] [stdout]   |
[INFO] [stdout]   = note: `#[warn(unused_imports)]` (part of `#[warn(unused)]`) on by default
[INFO] [stdout] 
[INFO] [stdout] 
[INFO] [stderr]     Finished `release` profile [optimized] target(s) in 1.15s
[INFO] running `Command { std: "docker" "inspect" "f6717a1243ed5ecba1db184c47fa5add4d261153affcb15eebb308fac7cc87c6", kill_on_drop: false }`
[INFO] running `Command { std: "docker" "exec" "-e" "SOURCE_DIR=/opt/rustwide/workdir" "-e" "CARGO_HOME=/opt/rustwide/cargo-home" "-e" "RUSTUP_HOME=/opt/rustwide/rustup-home" "-e" "CARGO_TARGET_DIR=/opt/rustwide/target" "-e" "CARGO_INCREMENTAL=0" "-e" "RUST_BACKTRACE=full" "-e" "RUSTFLAGS=--cap-lints=warn" "-e" "RUSTDOCFLAGS=--cap-lints=warn" "-w" "/opt/rustwide/workdir" "--user" "0:0" "f6717a1243ed5ecba1db184c47fa5add4d261153affcb15eebb308fac7cc87c6" "/opt/rustwide/cargo-home/bin/cargo" "+1.99.0-beta.8" "test" "--frozen" "--release", kill_on_drop: false }`
[INFO] [stderr] warning: unused import: `Any`
[INFO] [stderr]  --> src/persistent/storage.rs:2:11
[INFO] [stderr]   |
[INFO] [stderr] 2 |     any::{Any, TypeId},
[INFO] [stderr]   |           ^^^
[INFO] [stderr]   |
[INFO] [stderr]   = note: `#[warn(unused_imports)]` (part of `#[warn(unused)]`) on by default
[INFO] [stderr] 
[INFO] [stderr] warning: `nautilus-sockets` (lib) generated 1 warning (run `cargo fix --lib -p nautilus-sockets` to apply 1 suggestion)
[INFO] [stderr] warning: `nautilus-sockets` (lib test) generated 1 warning (1 duplicate)
[INFO] [stderr]     Finished `release` profile [optimized] target(s) in 0.01s
[INFO] [stderr]      Running unittests src/lib.rs (/opt/rustwide/target/release/deps/nautilus_sockets-97746c1d6cad60c7)
[INFO] [stdout] 
[INFO] [stdout] running 0 tests
[INFO] [stdout] 
[INFO] [stdout] test result: ok. 0 passed; 0 failed; 0 ignored; 0 measured; 0 filtered out; finished in 0.00s
[INFO] [stdout] 
[INFO] [stderr]    Doc-tests nautilus_sockets
[INFO] [stdout] 
[INFO] [stdout] running 2 tests
[INFO] [stdout] test src/socket/mod.rs - socket::NautSocket<'socket,S>::on_poll (line 289) ... FAILED
[INFO] [stdout] test src/socket/mod.rs - socket::NautSocket<'socket,S>::on (line 272) ... FAILED
[INFO] [stdout] 
[INFO] [stdout] failures:
[INFO] [stdout] 
[INFO] [stdout] ---- src/socket/mod.rs - socket::NautSocket<'socket,S>::on_poll (line 289) stdout ----
[INFO] [stdout] error[E0425]: cannot find value `server` in this scope
[INFO] [stdout]    --> src/socket/mod.rs:292:1
[INFO] [stdout]     |
[INFO] [stdout] 292 | server.on_poll(|_server| {
[INFO] [stdout]     | ^^^^^^ not found in this scope
[INFO] [stdout] 
[INFO] [stdout] error: aborting due to 1 previous error
[INFO] [stdout] 
[INFO] [stdout] For more information about this error, try `rustc --explain E0425`.
[INFO] [stdout] Couldn't compile the test.
[INFO] [stdout] ---- src/socket/mod.rs - socket::NautSocket<'socket,S>::on (line 272) stdout ----
[INFO] [stdout] error[E0425]: cannot find value `client` in this scope
[INFO] [stdout]    --> src/socket/mod.rs:274:1
[INFO] [stdout]     |
[INFO] [stdout] 274 | client.on("hello", |_client, (_addr, packet)| {
[INFO] [stdout]     | ^^^^^^ not found in this scope
[INFO] [stdout] 
[INFO] [stdout] error: aborting due to 1 previous error
[INFO] [stdout] 
[INFO] [stdout] For more information about this error, try `rustc --explain E0425`.
[INFO] [stdout] Couldn't compile the test.
[INFO] [stdout] 
[INFO] [stdout] failures:
[INFO] [stdout]     src/socket/mod.rs - socket::NautSocket<'socket,S>::on (line 272)
[INFO] [stdout]     src/socket/mod.rs - socket::NautSocket<'socket,S>::on_poll (line 289)
[INFO] [stdout] 
[INFO] [stdout] test result: FAILED. 0 passed; 2 failed; 0 ignored; 0 measured; 0 filtered out; finished in 0.10s
[INFO] [stdout] 
[INFO] [stderr] error: doctest failed, to rerun pass `--doc`
[INFO] running `Command { std: "docker" "inspect" "f6717a1243ed5ecba1db184c47fa5add4d261153affcb15eebb308fac7cc87c6", kill_on_drop: false }`
[INFO] running `Command { std: "docker" "rm" "-f" "f6717a1243ed5ecba1db184c47fa5add4d261153affcb15eebb308fac7cc87c6", kill_on_drop: false }`
[INFO] [stdout] f6717a1243ed5ecba1db184c47fa5add4d261153affcb15eebb308fac7cc87c6
