[INFO] fetching crate natural-date-parser 0.1.3...
[INFO] testing natural-date-parser-0.1.3 against 1.99.0-beta.8+cargoflags=--release for beta-release-1.100-2
[INFO] extracting crate natural-date-parser 0.1.3 into /workspace/builds/worker-1-tc1/source
[INFO] started tweaking crates.io crate natural-date-parser 0.1.3
[INFO] removed 0 missing tests
[INFO] finished tweaking crates.io crate natural-date-parser 0.1.3
[INFO] tweaked toml for crates.io crate natural-date-parser 0.1.3 written to /workspace/builds/worker-1-tc1/source/Cargo.toml
[INFO] validating manifest of crates.io crate natural-date-parser 0.1.3 on toolchain 1.99.0-beta.8
[INFO] running `Command { std: CARGO_HOME="/workspace/cargo-home" RUSTUP_HOME="/workspace/rustup-home" "/workspace/cargo-home/bin/cargo" "+1.99.0-beta.8" "metadata" "--manifest-path" "Cargo.toml" "--no-deps", kill_on_drop: false }`
[INFO] crate crates.io crate natural-date-parser 0.1.3 already has a lockfile, it will not be regenerated
[INFO] running `Command { std: CARGO_HOME="/workspace/cargo-home" RUSTUP_HOME="/workspace/rustup-home" "/workspace/cargo-home/bin/cargo" "+1.99.0-beta.8" "fetch" "--manifest-path" "Cargo.toml", kill_on_drop: false }`
[INFO] [stderr]     Updating crates.io index
[INFO] [stderr]  Downloading crates ...
[INFO] [stderr]   Downloaded thiserror-impl v2.0.3
[INFO] [stderr]   Downloaded pest_generator v2.7.14
[INFO] [stderr]   Downloaded thiserror v2.0.3
[INFO] [stderr]   Downloaded pest_meta v2.7.14
[INFO] [stderr]   Downloaded pest_derive v2.7.14
[INFO] [stderr]   Downloaded chronoutil v0.2.7
[INFO] [stderr]   Downloaded cc v1.1.37
[INFO] [stderr]   Downloaded pest v2.7.14
[INFO] [stderr]   Downloaded libc v0.2.161
[INFO] running `Command { std: "docker" "create" "-v" "/var/lib/crater-agent-workspace/builds/worker-1-tc1/source:/opt/rustwide/workdir:ro,Z" "-v" "/var/lib/crater-agent-workspace/builds/worker-1-tc1/target:/opt/rustwide/target:rw,Z" "-v" "/var/lib/crater-agent-workspace/cargo-home:/opt/rustwide/cargo-home:ro,Z" "-v" "/var/lib/crater-agent-workspace/rustup-home:/opt/rustwide/rustup-home:ro,Z" "-m" "1610612736" "--network" "none" "ghcr.io/rust-lang/crates-build-env/linux@sha256:77db811e55d90add9212f6832c23229e3de5f1c1f9905e8cb07319ea15df73ac" "sleep" "infinity", kill_on_drop: false }`
[INFO] [stdout] f88ea97495650809cc8662b1271057cfe3352f7ad81499dbb5c322d9e78b990c
[INFO] running `Command { std: "docker" "start" "f88ea97495650809cc8662b1271057cfe3352f7ad81499dbb5c322d9e78b990c", kill_on_drop: false }`
[INFO] running `Command { std: "docker" "inspect" "f88ea97495650809cc8662b1271057cfe3352f7ad81499dbb5c322d9e78b990c", kill_on_drop: false }`
[INFO] running `Command { std: "docker" "exec" "-e" "SOURCE_DIR=/opt/rustwide/workdir" "-e" "CARGO_HOME=/opt/rustwide/cargo-home" "-e" "RUSTUP_HOME=/opt/rustwide/rustup-home" "-e" "CARGO_TARGET_DIR=/opt/rustwide/target" "-w" "/opt/rustwide/workdir" "--user" "0:0" "f88ea97495650809cc8662b1271057cfe3352f7ad81499dbb5c322d9e78b990c" "/opt/rustwide/cargo-home/bin/cargo" "+1.99.0-beta.8" "metadata" "--no-deps" "--format-version=1", kill_on_drop: false }`
[INFO] running `Command { std: "docker" "inspect" "f88ea97495650809cc8662b1271057cfe3352f7ad81499dbb5c322d9e78b990c", kill_on_drop: false }`
[INFO] running `Command { std: "docker" "exec" "-e" "SOURCE_DIR=/opt/rustwide/workdir" "-e" "CARGO_HOME=/opt/rustwide/cargo-home" "-e" "RUSTUP_HOME=/opt/rustwide/rustup-home" "-e" "CARGO_TARGET_DIR=/opt/rustwide/target" "-e" "CARGO_INCREMENTAL=0" "-e" "RUST_BACKTRACE=full" "-e" "RUSTFLAGS=--cap-lints=warn" "-e" "RUSTDOCFLAGS=--cap-lints=warn" "-w" "/opt/rustwide/workdir" "--user" "0:0" "f88ea97495650809cc8662b1271057cfe3352f7ad81499dbb5c322d9e78b990c" "/opt/rustwide/cargo-home/bin/cargo" "+1.99.0-beta.8" "build" "--frozen" "--message-format=json" "--release", kill_on_drop: false }`
[INFO] [stderr]    Compiling proc-macro2 v1.0.89
[INFO] [stderr]    Compiling unicode-ident v1.0.13
[INFO] [stderr]    Compiling thiserror v1.0.68
[INFO] [stderr]    Compiling memchr v2.7.4
[INFO] [stderr]    Compiling once_cell v1.20.2
[INFO] [stderr]    Compiling thiserror v2.0.3
[INFO] [stderr]    Compiling iana-time-zone v0.1.61
[INFO] [stderr]    Compiling anyhow v1.0.93
[INFO] [stderr]    Compiling chrono v0.4.38
[INFO] [stderr]    Compiling quote v1.0.37
[INFO] [stderr]    Compiling syn v2.0.87
[INFO] [stderr]    Compiling chronoutil v0.2.7
[INFO] [stderr]    Compiling thiserror-impl v1.0.68
[INFO] [stderr]    Compiling thiserror-impl v2.0.3
[INFO] [stderr]    Compiling pest v2.7.14
[INFO] [stderr]    Compiling pest_meta v2.7.14
[INFO] [stderr]    Compiling pest_generator v2.7.14
[INFO] [stderr]    Compiling pest_derive v2.7.14
[INFO] [stderr]    Compiling natural-date-parser v0.1.3 (/opt/rustwide/workdir)
[INFO] [stderr]     Finished `release` profile [optimized] target(s) in 11.27s
[INFO] running `Command { std: "docker" "inspect" "f88ea97495650809cc8662b1271057cfe3352f7ad81499dbb5c322d9e78b990c", kill_on_drop: false }`
[INFO] running `Command { std: "docker" "exec" "-e" "SOURCE_DIR=/opt/rustwide/workdir" "-e" "CARGO_HOME=/opt/rustwide/cargo-home" "-e" "RUSTUP_HOME=/opt/rustwide/rustup-home" "-e" "CARGO_TARGET_DIR=/opt/rustwide/target" "-e" "CARGO_INCREMENTAL=0" "-e" "RUST_BACKTRACE=full" "-e" "RUSTFLAGS=--cap-lints=warn" "-e" "RUSTDOCFLAGS=--cap-lints=warn" "-w" "/opt/rustwide/workdir" "--user" "0:0" "f88ea97495650809cc8662b1271057cfe3352f7ad81499dbb5c322d9e78b990c" "/opt/rustwide/cargo-home/bin/cargo" "+1.99.0-beta.8" "test" "--frozen" "--no-run" "--message-format=json" "--release", kill_on_drop: false }`
[INFO] [stderr]    Compiling natural-date-parser v0.1.3 (/opt/rustwide/workdir)
[INFO] [stderr]     Finished `release` profile [optimized] target(s) in 1.05s
[INFO] running `Command { std: "docker" "inspect" "f88ea97495650809cc8662b1271057cfe3352f7ad81499dbb5c322d9e78b990c", kill_on_drop: false }`
[INFO] running `Command { std: "docker" "exec" "-e" "SOURCE_DIR=/opt/rustwide/workdir" "-e" "CARGO_HOME=/opt/rustwide/cargo-home" "-e" "RUSTUP_HOME=/opt/rustwide/rustup-home" "-e" "CARGO_TARGET_DIR=/opt/rustwide/target" "-e" "CARGO_INCREMENTAL=0" "-e" "RUST_BACKTRACE=full" "-e" "RUSTFLAGS=--cap-lints=warn" "-e" "RUSTDOCFLAGS=--cap-lints=warn" "-w" "/opt/rustwide/workdir" "--user" "0:0" "f88ea97495650809cc8662b1271057cfe3352f7ad81499dbb5c322d9e78b990c" "/opt/rustwide/cargo-home/bin/cargo" "+1.99.0-beta.8" "test" "--frozen" "--release", kill_on_drop: false }`
[INFO] [stderr]     Finished `release` profile [optimized] target(s) in 0.08s
[INFO] [stderr]      Running unittests src/lib.rs (/opt/rustwide/target/release/deps/natural_date_parser-9aa0b8ea4854fd04)
[INFO] [stderr]      Running unittests src/main.rs (/opt/rustwide/target/release/deps/natural_date_parser-5f053a9653a4c758)
[INFO] [stdout] 
[INFO] [stdout] running 0 tests
[INFO] [stdout] 
[INFO] [stdout] test result: ok. 0 passed; 0 failed; 0 ignored; 0 measured; 0 filtered out; finished in 0.00s
[INFO] [stdout] 
[INFO] [stdout] 
[INFO] [stderr]      Running tests/grammar_tests.rs (/opt/rustwide/target/release/deps/grammar_tests-1c2f86752c707785)
[INFO] [stdout] running 0 tests
[INFO] [stdout] 
[INFO] [stdout] test result: ok. 0 passed; 0 failed; 0 ignored; 0 measured; 0 filtered out; finished in 0.00s
[INFO] [stdout] 
[INFO] [stdout] 
[INFO] [stdout] running 10 tests
[INFO] [stdout] test tests::test_date_expression ... ok
[INFO] [stdout] test tests::test_relative_term ... ok
[INFO] [stdout] test tests::test_next_or_last ... ok
[INFO] [stdout] test tests::test_future_time ... ok
[INFO] [stdout] test tests::test_am_pm ... ok
[INFO] [stdout] test tests::test_relative_date ... ok
[INFO] [stdout] test tests::test_specific_time ... ok
[INFO] [stdout] test tests::test_time_unit ... ok
[INFO] [stdout] test tests::test_specific_day ... ok
[INFO] [stderr]      Running tests/processing_tests.rs (/opt/rustwide/target/release/deps/processing_tests-5f0721af3abbb743)
[INFO] [stdout] test tests::test_relative_day_and_specific_time ... ok
[INFO] [stdout] 
[INFO] [stdout] test result: ok. 10 passed; 0 failed; 0 ignored; 0 measured; 0 filtered out; finished in 0.01s
[INFO] [stdout] 
[INFO] [stdout] 
[INFO] [stdout] running 18 tests
[INFO] [stdout] test tests::process_am_pm_tests::test_process_am_pm_for_pm ... ok
[INFO] [stdout] test tests::process_am_pm_tests::test_process_am_pm_for_invalid_input ... ok
[INFO] [stdout] test tests::process_specific_day_tests::test_process_specific_day_invalid ... ok
[INFO] [stdout] test tests::process_relative_term_tests::test_process_relative_term_yesterday ... ok
[INFO] [stdout] test tests::process_am_pm_tests::test_process_am_pm_for_am ... ok
[INFO] [stdout] test tests::process_relative_term_tests::test_process_relative_term_today ... ok
[INFO] [stdout] test tests::process_specific_day_tests::test_process_specific_day_valid ... ok
[INFO] [stdout] test tests::process_relative_term_tests::test_process_relative_term_tomorrow ... ok
[INFO] [stdout] test tests::process_relative_date_tests::test_process_relative_date_next_monday ... FAILED
[INFO] [stdout] test tests::process_specific_time_tests::test_process_specific_time_am ... ok
[INFO] [stdout] test tests::process_specific_time_tests::test_process_specific_time_pm ... ok
[INFO] [stdout] test tests::process_specific_time_tests::test_process_specific_time_invalid ... ok
[INFO] [stdout] test tests::process_specific_day_tests::test_process_specific_day_with_future_weekday ... ok
[INFO] [stdout] test tests::process_specific_time_tests::test_process_specific_time_midnight ... ok
[INFO] [stdout] test tests::process_specific_time_tests::test_process_specific_time_noon ... ok
[INFO] [stdout] test tests::process_specific_time_tests::test_process_specific_time_same_time ... ok
[INFO] [stdout] test tests::process_weekday_tests::test_process_weekday_invalid ... ok
[INFO] [stdout] test tests::process_weekday_tests::test_process_weekday_valid ... ok
[INFO] [stdout] 
[INFO] [stdout] failures:
[INFO] [stdout] 
[INFO] [stdout] ---- tests::process_relative_date_tests::test_process_relative_date_next_monday stdout ----
[INFO] [stdout] days_difference 8
[INFO] [stdout] res Ok(
[INFO] [stdout]     2026-10-26T12:00:34.568964302+00:00,
[INFO] [stdout] )
[INFO] [stdout] 
[INFO] [stdout] thread 'tests::process_relative_date_tests::test_process_relative_date_next_monday' (744) panicked at tests/processing_tests.rs:322:13:
[INFO] [stdout] assertion `left == right` failed
[INFO] [stdout]   left: 2026-10-26
[INFO] [stdout]  right: 2026-10-19
[INFO] [stdout] stack backtrace:
[INFO] [stdout]    0:     0x5aaf2d0cb511 - <<std[70759c8f55707aa4]::sys::backtrace::BacktraceLock>::print::DisplayBacktrace as core[df12db4294e9bfd3]::fmt::Display>::fmt
[INFO] [stdout]    1:     0x5aaf2d0dfdaa - core[df12db4294e9bfd3]::fmt::write
[INFO] [stdout]    2:     0x5aaf2d0cf9ac - <alloc[2182bb758b4b3781]::vec::Vec<u8> as core[df12db4294e9bfd3]::io::write::Write>::write_fmt
[INFO] [stdout]    3:     0x5aaf2d0a7086 - std[70759c8f55707aa4]::panicking::default_hook::{closure#0}
[INFO] [stdout]    4:     0x5aaf2d0c33c9 - std[70759c8f55707aa4]::panicking::default_hook
[INFO] [stdout]    5:     0x5aaf2d0428f0 - test[9d35eded1c95d3be]::test_main_inner::<test[9d35eded1c95d3be]::test_main_static::{closure#0}>::{closure#0}
[INFO] [stdout]    6:     0x5aaf2d0c3582 - std[70759c8f55707aa4]::panicking::panic_with_hook
[INFO] [stdout]    7:     0x5aaf2d0a7132 - std[70759c8f55707aa4]::panicking::panic_handler::{closure#0}
[INFO] [stdout]    8:     0x5aaf2d09fd29 - std[70759c8f55707aa4]::sys::backtrace::__rust_end_short_backtrace::<std[70759c8f55707aa4]::panicking::panic_handler::{closure#0}, !>
[INFO] [stdout]    9:     0x5aaf2d0a7d2d - __rustc[8fa7c3cbc660c2b3]::rust_begin_unwind
[INFO] [stdout]   10:     0x5aaf2d0e04dc - core[df12db4294e9bfd3]::panicking::panic_fmt
[INFO] [stdout]   11:     0x5aaf2d0e03f3 - core[df12db4294e9bfd3]::panicking::assert_failed_inner
[INFO] [stdout]   12:     0x5aaf2d0317df - core[df12db4294e9bfd3]::panicking::assert_failed::<chrono[d57418a96dc332aa]::naive::date::NaiveDate, chrono[d57418a96dc332aa]::naive::date::NaiveDate>
[INFO] [stdout]   13:     0x5aaf2d033ac8 - <processing_tests[25bde255e8eca140]::tests::process_relative_date_tests::test_process_relative_date_next_monday::{closure#0} as core[df12db4294e9bfd3]::ops::function::FnOnce<()>>::call_once
[INFO] [stdout]   14:     0x5aaf2d035bdb - test[9d35eded1c95d3be]::__rust_begin_short_backtrace::<core[df12db4294e9bfd3]::result::Result<(), alloc[2182bb758b4b3781]::string::String>, fn() -> core[df12db4294e9bfd3]::result::Result<(), alloc[2182bb758b4b3781]::string::String>>
[INFO] [stdout]   15:     0x5aaf2d043245 - test[9d35eded1c95d3be]::run_test::{closure#0}
[INFO] [stdout]   16:     0x5aaf2d03cb04 - std[70759c8f55707aa4]::sys::backtrace::__rust_begin_short_backtrace::<test[9d35eded1c95d3be]::run_test::{closure#1}, ()>
[INFO] [stdout]   17:     0x5aaf2d0463a2 - <std[70759c8f55707aa4]::thread::lifecycle::spawn_unchecked<test[9d35eded1c95d3be]::run_test::{closure#1}, ()>::{closure#1} as core[df12db4294e9bfd3]::ops::function::FnOnce<()>>::call_once::{shim:vtable#0}
[INFO] [stdout]   18:     0x5aaf2d0ca759 - <std[70759c8f55707aa4]::sys::thread::unix::Thread>::new::thread_start
[INFO] [stdout]   19:     0x7c7ad2089dfa - <unknown>
[INFO] [stdout]   20:     0x7c7ad211d3d4 - clone
[INFO] [stdout]   21:                0x0 - <unknown>
[INFO] [stdout] 
[INFO] [stdout] 
[INFO] [stdout] failures:
[INFO] [stdout]     tests::process_relative_date_tests::test_process_relative_date_next_monday
[INFO] [stdout] 
[INFO] [stdout] test result: FAILED. 17 passed; 1 failed; 0 ignored; 0 measured; 0 filtered out; finished in 0.01s
[INFO] [stdout] 
[INFO] [stderr] error: test failed, to rerun pass `--test processing_tests`
[INFO] running `Command { std: "docker" "inspect" "f88ea97495650809cc8662b1271057cfe3352f7ad81499dbb5c322d9e78b990c", kill_on_drop: false }`
[INFO] running `Command { std: "docker" "rm" "-f" "f88ea97495650809cc8662b1271057cfe3352f7ad81499dbb5c322d9e78b990c", kill_on_drop: false }`
[INFO] [stdout] f88ea97495650809cc8662b1271057cfe3352f7ad81499dbb5c322d9e78b990c
