[INFO] fetching crate native-dialog 0.9.7...
[INFO] testing native-dialog-0.9.7 against 1.100.0-beta.1+cargoflags=--release for beta-release-1.100-2
[INFO] extracting crate native-dialog 0.9.7 into /workspace/builds/worker-5-tc2/source
[INFO] started tweaking crates.io crate native-dialog 0.9.7
[INFO] finished tweaking crates.io crate native-dialog 0.9.7
[INFO] tweaked toml for crates.io crate native-dialog 0.9.7 written to /workspace/builds/worker-5-tc2/source/Cargo.toml
[INFO] validating manifest of crates.io crate native-dialog 0.9.7 on toolchain 1.100.0-beta.1
[INFO] running `Command { std: CARGO_HOME="/workspace/cargo-home" RUSTUP_HOME="/workspace/rustup-home" "/workspace/cargo-home/bin/cargo" "+1.100.0-beta.1" "metadata" "--manifest-path" "Cargo.toml" "--no-deps", kill_on_drop: false }`
[INFO] crate crates.io crate native-dialog 0.9.7 already has a lockfile, it will not be regenerated
[INFO] running `Command { std: CARGO_HOME="/workspace/cargo-home" RUSTUP_HOME="/workspace/rustup-home" "/workspace/cargo-home/bin/cargo" "+1.100.0-beta.1" "fetch" "--manifest-path" "Cargo.toml", kill_on_drop: false }`
[INFO] running `Command { std: "docker" "create" "-v" "/var/lib/crater-agent-workspace/builds/worker-5-tc2/source:/opt/rustwide/workdir:ro,Z" "-v" "/var/lib/crater-agent-workspace/builds/worker-5-tc2/target:/opt/rustwide/target:rw,Z" "-v" "/var/lib/crater-agent-workspace/cargo-home:/opt/rustwide/cargo-home:ro,Z" "-v" "/var/lib/crater-agent-workspace/rustup-home:/opt/rustwide/rustup-home:ro,Z" "-m" "1610612736" "--network" "none" "ghcr.io/rust-lang/crates-build-env/linux@sha256:77db811e55d90add9212f6832c23229e3de5f1c1f9905e8cb07319ea15df73ac" "sleep" "infinity", kill_on_drop: false }`
[INFO] [stdout] 5115a79eb90efdf00101cc6b8eccc0beadc4d4b04a1740f1e1d5fa85de593158
[INFO] running `Command { std: "docker" "start" "5115a79eb90efdf00101cc6b8eccc0beadc4d4b04a1740f1e1d5fa85de593158", kill_on_drop: false }`
[INFO] running `Command { std: "docker" "inspect" "5115a79eb90efdf00101cc6b8eccc0beadc4d4b04a1740f1e1d5fa85de593158", kill_on_drop: false }`
[INFO] running `Command { std: "docker" "exec" "-e" "SOURCE_DIR=/opt/rustwide/workdir" "-e" "CARGO_HOME=/opt/rustwide/cargo-home" "-e" "RUSTUP_HOME=/opt/rustwide/rustup-home" "-e" "CARGO_TARGET_DIR=/opt/rustwide/target" "-w" "/opt/rustwide/workdir" "--user" "0:0" "5115a79eb90efdf00101cc6b8eccc0beadc4d4b04a1740f1e1d5fa85de593158" "/opt/rustwide/cargo-home/bin/cargo" "+1.100.0-beta.1" "metadata" "--no-deps" "--format-version=1", kill_on_drop: false }`
[INFO] running `Command { std: "docker" "inspect" "5115a79eb90efdf00101cc6b8eccc0beadc4d4b04a1740f1e1d5fa85de593158", kill_on_drop: false }`
[INFO] running `Command { std: "docker" "exec" "-e" "SOURCE_DIR=/opt/rustwide/workdir" "-e" "CARGO_HOME=/opt/rustwide/cargo-home" "-e" "RUSTUP_HOME=/opt/rustwide/rustup-home" "-e" "CARGO_TARGET_DIR=/opt/rustwide/target" "-e" "CARGO_INCREMENTAL=0" "-e" "RUST_BACKTRACE=full" "-e" "RUSTFLAGS=--cap-lints=warn" "-e" "RUSTDOCFLAGS=--cap-lints=warn" "-w" "/opt/rustwide/workdir" "--user" "0:0" "5115a79eb90efdf00101cc6b8eccc0beadc4d4b04a1740f1e1d5fa85de593158" "/opt/rustwide/cargo-home/bin/cargo" "+1.100.0-beta.1" "build" "--frozen" "--message-format=json" "--release", kill_on_drop: false }`
[INFO] [stderr]    Compiling either v1.15.0
[INFO] [stderr]    Compiling rustix v1.1.3
[INFO] [stderr]    Compiling raw-window-handle v0.6.2
[INFO] [stderr]    Compiling formatx v0.2.4
[INFO] [stderr]    Compiling nom v8.0.0
[INFO] [stderr]    Compiling syn v2.0.114
[INFO] [stderr]    Compiling itertools v0.14.0
[INFO] [stderr]    Compiling thiserror-impl v2.0.18
[INFO] [stderr]    Compiling which v7.0.3
[INFO] [stderr]    Compiling thiserror v2.0.18
[INFO] [stderr]    Compiling versions v7.0.0
[INFO] [stderr]    Compiling native-dialog v0.9.7 (/opt/rustwide/workdir)
[INFO] [stderr]     Finished `release` profile [optimized] target(s) in 3.53s
[INFO] running `Command { std: "docker" "inspect" "5115a79eb90efdf00101cc6b8eccc0beadc4d4b04a1740f1e1d5fa85de593158", kill_on_drop: false }`
[INFO] running `Command { std: "docker" "exec" "-e" "SOURCE_DIR=/opt/rustwide/workdir" "-e" "CARGO_HOME=/opt/rustwide/cargo-home" "-e" "RUSTUP_HOME=/opt/rustwide/rustup-home" "-e" "CARGO_TARGET_DIR=/opt/rustwide/target" "-e" "CARGO_INCREMENTAL=0" "-e" "RUST_BACKTRACE=full" "-e" "RUSTFLAGS=--cap-lints=warn" "-e" "RUSTDOCFLAGS=--cap-lints=warn" "-w" "/opt/rustwide/workdir" "--user" "0:0" "5115a79eb90efdf00101cc6b8eccc0beadc4d4b04a1740f1e1d5fa85de593158" "/opt/rustwide/cargo-home/bin/cargo" "+1.100.0-beta.1" "test" "--frozen" "--no-run" "--message-format=json" "--release", kill_on_drop: false }`
[INFO] [stderr]    Compiling native-dialog v0.9.7 (/opt/rustwide/workdir)
[INFO] [stderr]     Finished `release` profile [optimized] target(s) in 0.25s
[INFO] running `Command { std: "docker" "inspect" "5115a79eb90efdf00101cc6b8eccc0beadc4d4b04a1740f1e1d5fa85de593158", kill_on_drop: false }`
[INFO] running `Command { std: "docker" "exec" "-e" "SOURCE_DIR=/opt/rustwide/workdir" "-e" "CARGO_HOME=/opt/rustwide/cargo-home" "-e" "RUSTUP_HOME=/opt/rustwide/rustup-home" "-e" "CARGO_TARGET_DIR=/opt/rustwide/target" "-e" "CARGO_INCREMENTAL=0" "-e" "RUST_BACKTRACE=full" "-e" "RUSTFLAGS=--cap-lints=warn" "-e" "RUSTDOCFLAGS=--cap-lints=warn" "-w" "/opt/rustwide/workdir" "--user" "0:0" "5115a79eb90efdf00101cc6b8eccc0beadc4d4b04a1740f1e1d5fa85de593158" "/opt/rustwide/cargo-home/bin/cargo" "+1.100.0-beta.1" "test" "--frozen" "--release", kill_on_drop: false }`
[INFO] [stderr]     Finished `release` profile [optimized] target(s) in 0.02s
[INFO] [stderr]      Running unittests src/lib.rs (/opt/rustwide/target/release/build/native-dialog/c0f2d98c104b846c/out/native_dialog-c0f2d98c104b846c)
[INFO] [stdout] 
[INFO] [stdout] running 0 tests
[INFO] [stdout] 
[INFO] [stdout] test result: ok. 0 passed; 0 failed; 0 ignored; 0 measured; 0 filtered out; finished in 0.00s
[INFO] [stdout] 
[INFO] [stderr]    Doc-tests native_dialog
[INFO] [stdout] 
[INFO] [stdout] running 2 tests
[INFO] [stdout] test src/../README.md - (line 11) ... FAILED
[INFO] [stdout] test src/../README.md - (line 17) ... FAILED
[INFO] [stdout] 
[INFO] [stdout] failures:
[INFO] [stdout] 
[INFO] [stdout] ---- src/../README.md - (line 11) stdout ----
[INFO] [stdout] error: expected one of `!` or `::`, found `add`
[INFO] [stdout]   --> src/../README.md:12:7
[INFO] [stdout]    |
[INFO] [stdout] 12 | cargo add native-dialog
[INFO] [stdout]    |       ^^^ expected one of `!` or `::`
[INFO] [stdout] 
[INFO] [stdout] error: aborting due to 1 previous error
[INFO] [stdout] 
[INFO] [stdout] Couldn't compile the test.
[INFO] [stdout] ---- src/../README.md - (line 17) stdout ----
[INFO] [stdout] error[E0728]: `await` is only allowed inside `async` functions and blocks
[INFO] [stdout]   --> src/../README.md:41:6
[INFO] [stdout]    |
[INFO] [stdout] 18 | fn main() { #[allow(non_snake_case)] fn _doctest_main_src____README_md_17_0() {
[INFO] [stdout]    |                                      ---------------------------------------- this is not `async`
[INFO] [stdout] ...
[INFO] [stdout] 41 |     .await
[INFO] [stdout]    |      ^^^^^ only allowed inside `async` functions and blocks
[INFO] [stdout] 
[INFO] [stdout] error[E0728]: `await` is only allowed inside `async` functions and blocks
[INFO] [stdout]   --> src/../README.md:45:24
[INFO] [stdout]    |
[INFO] [stdout] 18 | fn main() { #[allow(non_snake_case)] fn _doctest_main_src____README_md_17_0() {
[INFO] [stdout]    |                                      ---------------------------------------- this is not `async`
[INFO] [stdout] ...
[INFO] [stdout] 45 |     do_something(path).await;
[INFO] [stdout]    |                        ^^^^^ only allowed inside `async` functions and blocks
[INFO] [stdout] 
[INFO] [stdout] error[E0599]: no method named `spawn` found for struct `MessageConfirm` in the current scope
[INFO] [stdout]   --> src/../README.md:40:6
[INFO] [stdout]    |
[INFO] [stdout] 35 | let yes = DialogBuilder::message()
[INFO] [stdout] 36 |     .set_level(MessageLevel::Info)
[INFO] [stdout] 37 |     .set_title("Do you want to open the file?")
[INFO] [stdout] 38 |     .set_text(format!("{:#?}", path))
[INFO] [stdout] 39 |     .confirm()
[INFO] [stdout] 40 |     .spawn()
[INFO] [stdout]    |      ^^^^^ method not found in `MessageConfirm`
[INFO] [stdout] 
[INFO] [stdout] error[E0425]: cannot find function `do_something` in this scope
[INFO] [stdout]   --> src/../README.md:45:5
[INFO] [stdout]    |
[INFO] [stdout] 45 |     do_something(path).await;
[INFO] [stdout]    |     ^^^^^^^^^^^^ not found in this scope
[INFO] [stdout] 
[INFO] [stdout] error: aborting due to 4 previous errors
[INFO] [stdout] 
[INFO] [stdout] Some errors have detailed explanations: E0425, E0599, E0728.
[INFO] [stdout] For more information about an error, try `rustc --explain E0425`.
[INFO] [stdout] Couldn't compile the test.
[INFO] [stdout] 
[INFO] [stdout] failures:
[INFO] [stdout]     src/../README.md - (line 11)
[INFO] [stdout]     src/../README.md - (line 17)
[INFO] [stdout] 
[INFO] [stdout] test result: FAILED. 0 passed; 2 failed; 0 ignored; 0 measured; 0 filtered out; finished in 0.06s
[INFO] [stdout] 
[INFO] [stdout] all doctests ran in 0.14s; merged doctests compilation took 0.08s
[INFO] [stderr] error: doctest failed, to rerun pass `--doc`
[INFO] running `Command { std: "docker" "inspect" "5115a79eb90efdf00101cc6b8eccc0beadc4d4b04a1740f1e1d5fa85de593158", kill_on_drop: false }`
[INFO] running `Command { std: "docker" "rm" "-f" "5115a79eb90efdf00101cc6b8eccc0beadc4d4b04a1740f1e1d5fa85de593158", kill_on_drop: false }`
[INFO] [stdout] 5115a79eb90efdf00101cc6b8eccc0beadc4d4b04a1740f1e1d5fa85de593158
