[INFO] fetching crate nativ 0.3.0...
[INFO] testing nativ-0.3.0 against 1.99.0-beta.8+cargoflags=--release for beta-release-1.100-2
[INFO] extracting crate nativ 0.3.0 into /workspace/builds/worker-1-tc1/source
[INFO] started tweaking crates.io crate nativ 0.3.0
[INFO] removed 0 missing tests
[INFO] finished tweaking crates.io crate nativ 0.3.0
[INFO] tweaked toml for crates.io crate nativ 0.3.0 written to /workspace/builds/worker-1-tc1/source/Cargo.toml
[INFO] validating manifest of crates.io crate nativ 0.3.0 on toolchain 1.99.0-beta.8
[INFO] running `Command { std: CARGO_HOME="/workspace/cargo-home" RUSTUP_HOME="/workspace/rustup-home" "/workspace/cargo-home/bin/cargo" "+1.99.0-beta.8" "metadata" "--manifest-path" "Cargo.toml" "--no-deps", kill_on_drop: false }`
[INFO] crate crates.io crate nativ 0.3.0 already has a lockfile, it will not be regenerated
[INFO] running `Command { std: CARGO_HOME="/workspace/cargo-home" RUSTUP_HOME="/workspace/rustup-home" "/workspace/cargo-home/bin/cargo" "+1.99.0-beta.8" "fetch" "--manifest-path" "Cargo.toml", kill_on_drop: false }`
[INFO] [stderr]     Updating crates.io index
[INFO] [stderr]  Downloading crates ...
[INFO] [stderr]   Downloaded notify v7.0.0
[INFO] [stderr]   Downloaded notify-types v1.0.1
[INFO] [stderr]   Downloaded nativ-config v0.3.0
[INFO] [stderr]   Downloaded nativ-pipeline v0.3.0
[INFO] [stderr]   Downloaded nativ-compiler v0.3.0
[INFO] running `Command { std: "docker" "create" "-v" "/var/lib/crater-agent-workspace/builds/worker-1-tc1/source:/opt/rustwide/workdir:ro,Z" "-v" "/var/lib/crater-agent-workspace/builds/worker-1-tc1/target:/opt/rustwide/target:rw,Z" "-v" "/var/lib/crater-agent-workspace/cargo-home:/opt/rustwide/cargo-home:ro,Z" "-v" "/var/lib/crater-agent-workspace/rustup-home:/opt/rustwide/rustup-home:ro,Z" "-m" "1610612736" "--network" "none" "ghcr.io/rust-lang/crates-build-env/linux@sha256:77db811e55d90add9212f6832c23229e3de5f1c1f9905e8cb07319ea15df73ac" "sleep" "infinity", kill_on_drop: false }`
[INFO] [stdout] a0a848d5e94dd8a4be0091505d7f22dc59425876d5239a893da6d06499848a18
[INFO] running `Command { std: "docker" "start" "a0a848d5e94dd8a4be0091505d7f22dc59425876d5239a893da6d06499848a18", kill_on_drop: false }`
[INFO] running `Command { std: "docker" "inspect" "a0a848d5e94dd8a4be0091505d7f22dc59425876d5239a893da6d06499848a18", kill_on_drop: false }`
[INFO] running `Command { std: "docker" "exec" "-e" "SOURCE_DIR=/opt/rustwide/workdir" "-e" "CARGO_HOME=/opt/rustwide/cargo-home" "-e" "RUSTUP_HOME=/opt/rustwide/rustup-home" "-e" "CARGO_TARGET_DIR=/opt/rustwide/target" "-w" "/opt/rustwide/workdir" "--user" "0:0" "a0a848d5e94dd8a4be0091505d7f22dc59425876d5239a893da6d06499848a18" "/opt/rustwide/cargo-home/bin/cargo" "+1.99.0-beta.8" "metadata" "--no-deps" "--format-version=1", kill_on_drop: false }`
[INFO] running `Command { std: "docker" "inspect" "a0a848d5e94dd8a4be0091505d7f22dc59425876d5239a893da6d06499848a18", kill_on_drop: false }`
[INFO] running `Command { std: "docker" "exec" "-e" "SOURCE_DIR=/opt/rustwide/workdir" "-e" "CARGO_HOME=/opt/rustwide/cargo-home" "-e" "RUSTUP_HOME=/opt/rustwide/rustup-home" "-e" "CARGO_TARGET_DIR=/opt/rustwide/target" "-e" "CARGO_INCREMENTAL=0" "-e" "RUST_BACKTRACE=full" "-e" "RUSTFLAGS=--cap-lints=warn" "-e" "RUSTDOCFLAGS=--cap-lints=warn" "-w" "/opt/rustwide/workdir" "--user" "0:0" "a0a848d5e94dd8a4be0091505d7f22dc59425876d5239a893da6d06499848a18" "/opt/rustwide/cargo-home/bin/cargo" "+1.99.0-beta.8" "build" "--frozen" "--message-format=json" "--release", kill_on_drop: false }`
[INFO] [stderr]    Compiling libc v0.2.184
[INFO] [stderr]    Compiling object v0.37.3
[INFO] [stderr]    Compiling memchr v2.8.0
[INFO] [stderr]    Compiling rustix v1.1.4
[INFO] [stderr]    Compiling gimli v0.32.3
[INFO] [stderr]    Compiling miniz_oxide v0.8.9
[INFO] [stderr]    Compiling zerocopy v0.8.52
[INFO] [stderr]    Compiling rustc-demangle v0.1.27
[INFO] [stderr]    Compiling hashbrown v0.17.0
[INFO] [stderr]    Compiling owo-colors v4.3.0
[INFO] [stderr]    Compiling serde v1.0.228
[INFO] [stderr]    Compiling thiserror-impl v2.0.18
[INFO] [stderr]    Compiling unicode-linebreak v0.1.5
[INFO] [stderr]    Compiling is_ci v1.2.0
[INFO] [stderr]    Compiling curve25519-dalek v4.1.3
[INFO] [stderr]    Compiling miette-derive v7.6.0
[INFO] [stderr]    Compiling supports-color v3.0.2
[INFO] [stderr]    Compiling supports-unicode v3.0.0
[INFO] [stderr]    Compiling textwrap v0.16.2
[INFO] [stderr]    Compiling supports-hyperlinks v3.2.0
[INFO] [stderr]    Compiling pest v2.8.6
[INFO] [stderr]    Compiling instant v0.1.13
[INFO] [stderr]    Compiling toml_datetime v0.6.11
[INFO] [stderr]    Compiling serde_spanned v0.6.9
[INFO] [stderr]    Compiling indexmap v2.14.0
[INFO] [stderr]    Compiling curve25519-dalek-derive v0.1.1
[INFO] [stderr]    Compiling signature v2.2.0
[INFO] [stderr]    Compiling serde_json v1.0.149
[INFO] [stderr]    Compiling ed25519 v2.2.3
[INFO] [stderr]    Compiling notify-types v1.0.1
[INFO] [stderr]    Compiling terminal_size v0.4.4
[INFO] [stderr]    Compiling thiserror v2.0.18
[INFO] [stderr]    Compiling getrandom v0.2.17
[INFO] [stderr]    Compiling inotify-sys v0.1.5
[INFO] [stderr]    Compiling filetime v0.2.29
[INFO] [stderr]    Compiling mio v1.2.1
[INFO] [stderr]    Compiling toml_edit v0.22.27
[INFO] [stderr]    Compiling inotify v0.10.2
[INFO] [stderr]    Compiling rand_core v0.6.4
[INFO] [stderr]    Compiling notify v7.0.0
[INFO] [stderr]    Compiling pest_meta v2.8.6
[INFO] [stderr]    Compiling ed25519-dalek v2.2.0
[INFO] [stderr]    Compiling addr2line v0.25.1
[INFO] [stderr]    Compiling pest_generator v2.8.6
[INFO] [stderr]    Compiling pest_derive v2.8.6
[INFO] [stderr]    Compiling toml v0.8.23
[INFO] [stderr]    Compiling backtrace v0.3.76
[INFO] [stderr]    Compiling ppv-lite86 v0.2.21
[INFO] [stderr]    Compiling nativ-config v0.3.0
[INFO] [stderr]    Compiling rand_chacha v0.3.1
[INFO] [stderr]    Compiling rand v0.8.6
[INFO] [stderr]    Compiling backtrace-ext v0.2.1
[INFO] [stderr]    Compiling miette v7.6.0
[INFO] [stderr]    Compiling nativ-compiler v0.3.0
[INFO] [stderr]    Compiling nativ-pipeline v0.3.0
[INFO] [stderr]    Compiling nativ v0.3.0 (/opt/rustwide/workdir)
[INFO] [stderr]     Finished `release` profile [optimized] target(s) in 32.54s
[INFO] running `Command { std: "docker" "inspect" "a0a848d5e94dd8a4be0091505d7f22dc59425876d5239a893da6d06499848a18", kill_on_drop: false }`
[INFO] running `Command { std: "docker" "exec" "-e" "SOURCE_DIR=/opt/rustwide/workdir" "-e" "CARGO_HOME=/opt/rustwide/cargo-home" "-e" "RUSTUP_HOME=/opt/rustwide/rustup-home" "-e" "CARGO_TARGET_DIR=/opt/rustwide/target" "-e" "CARGO_INCREMENTAL=0" "-e" "RUST_BACKTRACE=full" "-e" "RUSTFLAGS=--cap-lints=warn" "-e" "RUSTDOCFLAGS=--cap-lints=warn" "-w" "/opt/rustwide/workdir" "--user" "0:0" "a0a848d5e94dd8a4be0091505d7f22dc59425876d5239a893da6d06499848a18" "/opt/rustwide/cargo-home/bin/cargo" "+1.99.0-beta.8" "test" "--frozen" "--no-run" "--message-format=json" "--release", kill_on_drop: false }`
[INFO] [stderr]    Compiling rustix v1.1.4
[INFO] [stderr]    Compiling getrandom v0.4.2
[INFO] [stderr]    Compiling terminal_size v0.4.4
[INFO] [stderr]    Compiling tempfile v3.27.0
[INFO] [stderr]    Compiling miette v7.6.0
[INFO] [stderr]    Compiling nativ-compiler v0.3.0
[INFO] [stderr]    Compiling nativ-pipeline v0.3.0
[INFO] [stderr]    Compiling nativ v0.3.0 (/opt/rustwide/workdir)
[INFO] [stderr]     Finished `release` profile [optimized] target(s) in 22.49s
[INFO] running `Command { std: "docker" "inspect" "a0a848d5e94dd8a4be0091505d7f22dc59425876d5239a893da6d06499848a18", kill_on_drop: false }`
[INFO] running `Command { std: "docker" "exec" "-e" "SOURCE_DIR=/opt/rustwide/workdir" "-e" "CARGO_HOME=/opt/rustwide/cargo-home" "-e" "RUSTUP_HOME=/opt/rustwide/rustup-home" "-e" "CARGO_TARGET_DIR=/opt/rustwide/target" "-e" "CARGO_INCREMENTAL=0" "-e" "RUST_BACKTRACE=full" "-e" "RUSTFLAGS=--cap-lints=warn" "-e" "RUSTDOCFLAGS=--cap-lints=warn" "-w" "/opt/rustwide/workdir" "--user" "0:0" "a0a848d5e94dd8a4be0091505d7f22dc59425876d5239a893da6d06499848a18" "/opt/rustwide/cargo-home/bin/cargo" "+1.99.0-beta.8" "test" "--frozen" "--release", kill_on_drop: false }`
[INFO] [stderr]     Finished `release` profile [optimized] target(s) in 0.11s
[INFO] [stderr]      Running unittests src/main.rs (/opt/rustwide/target/release/deps/nativ-0ebe9b9752d57410)
[INFO] [stdout] 
[INFO] [stdout] running 137 tests
[INFO] [stdout] test commands::build::tests::build_menu_default_uses_config_targets ... ok
[INFO] [stdout] test commands::build::tests::fails_when_src_dir_is_missing ... ok
[INFO] [stdout] test commands::build::tests::fails_when_no_target_platform_enabled ... ok
[INFO] [stdout] test commands::build::tests::web_build_posts_form_submit_endpoint ... ok
[INFO] [stdout] test commands::build::tests::web_build_renders_each_loop_from_state ... ok
[INFO] [stdout] test commands::build::tests::build_menu_can_select_web_only ... ok
[INFO] [stdout] test commands::build::tests::web_build_wires_go_to_buttons_to_the_router ... ok
[INFO] [stdout] test commands::build::tests::web_build_wires_form_submit_validation ... ok
[INFO] [stdout] test commands::check::tests::fails_on_parse_error ... ok
[INFO] [stdout] test commands::build::tests::build_menu_rejects_unknown_choice ... ok
[INFO] [stdout] test commands::build::tests::fails_when_config_is_missing ... ok
[INFO] [stdout] test commands::ci::tests::workflow_includes_native_build_jobs ... ok
[INFO] [stdout] test commands::ci::tests::workflow_path_uses_github_actions_default ... ok
[INFO] [stdout] test commands::build::tests::web_build_gates_conditional_branches ... ok
[INFO] [stdout] test commands::dev::tests::application_id_falls_back_to_sanitized_app_name ... ok
[INFO] [stdout] test commands::check::tests::succeeds_on_valid_project ... ok
[INFO] [stdout] test commands::build::tests::web_build_emits_navigable_app ... ok
[INFO] [stdout] test commands::dev::tests::component_decl_implements_named ... ok
[INFO] [stdout] test commands::dev::tests::application_id_prefers_explicit_bundle_id ... ok
[INFO] [stdout] test commands::dev::tests::app_declaration_change_is_app ... ok
[INFO] [stdout] test commands::dev::tests::component_structural_change_is_screen ... ok
[INFO] [stdout] test commands::build::tests::web_build_wires_list_mutations ... ok
[INFO] [stdout] test commands::build::tests::web_build_emits_reactive_state_and_bindings ... ok
[INFO] [stdout] test commands::build::tests::web_build_wires_textfield_and_toggle_bindings ... ok
[INFO] [stdout] test commands::dev::tests::dev_refresh_error_manifest_replaces_stale_success ... ok
[INFO] [stdout] test commands::dev::tests::batch_with_multiple_files_upgrades_to_app ... ok
[INFO] [stdout] test commands::dev::tests::dev_menu_default_uses_config_targets ... ok
[INFO] [stdout] test commands::dev::tests::dev_menu_can_select_both_native_targets ... ok
[INFO] [stdout] test commands::check::tests::fails_when_config_is_missing ... ok
[INFO] [stdout] test commands::dev::tests::dev_refresh_manifest_encodes_served_file_urls ... ok
[INFO] [stdout] test commands::dev::tests::dev_refresh_manifest_ios_compile_plan_includes_existing_swift_dependencies ... ok
[INFO] [stdout] test commands::build::tests::web_build_wires_model_constructor_list_adds ... ok
[INFO] [stdout] test commands::dev::tests::dev_refresh_manifest_omits_native_compile_for_non_patch_changes ... ok
[INFO] [stdout] test commands::dev::tests::dev_shell_compile_executes_only_for_patch_dev_shell_changes ... ok
[INFO] [stdout] test commands::dev::tests::dev_native_compile_plan_executes_command_and_records_timing ... ok
[INFO] [stdout] test commands::dev::tests::dev_shell_file_path_allows_configured_output_directory ... ok
[INFO] [stdout] test commands::dev::tests::dev_shell_file_path_stays_inside_build_tree ... ok
[INFO] [stdout] test commands::dev::tests::dev_refresh_manifest_android_compile_plan_includes_existing_kotlin_dependencies ... ok
[INFO] [stdout] test commands::dev::tests::dev_refresh_manifest_records_changed_screens_and_generated_files ... ok
[INFO] [stdout] test commands::dev::tests::dev_native_compile_result_serializes_into_refresh_target ... ok
[INFO] [stdout] test commands::dev::tests::dev_shell_build_emits_native_dev_helpers ... ok
[INFO] [stdout] test commands::dev::tests::dev_shell_skips_native_builds_only_for_patch_changes ... ok
[INFO] [stdout] test commands::dev::tests::different_signature_for_different_count ... ok
[INFO] [stdout] test commands::dev::tests::different_signature_for_different_kinds ... ok
[INFO] [stdout] test commands::dev::tests::dev_refresh_target_serves_native_artifacts_only_when_compile_runs ... ok
[INFO] [stdout] test commands::dev::tests::element_diff_count_detects_removals ... ok
[INFO] [stdout] test commands::dev::tests::element_diff_count_zero_for_value_changes ... ok
[INFO] [stdout] test commands::dev::tests::dev_refresh_manifest_android_compile_plan_prefers_project_gradle_wrapper ... ok
[INFO] [stdout] test commands::dev::tests::ios_simctl_install_args_use_reload_flag_when_requested ... ok
[INFO] [stdout] test commands::dev::tests::element_kind_change_is_screen ... ok
[INFO] [stdout] test commands::dev::tests::ios_patch_factory_uses_app_root_screen_view ... ok
[INFO] [stdout] test commands::dev::tests::env_file_change_is_app ... ok
[INFO] [stdout] test commands::dev::tests::full_app_classification_cycle ... ok
[INFO] [stdout] test commands::dev::tests::full_patch_classification_cycle ... ok
[INFO] [stdout] test commands::dev::tests::dev_native_compile_plan_records_missing_tool_as_skipped ... ok
[INFO] [stdout] test commands::dev::tests::full_screen_classification_cycle ... ok
[INFO] [stdout] test commands::dev::tests::dev_refresh_manifest_compile_plan_respects_custom_output_directory ... ok
[INFO] [stdout] test commands::dev::tests::element_diff_count_detects_additions ... ok
[INFO] [stdout] test commands::dev::tests::no_change_returns_patch_no_semantic_change ... ok
[INFO] [stdout] test commands::dev::tests::param_summary_empty ... ok
[INFO] [stdout] test commands::dev::tests::local_ip_hint_returns_displayable_value ... ok
[INFO] [stdout] test commands::dev::tests::param_summary_with_types ... ok
[INFO] [stdout] test commands::dev::tests::name_diff_shows_additions_and_removals ... ok
[INFO] [stdout] test commands::dev::tests::removed_element_from_body_is_screen ... ok
[INFO] [stdout] test commands::dev::tests::modifier_value_change_is_patch ... ok
[INFO] [stdout] test commands::dev::tests::name_diff_empty_when_unchanged ... ok
[INFO] [stdout] test commands::dev::tests::new_component_is_app ... ok
[INFO] [stdout] test commands::dev::tests::removed_screen_declaration_is_app ... ok
[INFO] [stdout] test commands::dev::tests::same_signature_for_same_structure ... ok
[INFO] [stdout] test commands::dev::tests::new_screen_declaration_is_app ... ok
[INFO] [stdout] test commands::dev::tests::screen_decl_implements_named ... ok
[INFO] [stdout] test commands::dev::tests::text_value_change_is_patch ... ok
[INFO] [stdout] test commands::dev::tests::new_element_in_body_is_screen ... ok
[INFO] [stdout] test commands::dev::tests::text_patch_before_parameterized_screen_does_not_change_params ... ok
[INFO] [stdout] test commands::dev::tests::duplicate_watcher_events_for_same_file_stay_patch ... FAILED
[INFO] [stdout] test commands::dev::tests::single_patch_in_batch_stays_patch ... ok
[INFO] [stdout] test commands::format::tests::fails_when_src_directory_is_missing ... ok
[INFO] [stdout] test commands::init::tests::app_decl_name_pascal_cases_project_names ... ok
[INFO] [stdout] test commands::format::tests::rewrites_messy_file_and_check_then_passes ... ok
[INFO] [stdout] test commands::ota::tests::civil_from_days_matches_known_dates ... ok
[INFO] [stdout] test commands::dev::tests::model_change_is_app ... ok
[INFO] [stdout] test commands::dev::tests::new_model_is_app ... ok
[INFO] [stdout] test commands::init::tests::rejects_name_with_special_characters ... ok
[INFO] [stdout] test commands::init::tests::rejects_name_with_spaces ... ok
[INFO] [stdout] test commands::format::tests::fails_on_unparseable_source ... ok
[INFO] [stdout] test commands::preview::tests::default_out_path_for_directory_uses_dir_name ... ok
[INFO] [stdout] test commands::preview::tests::collect_nativ_files_walks_nested_directories ... ok
[INFO] [stdout] test commands::ota::tests::pack_skips_existing_manifest_outputs ... ok
[INFO] [stdout] test commands::ota::tests::keygen_pack_verify_roundtrip ... ok
[INFO] [stdout] test commands::preview::tests::discover_nativ_files_returns_empty_for_empty_directory ... ok
[INFO] [stdout] test commands::ota::tests::manifest_round_trips_through_json ... ok
[INFO] [stdout] test commands::preview::tests::debounced_batch_rerenders_only_when_a_nativ_path_is_present ... ok
[INFO] [stdout] test commands::ota::tests::read_key_accepts_raw_and_base64 ... ok
[INFO] [stdout] test commands::preview::tests::default_out_path_for_file_uses_stem ... ok
[INFO] [stdout] test commands::preview::tests::escapes_html_special_characters ... ok
[INFO] [stdout] test commands::preview::tests::discover_nativ_files_finds_all_nativ_files_in_src ... ok
[INFO] [stdout] test commands::dev::tests::dev_shell_server_serves_configured_output_files ... ok
[INFO] [stdout] test commands::preview::tests::inject_live_reload_inserts_polling_script_before_body_close ... ok
[INFO] [stdout] test commands::preview::tests::missing_directory_is_an_error ... ok
[INFO] [stdout] test commands::preview::tests::nativ_sources_trigger_rerender ... ok
[INFO] [stdout] test commands::preview::tests::render_to_path_reports_source_location_on_parse_error ... ok
[INFO] [stdout] test commands::preview::tests::parses_watch_open_and_out_flags_together ... ok
[INFO] [stdout] test commands::preview::tests::output_and_temp_files_do_not_trigger_rerender ... ok
[INFO] [stdout] test commands::preview::tests::render_to_string_with_directory_errors_on_no_nativ_files ... ok
[INFO] [stdout] test commands::preview::tests::render_to_path_writes_a_self_contained_file ... FAILED
[INFO] [stdout] test commands::ota::tests::verify_rejects_tampered_manifest ... ok
[INFO] [stdout] test commands::ota::tests::pack_uses_forward_slash_paths ... ok
[INFO] [stdout] test commands::preview::tests::preview_server_returns_404_for_unknown_path ... ok
[INFO] [stdout] test commands::preview::tests::render_to_string_with_directory_errors_on_parse_failure ... ok
[INFO] [stdout] test commands::ota::tests::verify_rejects_wrong_public_key ... ok
[INFO] [stdout] test commands::preview::tests::renders_button_with_label ... FAILED
[INFO] [stdout] test commands::preview::tests::render_to_string_with_directory_renders_merged_screens ... ok
[INFO] [stdout] test commands::preview::tests::renders_self_contained_document_with_one_frame_per_screen ... FAILED
[INFO] [stdout] test commands::preview::tests::renders_card_with_text_content_and_modifiers ... FAILED
[INFO] [stdout] test commands::preview::tests::missing_path_is_an_error ... ok
[INFO] [stdout] test commands::preview::tests::renders_each_loop_as_repeated_placeholders ... FAILED
[INFO] [stdout] test commands::preview::tests::resolves_a_directory_path ... ok
[INFO] [stdout] test commands::version::tests::rewrites_or_inserts_app_version ... ok
[INFO] [stdout] test commands::version::tests::version_command_never_fails ... ok
[INFO] [stdout] test commands::preview::tests::resolves_a_file_path_directly ... FAILED
[INFO] [stdout] test commands::preview::tests::watch_flag_defaults_off_and_path_defaults_to_cwd ... ok
[INFO] [stdout] test commands::watch::tests::nativ_sources_trigger_rebuild ... ok
[INFO] [stdout] test commands::submit::tests::defaults_to_common_fastlane_lanes ... ok
[INFO] [stdout] test commands::tests::root_menu_maps_build_and_native_preview ... ok
[INFO] [stdout] test commands::tests::root_menu_rejects_unknown_choice ... ok
[INFO] [stdout] test commands::version::tests::bumps_semver_components ... ok
[INFO] [stdout] test commands::watch::tests::debounced_batch_rebuilds_only_when_a_relevant_path_is_present ... ok
[INFO] [stdout] test commands::watch::tests::unrelated_and_temp_files_do_not_trigger ... ok
[INFO] [stdout] test commands::watch::tests::config_and_env_files_trigger_rebuild ... ok
[INFO] [stdout] test commands::watch::tests::build_pass_returns_error_with_file_location_on_parse_error ... ok
[INFO] [stdout] test commands::watch::tests::build_pass_fails_when_config_is_missing ... ok
[INFO] [stdout] test commands::dev::tests::dev_shell_seeds_refresh_url_and_auto_poll ... ok
[INFO] [stdout] test commands::preview::tests::render_to_path_with_directory_writes_preview_file ... ok
[INFO] [stdout] test commands::watch::tests::build_pass_compiles_a_valid_project ... ok
[INFO] [stdout] test commands::preview::tests::render_to_string_returns_html_and_screen_count ... FAILED
[INFO] [stdout] test commands::preview::tests::preview_server_serves_reloadable_html_and_version ... ok
[INFO] [stdout] test commands::dev::tests::dev_shell_server_serves_manifest_and_generated_files ... ok
[INFO] [stdout] 
[INFO] [stdout] failures:
[INFO] [stdout] 
[INFO] [stdout] ---- commands::dev::tests::duplicate_watcher_events_for_same_file_stay_patch stdout ----
[INFO] [stdout] 
[INFO] [stdout] thread 'commands::dev::tests::duplicate_watcher_events_for_same_file_stay_patch' (1528) panicked at src/commands/dev.rs:3587:46:
[INFO] [stdout] called `Result::unwrap()` on an `Err` value: Custom { kind: ReadOnlyFilesystem, error: PathError { path: "/opt/rustwide/workdir/.tmpprLWi9", err: Os { code: 30, kind: ReadOnlyFilesystem, message: "Read-only file system" } } }
[INFO] [stdout] stack backtrace:
[INFO] [stdout]    0:     0x56ec9547b5b1 - <<std[70759c8f55707aa4]::sys::backtrace::BacktraceLock>::print::DisplayBacktrace as core[df12db4294e9bfd3]::fmt::Display>::fmt
[INFO] [stdout]    1:     0x56ec95494c2a - core[df12db4294e9bfd3]::fmt::write
[INFO] [stdout]    2:     0x56ec95480f3c - <alloc[2182bb758b4b3781]::vec::Vec<u8> as core[df12db4294e9bfd3]::io::write::Write>::write_fmt
[INFO] [stdout]    3:     0x56ec95452896 - std[70759c8f55707aa4]::panicking::default_hook::{closure#0}
[INFO] [stdout]    4:     0x56ec95470fe9 - std[70759c8f55707aa4]::panicking::default_hook
[INFO] [stdout]    5:     0x56ec95197bb0 - test[9d35eded1c95d3be]::test_main_inner::<test[9d35eded1c95d3be]::test_main_static::{closure#0}>::{closure#0}
[INFO] [stdout]    6:     0x56ec954711a2 - std[70759c8f55707aa4]::panicking::panic_with_hook
[INFO] [stdout]    7:     0x56ec95452942 - std[70759c8f55707aa4]::panicking::panic_handler::{closure#0}
[INFO] [stdout]    8:     0x56ec9544b1e9 - std[70759c8f55707aa4]::sys::backtrace::__rust_end_short_backtrace::<std[70759c8f55707aa4]::panicking::panic_handler::{closure#0}, !>
[INFO] [stdout]    9:     0x56ec9545389d - __rustc[8fa7c3cbc660c2b3]::rust_begin_unwind
[INFO] [stdout]   10:     0x56ec9549535c - core[df12db4294e9bfd3]::panicking::panic_fmt
[INFO] [stdout]   11:     0x56ec95495132 - core[df12db4294e9bfd3]::result::unwrap_failed
[INFO] [stdout]   12:     0x56ec95123991 - nativ[af476dc67337c570]::commands::dev::tests::duplicate_watcher_events_for_same_file_stay_patch
[INFO] [stdout]   13:     0x56ec95145dc9 - <nativ[af476dc67337c570]::commands::dev::tests::duplicate_watcher_events_for_same_file_stay_patch::{closure#0} as core[df12db4294e9bfd3]::ops::function::FnOnce<()>>::call_once
[INFO] [stdout]   14:     0x56ec9518ae9b - test[9d35eded1c95d3be]::__rust_begin_short_backtrace::<core[df12db4294e9bfd3]::result::Result<(), alloc[2182bb758b4b3781]::string::String>, fn() -> core[df12db4294e9bfd3]::result::Result<(), alloc[2182bb758b4b3781]::string::String>>
[INFO] [stdout]   15:     0x56ec95198505 - test[9d35eded1c95d3be]::run_test::{closure#0}
[INFO] [stdout]   16:     0x56ec95191dc4 - std[70759c8f55707aa4]::sys::backtrace::__rust_begin_short_backtrace::<test[9d35eded1c95d3be]::run_test::{closure#1}, ()>
[INFO] [stdout]   17:     0x56ec9519b662 - <std[70759c8f55707aa4]::thread::lifecycle::spawn_unchecked<test[9d35eded1c95d3be]::run_test::{closure#1}, ()>::{closure#1} as core[df12db4294e9bfd3]::ops::function::FnOnce<()>>::call_once::{shim:vtable#0}
[INFO] [stdout]   18:     0x56ec95479b59 - <std[70759c8f55707aa4]::sys::thread::unix::Thread>::new::thread_start
[INFO] [stdout]   19:     0x7991c6f82dfa - <unknown>
[INFO] [stdout]   20:     0x7991c70163d4 - clone
[INFO] [stdout]   21:                0x0 - <unknown>
[INFO] [stdout] 
[INFO] [stdout] ---- commands::preview::tests::render_to_path_writes_a_self_contained_file stdout ----
[INFO] [stdout] 
[INFO] [stdout] thread 'commands::preview::tests::render_to_path_writes_a_self_contained_file' (1592) panicked at src/commands/preview.rs:2005:78:
[INFO] [stdout] called `Result::unwrap()` on an `Err` value: "path not found: /opt/rustwide/workdir/../../fixtures/valid/ui_simple_elements.nativ"
[INFO] [stdout] stack backtrace:
[INFO] [stdout]    0:     0x56ec9547b5b1 - <<std[70759c8f55707aa4]::sys::backtrace::BacktraceLock>::print::DisplayBacktrace as core[df12db4294e9bfd3]::fmt::Display>::fmt
[INFO] [stdout]    1:     0x56ec95494c2a - core[df12db4294e9bfd3]::fmt::write
[INFO] [stdout]    2:     0x56ec95480f3c - <alloc[2182bb758b4b3781]::vec::Vec<u8> as core[df12db4294e9bfd3]::io::write::Write>::write_fmt
[INFO] [stdout]    3:     0x56ec95452896 - std[70759c8f55707aa4]::panicking::default_hook::{closure#0}
[INFO] [stdout]    4:     0x56ec95470fe9 - std[70759c8f55707aa4]::panicking::default_hook
[INFO] [stdout]    5:     0x56ec95197bb0 - test[9d35eded1c95d3be]::test_main_inner::<test[9d35eded1c95d3be]::test_main_static::{closure#0}>::{closure#0}
[INFO] [stdout]    6:     0x56ec954711a2 - std[70759c8f55707aa4]::panicking::panic_with_hook
[INFO] [stdout]    7:     0x56ec95452942 - std[70759c8f55707aa4]::panicking::panic_handler::{closure#0}
[INFO] [stdout]    8:     0x56ec9544b1e9 - std[70759c8f55707aa4]::sys::backtrace::__rust_end_short_backtrace::<std[70759c8f55707aa4]::panicking::panic_handler::{closure#0}, !>
[INFO] [stdout]    9:     0x56ec9545389d - __rustc[8fa7c3cbc660c2b3]::rust_begin_unwind
[INFO] [stdout]   10:     0x56ec9549535c - core[df12db4294e9bfd3]::panicking::panic_fmt
[INFO] [stdout]   11:     0x56ec95495132 - core[df12db4294e9bfd3]::result::unwrap_failed
[INFO] [stdout]   12:     0x56ec951582d1 - nativ[af476dc67337c570]::commands::preview::tests::render_to_path_writes_a_self_contained_file
[INFO] [stdout]   13:     0x56ec95146719 - <nativ[af476dc67337c570]::commands::preview::tests::render_to_path_writes_a_self_contained_file::{closure#0} as core[df12db4294e9bfd3]::ops::function::FnOnce<()>>::call_once
[INFO] [stdout]   14:     0x56ec9518ae9b - test[9d35eded1c95d3be]::__rust_begin_short_backtrace::<core[df12db4294e9bfd3]::result::Result<(), alloc[2182bb758b4b3781]::string::String>, fn() -> core[df12db4294e9bfd3]::result::Result<(), alloc[2182bb758b4b3781]::string::String>>
[INFO] [stdout]   15:     0x56ec95198505 - test[9d35eded1c95d3be]::run_test::{closure#0}
[INFO] [stdout]   16:     0x56ec95191dc4 - std[70759c8f55707aa4]::sys::backtrace::__rust_begin_short_backtrace::<test[9d35eded1c95d3be]::run_test::{closure#1}, ()>
[INFO] [stdout]   17:     0x56ec9519b662 - <std[70759c8f55707aa4]::thread::lifecycle::spawn_unchecked<test[9d35eded1c95d3be]::run_test::{closure#1}, ()>::{closure#1} as core[df12db4294e9bfd3]::ops::function::FnOnce<()>>::call_once::{shim:vtable#0}
[INFO] [stdout]   18:     0x56ec95479b59 - <std[70759c8f55707aa4]::sys::thread::unix::Thread>::new::thread_start
[INFO] [stdout]   19:     0x7991c6f82dfa - <unknown>
[INFO] [stdout]   20:     0x7991c70163d4 - clone
[INFO] [stdout]   21:                0x0 - <unknown>
[INFO] [stdout] 
[INFO] [stdout] ---- commands::preview::tests::renders_button_with_label stdout ----
[INFO] [stdout] 
[INFO] [stdout] thread 'commands::preview::tests::renders_button_with_label' (1598) panicked at src/commands/preview.rs:1910:61:
[INFO] [stdout] fixture readable: Os { code: 2, kind: NotFound, message: "No such file or directory" }
[INFO] [stdout] stack backtrace:
[INFO] [stdout]    0:     0x56ec9547b5b1 - <<std[70759c8f55707aa4]::sys::backtrace::BacktraceLock>::print::DisplayBacktrace as core[df12db4294e9bfd3]::fmt::Display>::fmt
[INFO] [stdout]    1:     0x56ec95494c2a - core[df12db4294e9bfd3]::fmt::write
[INFO] [stdout]    2:     0x56ec95480f3c - <alloc[2182bb758b4b3781]::vec::Vec<u8> as core[df12db4294e9bfd3]::io::write::Write>::write_fmt
[INFO] [stdout]    3:     0x56ec95452896 - std[70759c8f55707aa4]::panicking::default_hook::{closure#0}
[INFO] [stdout]    4:     0x56ec95470fe9 - std[70759c8f55707aa4]::panicking::default_hook
[INFO] [stdout]    5:     0x56ec95197bb0 - test[9d35eded1c95d3be]::test_main_inner::<test[9d35eded1c95d3be]::test_main_static::{closure#0}>::{closure#0}
[INFO] [stdout]    6:     0x56ec954711a2 - std[70759c8f55707aa4]::panicking::panic_with_hook
[INFO] [stdout]    7:     0x56ec95452942 - std[70759c8f55707aa4]::panicking::panic_handler::{closure#0}
[INFO] [stdout]    8:     0x56ec9544b1e9 - std[70759c8f55707aa4]::sys::backtrace::__rust_end_short_backtrace::<std[70759c8f55707aa4]::panicking::panic_handler::{closure#0}, !>
[INFO] [stdout]    9:     0x56ec9545389d - __rustc[8fa7c3cbc660c2b3]::rust_begin_unwind
[INFO] [stdout]   10:     0x56ec9549535c - core[df12db4294e9bfd3]::panicking::panic_fmt
[INFO] [stdout]   11:     0x56ec95495132 - core[df12db4294e9bfd3]::result::unwrap_failed
[INFO] [stdout]   12:     0x56ec95155e87 - nativ[af476dc67337c570]::commands::preview::tests::render_fixture
[INFO] [stdout]   13:     0x56ec95156cab - nativ[af476dc67337c570]::commands::preview::tests::renders_button_with_label
[INFO] [stdout]   14:     0x56ec951465d9 - <nativ[af476dc67337c570]::commands::preview::tests::renders_button_with_label::{closure#0} as core[df12db4294e9bfd3]::ops::function::FnOnce<()>>::call_once
[INFO] [stdout]   15:     0x56ec9518ae9b - test[9d35eded1c95d3be]::__rust_begin_short_backtrace::<core[df12db4294e9bfd3]::result::Result<(), alloc[2182bb758b4b3781]::string::String>, fn() -> core[df12db4294e9bfd3]::result::Result<(), alloc[2182bb758b4b3781]::string::String>>
[INFO] [stdout]   16:     0x56ec95198505 - test[9d35eded1c95d3be]::run_test::{closure#0}
[INFO] [stdout]   17:     0x56ec95191dc4 - std[70759c8f55707aa4]::sys::backtrace::__rust_begin_short_backtrace::<test[9d35eded1c95d3be]::run_test::{closure#1}, ()>
[INFO] [stdout]   18:     0x56ec9519b662 - <std[70759c8f55707aa4]::thread::lifecycle::spawn_unchecked<test[9d35eded1c95d3be]::run_test::{closure#1}, ()>::{closure#1} as core[df12db4294e9bfd3]::ops::function::FnOnce<()>>::call_once::{shim:vtable#0}
[INFO] [stdout]   19:     0x56ec95479b59 - <std[70759c8f55707aa4]::sys::thread::unix::Thread>::new::thread_start
[INFO] [stdout]   20:     0x7991c6f82dfa - <unknown>
[INFO] [stdout]   21:     0x7991c70163d4 - clone
[INFO] [stdout]   22:                0x0 - <unknown>
[INFO] [stdout] 
[INFO] [stdout] ---- commands::preview::tests::renders_self_contained_document_with_one_frame_per_screen stdout ----
[INFO] [stdout] 
[INFO] [stdout] thread 'commands::preview::tests::renders_self_contained_document_with_one_frame_per_screen' (1601) panicked at src/commands/preview.rs:1910:61:
[INFO] [stdout] fixture readable: Os { code: 2, kind: NotFound, message: "No such file or directory" }
[INFO] [stdout] stack backtrace:
[INFO] [stdout]    0:     0x56ec9547b5b1 - <<std[70759c8f55707aa4]::sys::backtrace::BacktraceLock>::print::DisplayBacktrace as core[df12db4294e9bfd3]::fmt::Display>::fmt
[INFO] [stdout]    1:     0x56ec95494c2a - core[df12db4294e9bfd3]::fmt::write
[INFO] [stdout]    2:     0x56ec95480f3c - <alloc[2182bb758b4b3781]::vec::Vec<u8> as core[df12db4294e9bfd3]::io::write::Write>::write_fmt
[INFO] [stdout]    3:     0x56ec95452896 - std[70759c8f55707aa4]::panicking::default_hook::{closure#0}
[INFO] [stdout]    4:     0x56ec95470fe9 - std[70759c8f55707aa4]::panicking::default_hook
[INFO] [stdout]    5:     0x56ec95197bb0 - test[9d35eded1c95d3be]::test_main_inner::<test[9d35eded1c95d3be]::test_main_static::{closure#0}>::{closure#0}
[INFO] [stdout]    6:     0x56ec954711a2 - std[70759c8f55707aa4]::panicking::panic_with_hook
[INFO] [stdout]    7:     0x56ec95452942 - std[70759c8f55707aa4]::panicking::panic_handler::{closure#0}
[INFO] [stdout]    8:     0x56ec9544b1e9 - std[70759c8f55707aa4]::sys::backtrace::__rust_end_short_backtrace::<std[70759c8f55707aa4]::panicking::panic_handler::{closure#0}, !>
[INFO] [stdout]    9:     0x56ec9545389d - __rustc[8fa7c3cbc660c2b3]::rust_begin_unwind
[INFO] [stdout]   10:     0x56ec9549535c - core[df12db4294e9bfd3]::panicking::panic_fmt
[INFO] [stdout]   11:     0x56ec95495132 - core[df12db4294e9bfd3]::result::unwrap_failed
[INFO] [stdout]   12:     0x56ec95155e87 - nativ[af476dc67337c570]::commands::preview::tests::render_fixture
[INFO] [stdout]   13:     0x56ec9515b0b4 - nativ[af476dc67337c570]::commands::preview::tests::renders_self_contained_document_with_one_frame_per_screen
[INFO] [stdout]   14:     0x56ec951468f9 - <nativ[af476dc67337c570]::commands::preview::tests::renders_self_contained_document_with_one_frame_per_screen::{closure#0} as core[df12db4294e9bfd3]::ops::function::FnOnce<()>>::call_once
[INFO] [stdout]   15:     0x56ec9518ae9b - test[9d35eded1c95d3be]::__rust_begin_short_backtrace::<core[df12db4294e9bfd3]::result::Result<(), alloc[2182bb758b4b3781]::string::String>, fn() -> core[df12db4294e9bfd3]::result::Result<(), alloc[2182bb758b4b3781]::string::String>>
[INFO] [stdout]   16:     0x56ec95198505 - test[9d35eded1c95d3be]::run_test::{closure#0}
[INFO] [stdout]   17:     0x56ec95191dc4 - std[70759c8f55707aa4]::sys::backtrace::__rust_begin_short_backtrace::<test[9d35eded1c95d3be]::run_test::{closure#1}, ()>
[INFO] [stdout]   18:     0x56ec9519b662 - <std[70759c8f55707aa4]::thread::lifecycle::spawn_unchecked<test[9d35eded1c95d3be]::run_test::{closure#1}, ()>::{closure#1} as core[df12db4294e9bfd3]::ops::function::FnOnce<()>>::call_once::{shim:vtable#0}
[INFO] [stdout]   19:     0x56ec95479b59 - <std[70759c8f55707aa4]::sys::thread::unix::Thread>::new::thread_start
[INFO] [stdout]   20:     0x7991c6f82dfa - <unknown>
[INFO] [stdout]   21:     0x7991c70163d4 - clone
[INFO] [stdout]   22:                0x0 - <unknown>
[INFO] [stdout] 
[INFO] [stdout] ---- commands::preview::tests::renders_card_with_text_content_and_modifiers stdout ----
[INFO] [stdout] 
[INFO] [stdout] thread 'commands::preview::tests::renders_card_with_text_content_and_modifiers' (1599) panicked at src/commands/preview.rs:1910:61:
[INFO] [stdout] fixture readable: Os { code: 2, kind: NotFound, message: "No such file or directory" }
[INFO] [stdout] stack backtrace:
[INFO] [stdout]    0:     0x56ec9547b5b1 - <<std[70759c8f55707aa4]::sys::backtrace::BacktraceLock>::print::DisplayBacktrace as core[df12db4294e9bfd3]::fmt::Display>::fmt
[INFO] [stdout]    1:     0x56ec95494c2a - core[df12db4294e9bfd3]::fmt::write
[INFO] [stdout]    2:     0x56ec95480f3c - <alloc[2182bb758b4b3781]::vec::Vec<u8> as core[df12db4294e9bfd3]::io::write::Write>::write_fmt
[INFO] [stdout]    3:     0x56ec95452896 - std[70759c8f55707aa4]::panicking::default_hook::{closure#0}
[INFO] [stdout]    4:     0x56ec95470fe9 - std[70759c8f55707aa4]::panicking::default_hook
[INFO] [stdout]    5:     0x56ec95197bb0 - test[9d35eded1c95d3be]::test_main_inner::<test[9d35eded1c95d3be]::test_main_static::{closure#0}>::{closure#0}
[INFO] [stdout]    6:     0x56ec954711a2 - std[70759c8f55707aa4]::panicking::panic_with_hook
[INFO] [stdout]    7:     0x56ec95452942 - std[70759c8f55707aa4]::panicking::panic_handler::{closure#0}
[INFO] [stdout]    8:     0x56ec9544b1e9 - std[70759c8f55707aa4]::sys::backtrace::__rust_end_short_backtrace::<std[70759c8f55707aa4]::panicking::panic_handler::{closure#0}, !>
[INFO] [stdout]    9:     0x56ec9545389d - __rustc[8fa7c3cbc660c2b3]::rust_begin_unwind
[INFO] [stdout]   10:     0x56ec9549535c - core[df12db4294e9bfd3]::panicking::panic_fmt
[INFO] [stdout]   11:     0x56ec95495132 - core[df12db4294e9bfd3]::result::unwrap_failed
[INFO] [stdout]   12:     0x56ec95155e87 - nativ[af476dc67337c570]::commands::preview::tests::render_fixture
[INFO] [stdout]   13:     0x56ec951589cb - nativ[af476dc67337c570]::commands::preview::tests::renders_card_with_text_content_and_modifiers
[INFO] [stdout]   14:     0x56ec95146779 - <nativ[af476dc67337c570]::commands::preview::tests::renders_card_with_text_content_and_modifiers::{closure#0} as core[df12db4294e9bfd3]::ops::function::FnOnce<()>>::call_once
[INFO] [stdout]   15:     0x56ec9518ae9b - test[9d35eded1c95d3be]::__rust_begin_short_backtrace::<core[df12db4294e9bfd3]::result::Result<(), alloc[2182bb758b4b3781]::string::String>, fn() -> core[df12db4294e9bfd3]::result::Result<(), alloc[2182bb758b4b3781]::string::String>>
[INFO] [stdout]   16:     0x56ec95198505 - test[9d35eded1c95d3be]::run_test::{closure#0}
[INFO] [stdout]   17:     0x56ec95191dc4 - std[70759c8f55707aa4]::sys::backtrace::__rust_begin_short_backtrace::<test[9d35eded1c95d3be]::run_test::{closure#1}, ()>
[INFO] [stdout]   18:     0x56ec9519b662 - <std[70759c8f55707aa4]::thread::lifecycle::spawn_unchecked<test[9d35eded1c95d3be]::run_test::{closure#1}, ()>::{closure#1} as core[df12db4294e9bfd3]::ops::function::FnOnce<()>>::call_once::{shim:vtable#0}
[INFO] [stdout]   19:     0x56ec95479b59 - <std[70759c8f55707aa4]::sys::thread::unix::Thread>::new::thread_start
[INFO] [stdout]   20:     0x7991c6f82dfa - <unknown>
[INFO] [stdout]   21:     0x7991c70163d4 - clone
[INFO] [stdout]   22:                0x0 - <unknown>
[INFO] [stdout] 
[INFO] [stdout] ---- commands::preview::tests::renders_each_loop_as_repeated_placeholders stdout ----
[INFO] [stdout] 
[INFO] [stdout] thread 'commands::preview::tests::renders_each_loop_as_repeated_placeholders' (1600) panicked at src/commands/preview.rs:1910:61:
[INFO] [stdout] fixture readable: Os { code: 2, kind: NotFound, message: "No such file or directory" }
[INFO] [stdout] stack backtrace:
[INFO] [stdout]    0:     0x56ec9547b5b1 - <<std[70759c8f55707aa4]::sys::backtrace::BacktraceLock>::print::DisplayBacktrace as core[df12db4294e9bfd3]::fmt::Display>::fmt
[INFO] [stdout]    1:     0x56ec95494c2a - core[df12db4294e9bfd3]::fmt::write
[INFO] [stdout]    2:     0x56ec95480f3c - <alloc[2182bb758b4b3781]::vec::Vec<u8> as core[df12db4294e9bfd3]::io::write::Write>::write_fmt
[INFO] [stdout]    3:     0x56ec95452896 - std[70759c8f55707aa4]::panicking::default_hook::{closure#0}
[INFO] [stdout]    4:     0x56ec95470fe9 - std[70759c8f55707aa4]::panicking::default_hook
[INFO] [stdout]    5:     0x56ec95197bb0 - test[9d35eded1c95d3be]::test_main_inner::<test[9d35eded1c95d3be]::test_main_static::{closure#0}>::{closure#0}
[INFO] [stdout]    6:     0x56ec954711a2 - std[70759c8f55707aa4]::panicking::panic_with_hook
[INFO] [stdout]    7:     0x56ec95452942 - std[70759c8f55707aa4]::panicking::panic_handler::{closure#0}
[INFO] [stdout]    8:     0x56ec9544b1e9 - std[70759c8f55707aa4]::sys::backtrace::__rust_end_short_backtrace::<std[70759c8f55707aa4]::panicking::panic_handler::{closure#0}, !>
[INFO] [stdout]    9:     0x56ec9545389d - __rustc[8fa7c3cbc660c2b3]::rust_begin_unwind
[INFO] [stdout]   10:     0x56ec9549535c - core[df12db4294e9bfd3]::panicking::panic_fmt
[INFO] [stdout]   11:     0x56ec95495132 - core[df12db4294e9bfd3]::result::unwrap_failed
[INFO] [stdout]   12:     0x56ec95155e87 - nativ[af476dc67337c570]::commands::preview::tests::render_fixture
[INFO] [stdout]   13:     0x56ec95157ca6 - nativ[af476dc67337c570]::commands::preview::tests::renders_each_loop_as_repeated_placeholders
[INFO] [stdout]   14:     0x56ec951466d9 - <nativ[af476dc67337c570]::commands::preview::tests::renders_each_loop_as_repeated_placeholders::{closure#0} as core[df12db4294e9bfd3]::ops::function::FnOnce<()>>::call_once
[INFO] [stdout]   15:     0x56ec9518ae9b - test[9d35eded1c95d3be]::__rust_begin_short_backtrace::<core[df12db4294e9bfd3]::result::Result<(), alloc[2182bb758b4b3781]::string::String>, fn() -> core[df12db4294e9bfd3]::result::Result<(), alloc[2182bb758b4b3781]::string::String>>
[INFO] [stdout]   16:     0x56ec95198505 - test[9d35eded1c95d3be]::run_test::{closure#0}
[INFO] [stdout]   17:     0x56ec95191dc4 - std[70759c8f55707aa4]::sys::backtrace::__rust_begin_short_backtrace::<test[9d35eded1c95d3be]::run_test::{closure#1}, ()>
[INFO] [stdout]   18:     0x56ec9519b662 - <std[70759c8f55707aa4]::thread::lifecycle::spawn_unchecked<test[9d35eded1c95d3be]::run_test::{closure#1}, ()>::{closure#1} as core[df12db4294e9bfd3]::ops::function::FnOnce<()>>::call_once::{shim:vtable#0}
[INFO] [stdout]   19:     0x56ec95479b59 - <std[70759c8f55707aa4]::sys::thread::unix::Thread>::new::thread_start
[INFO] [stdout]   20:     0x7991c6f82dfa - <unknown>
[INFO] [stdout]   21:     0x7991c70163d4 - clone
[INFO] [stdout]   22:                0x0 - <unknown>
[INFO] [stdout] 
[INFO] [stdout] ---- commands::preview::tests::resolves_a_file_path_directly stdout ----
[INFO] [stdout] 
[INFO] [stdout] thread 'commands::preview::tests::resolves_a_file_path_directly' (1603) panicked at src/commands/preview.rs:1966:45:
[INFO] [stdout] file resolves: "path not found: /opt/rustwide/workdir/../../fixtures/valid/ui_simple_elements.nativ"
[INFO] [stdout] stack backtrace:
[INFO] [stdout]    0:     0x56ec9547b5b1 - <<std[70759c8f55707aa4]::sys::backtrace::BacktraceLock>::print::DisplayBacktrace as core[df12db4294e9bfd3]::fmt::Display>::fmt
[INFO] [stdout]    1:     0x56ec95494c2a - core[df12db4294e9bfd3]::fmt::write
[INFO] [stdout]    2:     0x56ec95480f3c - <alloc[2182bb758b4b3781]::vec::Vec<u8> as core[df12db4294e9bfd3]::io::write::Write>::write_fmt
[INFO] [stdout]    3:     0x56ec95452896 - std[70759c8f55707aa4]::panicking::default_hook::{closure#0}
[INFO] [stdout]    4:     0x56ec95470fe9 - std[70759c8f55707aa4]::panicking::default_hook
[INFO] [stdout]    5:     0x56ec95197bb0 - test[9d35eded1c95d3be]::test_main_inner::<test[9d35eded1c95d3be]::test_main_static::{closure#0}>::{closure#0}
[INFO] [stdout]    6:     0x56ec954711a2 - std[70759c8f55707aa4]::panicking::panic_with_hook
[INFO] [stdout]    7:     0x56ec95452942 - std[70759c8f55707aa4]::panicking::panic_handler::{closure#0}
[INFO] [stdout]    8:     0x56ec9544b1e9 - std[70759c8f55707aa4]::sys::backtrace::__rust_end_short_backtrace::<std[70759c8f55707aa4]::panicking::panic_handler::{closure#0}, !>
[INFO] [stdout]    9:     0x56ec9545389d - __rustc[8fa7c3cbc660c2b3]::rust_begin_unwind
[INFO] [stdout]   10:     0x56ec9549535c - core[df12db4294e9bfd3]::panicking::panic_fmt
[INFO] [stdout]   11:     0x56ec95495132 - core[df12db4294e9bfd3]::result::unwrap_failed
[INFO] [stdout]   12:     0x56ec951575d6 - nativ[af476dc67337c570]::commands::preview::tests::resolves_a_file_path_directly
[INFO] [stdout]   13:     0x56ec95146639 - <nativ[af476dc67337c570]::commands::preview::tests::resolves_a_file_path_directly::{closure#0} as core[df12db4294e9bfd3]::ops::function::FnOnce<()>>::call_once
[INFO] [stdout]   14:     0x56ec9518ae9b - test[9d35eded1c95d3be]::__rust_begin_short_backtrace::<core[df12db4294e9bfd3]::result::Result<(), alloc[2182bb758b4b3781]::string::String>, fn() -> core[df12db4294e9bfd3]::result::Result<(), alloc[2182bb758b4b3781]::string::String>>
[INFO] [stdout]   15:     0x56ec95198505 - test[9d35eded1c95d3be]::run_test::{closure#0}
[INFO] [stdout]   16:     0x56ec95191dc4 - std[70759c8f55707aa4]::sys::backtrace::__rust_begin_short_backtrace::<test[9d35eded1c95d3be]::run_test::{closure#1}, ()>
[INFO] [stdout]   17:     0x56ec9519b662 - <std[70759c8f55707aa4]::thread::lifecycle::spawn_unchecked<test[9d35eded1c95d3be]::run_test::{closure#1}, ()>::{closure#1} as core[df12db4294e9bfd3]::ops::function::FnOnce<()>>::call_once::{shim:vtable#0}
[INFO] [stdout]   18:     0x56ec95479b59 - <std[70759c8f55707aa4]::sys::thread::unix::Thread>::new::thread_start
[INFO] [stdout]   19:     0x7991c6f82dfa - <unknown>
[INFO] [stdout]   20:     0x7991c70163d4 - clone
[INFO] [stdout]   21:                0x0 - <unknown>
[INFO] [stdout] 
[INFO] [stdout] ---- commands::preview::tests::render_to_string_returns_html_and_screen_count stdout ----
[INFO] [stdout] 
[INFO] [stdout] thread 'commands::preview::tests::render_to_string_returns_html_and_screen_count' (1593) panicked at src/commands/preview.rs:1994:86:
[INFO] [stdout] called `Result::unwrap()` on an `Err` value: "path not found: /opt/rustwide/workdir/../../fixtures/valid/ui_simple_elements.nativ"
[INFO] [stdout] stack backtrace:
[INFO] [stdout]    0:     0x56ec9547b5b1 - <<std[70759c8f55707aa4]::sys::backtrace::BacktraceLock>::print::DisplayBacktrace as core[df12db4294e9bfd3]::fmt::Display>::fmt
[INFO] [stdout]    1:     0x56ec95494c2a - core[df12db4294e9bfd3]::fmt::write
[INFO] [stdout]    2:     0x56ec95480f3c - <alloc[2182bb758b4b3781]::vec::Vec<u8> as core[df12db4294e9bfd3]::io::write::Write>::write_fmt
[INFO] [stdout]    3:     0x56ec95452896 - std[70759c8f55707aa4]::panicking::default_hook::{closure#0}
[INFO] [stdout]    4:     0x56ec95470fe9 - std[70759c8f55707aa4]::panicking::default_hook
[INFO] [stdout]    5:     0x56ec95197bb0 - test[9d35eded1c95d3be]::test_main_inner::<test[9d35eded1c95d3be]::test_main_static::{closure#0}>::{closure#0}
[INFO] [stdout]    6:     0x56ec954711a2 - std[70759c8f55707aa4]::panicking::panic_with_hook
[INFO] [stdout]    7:     0x56ec95452942 - std[70759c8f55707aa4]::panicking::panic_handler::{closure#0}
[INFO] [stdout]    8:     0x56ec9544b1e9 - std[70759c8f55707aa4]::sys::backtrace::__rust_end_short_backtrace::<std[70759c8f55707aa4]::panicking::panic_handler::{closure#0}, !>
[INFO] [stdout]    9:     0x56ec9545389d - __rustc[8fa7c3cbc660c2b3]::rust_begin_unwind
[INFO] [stdout]   10:     0x56ec9549535c - core[df12db4294e9bfd3]::panicking::panic_fmt
[INFO] [stdout]   11:     0x56ec95495132 - core[df12db4294e9bfd3]::result::unwrap_failed
[INFO] [stdout]   12:     0x56ec95158ebd - nativ[af476dc67337c570]::commands::preview::tests::render_to_string_returns_html_and_screen_count
[INFO] [stdout]   13:     0x56ec951467b9 - <nativ[af476dc67337c570]::commands::preview::tests::render_to_string_returns_html_and_screen_count::{closure#0} as core[df12db4294e9bfd3]::ops::function::FnOnce<()>>::call_once
[INFO] [stdout]   14:     0x56ec9518ae9b - test[9d35eded1c95d3be]::__rust_begin_short_backtrace::<core[df12db4294e9bfd3]::result::Result<(), alloc[2182bb758b4b3781]::string::String>, fn() -> core[df12db4294e9bfd3]::result::Result<(), alloc[2182bb758b4b3781]::string::String>>
[INFO] [stdout]   15:     0x56ec95198505 - test[9d35eded1c95d3be]::run_test::{closure#0}
[INFO] [stdout]   16:     0x56ec95191dc4 - std[70759c8f55707aa4]::sys::backtrace::__rust_begin_short_backtrace::<test[9d35eded1c95d3be]::run_test::{closure#1}, ()>
[INFO] [stdout]   17:     0x56ec9519b662 - <std[70759c8f55707aa4]::thread::lifecycle::spawn_unchecked<test[9d35eded1c95d3be]::run_test::{closure#1}, ()>::{closure#1} as core[df12db4294e9bfd3]::ops::function::FnOnce<()>>::call_once::{shim:vtable#0}
[INFO] [stdout]   18:     0x56ec95479b59 - <std[70759c8f55707aa4]::sys::thread::unix::Thread>::new::thread_start
[INFO] [stdout]   19:     0x7991c6f82dfa - <unknown>
[INFO] [stdout]   20:     0x7991c70163d4 - clone
[INFO] [stdout]   21:                0x0 - <unknown>
[INFO] [stdout] 
[INFO] [stdout] 
[INFO] [stdout] failures:
[INFO] [stdout]     commands::dev::tests::duplicate_watcher_events_for_same_file_stay_patch
[INFO] [stdout]     commands::preview::tests::render_to_path_writes_a_self_contained_file
[INFO] [stdout]     commands::preview::tests::render_to_string_returns_html_and_screen_count
[INFO] [stdout]     commands::preview::tests::renders_button_with_label
[INFO] [stdout]     commands::preview::tests::renders_card_with_text_content_and_modifiers
[INFO] [stdout]     commands::preview::tests::renders_each_loop_as_repeated_placeholders
[INFO] [stdout]     commands::preview::tests::renders_self_contained_document_with_one_frame_per_screen
[INFO] [stdout]     commands::preview::tests::resolves_a_file_path_directly
[INFO] [stdout] 
[INFO] [stdout] test result: FAILED. 129 passed; 8 failed; 0 ignored; 0 measured; 0 filtered out; finished in 0.33s
[INFO] [stdout] 
[INFO] [stderr] error: test failed, to rerun pass `--bin nativ`
[INFO] running `Command { std: "docker" "inspect" "a0a848d5e94dd8a4be0091505d7f22dc59425876d5239a893da6d06499848a18", kill_on_drop: false }`
[INFO] running `Command { std: "docker" "rm" "-f" "a0a848d5e94dd8a4be0091505d7f22dc59425876d5239a893da6d06499848a18", kill_on_drop: false }`
[INFO] [stdout] a0a848d5e94dd8a4be0091505d7f22dc59425876d5239a893da6d06499848a18
