[INFO] fetching crate narwhal 0.3.0...
[INFO] testing narwhal-0.3.0 against 1.100.0-beta.1+cargoflags=--release for beta-release-1.100-2
[INFO] extracting crate narwhal 0.3.0 into /workspace/builds/worker-0-tc2/source
[INFO] started tweaking crates.io crate narwhal 0.3.0
[INFO] finished tweaking crates.io crate narwhal 0.3.0
[INFO] tweaked toml for crates.io crate narwhal 0.3.0 written to /workspace/builds/worker-0-tc2/source/Cargo.toml
[INFO] validating manifest of crates.io crate narwhal 0.3.0 on toolchain 1.100.0-beta.1
[INFO] running `Command { std: CARGO_HOME="/workspace/cargo-home" RUSTUP_HOME="/workspace/rustup-home" "/workspace/cargo-home/bin/cargo" "+1.100.0-beta.1" "metadata" "--manifest-path" "Cargo.toml" "--no-deps", kill_on_drop: false }`
[INFO] running `Command { std: CARGO_HOME="/workspace/cargo-home" RUSTUP_HOME="/workspace/rustup-home" "/workspace/cargo-home/bin/cargo" "+1.100.0-beta.1" "generate-lockfile" "--manifest-path" "Cargo.toml", kill_on_drop: false }`
[INFO] [stderr]     Updating crates.io index
[INFO] [stderr]      Locking 48 packages to highest compatible versions
[INFO] [stderr]       Adding error-chain v0.11.0 (available: v0.12.4)
[INFO] [stderr]       Adding regex v0.2.11 (available: v1.13.1)
[INFO] [stderr]       Adding url v1.7.2 (available: v2.5.8)
[INFO] running `Command { std: CARGO_HOME="/workspace/cargo-home" RUSTUP_HOME="/workspace/rustup-home" "/workspace/cargo-home/bin/cargo" "+1.100.0-beta.1" "fetch" "--manifest-path" "Cargo.toml", kill_on_drop: false }`
[INFO] [stderr] warning: Cargo.toml: `package.edition` is unspecified, defaulting to `2015` while the latest is `2024`
[INFO] [stderr] warning: `narwhal` (manifest) generated 1 warning
[INFO] running `Command { std: "docker" "create" "-v" "/var/lib/crater-agent-workspace/builds/worker-0-tc2/source:/opt/rustwide/workdir:ro,Z" "-v" "/var/lib/crater-agent-workspace/builds/worker-0-tc2/target:/opt/rustwide/target:rw,Z" "-v" "/var/lib/crater-agent-workspace/cargo-home:/opt/rustwide/cargo-home:ro,Z" "-v" "/var/lib/crater-agent-workspace/rustup-home:/opt/rustwide/rustup-home:ro,Z" "-m" "1610612736" "--network" "none" "ghcr.io/rust-lang/crates-build-env/linux@sha256:77db811e55d90add9212f6832c23229e3de5f1c1f9905e8cb07319ea15df73ac" "sleep" "infinity", kill_on_drop: false }`
[INFO] [stdout] be6d7da2b74c155d1eb80fd1a46f88bbdd01c63c3664a09ba8eb6f1353717cbd
[INFO] running `Command { std: "docker" "start" "be6d7da2b74c155d1eb80fd1a46f88bbdd01c63c3664a09ba8eb6f1353717cbd", kill_on_drop: false }`
[INFO] running `Command { std: "docker" "inspect" "be6d7da2b74c155d1eb80fd1a46f88bbdd01c63c3664a09ba8eb6f1353717cbd", kill_on_drop: false }`
[INFO] running `Command { std: "docker" "exec" "-e" "SOURCE_DIR=/opt/rustwide/workdir" "-e" "CARGO_HOME=/opt/rustwide/cargo-home" "-e" "RUSTUP_HOME=/opt/rustwide/rustup-home" "-e" "CARGO_TARGET_DIR=/opt/rustwide/target" "-w" "/opt/rustwide/workdir" "--user" "0:0" "be6d7da2b74c155d1eb80fd1a46f88bbdd01c63c3664a09ba8eb6f1353717cbd" "/opt/rustwide/cargo-home/bin/cargo" "+1.100.0-beta.1" "metadata" "--no-deps" "--format-version=1", kill_on_drop: false }`
[INFO] running `Command { std: "docker" "inspect" "be6d7da2b74c155d1eb80fd1a46f88bbdd01c63c3664a09ba8eb6f1353717cbd", kill_on_drop: false }`
[INFO] running `Command { std: "docker" "exec" "-e" "SOURCE_DIR=/opt/rustwide/workdir" "-e" "CARGO_HOME=/opt/rustwide/cargo-home" "-e" "RUSTUP_HOME=/opt/rustwide/rustup-home" "-e" "CARGO_TARGET_DIR=/opt/rustwide/target" "-e" "CARGO_INCREMENTAL=0" "-e" "RUST_BACKTRACE=full" "-e" "RUSTFLAGS=--cap-lints=warn" "-e" "RUSTDOCFLAGS=--cap-lints=warn" "-w" "/opt/rustwide/workdir" "--user" "0:0" "be6d7da2b74c155d1eb80fd1a46f88bbdd01c63c3664a09ba8eb6f1353717cbd" "/opt/rustwide/cargo-home/bin/cargo" "+1.100.0-beta.1" "build" "--frozen" "--message-format=json" "--release", kill_on_drop: false }`
[INFO] [stderr] warning: Cargo.toml: `package.edition` is unspecified, defaulting to `2015` while the latest is `2024`
[INFO] [stderr] warning: `narwhal` (manifest) generated 1 warning
[INFO] [stderr]    Compiling regex v0.2.11
[INFO] [stderr]    Compiling ucd-util v0.1.10
[INFO] [stderr]    Compiling syn v3.0.9
[INFO] [stderr]    Compiling aho-corasick v0.6.10
[INFO] [stderr]    Compiling thread_local v0.3.6
[INFO] [stderr]    Compiling utf8-ranges v1.0.5
[INFO] [stderr]    Compiling error-chain v0.11.0
[INFO] [stderr]    Compiling openssl v0.10.81
[INFO] [stderr]    Compiling regex-syntax v0.5.6
[INFO] [stderr]    Compiling serde_derive v1.0.229
[INFO] [stderr]    Compiling narwhal v0.3.0 (/opt/rustwide/workdir)
[INFO] [stdout] warning: use of deprecated method `std::error::Error::description`: use the Display impl or to_string()
[INFO] [stdout]  --> src/errors.rs:2:1
[INFO] [stdout]   |
[INFO] [stdout] 2 | / error_chain!{
[INFO] [stdout] 3 | |     foreign_links {
[INFO] [stdout] 4 | |         Io(::std::io::Error) #[cfg(unix)];
[INFO] [stdout] 5 | |     }
[INFO] [stdout] 6 | | }
[INFO] [stdout]   | |_^
[INFO] [stdout]   |
[INFO] [stdout]   = note: `#[warn(deprecated)]` on by default
[INFO] [stdout]   = note: this warning originates in the macro `impl_error_chain_processed` which comes from the expansion of the macro `error_chain` (in Nightly builds, run with -Z macro-backtrace for more info)
[INFO] [stdout] 
[INFO] [stdout] 
[INFO] [stdout] warning: use of deprecated method `std::error::Error::cause`: replaced by Error::source, which can support downcasting
[INFO] [stdout]  --> src/errors.rs:2:1
[INFO] [stdout]   |
[INFO] [stdout] 2 | / error_chain!{
[INFO] [stdout] 3 | |     foreign_links {
[INFO] [stdout] 4 | |         Io(::std::io::Error) #[cfg(unix)];
[INFO] [stdout] 5 | |     }
[INFO] [stdout] 6 | | }
[INFO] [stdout]   | |_^
[INFO] [stdout]   |
[INFO] [stdout]   = note: this warning originates in the macro `impl_error_chain_processed` which comes from the expansion of the macro `error_chain` (in Nightly builds, run with -Z macro-backtrace for more info)
[INFO] [stdout] 
[INFO] [stdout] 
[INFO] [stderr]     Finished `release` profile [optimized] target(s) in 6.52s
[INFO] running `Command { std: "docker" "inspect" "be6d7da2b74c155d1eb80fd1a46f88bbdd01c63c3664a09ba8eb6f1353717cbd", kill_on_drop: false }`
[INFO] running `Command { std: "docker" "exec" "-e" "SOURCE_DIR=/opt/rustwide/workdir" "-e" "CARGO_HOME=/opt/rustwide/cargo-home" "-e" "RUSTUP_HOME=/opt/rustwide/rustup-home" "-e" "CARGO_TARGET_DIR=/opt/rustwide/target" "-e" "CARGO_INCREMENTAL=0" "-e" "RUST_BACKTRACE=full" "-e" "RUSTFLAGS=--cap-lints=warn" "-e" "RUSTDOCFLAGS=--cap-lints=warn" "-w" "/opt/rustwide/workdir" "--user" "0:0" "be6d7da2b74c155d1eb80fd1a46f88bbdd01c63c3664a09ba8eb6f1353717cbd" "/opt/rustwide/cargo-home/bin/cargo" "+1.100.0-beta.1" "test" "--frozen" "--no-run" "--message-format=json" "--release", kill_on_drop: false }`
[INFO] [stderr] warning: Cargo.toml: `package.edition` is unspecified, defaulting to `2015` while the latest is `2024`
[INFO] [stderr] warning: `narwhal` (manifest) generated 1 warning
[INFO] [stderr]    Compiling tinyvec v1.13.3
[INFO] [stderr]    Compiling matches v0.1.10
[INFO] [stderr]    Compiling percent-encoding v1.0.1
[INFO] [stdout] warning: use of deprecated method `std::error::Error::description`: use the Display impl or to_string()
[INFO] [stdout]  --> src/errors.rs:2:1
[INFO] [stdout]   |
[INFO] [stdout] 2 | / error_chain!{
[INFO] [stdout] 3 | |     foreign_links {
[INFO] [stdout] 4 | |         Io(::std::io::Error) #[cfg(unix)];
[INFO] [stdout] 5 | |     }
[INFO] [stdout] 6 | | }
[INFO] [stdout]   | |_^
[INFO] [stdout]   |
[INFO] [stdout]   = note: `#[warn(deprecated)]` on by default
[INFO] [stdout]   = note: this warning originates in the macro `impl_error_chain_processed` which comes from the expansion of the macro `error_chain` (in Nightly builds, run with -Z macro-backtrace for more info)
[INFO] [stdout] 
[INFO] [stdout] 
[INFO] [stdout] warning: use of deprecated method `std::error::Error::cause`: replaced by Error::source, which can support downcasting
[INFO] [stdout]  --> src/errors.rs:2:1
[INFO] [stdout]   |
[INFO] [stdout] 2 | / error_chain!{
[INFO] [stdout] 3 | |     foreign_links {
[INFO] [stdout] 4 | |         Io(::std::io::Error) #[cfg(unix)];
[INFO] [stdout] 5 | |     }
[INFO] [stdout] 6 | | }
[INFO] [stdout]   | |_^
[INFO] [stdout]   |
[INFO] [stdout]   = note: this warning originates in the macro `impl_error_chain_processed` which comes from the expansion of the macro `error_chain` (in Nightly builds, run with -Z macro-backtrace for more info)
[INFO] [stdout] 
[INFO] [stdout] 
[INFO] [stderr]    Compiling unicode-normalization v0.1.26
[INFO] [stderr]    Compiling idna v0.1.5
[INFO] [stderr]    Compiling url v1.7.2
[INFO] [stderr]    Compiling narwhal v0.3.0 (/opt/rustwide/workdir)
[INFO] [stdout] warning: use of deprecated method `std::error::Error::description`: use the Display impl or to_string()
[INFO] [stdout]  --> src/errors.rs:2:1
[INFO] [stdout]   |
[INFO] [stdout] 2 | / error_chain!{
[INFO] [stdout] 3 | |     foreign_links {
[INFO] [stdout] 4 | |         Io(::std::io::Error) #[cfg(unix)];
[INFO] [stdout] 5 | |     }
[INFO] [stdout] 6 | | }
[INFO] [stdout]   | |_^
[INFO] [stdout]   |
[INFO] [stdout]   = note: `#[warn(deprecated)]` on by default
[INFO] [stdout]   = note: this warning originates in the macro `impl_error_chain_processed` which comes from the expansion of the macro `error_chain` (in Nightly builds, run with -Z macro-backtrace for more info)
[INFO] [stdout] 
[INFO] [stdout] 
[INFO] [stdout] warning: use of deprecated method `std::error::Error::cause`: replaced by Error::source, which can support downcasting
[INFO] [stdout]  --> src/errors.rs:2:1
[INFO] [stdout]   |
[INFO] [stdout] 2 | / error_chain!{
[INFO] [stdout] 3 | |     foreign_links {
[INFO] [stdout] 4 | |         Io(::std::io::Error) #[cfg(unix)];
[INFO] [stdout] 5 | |     }
[INFO] [stdout] 6 | | }
[INFO] [stdout]   | |_^
[INFO] [stdout]   |
[INFO] [stdout]   = note: this warning originates in the macro `impl_error_chain_processed` which comes from the expansion of the macro `error_chain` (in Nightly builds, run with -Z macro-backtrace for more info)
[INFO] [stdout] 
[INFO] [stdout] 
[INFO] [stderr]     Finished `release` profile [optimized] target(s) in 2.34s
[INFO] running `Command { std: "docker" "inspect" "be6d7da2b74c155d1eb80fd1a46f88bbdd01c63c3664a09ba8eb6f1353717cbd", kill_on_drop: false }`
[INFO] running `Command { std: "docker" "exec" "-e" "SOURCE_DIR=/opt/rustwide/workdir" "-e" "CARGO_HOME=/opt/rustwide/cargo-home" "-e" "RUSTUP_HOME=/opt/rustwide/rustup-home" "-e" "CARGO_TARGET_DIR=/opt/rustwide/target" "-e" "CARGO_INCREMENTAL=0" "-e" "RUST_BACKTRACE=full" "-e" "RUSTFLAGS=--cap-lints=warn" "-e" "RUSTDOCFLAGS=--cap-lints=warn" "-w" "/opt/rustwide/workdir" "--user" "0:0" "be6d7da2b74c155d1eb80fd1a46f88bbdd01c63c3664a09ba8eb6f1353717cbd" "/opt/rustwide/cargo-home/bin/cargo" "+1.100.0-beta.1" "test" "--frozen" "--release", kill_on_drop: false }`
[INFO] [stderr] warning: Cargo.toml: `package.edition` is unspecified, defaulting to `2015` while the latest is `2024`
[INFO] [stderr] warning: `narwhal` (manifest) generated 1 warning
[INFO] [stderr] warning: use of deprecated method `std::error::Error::description`: use the Display impl or to_string()
[INFO] [stderr]  --> src/errors.rs:2:1
[INFO] [stderr]   |
[INFO] [stderr] 2 | / error_chain!{
[INFO] [stderr] 3 | |     foreign_links {
[INFO] [stderr] 4 | |         Io(::std::io::Error) #[cfg(unix)];
[INFO] [stderr] 5 | |     }
[INFO] [stderr] 6 | | }
[INFO] [stderr]   | |_^
[INFO] [stderr]   |
[INFO] [stderr]   = note: `#[warn(deprecated)]` on by default
[INFO] [stderr]   = note: this warning originates in the macro `impl_error_chain_processed` which comes from the expansion of the macro `error_chain` (in Nightly builds, run with -Z macro-backtrace for more info)
[INFO] [stderr] 
[INFO] [stderr] warning: use of deprecated method `std::error::Error::cause`: replaced by Error::source, which can support downcasting
[INFO] [stderr]  --> src/errors.rs:2:1
[INFO] [stderr]   |
[INFO] [stderr] 2 | / error_chain!{
[INFO] [stderr] 3 | |     foreign_links {
[INFO] [stderr] 4 | |         Io(::std::io::Error) #[cfg(unix)];
[INFO] [stderr] 5 | |     }
[INFO] [stderr] 6 | | }
[INFO] [stderr]   | |_^
[INFO] [stderr]   |
[INFO] [stderr]   = note: this warning originates in the macro `impl_error_chain_processed` which comes from the expansion of the macro `error_chain` (in Nightly builds, run with -Z macro-backtrace for more info)
[INFO] [stderr] 
[INFO] [stderr] warning: `narwhal` (lib) generated 2 warnings
[INFO] [stderr] warning: `narwhal` (lib test) generated 2 warnings (2 duplicates)
[INFO] [stderr]     Finished `release` profile [optimized] target(s) in 0.03s
[INFO] [stderr]      Running unittests src/lib.rs (/opt/rustwide/target/release/build/narwhal/258443c117f6d747/out/narwhal-258443c117f6d747)
[INFO] [stdout] 
[INFO] [stdout] running 0 tests
[INFO] [stdout] 
[INFO] [stdout] test result: ok. 0 passed; 0 failed; 0 ignored; 0 measured; 0 filtered out; finished in 0.00s
[INFO] [stdout] 
[INFO] [stderr]      Running tests/lib.rs (/opt/rustwide/target/release/build/narwhal/68679c13464c8b49/out/lib-68679c13464c8b49)
[INFO] [stdout] 
[INFO] [stdout] running 5 tests
[INFO] [stdout] test tests::utils::chunked_parsing ... ok
[INFO] [stdout] test tests::utils::http_request_generating ... ok
[INFO] [stdout] test tests::utils::http_response_parsing ... ok
[INFO] [stdout] test tests::engine::get_version ... FAILED
[INFO] [stdout] test tests::engine::ping_engine ... FAILED
[INFO] [stdout] 
[INFO] [stdout] failures:
[INFO] [stdout] 
[INFO] [stdout] ---- tests::engine::get_version stdout ----
[INFO] [stdout] Error: Failed to get engine version
[INFO] [stdout] Caused by: Could not connect to unix socket
[INFO] [stdout] Caused by: Could not connect to unix socket
[INFO] [stdout] Caused by: No such file or directory (os error 2)
[INFO] [stdout]    0: error_chain::make_backtrace
[INFO] [stdout]    1: <core::result::Result<std::os::unix::net::stream::UnixStream, core::io::error::Error> as narwhal::errors::ResultExt<std::os::unix::net::stream::UnixStream>>::chain_err::<<narwhal::unix::UnixStream as narwhal::httpstream::HttpStream>::connect::{closure#0}, &str>
[INFO] [stdout]    2: <narwhal::unix::UnixStream as narwhal::httpstream::HttpStream>::connect
[INFO] [stdout]    3: narwhal::network::get
[INFO] [stdout]    4: narwhal::engine::version
[INFO] [stdout]    5: <lib::tests::engine::get_version::{closure#0} as core::ops::function::FnOnce<()>>::call_once
[INFO] [stdout]    6: test::__rust_begin_short_backtrace::<core::result::Result<(), alloc::string::String>, fn() -> core::result::Result<(), alloc::string::String>>
[INFO] [stdout]    7: test::run_test::{closure#0}
[INFO] [stdout]    8: std::sys::backtrace::__rust_begin_short_backtrace::<test::run_test::{closure#1}, ()>
[INFO] [stdout]    9: <std::thread::lifecycle::spawn_unchecked<test::run_test::{closure#1}, ()>::{closure#1} as core::ops::function::FnOnce<()>>::call_once::{shim:vtable#0}
[INFO] [stdout]   10: <std::sys::thread::unix::Thread>::new::thread_start
[INFO] [stdout]   11: <unknown>
[INFO] [stdout]   12: clone
[INFO] [stdout] 
[INFO] [stdout] 
[INFO] [stdout] thread 'tests::engine::get_version' (509) panicked at tests/lib.rs:53:17:
[INFO] [stdout] Could not get engine version
[INFO] [stdout] stack backtrace:
[INFO] [stdout]    0:     0x5837da623e21 - <<std[617be2ca0a6fd877]::sys::backtrace::BacktraceLock>::print::DisplayBacktrace as core[a373ad73a504971]::fmt::Display>::fmt
[INFO] [stdout]    1:     0x5837da63976a - core[a373ad73a504971]::fmt::write
[INFO] [stdout]    2:     0x5837da62861c - <alloc[2e1b2a31b91974c5]::vec::Vec<u8> as core[a373ad73a504971]::io::write::Write>::write_fmt
[INFO] [stdout]    3:     0x5837da5fecd6 - std[617be2ca0a6fd877]::panicking::default_hook::{closure#0}
[INFO] [stdout]    4:     0x5837da61bc59 - std[617be2ca0a6fd877]::panicking::default_hook
[INFO] [stdout]    5:     0x5837da500d10 - test[aada8e7e76ba119b]::test_main_inner::{closure#0}
[INFO] [stdout]    6:     0x5837da61bf82 - std[617be2ca0a6fd877]::panicking::panic_with_hook
[INFO] [stdout]    7:     0x5837da5fe36c - std[617be2ca0a6fd877]::panicking::begin_panic::<&str>::{closure#0}
[INFO] [stdout]    8:     0x5837da5f7999 - std[617be2ca0a6fd877]::sys::backtrace::__rust_end_short_backtrace::<std[617be2ca0a6fd877]::panicking::begin_panic<&str>::{closure#0}, !>
[INFO] [stdout]    9:     0x5837da5f503b - std[617be2ca0a6fd877]::panicking::begin_panic::<&str>
[INFO] [stdout]   10:     0x5837da4f400a - <lib[ecebf58da5bfc258]::tests::engine::get_version::{closure#0} as core[a373ad73a504971]::ops::function::FnOnce<()>>::call_once
[INFO] [stdout]   11:     0x5837da4f415b - test[aada8e7e76ba119b]::__rust_begin_short_backtrace::<core[a373ad73a504971]::result::Result<(), alloc[2e1b2a31b91974c5]::string::String>, fn() -> core[a373ad73a504971]::result::Result<(), alloc[2e1b2a31b91974c5]::string::String>>
[INFO] [stdout]   12:     0x5837da501335 - test[aada8e7e76ba119b]::run_test::{closure#0}
[INFO] [stdout]   13:     0x5837da4fac24 - std[617be2ca0a6fd877]::sys::backtrace::__rust_begin_short_backtrace::<test[aada8e7e76ba119b]::run_test::{closure#1}, ()>
[INFO] [stdout]   14:     0x5837da5043c2 - <std[617be2ca0a6fd877]::thread::lifecycle::spawn_unchecked<test[aada8e7e76ba119b]::run_test::{closure#1}, ()>::{closure#1} as core[a373ad73a504971]::ops::function::FnOnce<()>>::call_once::{shim:vtable#0}
[INFO] [stdout]   15:     0x5837da62314f - <std[617be2ca0a6fd877]::sys::thread::unix::Thread>::new::thread_start
[INFO] [stdout]   16:     0x7b24464f3dfa - <unknown>
[INFO] [stdout]   17:     0x7b24465873d4 - clone
[INFO] [stdout]   18:                0x0 - <unknown>
[INFO] [stdout] 
[INFO] [stdout] ---- tests::engine::ping_engine stdout ----
[INFO] [stdout] Error: Failed to ping engine
[INFO] [stdout] Caused by: Could not connect to unix socket
[INFO] [stdout] Caused by: Could not connect to unix socket
[INFO] [stdout] Caused by: No such file or directory (os error 2)
[INFO] [stdout]    0: error_chain::make_backtrace
[INFO] [stdout]    1: <core::result::Result<std::os::unix::net::stream::UnixStream, core::io::error::Error> as narwhal::errors::ResultExt<std::os::unix::net::stream::UnixStream>>::chain_err::<<narwhal::unix::UnixStream as narwhal::httpstream::HttpStream>::connect::{closure#0}, &str>
[INFO] [stdout]    2: <narwhal::unix::UnixStream as narwhal::httpstream::HttpStream>::connect
[INFO] [stdout]    3: narwhal::network::get
[INFO] [stdout]    4: narwhal::engine::ping
[INFO] [stdout]    5: <lib::tests::engine::ping_engine::{closure#0} as core::ops::function::FnOnce<()>>::call_once
[INFO] [stdout]    6: test::__rust_begin_short_backtrace::<core::result::Result<(), alloc::string::String>, fn() -> core::result::Result<(), alloc::string::String>>
[INFO] [stdout]    7: test::run_test::{closure#0}
[INFO] [stdout]    8: std::sys::backtrace::__rust_begin_short_backtrace::<test::run_test::{closure#1}, ()>
[INFO] [stdout]    9: <std::thread::lifecycle::spawn_unchecked<test::run_test::{closure#1}, ()>::{closure#1} as core::ops::function::FnOnce<()>>::call_once::{shim:vtable#0}
[INFO] [stdout]   10: <std::sys::thread::unix::Thread>::new::thread_start
[INFO] [stdout]   11: <unknown>
[INFO] [stdout]   12: clone
[INFO] [stdout] 
[INFO] [stdout] 
[INFO] [stdout] thread 'tests::engine::ping_engine' (510) panicked at tests/lib.rs:64:17:
[INFO] [stdout] Could not ping engine
[INFO] [stdout] stack backtrace:
[INFO] [stdout]    0:     0x5837da623e21 - <<std[617be2ca0a6fd877]::sys::backtrace::BacktraceLock>::print::DisplayBacktrace as core[a373ad73a504971]::fmt::Display>::fmt
[INFO] [stdout]    1:     0x5837da63976a - core[a373ad73a504971]::fmt::write
[INFO] [stdout]    2:     0x5837da62861c - <alloc[2e1b2a31b91974c5]::vec::Vec<u8> as core[a373ad73a504971]::io::write::Write>::write_fmt
[INFO] [stdout]    3:     0x5837da5fecd6 - std[617be2ca0a6fd877]::panicking::default_hook::{closure#0}
[INFO] [stdout]    4:     0x5837da61bc59 - std[617be2ca0a6fd877]::panicking::default_hook
[INFO] [stdout]    5:     0x5837da500d10 - test[aada8e7e76ba119b]::test_main_inner::{closure#0}
[INFO] [stdout]    6:     0x5837da61bf82 - std[617be2ca0a6fd877]::panicking::panic_with_hook
[INFO] [stdout]    7:     0x5837da5fe36c - std[617be2ca0a6fd877]::panicking::begin_panic::<&str>::{closure#0}
[INFO] [stdout]    8:     0x5837da5f7999 - std[617be2ca0a6fd877]::sys::backtrace::__rust_end_short_backtrace::<std[617be2ca0a6fd877]::panicking::begin_panic<&str>::{closure#0}, !>
[INFO] [stdout]    9:     0x5837da5f503b - std[617be2ca0a6fd877]::panicking::begin_panic::<&str>
[INFO] [stdout]   10:     0x5837da4f40bf - <lib[ecebf58da5bfc258]::tests::engine::ping_engine::{closure#0} as core[a373ad73a504971]::ops::function::FnOnce<()>>::call_once
[INFO] [stdout]   11:     0x5837da4f415b - test[aada8e7e76ba119b]::__rust_begin_short_backtrace::<core[a373ad73a504971]::result::Result<(), alloc[2e1b2a31b91974c5]::string::String>, fn() -> core[a373ad73a504971]::result::Result<(), alloc[2e1b2a31b91974c5]::string::String>>
[INFO] [stdout]   12:     0x5837da501335 - test[aada8e7e76ba119b]::run_test::{closure#0}
[INFO] [stdout]   13:     0x5837da4fac24 - std[617be2ca0a6fd877]::sys::backtrace::__rust_begin_short_backtrace::<test[aada8e7e76ba119b]::run_test::{closure#1}, ()>
[INFO] [stdout]   14:     0x5837da5043c2 - <std[617be2ca0a6fd877]::thread::lifecycle::spawn_unchecked<test[aada8e7e76ba119b]::run_test::{closure#1}, ()>::{closure#1} as core[a373ad73a504971]::ops::function::FnOnce<()>>::call_once::{shim:vtable#0}
[INFO] [stdout]   15:     0x5837da62314f - <std[617be2ca0a6fd877]::sys::thread::unix::Thread>::new::thread_start
[INFO] [stdout]   16:     0x7b24464f3dfa - <unknown>
[INFO] [stdout]   17:     0x7b24465873d4 - clone
[INFO] [stdout]   18:                0x0 - <unknown>
[INFO] [stdout] 
[INFO] [stdout] 
[INFO] [stdout] failures:
[INFO] [stdout]     tests::engine::get_version
[INFO] [stdout]     tests::engine::ping_engine
[INFO] [stdout] 
[INFO] [stdout] test result: FAILED. 3 passed; 2 failed; 0 ignored; 0 measured; 0 filtered out; finished in 0.00s
[INFO] [stdout] 
[INFO] [stderr] error: test failed, to rerun pass `--test lib`
[INFO] running `Command { std: "docker" "inspect" "be6d7da2b74c155d1eb80fd1a46f88bbdd01c63c3664a09ba8eb6f1353717cbd", kill_on_drop: false }`
[INFO] running `Command { std: "docker" "rm" "-f" "be6d7da2b74c155d1eb80fd1a46f88bbdd01c63c3664a09ba8eb6f1353717cbd", kill_on_drop: false }`
[INFO] [stdout] be6d7da2b74c155d1eb80fd1a46f88bbdd01c63c3664a09ba8eb6f1353717cbd
