[INFO] fetching crate narwhal-tooth 0.2.0...
[INFO] testing narwhal-tooth-0.2.0 against 1.100.0-beta.1+cargoflags=--release for beta-release-1.100-2
[INFO] extracting crate narwhal-tooth 0.2.0 into /workspace/builds/worker-0-tc2/source
[INFO] started tweaking crates.io crate narwhal-tooth 0.2.0
[INFO] finished tweaking crates.io crate narwhal-tooth 0.2.0
[INFO] tweaked toml for crates.io crate narwhal-tooth 0.2.0 written to /workspace/builds/worker-0-tc2/source/Cargo.toml
[INFO] validating manifest of crates.io crate narwhal-tooth 0.2.0 on toolchain 1.100.0-beta.1
[INFO] running `Command { std: CARGO_HOME="/workspace/cargo-home" RUSTUP_HOME="/workspace/rustup-home" "/workspace/cargo-home/bin/cargo" "+1.100.0-beta.1" "metadata" "--manifest-path" "Cargo.toml" "--no-deps", kill_on_drop: false }`
[INFO] running `Command { std: CARGO_HOME="/workspace/cargo-home" RUSTUP_HOME="/workspace/rustup-home" "/workspace/cargo-home/bin/cargo" "+1.100.0-beta.1" "generate-lockfile" "--manifest-path" "Cargo.toml", kill_on_drop: false }`
[INFO] [stderr]     Updating crates.io index
[INFO] [stderr]      Locking 92 packages to highest compatible versions
[INFO] [stderr]       Adding btleplug v0.9.2 (available: v0.13.5)
[INFO] running `Command { std: CARGO_HOME="/workspace/cargo-home" RUSTUP_HOME="/workspace/rustup-home" "/workspace/cargo-home/bin/cargo" "+1.100.0-beta.1" "fetch" "--manifest-path" "Cargo.toml", kill_on_drop: false }`
[INFO] running `Command { std: "docker" "create" "-v" "/var/lib/crater-agent-workspace/builds/worker-0-tc2/source:/opt/rustwide/workdir:ro,Z" "-v" "/var/lib/crater-agent-workspace/builds/worker-0-tc2/target:/opt/rustwide/target:rw,Z" "-v" "/var/lib/crater-agent-workspace/cargo-home:/opt/rustwide/cargo-home:ro,Z" "-v" "/var/lib/crater-agent-workspace/rustup-home:/opt/rustwide/rustup-home:ro,Z" "-m" "1610612736" "--network" "none" "ghcr.io/rust-lang/crates-build-env/linux@sha256:77db811e55d90add9212f6832c23229e3de5f1c1f9905e8cb07319ea15df73ac" "sleep" "infinity", kill_on_drop: false }`
[INFO] [stdout] a353309f6f1bb33d9190cabb8474c9d95990d71a793c01b74cb296948ec155ac
[INFO] running `Command { std: "docker" "start" "a353309f6f1bb33d9190cabb8474c9d95990d71a793c01b74cb296948ec155ac", kill_on_drop: false }`
[INFO] running `Command { std: "docker" "inspect" "a353309f6f1bb33d9190cabb8474c9d95990d71a793c01b74cb296948ec155ac", kill_on_drop: false }`
[INFO] running `Command { std: "docker" "exec" "-e" "SOURCE_DIR=/opt/rustwide/workdir" "-e" "CARGO_HOME=/opt/rustwide/cargo-home" "-e" "RUSTUP_HOME=/opt/rustwide/rustup-home" "-e" "CARGO_TARGET_DIR=/opt/rustwide/target" "-w" "/opt/rustwide/workdir" "--user" "0:0" "a353309f6f1bb33d9190cabb8474c9d95990d71a793c01b74cb296948ec155ac" "/opt/rustwide/cargo-home/bin/cargo" "+1.100.0-beta.1" "metadata" "--no-deps" "--format-version=1", kill_on_drop: false }`
[INFO] running `Command { std: "docker" "inspect" "a353309f6f1bb33d9190cabb8474c9d95990d71a793c01b74cb296948ec155ac", kill_on_drop: false }`
[INFO] running `Command { std: "docker" "exec" "-e" "SOURCE_DIR=/opt/rustwide/workdir" "-e" "CARGO_HOME=/opt/rustwide/cargo-home" "-e" "RUSTUP_HOME=/opt/rustwide/rustup-home" "-e" "CARGO_TARGET_DIR=/opt/rustwide/target" "-e" "CARGO_INCREMENTAL=0" "-e" "RUST_BACKTRACE=full" "-e" "RUSTFLAGS=--cap-lints=warn" "-e" "RUSTDOCFLAGS=--cap-lints=warn" "-w" "/opt/rustwide/workdir" "--user" "0:0" "a353309f6f1bb33d9190cabb8474c9d95990d71a793c01b74cb296948ec155ac" "/opt/rustwide/cargo-home/bin/cargo" "+1.100.0-beta.1" "build" "--frozen" "--message-format=json" "--release", kill_on_drop: false }`
[INFO] [stderr]    Compiling libdbus-sys v0.2.7
[INFO] [stderr]    Compiling either v1.19.0
[INFO] [stderr]    Compiling num-conv v0.2.2
[INFO] [stderr]    Compiling time-core v0.1.9
[INFO] [stderr]    Compiling num_threads v0.1.8
[INFO] [stderr]    Compiling deranged v0.5.9
[INFO] [stderr]    Compiling syn v3.0.9
[INFO] [stderr]    Compiling errno v0.3.14
[INFO] [stderr]    Compiling socket2 v0.6.5
[INFO] [stderr]    Compiling mio v1.2.4
[INFO] [stderr]    Compiling syn v2.0.119
[INFO] [stderr]    Compiling serde_bytes v0.11.19
[INFO] [stderr]    Compiling async_once v0.2.6
[INFO] [stderr]    Compiling signal-hook-registry v1.4.8
[INFO] [stderr]    Compiling itertools v0.10.5
[INFO] [stderr]    Compiling time-macros v0.2.32
[INFO] [stderr]    Compiling time v0.3.55
[INFO] [stderr]    Compiling thiserror-impl v1.0.69
[INFO] [stderr]    Compiling thiserror v1.0.69
[INFO] [stderr]    Compiling futures-macro v0.3.34
[INFO] [stderr]    Compiling tokio-macros v2.7.2
[INFO] [stderr]    Compiling serde_derive v1.0.229
[INFO] [stderr]    Compiling async-trait v0.1.92
[INFO] [stderr]    Compiling tokio v1.53.3
[INFO] [stderr]    Compiling simplelog v0.12.2
[INFO] [stderr]    Compiling futures-util v0.3.34
[INFO] [stderr]    Compiling serde v1.0.229
[INFO] [stderr]    Compiling serde-xml-rs v0.5.1
[INFO] [stderr]    Compiling uuid v0.8.2
[INFO] [stderr]    Compiling dbus v0.9.12
[INFO] [stderr]    Compiling futures-executor v0.3.34
[INFO] [stderr]    Compiling futures v0.3.34
[INFO] [stderr]    Compiling tokio-util v0.7.20
[INFO] [stderr]    Compiling tokio-stream v0.1.19
[INFO] [stderr]    Compiling dbus-tokio v0.7.6
[INFO] [stderr]    Compiling bluez-generated v0.2.1
[INFO] [stderr]    Compiling bluez-async v0.5.5
[INFO] [stderr]    Compiling btleplug v0.9.2
[INFO] [stderr]    Compiling narwhal-tooth v0.2.0 (/opt/rustwide/workdir)
[INFO] [stderr]     Finished `release` profile [optimized] target(s) in 9.23s
[INFO] running `Command { std: "docker" "inspect" "a353309f6f1bb33d9190cabb8474c9d95990d71a793c01b74cb296948ec155ac", kill_on_drop: false }`
[INFO] running `Command { std: "docker" "exec" "-e" "SOURCE_DIR=/opt/rustwide/workdir" "-e" "CARGO_HOME=/opt/rustwide/cargo-home" "-e" "RUSTUP_HOME=/opt/rustwide/rustup-home" "-e" "CARGO_TARGET_DIR=/opt/rustwide/target" "-e" "CARGO_INCREMENTAL=0" "-e" "RUST_BACKTRACE=full" "-e" "RUSTFLAGS=--cap-lints=warn" "-e" "RUSTDOCFLAGS=--cap-lints=warn" "-w" "/opt/rustwide/workdir" "--user" "0:0" "a353309f6f1bb33d9190cabb8474c9d95990d71a793c01b74cb296948ec155ac" "/opt/rustwide/cargo-home/bin/cargo" "+1.100.0-beta.1" "test" "--frozen" "--no-run" "--message-format=json" "--release", kill_on_drop: false }`
[INFO] [stderr]    Compiling narwhal-tooth v0.2.0 (/opt/rustwide/workdir)
[INFO] [stderr]     Finished `release` profile [optimized] target(s) in 0.59s
[INFO] running `Command { std: "docker" "inspect" "a353309f6f1bb33d9190cabb8474c9d95990d71a793c01b74cb296948ec155ac", kill_on_drop: false }`
[INFO] running `Command { std: "docker" "exec" "-e" "SOURCE_DIR=/opt/rustwide/workdir" "-e" "CARGO_HOME=/opt/rustwide/cargo-home" "-e" "RUSTUP_HOME=/opt/rustwide/rustup-home" "-e" "CARGO_TARGET_DIR=/opt/rustwide/target" "-e" "CARGO_INCREMENTAL=0" "-e" "RUST_BACKTRACE=full" "-e" "RUSTFLAGS=--cap-lints=warn" "-e" "RUSTDOCFLAGS=--cap-lints=warn" "-w" "/opt/rustwide/workdir" "--user" "0:0" "a353309f6f1bb33d9190cabb8474c9d95990d71a793c01b74cb296948ec155ac" "/opt/rustwide/cargo-home/bin/cargo" "+1.100.0-beta.1" "test" "--frozen" "--release", kill_on_drop: false }`
[INFO] [stderr]     Finished `release` profile [optimized] target(s) in 0.05s
[INFO] [stderr]      Running unittests src/lib.rs (/opt/rustwide/target/release/build/narwhal-tooth/c5249c017503ef70/out/narwhal_tooth-c5249c017503ef70)
[INFO] [stdout] 
[INFO] [stdout] running 1 test
[INFO] [stdout] test test::test_ble ... FAILED
[INFO] [stdout] 
[INFO] [stdout] failures:
[INFO] [stdout] 
[INFO] [stdout] ---- test::test_ble stdout ----
[INFO] [stdout] 
[INFO] [stdout] thread 'test::test_ble' (835) panicked at src/bluetooth.rs:9:40:
[INFO] [stdout] Could not fetch manager: Other(DbusError(D-Bus error: Failed to connect to socket /run/dbus/system_bus_socket: No such file or directory (org.freedesktop.DBus.Error.FileNotFound)))
[INFO] [stdout] stack backtrace:
[INFO] [stdout]    0:     0x614038e72c81 - <<std[617be2ca0a6fd877]::sys::backtrace::BacktraceLock>::print::DisplayBacktrace as core[a373ad73a504971]::fmt::Display>::fmt
[INFO] [stdout]    1:     0x614038e87cea - core[a373ad73a504971]::fmt::write
[INFO] [stdout]    2:     0x614038e7713c - <alloc[2e1b2a31b91974c5]::vec::Vec<u8> as core[a373ad73a504971]::io::write::Write>::write_fmt
[INFO] [stdout]    3:     0x614038e4e616 - std[617be2ca0a6fd877]::panicking::default_hook::{closure#0}
[INFO] [stdout]    4:     0x614038e6ab19 - std[617be2ca0a6fd877]::panicking::default_hook
[INFO] [stdout]    5:     0x614038d30750 - test[aada8e7e76ba119b]::test_main_inner::{closure#0}
[INFO] [stdout]    6:     0x614038e6ae42 - std[617be2ca0a6fd877]::panicking::panic_with_hook
[INFO] [stdout]    7:     0x614038e4e6c2 - std[617be2ca0a6fd877]::panicking::panic_handler::{closure#0}
[INFO] [stdout]    8:     0x614038e473a9 - std[617be2ca0a6fd877]::sys::backtrace::__rust_end_short_backtrace::<std[617be2ca0a6fd877]::panicking::panic_handler::{closure#0}, !>
[INFO] [stdout]    9:     0x614038e4f2cd - __rustc[ea4f61d10b84890b]::rust_begin_unwind
[INFO] [stdout]   10:     0x614038e8844c - core[a373ad73a504971]::panicking::panic_fmt
[INFO] [stdout]   11:     0x614038e88222 - core[a373ad73a504971]::result::unwrap_failed
[INFO] [stdout]   12:     0x614038d208a8 - <narwhal_tooth[2b2685d933b0a778]::CENTRAL as core[a373ad73a504971]::ops::deref::Deref>::deref::__static_ref_initialize::{closure#0}
[INFO] [stdout]   13:     0x614038d19352 - narwhal_tooth[2b2685d933b0a778]::test::test_ble::{closure#0}
[INFO] [stdout]   14:     0x614038d221f3 - <tokio[c55f38a69e4f3e4a]::runtime::scheduler::current_thread::Context>::enter::<core[a373ad73a504971]::task::poll::Poll<()>, <tokio[c55f38a69e4f3e4a]::runtime::scheduler::current_thread::CoreGuard>::block_on<core[a373ad73a504971]::pin::Pin<&mut core[a373ad73a504971]::pin::Pin<&mut dyn core[a373ad73a504971]::future::future::Future<Output = ()>>>>::{closure#0}::{closure#0}>
[INFO] [stdout]   15:     0x614038d22d6c - <tokio[c55f38a69e4f3e4a]::runtime::context::scoped::Scoped<tokio[c55f38a69e4f3e4a]::runtime::scheduler::Context>>::set::<<tokio[c55f38a69e4f3e4a]::runtime::scheduler::current_thread::CoreGuard>::enter<<tokio[c55f38a69e4f3e4a]::runtime::scheduler::current_thread::CoreGuard>::block_on<core[a373ad73a504971]::pin::Pin<&mut core[a373ad73a504971]::pin::Pin<&mut dyn core[a373ad73a504971]::future::future::Future<Output = ()>>>>::{closure#0}, core[a373ad73a504971]::option::Option<()>>::{closure#0}, (alloc[2e1b2a31b91974c5]::boxed::Box<tokio[c55f38a69e4f3e4a]::runtime::scheduler::current_thread::Core>, core[a373ad73a504971]::option::Option<()>)>
[INFO] [stdout]   16:     0x614038d22397 - <tokio[c55f38a69e4f3e4a]::runtime::scheduler::current_thread::CoreGuard>::block_on::<core[a373ad73a504971]::pin::Pin<&mut core[a373ad73a504971]::pin::Pin<&mut dyn core[a373ad73a504971]::future::future::Future<Output = ()>>>>
[INFO] [stdout]   17:     0x614038d16d5b - tokio[c55f38a69e4f3e4a]::runtime::context::runtime::enter_runtime::<<tokio[c55f38a69e4f3e4a]::runtime::scheduler::current_thread::CurrentThread>::block_on<core[a373ad73a504971]::pin::Pin<&mut dyn core[a373ad73a504971]::future::future::Future<Output = ()>>>::{closure#0}, ()>
[INFO] [stdout]   18:     0x614038d20d25 - <tokio[c55f38a69e4f3e4a]::runtime::runtime::Runtime>::block_on::<core[a373ad73a504971]::pin::Pin<&mut dyn core[a373ad73a504971]::future::future::Future<Output = ()>>>
[INFO] [stdout]   19:     0x614038d1c41e - <narwhal_tooth[2b2685d933b0a778]::test::test_ble::{closure#0} as core[a373ad73a504971]::ops::function::FnOnce<()>>::call_once
[INFO] [stdout]   20:     0x614038d23b9b - test[aada8e7e76ba119b]::__rust_begin_short_backtrace::<core[a373ad73a504971]::result::Result<(), alloc[2e1b2a31b91974c5]::string::String>, fn() -> core[a373ad73a504971]::result::Result<(), alloc[2e1b2a31b91974c5]::string::String>>
[INFO] [stdout]   21:     0x614038d30d75 - test[aada8e7e76ba119b]::run_test::{closure#0}
[INFO] [stdout]   22:     0x614038d2a664 - std[617be2ca0a6fd877]::sys::backtrace::__rust_begin_short_backtrace::<test[aada8e7e76ba119b]::run_test::{closure#1}, ()>
[INFO] [stdout]   23:     0x614038d33e02 - <std[617be2ca0a6fd877]::thread::lifecycle::spawn_unchecked<test[aada8e7e76ba119b]::run_test::{closure#1}, ()>::{closure#1} as core[a373ad73a504971]::ops::function::FnOnce<()>>::call_once::{shim:vtable#0}
[INFO] [stdout]   24:     0x614038e724cf - <std[617be2ca0a6fd877]::sys::thread::unix::Thread>::new::thread_start
[INFO] [stdout]   25:     0x7433ea1badfa - <unknown>
[INFO] [stdout]   26:     0x7433ea24e3d4 - clone
[INFO] [stdout]   27:                0x0 - <unknown>
[INFO] [stdout] 
[INFO] [stdout] 
[INFO] [stdout] failures:
[INFO] [stdout]     test::test_ble
[INFO] [stdout] 
[INFO] [stdout] test result: FAILED. 0 passed; 1 failed; 0 ignored; 0 measured; 0 filtered out; finished in 0.00s
[INFO] [stdout] 
[INFO] [stderr] error: test failed, to rerun pass `--lib`
[INFO] running `Command { std: "docker" "inspect" "a353309f6f1bb33d9190cabb8474c9d95990d71a793c01b74cb296948ec155ac", kill_on_drop: false }`
[INFO] running `Command { std: "docker" "rm" "-f" "a353309f6f1bb33d9190cabb8474c9d95990d71a793c01b74cb296948ec155ac", kill_on_drop: false }`
[INFO] [stdout] a353309f6f1bb33d9190cabb8474c9d95990d71a793c01b74cb296948ec155ac
