[INFO] fetching crate narwhal-sql 2.3.0...
[INFO] testing narwhal-sql-2.3.0 against 1.100.0-beta.1+cargoflags=--release for beta-release-1.100-2
[INFO] extracting crate narwhal-sql 2.3.0 into /workspace/builds/worker-6-tc2/source
[INFO] started tweaking crates.io crate narwhal-sql 2.3.0
[INFO] removed 0 missing tests
[INFO] finished tweaking crates.io crate narwhal-sql 2.3.0
[INFO] tweaked toml for crates.io crate narwhal-sql 2.3.0 written to /workspace/builds/worker-6-tc2/source/Cargo.toml
[INFO] validating manifest of crates.io crate narwhal-sql 2.3.0 on toolchain 1.100.0-beta.1
[INFO] running `Command { std: CARGO_HOME="/workspace/cargo-home" RUSTUP_HOME="/workspace/rustup-home" "/workspace/cargo-home/bin/cargo" "+1.100.0-beta.1" "metadata" "--manifest-path" "Cargo.toml" "--no-deps", kill_on_drop: false }`
[INFO] crate crates.io crate narwhal-sql 2.3.0 already has a lockfile, it will not be regenerated
[INFO] running `Command { std: CARGO_HOME="/workspace/cargo-home" RUSTUP_HOME="/workspace/rustup-home" "/workspace/cargo-home/bin/cargo" "+1.100.0-beta.1" "fetch" "--manifest-path" "Cargo.toml", kill_on_drop: false }`
[INFO] running `Command { std: "docker" "create" "-v" "/var/lib/crater-agent-workspace/builds/worker-6-tc2/source:/opt/rustwide/workdir:ro,Z" "-v" "/var/lib/crater-agent-workspace/builds/worker-6-tc2/target:/opt/rustwide/target:rw,Z" "-v" "/var/lib/crater-agent-workspace/cargo-home:/opt/rustwide/cargo-home:ro,Z" "-v" "/var/lib/crater-agent-workspace/rustup-home:/opt/rustwide/rustup-home:ro,Z" "-m" "1610612736" "--network" "none" "ghcr.io/rust-lang/crates-build-env/linux@sha256:77db811e55d90add9212f6832c23229e3de5f1c1f9905e8cb07319ea15df73ac" "sleep" "infinity", kill_on_drop: false }`
[INFO] [stdout] 266a01960eff38f322b5c1de533b312fc280b64d3da23f880f277b5e58f6b475
[INFO] running `Command { std: "docker" "start" "266a01960eff38f322b5c1de533b312fc280b64d3da23f880f277b5e58f6b475", kill_on_drop: false }`
[INFO] running `Command { std: "docker" "inspect" "266a01960eff38f322b5c1de533b312fc280b64d3da23f880f277b5e58f6b475", kill_on_drop: false }`
[INFO] running `Command { std: "docker" "exec" "-e" "SOURCE_DIR=/opt/rustwide/workdir" "-e" "CARGO_HOME=/opt/rustwide/cargo-home" "-e" "RUSTUP_HOME=/opt/rustwide/rustup-home" "-e" "CARGO_TARGET_DIR=/opt/rustwide/target" "-w" "/opt/rustwide/workdir" "--user" "0:0" "266a01960eff38f322b5c1de533b312fc280b64d3da23f880f277b5e58f6b475" "/opt/rustwide/cargo-home/bin/cargo" "+1.100.0-beta.1" "metadata" "--no-deps" "--format-version=1", kill_on_drop: false }`
[INFO] running `Command { std: "docker" "inspect" "266a01960eff38f322b5c1de533b312fc280b64d3da23f880f277b5e58f6b475", kill_on_drop: false }`
[INFO] running `Command { std: "docker" "exec" "-e" "SOURCE_DIR=/opt/rustwide/workdir" "-e" "CARGO_HOME=/opt/rustwide/cargo-home" "-e" "RUSTUP_HOME=/opt/rustwide/rustup-home" "-e" "CARGO_TARGET_DIR=/opt/rustwide/target" "-e" "CARGO_INCREMENTAL=0" "-e" "RUST_BACKTRACE=full" "-e" "RUSTFLAGS=--cap-lints=warn" "-e" "RUSTDOCFLAGS=--cap-lints=warn" "-w" "/opt/rustwide/workdir" "--user" "0:0" "266a01960eff38f322b5c1de533b312fc280b64d3da23f880f277b5e58f6b475" "/opt/rustwide/cargo-home/bin/cargo" "+1.100.0-beta.1" "build" "--frozen" "--message-format=json" "--release", kill_on_drop: false }`
[INFO] [stderr]    Compiling proc-macro2 v1.0.106
[INFO] [stderr]    Compiling serde_json v1.0.150
[INFO] [stderr]    Compiling quote v1.0.45
[INFO] [stderr]    Compiling memchr v2.8.1
[INFO] [stderr]    Compiling regex-syntax v0.8.10
[INFO] [stderr]    Compiling winnow v0.6.26
[INFO] [stderr]    Compiling tree-sitter-sequel v0.3.11
[INFO] [stderr]    Compiling syn v2.0.117
[INFO] [stderr]    Compiling tree-sitter v0.26.9
[INFO] [stderr]    Compiling sqlformat v0.3.5
[INFO] [stderr]    Compiling regex-automata v0.4.14
[INFO] [stderr]    Compiling serde_derive v1.0.228
[INFO] [stderr]    Compiling serde v1.0.228
[INFO] [stderr]    Compiling regex v1.12.3
[INFO] [stderr]    Compiling narwhal-sql v2.3.0 (/opt/rustwide/workdir)
[INFO] [stderr]     Finished `release` profile [optimized] target(s) in 9.39s
[INFO] running `Command { std: "docker" "inspect" "266a01960eff38f322b5c1de533b312fc280b64d3da23f880f277b5e58f6b475", kill_on_drop: false }`
[INFO] running `Command { std: "docker" "exec" "-e" "SOURCE_DIR=/opt/rustwide/workdir" "-e" "CARGO_HOME=/opt/rustwide/cargo-home" "-e" "RUSTUP_HOME=/opt/rustwide/rustup-home" "-e" "CARGO_TARGET_DIR=/opt/rustwide/target" "-e" "CARGO_INCREMENTAL=0" "-e" "RUST_BACKTRACE=full" "-e" "RUSTFLAGS=--cap-lints=warn" "-e" "RUSTDOCFLAGS=--cap-lints=warn" "-w" "/opt/rustwide/workdir" "--user" "0:0" "266a01960eff38f322b5c1de533b312fc280b64d3da23f880f277b5e58f6b475" "/opt/rustwide/cargo-home/bin/cargo" "+1.100.0-beta.1" "test" "--frozen" "--no-run" "--message-format=json" "--release", kill_on_drop: false }`
[INFO] [stderr]    Compiling zerocopy v0.8.48
[INFO] [stderr]    Compiling syn v2.0.117
[INFO] [stderr]    Compiling regex v1.12.3
[INFO] [stderr]    Compiling either v1.15.0
[INFO] [stderr]    Compiling clap_builder v4.6.0
[INFO] [stderr]    Compiling serde_json v1.0.150
[INFO] [stderr]    Compiling rand v0.9.4
[INFO] [stderr]    Compiling is-terminal v0.4.17
[INFO] [stderr]    Compiling itertools v0.10.5
[INFO] [stderr]    Compiling tree-sitter v0.26.9
[INFO] [stderr]    Compiling criterion-plot v0.5.0
[INFO] [stderr]    Compiling clap v4.6.1
[INFO] [stderr]    Compiling zerocopy-derive v0.8.48
[INFO] [stderr]    Compiling serde_derive v1.0.228
[INFO] [stderr]    Compiling serde v1.0.228
[INFO] [stderr]    Compiling tinytemplate v1.2.1
[INFO] [stderr]    Compiling narwhal-sql v2.3.0 (/opt/rustwide/workdir)
[INFO] [stderr]    Compiling half v2.7.1
[INFO] [stderr]    Compiling ppv-lite86 v0.2.21
[INFO] [stderr]    Compiling ciborium-ll v0.2.2
[INFO] [stderr]    Compiling rand_chacha v0.9.0
[INFO] [stderr]    Compiling ciborium v0.2.2
[INFO] [stderr]    Compiling proptest v1.11.0
[INFO] [stderr]    Compiling criterion v0.5.1
[INFO] [stderr]     Finished `release` profile [optimized] target(s) in 10.74s
[INFO] running `Command { std: "docker" "inspect" "266a01960eff38f322b5c1de533b312fc280b64d3da23f880f277b5e58f6b475", kill_on_drop: false }`
[INFO] running `Command { std: "docker" "exec" "-e" "SOURCE_DIR=/opt/rustwide/workdir" "-e" "CARGO_HOME=/opt/rustwide/cargo-home" "-e" "RUSTUP_HOME=/opt/rustwide/rustup-home" "-e" "CARGO_TARGET_DIR=/opt/rustwide/target" "-e" "CARGO_INCREMENTAL=0" "-e" "RUST_BACKTRACE=full" "-e" "RUSTFLAGS=--cap-lints=warn" "-e" "RUSTDOCFLAGS=--cap-lints=warn" "-w" "/opt/rustwide/workdir" "--user" "0:0" "266a01960eff38f322b5c1de533b312fc280b64d3da23f880f277b5e58f6b475" "/opt/rustwide/cargo-home/bin/cargo" "+1.100.0-beta.1" "test" "--frozen" "--release", kill_on_drop: false }`
[INFO] [stderr]     Finished `release` profile [optimized] target(s) in 0.06s
[INFO] [stderr]      Running unittests src/lib.rs (/opt/rustwide/target/release/build/narwhal-sql/eccf14fc6f5cbb97/out/narwhal_sql-eccf14fc6f5cbb97)
[INFO] [stdout] 
[INFO] [stdout] running 90 tests
[INFO] [stdout] test formatter::tests::format_for_driver_picks_correct_dialect ... ok
[INFO] [stdout] test formatter::tests::empty_input_is_a_noop ... ok
[INFO] [stdout] test formatter::tests::multiple_statements_get_blank_line_separator ... ok
[INFO] [stdout] test formatter::tests::mysql_dialect_handles_backticks ... ok
[INFO] [stdout] test formatter::tests::uppercases_keywords_and_indents_select_list ... ok
[INFO] [stdout] test formatter::tests::preserves_dollar_quoted_blocks_for_postgres ... ok
[INFO] [stdout] test guard::tests::classify_tx ... ok
[INFO] [stdout] test guard::tests::classify_ddl ... ok
[INFO] [stdout] test guard::tests::classify_unknown ... ok
[INFO] [stdout] test formatter::tests::no_trailing_whitespace_on_any_line ... ok
[INFO] [stdout] test guard::tests::classify_with_cte_is_read ... ok
[INFO] [stdout] test guard::tests::classify_reads ... ok
[INFO] [stdout] test guard::tests::guard_accepts_obvious_reads ... ok
[INFO] [stdout] test guard::tests::classify_writes ... ok
[INFO] [stdout] test guard::tests::guard_allows_pg_sleep_in_trailing_line_comment ... ok
[INFO] [stdout] test guard::tests::guard_allows_sleep_in_block_comment ... ok
[INFO] [stdout] test guard::tests::guard_allows_waitfor_in_mid_statement_block_comment ... ok
[INFO] [stdout] test guard::tests::guard_handles_block_comment_with_newlines ... ok
[INFO] [stdout] test guard::tests::guard_rejects_backtick_identifier_bypass ... ok
[INFO] [stdout] test guard::tests::guard_rejects_writes ... ok
[INFO] [stdout] test guard::tests::guard_still_rejects_pg_sleep_in_actual_code ... ok
[INFO] [stdout] test guard::tests::strip_preserves_structural_keywords ... ok
[INFO] [stdout] test lint::tests::cartesian_join_caught_in_second_statement ... ok
[INFO] [stdout] test lint::tests::cartesian_join_does_not_fire_on_update ... ok
[INFO] [stdout] test lint::tests::cartesian_silenced_by_join ... ok
[INFO] [stdout] test lint::tests::cartesian_silenced_by_where ... ok
[INFO] [stdout] test lint::tests::cartesian_warns ... ok
[INFO] [stdout] test lint::tests::comments_are_stripped ... ok
[INFO] [stdout] test lint::tests::cte_delete_caught ... ok
[INFO] [stdout] test lint::tests::cte_materialized_keyword_handled ... ok
[INFO] [stdout] test lint::tests::cte_recursive_handled ... ok
[INFO] [stdout] test lint::tests::cte_select_star_cartesian_still_caught ... ok
[INFO] [stdout] test lint::tests::cte_with_column_list_handled ... ok
[INFO] [stdout] test lint::tests::insert_select_star_suppressed ... ok
[INFO] [stdout] test lint::tests::destructive_in_second_statement_still_caught ... ok
[INFO] [stdout] test lint::tests::multi_cte_handled ... ok
[INFO] [stdout] test lint::tests::cte_update_caught ... ok
[INFO] [stdout] test lint::tests::keyword_inside_identifier_does_not_match ... ok
[INFO] [stdout] test lint::tests::cte_update_with_where_does_not_warn ... ok
[INFO] [stdout] test lint::tests::multiline_cartesian_without_where_still_caught ... ok
[INFO] [stdout] test lint::tests::multiline_delete_where_does_not_warn ... ok
[INFO] [stdout] test lint::tests::multiline_select_with_where_does_not_warn_cartesian ... ok
[INFO] [stdout] test lint::tests::multiline_select_with_join_does_not_warn_cartesian ... ok
[INFO] [stdout] test lint::tests::multiline_update_where_does_not_warn ... ok
[INFO] [stdout] test lint::tests::select_star_silenced_by_pragma_comment ... ok
[INFO] [stdout] test lint::tests::postgres_dollar_quoted_semicolon_does_not_split ... ok
[INFO] [stdout] test lint::tests::select_star_warns ... ok
[INFO] [stdout] test lint::tests::select_with_columns_does_not_warn ... ok
[INFO] [stdout] test lint::tests::semicolon_inside_string_literal_does_not_split_statement ... ok
[INFO] [stdout] test lint::tests::subquery_where_does_not_silence_cartesian ... ok
[INFO] [stdout] test lint::tests::subquery_where_in_select_list_does_not_silence_destructive ... ok
[INFO] [stdout] test lint::tests::truncate_warns ... ok
[INFO] [stdout] test lint::tests::update_with_where_does_not_warn ... ok
[INFO] [stdout] test lint::tests::update_without_where_warns ... ok
[INFO] [stdout] test splitter::tests::dollar_quote_ignored_outside_postgres ... ok
[INFO] [stdout] test splitter::tests::empty_input_yields_no_statements ... ok
[INFO] [stdout] test splitter::tests::escaped_quote_inside_string_literal ... ok
[INFO] [stdout] test splitter::tests::generic_dialect_does_not_treat_backslash_as_escape ... ok
[INFO] [stdout] test splitter::tests::line_comment_swallows_semicolon ... ok
[INFO] [stdout] test splitter::tests::mysql_backslash_escapes_backslash_in_string_literal ... ok
[INFO] [stdout] test splitter::tests::mysql_backslash_escapes_quote_in_string_literal ... ok
[INFO] [stdout] test splitter::tests::nested_block_comment ... ok
[INFO] [stdout] test splitter::tests::offsets_point_to_original_source ... ok
[INFO] [stdout] test splitter::tests::postgres_dollar_quote_anonymous ... ok
[INFO] [stdout] test splitter::tests::postgres_dollar_quote_with_tag ... ok
[INFO] [stdout] test splitter::tests::postgres_e_prefix_only_recognised_at_token_boundary ... ok
[INFO] [stdout] test splitter::tests::postgres_e_string_treats_backslash_as_escape ... ok
[INFO] [stdout] test splitter::tests::postgres_plain_string_does_not_treat_backslash_as_escape ... ok
[INFO] [stdout] test splitter::tests::semicolon_inside_string_literal_does_not_split ... ok
[INFO] [stdout] test splitter::tests::quoted_identifier_with_semicolon ... ok
[INFO] [stdout] test splitter::tests::single_statement_without_terminator ... ok
[INFO] [stdout] test splitter::tests::standalone_comment_yields_no_statements ... ok
[INFO] [stdout] test splitter::tests::trailing_whitespace_is_trimmed ... ok
[INFO] [stdout] test splitter::tests::two_statements_separated_by_semicolon ... ok
[INFO] [stdout] test treesitter::edit::tests::byte_position_handles_multi_line ... ok
[INFO] [stdout] test treesitter::edit::tests::from_diff_computes_positions ... ok
[INFO] [stdout] test treesitter::tests::classifies_function_calls_and_aliases ... ok
[INFO] [stdout] test treesitter::tests::classifies_string_and_number_literals ... ok
[INFO] [stdout] test treesitter::tests::comments_are_distinct_kinds ... ok
[INFO] [stdout] test treesitter::tests::highlight_spans_are_sorted_and_non_overlapping ... ok
[INFO] [stdout] test treesitter::tests::incremental_reparse_after_insertion ... ok
[INFO] [stdout] test treesitter::tests::scope_from_and_where ... ok
[INFO] [stdout] test treesitter::tests::highlights_in_range_clips ... ok
[INFO] [stdout] test treesitter::tests::scope_insert_columns_vs_values ... ok
[INFO] [stdout] test treesitter::tests::scope_outside_statement ... ok
[INFO] [stdout] test treesitter::tests::scope_group_having_split ... ok
[INFO] [stdout] test treesitter::tests::scope_select_projection ... ok
[INFO] [stdout] test treesitter::tests::scope_join_table_vs_condition ... ok
[INFO] [stdout] test treesitter::tests::smoke_select ... ok
[INFO] [stdout] test treesitter::tests::incremental_reparse_stays_in_bounds ... ok
[INFO] [stdout] 
[INFO] [stdout] test result: ok. 90 passed; 0 failed; 0 ignored; 0 measured; 0 filtered out; finished in 0.06s
[INFO] [stdout] 
[INFO] [stderr]      Running tests/treesitter.rs (/opt/rustwide/target/release/build/narwhal-sql/5ce0f281e077bb4b/out/treesitter-5ce0f281e077bb4b)
[INFO] [stdout] 
[INFO] [stdout] running 5 tests
[INFO] [stdout] test public_surface_compiles ... ok
[INFO] [stdout] test incremental_reparse_keeps_scope_in_sync ... ok
[INFO] [stdout] test highlights_a_realistic_query ... ok
[INFO] [stdout] test incremental_reparse_is_fast ... ok
[INFO] [stdout] test ten_k_line_buffer_under_budget ... FAILED
[INFO] [stdout] 
[INFO] [stdout] failures:
[INFO] [stdout] 
[INFO] [stdout] ---- ten_k_line_buffer_under_budget stdout ----
[INFO] [stdout] 10k-line bench: parse=140 ms, highlight=55 ms, total=196 ms, spans=143600
[INFO] [stdout] 
[INFO] [stdout] thread 'ten_k_line_buffer_under_budget' (1211) panicked at tests/treesitter.rs:135:5:
[INFO] [stdout] 10k-line parse+highlight took 196 ms, budget 150 ms
[INFO] [stdout] stack backtrace:
[INFO] [stdout]    0:     0x58c84973cef1 - <<std[617be2ca0a6fd877]::sys::backtrace::BacktraceLock>::print::DisplayBacktrace as core[a373ad73a504971]::fmt::Display>::fmt
[INFO] [stdout]    1:     0x58c8497512ea - core[a373ad73a504971]::fmt::write
[INFO] [stdout]    2:     0x58c84974110c - <alloc[2e1b2a31b91974c5]::vec::Vec<u8> as core[a373ad73a504971]::io::write::Write>::write_fmt
[INFO] [stdout]    3:     0x58c849719356 - std[617be2ca0a6fd877]::panicking::default_hook::{closure#0}
[INFO] [stdout]    4:     0x58c849735589 - std[617be2ca0a6fd877]::panicking::default_hook
[INFO] [stdout]    5:     0x58c8496adf40 - test[aada8e7e76ba119b]::test_main_inner::{closure#0}
[INFO] [stdout]    6:     0x58c849735742 - std[617be2ca0a6fd877]::panicking::panic_with_hook
[INFO] [stdout]    7:     0x58c849719402 - std[617be2ca0a6fd877]::panicking::panic_handler::{closure#0}
[INFO] [stdout]    8:     0x58c849712119 - std[617be2ca0a6fd877]::sys::backtrace::__rust_end_short_backtrace::<std[617be2ca0a6fd877]::panicking::panic_handler::{closure#0}, !>
[INFO] [stdout]    9:     0x58c84971a00d - __rustc[ea4f61d10b84890b]::rust_begin_unwind
[INFO] [stdout]   10:     0x58c849751a1c - core[a373ad73a504971]::panicking::panic_fmt
[INFO] [stdout]   11:     0x58c8496a0f85 - <treesitter[67793a42f672636f]::ten_k_line_buffer_under_budget::{closure#0} as core[a373ad73a504971]::ops::function::FnOnce<()>>::call_once
[INFO] [stdout]   12:     0x58c8496a138b - test[aada8e7e76ba119b]::__rust_begin_short_backtrace::<core[a373ad73a504971]::result::Result<(), alloc[2e1b2a31b91974c5]::string::String>, fn() -> core[a373ad73a504971]::result::Result<(), alloc[2e1b2a31b91974c5]::string::String>>
[INFO] [stdout]   13:     0x58c8496ae565 - test[aada8e7e76ba119b]::run_test::{closure#0}
[INFO] [stdout]   14:     0x58c8496a7e54 - std[617be2ca0a6fd877]::sys::backtrace::__rust_begin_short_backtrace::<test[aada8e7e76ba119b]::run_test::{closure#1}, ()>
[INFO] [stdout]   15:     0x58c8496b15f2 - <std[617be2ca0a6fd877]::thread::lifecycle::spawn_unchecked<test[aada8e7e76ba119b]::run_test::{closure#1}, ()>::{closure#1} as core[a373ad73a504971]::ops::function::FnOnce<()>>::call_once::{shim:vtable#0}
[INFO] [stdout]   16:     0x58c84973c74f - <std[617be2ca0a6fd877]::sys::thread::unix::Thread>::new::thread_start
[INFO] [stdout]   17:     0x7cc1908e3dfa - <unknown>
[INFO] [stdout]   18:     0x7cc1909773d4 - clone
[INFO] [stdout]   19:                0x0 - <unknown>
[INFO] [stdout] 
[INFO] [stdout] 
[INFO] [stdout] failures:
[INFO] [stdout]     ten_k_line_buffer_under_budget
[INFO] [stdout] 
[INFO] [stdout] test result: FAILED. 4 passed; 1 failed; 0 ignored; 0 measured; 0 filtered out; finished in 0.21s
[INFO] [stdout] 
[INFO] [stderr] error: test failed, to rerun pass `--test treesitter`
[INFO] running `Command { std: "docker" "inspect" "266a01960eff38f322b5c1de533b312fc280b64d3da23f880f277b5e58f6b475", kill_on_drop: false }`
[INFO] running `Command { std: "docker" "rm" "-f" "266a01960eff38f322b5c1de533b312fc280b64d3da23f880f277b5e58f6b475", kill_on_drop: false }`
[INFO] [stdout] 266a01960eff38f322b5c1de533b312fc280b64d3da23f880f277b5e58f6b475
