[INFO] fetching crate narrative-engine 0.1.0...
[INFO] testing narrative-engine-0.1.0 against 1.99.0-beta.8+cargoflags=--release for beta-release-1.100-2
[INFO] extracting crate narrative-engine 0.1.0 into /workspace/builds/worker-5-tc1/source
[INFO] started tweaking crates.io crate narrative-engine 0.1.0
[INFO] removed 0 missing examples
[INFO] removed 0 missing tests
[INFO] finished tweaking crates.io crate narrative-engine 0.1.0
[INFO] tweaked toml for crates.io crate narrative-engine 0.1.0 written to /workspace/builds/worker-5-tc1/source/Cargo.toml
[INFO] validating manifest of crates.io crate narrative-engine 0.1.0 on toolchain 1.99.0-beta.8
[INFO] running `Command { std: CARGO_HOME="/workspace/cargo-home" RUSTUP_HOME="/workspace/rustup-home" "/workspace/cargo-home/bin/cargo" "+1.99.0-beta.8" "metadata" "--manifest-path" "Cargo.toml" "--no-deps", kill_on_drop: false }`
[INFO] crate crates.io crate narrative-engine 0.1.0 already has a lockfile, it will not be regenerated
[INFO] running `Command { std: CARGO_HOME="/workspace/cargo-home" RUSTUP_HOME="/workspace/rustup-home" "/workspace/cargo-home/bin/cargo" "+1.99.0-beta.8" "fetch" "--manifest-path" "Cargo.toml", kill_on_drop: false }`
[INFO] running `Command { std: "docker" "create" "-v" "/var/lib/crater-agent-workspace/builds/worker-5-tc1/source:/opt/rustwide/workdir:ro,Z" "-v" "/var/lib/crater-agent-workspace/builds/worker-5-tc1/target:/opt/rustwide/target:rw,Z" "-v" "/var/lib/crater-agent-workspace/cargo-home:/opt/rustwide/cargo-home:ro,Z" "-v" "/var/lib/crater-agent-workspace/rustup-home:/opt/rustwide/rustup-home:ro,Z" "-m" "1610612736" "--network" "none" "ghcr.io/rust-lang/crates-build-env/linux@sha256:77db811e55d90add9212f6832c23229e3de5f1c1f9905e8cb07319ea15df73ac" "sleep" "infinity", kill_on_drop: false }`
[INFO] [stdout] 78ff22acdffdf1bea973bdc0057504156fb04c72080958a3aa42dee03265fd8b
[INFO] running `Command { std: "docker" "start" "78ff22acdffdf1bea973bdc0057504156fb04c72080958a3aa42dee03265fd8b", kill_on_drop: false }`
[INFO] running `Command { std: "docker" "inspect" "78ff22acdffdf1bea973bdc0057504156fb04c72080958a3aa42dee03265fd8b", kill_on_drop: false }`
[INFO] running `Command { std: "docker" "exec" "-e" "SOURCE_DIR=/opt/rustwide/workdir" "-e" "CARGO_HOME=/opt/rustwide/cargo-home" "-e" "RUSTUP_HOME=/opt/rustwide/rustup-home" "-e" "CARGO_TARGET_DIR=/opt/rustwide/target" "-w" "/opt/rustwide/workdir" "--user" "0:0" "78ff22acdffdf1bea973bdc0057504156fb04c72080958a3aa42dee03265fd8b" "/opt/rustwide/cargo-home/bin/cargo" "+1.99.0-beta.8" "metadata" "--no-deps" "--format-version=1", kill_on_drop: false }`
[INFO] running `Command { std: "docker" "inspect" "78ff22acdffdf1bea973bdc0057504156fb04c72080958a3aa42dee03265fd8b", kill_on_drop: false }`
[INFO] running `Command { std: "docker" "exec" "-e" "SOURCE_DIR=/opt/rustwide/workdir" "-e" "CARGO_HOME=/opt/rustwide/cargo-home" "-e" "RUSTUP_HOME=/opt/rustwide/rustup-home" "-e" "CARGO_TARGET_DIR=/opt/rustwide/target" "-e" "CARGO_INCREMENTAL=0" "-e" "RUST_BACKTRACE=full" "-e" "RUSTFLAGS=--cap-lints=warn" "-e" "RUSTDOCFLAGS=--cap-lints=warn" "-w" "/opt/rustwide/workdir" "--user" "0:0" "78ff22acdffdf1bea973bdc0057504156fb04c72080958a3aa42dee03265fd8b" "/opt/rustwide/cargo-home/bin/cargo" "+1.99.0-beta.8" "build" "--frozen" "--message-format=json" "--release", kill_on_drop: false }`
[INFO] [stderr]    Compiling zerocopy v0.8.39
[INFO] [stderr]    Compiling base64 v0.21.7
[INFO] [stderr]    Compiling syn v2.0.117
[INFO] [stderr]    Compiling getrandom v0.2.17
[INFO] [stderr]    Compiling bitflags v2.11.0
[INFO] [stderr]    Compiling rand_core v0.6.4
[INFO] [stderr]    Compiling serde_derive v1.0.228
[INFO] [stderr]    Compiling thiserror-impl v2.0.18
[INFO] [stderr]    Compiling thiserror v2.0.18
[INFO] [stderr]    Compiling serde v1.0.228
[INFO] [stderr]    Compiling ron v0.8.1
[INFO] [stderr]    Compiling ppv-lite86 v0.2.21
[INFO] [stderr]    Compiling rand_chacha v0.3.1
[INFO] [stderr]    Compiling rand v0.8.5
[INFO] [stderr]    Compiling narrative-engine v0.1.0 (/opt/rustwide/workdir)
[INFO] [stderr]     Finished `release` profile [optimized] target(s) in 31.45s
[INFO] running `Command { std: "docker" "inspect" "78ff22acdffdf1bea973bdc0057504156fb04c72080958a3aa42dee03265fd8b", kill_on_drop: false }`
[INFO] running `Command { std: "docker" "exec" "-e" "SOURCE_DIR=/opt/rustwide/workdir" "-e" "CARGO_HOME=/opt/rustwide/cargo-home" "-e" "RUSTUP_HOME=/opt/rustwide/rustup-home" "-e" "CARGO_TARGET_DIR=/opt/rustwide/target" "-e" "CARGO_INCREMENTAL=0" "-e" "RUST_BACKTRACE=full" "-e" "RUSTFLAGS=--cap-lints=warn" "-e" "RUSTDOCFLAGS=--cap-lints=warn" "-w" "/opt/rustwide/workdir" "--user" "0:0" "78ff22acdffdf1bea973bdc0057504156fb04c72080958a3aa42dee03265fd8b" "/opt/rustwide/cargo-home/bin/cargo" "+1.99.0-beta.8" "test" "--frozen" "--no-run" "--message-format=json" "--release", kill_on_drop: false }`
[INFO] [stderr]    Compiling narrative-engine v0.1.0 (/opt/rustwide/workdir)
[INFO] [stderr]     Finished `release` profile [optimized] target(s) in 19.21s
[INFO] running `Command { std: "docker" "inspect" "78ff22acdffdf1bea973bdc0057504156fb04c72080958a3aa42dee03265fd8b", kill_on_drop: false }`
[INFO] running `Command { std: "docker" "exec" "-e" "SOURCE_DIR=/opt/rustwide/workdir" "-e" "CARGO_HOME=/opt/rustwide/cargo-home" "-e" "RUSTUP_HOME=/opt/rustwide/rustup-home" "-e" "CARGO_TARGET_DIR=/opt/rustwide/target" "-e" "CARGO_INCREMENTAL=0" "-e" "RUST_BACKTRACE=full" "-e" "RUSTFLAGS=--cap-lints=warn" "-e" "RUSTDOCFLAGS=--cap-lints=warn" "-w" "/opt/rustwide/workdir" "--user" "0:0" "78ff22acdffdf1bea973bdc0057504156fb04c72080958a3aa42dee03265fd8b" "/opt/rustwide/cargo-home/bin/cargo" "+1.99.0-beta.8" "test" "--frozen" "--release", kill_on_drop: false }`
[INFO] [stderr]     Finished `release` profile [optimized] target(s) in 0.07s
[INFO] [stderr]      Running unittests src/lib.rs (/opt/rustwide/target/release/deps/narrative_engine-98f4475a925f2c71)
[INFO] [stdout] 
[INFO] [stdout] running 99 tests
[INFO] [stdout] test core::context::tests::record_and_window ... ok
[INFO] [stdout] test core::context::tests::overused_word_detected ... ok
[INFO] [stdout] test core::context::tests::no_repeated_opening_for_different_starts ... ok
[INFO] [stdout] test core::context::tests::significant_words_filter ... ok
[INFO] [stdout] test core::context::tests::structural_monotony_detected ... ok
[INFO] [stdout] test core::context::tests::context_default ... ok
[INFO] [stdout] test core::context::tests::repeated_opening_detected ... ok
[INFO] [stdout] test core::context::tests::no_monotony_with_varied_lengths ... ok
[INFO] [stdout] test core::context::tests::extract_opening_works ... ok
[INFO] [stdout] test core::grammar::tests::grammar_set_default ... ok
[INFO] [stdout] test core::grammar::tests::entity_field_expansion ... ok
[INFO] [stdout] test core::grammar::tests::load_test_grammar_from_ron ... ok
[INFO] [stdout] test core::grammar::tests::expand_literal_rule ... ok
[INFO] [stdout] test core::grammar::tests::parse_empty_braces_error ... ok
[INFO] [stdout] test core::grammar::tests::parse_entity_field ... ok
[INFO] [stdout] test core::grammar::tests::different_seed_different_output ... ok
[INFO] [stdout] test core::grammar::tests::parse_literal_only ... ok
[INFO] [stdout] test core::grammar::tests::parse_markov_ref ... ok
[INFO] [stdout] test core::grammar::tests::parse_mixed_segments ... ok
[INFO] [stdout] test core::grammar::tests::deterministic_with_same_seed ... ok
[INFO] [stdout] test core::grammar::tests::parse_nested_braces_error ... ok
[INFO] [stdout] test core::grammar::tests::parse_pronoun_refs ... ok
[INFO] [stdout] test core::grammar::tests::parse_rule_ref ... ok
[INFO] [stdout] test core::grammar::tests::parse_unclosed_brace_error ... ok
[INFO] [stdout] test core::grammar::tests::max_depth_error ... ok
[INFO] [stdout] test core::grammar::tests::merge_precedence ... ok
[INFO] [stdout] test core::grammar::tests::parse_escaped_braces ... ok
[INFO] [stdout] test core::grammar::tests::parse_unmatched_close_error ... ok
[INFO] [stdout] test core::grammar::tests::ron_round_trip ... ok
[INFO] [stdout] test core::grammar::tests::rule_not_found_error ... ok
[INFO] [stdout] test core::markov::tests::blending_produces_output ... ok
[INFO] [stdout] test core::markov::tests::generate_deterministic ... ok
[INFO] [stdout] test core::markov::tests::generate_invalid_tag_returns_error ... ok
[INFO] [stdout] test core::markov::tests::generate_produces_output ... ok
[INFO] [stdout] test core::grammar::tests::tag_propagation_affects_selection ... ok
[INFO] [stdout] test core::grammar::tests::template_requires_tags_loaded ... ok
[INFO] [stdout] test core::markov::tests::ron_round_trip ... ok
[INFO] [stdout] test core::markov::tests::generate_respects_sentence_boundaries ... ok
[INFO] [stdout] test core::markov::tests::tag_filtering_changes_output ... ok
[INFO] [stdout] test core::markov::tests::generate_with_tag ... ok
[INFO] [stdout] test core::markov::tests::reassemble_attaches_punctuation ... ok
[INFO] [stdout] test core::markov::tests::save_and_load_model ... FAILED
[INFO] [stdout] test core::grammar::tests::expand_three_levels_deep ... ok
[INFO] [stdout] test core::pipeline::tests::narrate_as_with_specific_voice ... ok
[INFO] [stdout] test core::markov::tests::trigram_model ... ok
[INFO] [stdout] test core::markov::tests::tokenize_complex ... ok
[INFO] [stdout] test core::markov::tests::tokenize_basic ... ok
[INFO] [stdout] test core::pipeline::tests::builder_with_seed ... ok
[INFO] [stdout] test core::markov::tests::train_creates_tagged_transitions ... ok
[INFO] [stdout] test core::variety::tests::full_variety_pass ... ok
[INFO] [stdout] test core::grammar::tests::markov_placeholder_expansion ... ok
[INFO] [stdout] test core::pipeline::tests::narrate_contains_entity_name ... ok
[INFO] [stdout] test core::pipeline::tests::narrate_produces_output ... ok
[INFO] [stdout] test core::pipeline::tests::narrate_deterministic_same_seed ... ok
[INFO] [stdout] test core::pipeline::tests::narrate_variants_produces_multiple ... ok
[INFO] [stdout] test core::pipeline::tests::narrate_different_with_different_seed ... ok
[INFO] [stdout] test core::markov::tests::train_creates_transitions ... ok
[INFO] [stdout] test core::variety::tests::repetition_remediation_changes_opening ... ok
[INFO] [stdout] test core::variety::tests::sentence_structure_variation ... ok
[INFO] [stdout] test core::variety::tests::quirk_injection_statistical ... ok
[INFO] [stdout] test core::variety::tests::quirk_injection_with_full_frequency ... ok
[INFO] [stdout] test core::variety::tests::quirk_injection_zero_frequency ... ok
[INFO] [stdout] test core::voice::tests::resolve_missing_voice ... ok
[INFO] [stdout] test core::variety::tests::synonym_rotation_preserves_case ... ok
[INFO] [stdout] test core::variety::tests::synonym_rotation_replaces_avoided ... ok
[INFO] [stdout] test core::voice::tests::resolve_single_voice ... ok
[INFO] [stdout] test core::voice::tests::resolve_inheritance_chain ... ok
[INFO] [stdout] test core::voice::tests::load_test_voices_from_ron ... ok
[INFO] [stdout] test core::voice::tests::voice_grammar_weight_integration ... ok
[INFO] [stdout] test core::voice::tests::voice_registry_register_and_get ... ok
[INFO] [stdout] test genre_templates::exploration::tests::placeholder ... ok
[INFO] [stdout] test schema::entity::tests::entity_creation ... ok
[INFO] [stdout] test schema::entity::tests::entity_properties ... ok
[INFO] [stdout] test schema::entity::tests::has_all_tags_positive ... ok
[INFO] [stdout] test schema::entity::tests::has_tag_negative ... ok
[INFO] [stdout] test core::voice::tests::resolve_missing_parent_graceful ... ok
[INFO] [stdout] test core::voice::tests::ron_round_trip ... ok
[INFO] [stdout] test genre_templates::social_drama::tests::placeholder ... ok
[INFO] [stdout] test genre_templates::survival_thriller::tests::placeholder ... ok
[INFO] [stdout] test schema::entity::tests::has_tag_positive ... ok
[INFO] [stdout] test schema::event::tests::event_creation ... ok
[INFO] [stdout] test schema::event::tests::mood_tags ... ok
[INFO] [stdout] test schema::narrative_fn::tests::confrontation_is_high_intensity ... ok
[INFO] [stdout] test schema::narrative_fn::tests::foreshadowing_is_slow_paced ... ok
[INFO] [stdout] test schema::narrative_fn::tests::intensity_values_in_range ... ok
[INFO] [stdout] test schema::narrative_fn::tests::name_returns_snake_case ... ok
[INFO] [stdout] test schema::narrative_fn::tests::narrative_fn_variants ... ok
[INFO] [stdout] test schema::narrative_fn::tests::pacing_values_in_range ... ok
[INFO] [stdout] test schema::event::tests::outcome_variants ... ok
[INFO] [stdout] test schema::narrative_fn::tests::alliance_is_positive_valence ... ok
[INFO] [stdout] test schema::event::tests::stakes_tags ... ok
[INFO] [stdout] test schema::narrative_fn::tests::valence_values_in_range ... ok
[INFO] [stdout] test schema::relationship::tests::relationship_with_tags ... ok
[INFO] [stdout] test schema::entity::tests::has_all_tags_negative ... ok
[INFO] [stdout] test schema::event::tests::entity_ref_roles ... ok
[INFO] [stdout] test schema::relationship::tests::intensity_clamped_high ... ok
[INFO] [stdout] test schema::relationship::tests::relationship_creation ... ok
[INFO] [stdout] test schema::relationship::tests::intensity_clamped_low ... ok
[INFO] [stdout] test genre_templates::political_intrigue::tests::placeholder ... ok
[INFO] [stdout] 
[INFO] [stdout] failures:
[INFO] [stdout] 
[INFO] [stdout] ---- core::markov::tests::save_and_load_model stdout ----
[INFO] [stdout] 
[INFO] [stdout] thread 'core::markov::tests::save_and_load_model' (707) panicked at src/core/markov.rs:537:35:
[INFO] [stdout] called `Result::unwrap()` on an `Err` value: Io(Os { code: 2, kind: NotFound, message: "No such file or directory" })
[INFO] [stdout] stack backtrace:
[INFO] [stdout]    0:     0x6401dfd2bb91 - <<std[70759c8f55707aa4]::sys::backtrace::BacktraceLock>::print::DisplayBacktrace as core[df12db4294e9bfd3]::fmt::Display>::fmt
[INFO] [stdout]    1:     0x6401dfd42b4a - core[df12db4294e9bfd3]::fmt::write
[INFO] [stdout]    2:     0x6401dfd302fc - <alloc[2182bb758b4b3781]::vec::Vec<u8> as core[df12db4294e9bfd3]::io::write::Write>::write_fmt
[INFO] [stdout]    3:     0x6401dfd07556 - std[70759c8f55707aa4]::panicking::default_hook::{closure#0}
[INFO] [stdout]    4:     0x6401dfd23aa9 - std[70759c8f55707aa4]::panicking::default_hook
[INFO] [stdout]    5:     0x6401dfcbd3e0 - test[9d35eded1c95d3be]::test_main_inner::<test[9d35eded1c95d3be]::test_main_static::{closure#0}>::{closure#0}
[INFO] [stdout]    6:     0x6401dfd23c62 - std[70759c8f55707aa4]::panicking::panic_with_hook
[INFO] [stdout]    7:     0x6401dfd07602 - std[70759c8f55707aa4]::panicking::panic_handler::{closure#0}
[INFO] [stdout]    8:     0x6401dfd000a9 - std[70759c8f55707aa4]::sys::backtrace::__rust_end_short_backtrace::<std[70759c8f55707aa4]::panicking::panic_handler::{closure#0}, !>
[INFO] [stdout]    9:     0x6401dfd081fd - __rustc[8fa7c3cbc660c2b3]::rust_begin_unwind
[INFO] [stdout]   10:     0x6401dfd4327c - core[df12db4294e9bfd3]::panicking::panic_fmt
[INFO] [stdout]   11:     0x6401dfd43052 - core[df12db4294e9bfd3]::result::unwrap_failed
[INFO] [stdout]   12:     0x6401dfc894f6 - narrative_engine[c80da12229c3ec1f]::core::markov::tests::save_and_load_model
[INFO] [stdout]   13:     0x6401dfca9169 - <narrative_engine[c80da12229c3ec1f]::core::markov::tests::save_and_load_model::{closure#0} as core[df12db4294e9bfd3]::ops::function::FnOnce<()>>::call_once
[INFO] [stdout]   14:     0x6401dfcb06cb - test[9d35eded1c95d3be]::__rust_begin_short_backtrace::<core[df12db4294e9bfd3]::result::Result<(), alloc[2182bb758b4b3781]::string::String>, fn() -> core[df12db4294e9bfd3]::result::Result<(), alloc[2182bb758b4b3781]::string::String>>
[INFO] [stdout]   15:     0x6401dfcbdd35 - test[9d35eded1c95d3be]::run_test::{closure#0}
[INFO] [stdout]   16:     0x6401dfcb75f4 - std[70759c8f55707aa4]::sys::backtrace::__rust_begin_short_backtrace::<test[9d35eded1c95d3be]::run_test::{closure#1}, ()>
[INFO] [stdout]   17:     0x6401dfcc0e92 - <std[70759c8f55707aa4]::thread::lifecycle::spawn_unchecked<test[9d35eded1c95d3be]::run_test::{closure#1}, ()>::{closure#1} as core[df12db4294e9bfd3]::ops::function::FnOnce<()>>::call_once::{shim:vtable#0}
[INFO] [stdout]   18:     0x6401dfd2af09 - <std[70759c8f55707aa4]::sys::thread::unix::Thread>::new::thread_start
[INFO] [stdout]   19:     0x739459a29dfa - <unknown>
[INFO] [stdout]   20:     0x739459abd3d4 - clone
[INFO] [stdout]   21:                0x0 - <unknown>
[INFO] [stdout] 
[INFO] [stdout] 
[INFO] [stdout] failures:
[INFO] [stdout]     core::markov::tests::save_and_load_model
[INFO] [stdout] 
[INFO] [stdout] test result: FAILED. 98 passed; 1 failed; 0 ignored; 0 measured; 0 filtered out; finished in 0.05s
[INFO] [stdout] 
[INFO] [stderr] error: test failed, to rerun pass `--lib`
[INFO] running `Command { std: "docker" "inspect" "78ff22acdffdf1bea973bdc0057504156fb04c72080958a3aa42dee03265fd8b", kill_on_drop: false }`
[INFO] running `Command { std: "docker" "rm" "-f" "78ff22acdffdf1bea973bdc0057504156fb04c72080958a3aa42dee03265fd8b", kill_on_drop: false }`
[INFO] [stdout] 78ff22acdffdf1bea973bdc0057504156fb04c72080958a3aa42dee03265fd8b
