[INFO] fetching crate nargo-git 0.0.0...
[INFO] testing nargo-git-0.0.0 against 1.99.0-beta.8+cargoflags=--release for beta-release-1.100-2
[INFO] extracting crate nargo-git 0.0.0 into /workspace/builds/worker-5-tc1/source
[INFO] started tweaking crates.io crate nargo-git 0.0.0
[INFO] removed 0 missing tests
[INFO] finished tweaking crates.io crate nargo-git 0.0.0
[INFO] tweaked toml for crates.io crate nargo-git 0.0.0 written to /workspace/builds/worker-5-tc1/source/Cargo.toml
[INFO] validating manifest of crates.io crate nargo-git 0.0.0 on toolchain 1.99.0-beta.8
[INFO] running `Command { std: CARGO_HOME="/workspace/cargo-home" RUSTUP_HOME="/workspace/rustup-home" "/workspace/cargo-home/bin/cargo" "+1.99.0-beta.8" "metadata" "--manifest-path" "Cargo.toml" "--no-deps", kill_on_drop: false }`
[INFO] crate crates.io crate nargo-git 0.0.0 already has a lockfile, it will not be regenerated
[INFO] running `Command { std: CARGO_HOME="/workspace/cargo-home" RUSTUP_HOME="/workspace/rustup-home" "/workspace/cargo-home/bin/cargo" "+1.99.0-beta.8" "fetch" "--manifest-path" "Cargo.toml", kill_on_drop: false }`
[INFO] [stderr]     Blocking waiting for file lock on package cache
[INFO] [stderr]     Updating crates.io index
[INFO] [stderr]     Blocking waiting for file lock on package cache
[INFO] [stderr]  Downloading crates ...
[INFO] [stderr]   Downloaded gix-worktree-stream v0.29.0
[INFO] [stderr]   Downloaded gix-traverse v0.54.0
[INFO] [stderr]   Downloaded signal-hook v0.4.3
[INFO] [stderr]   Downloaded gix-revwalk v0.28.0
[INFO] [stderr]   Downloaded gix-actor v0.40.0
[INFO] [stderr]   Downloaded gix-utils v0.3.1
[INFO] [stderr]   Downloaded gix-hash v0.22.1
[INFO] [stderr]   Downloaded gix-trace v0.1.18
[INFO] [stderr]   Downloaded gix-hashtable v0.12.0
[INFO] [stderr]   Downloaded gix-glob v0.24.0
[INFO] [stderr]   Downloaded gix-sec v0.13.1
[INFO] [stderr]   Downloaded gix-prompt v0.14.0
[INFO] [stderr]   Downloaded gix-mailmap v0.32.0
[INFO] [stderr]   Downloaded gix-chunk v0.7.0
[INFO] [stderr]   Downloaded gix-ignore v0.19.0
[INFO] [stderr]   Downloaded gix-validate v0.11.0
[INFO] [stderr]   Downloaded gix-quote v0.7.0
[INFO] [stderr]   Downloaded gix-lock v21.0.1
[INFO] [stderr]   Downloaded gix-bitmap v0.3.0
[INFO] [stderr]   Downloaded gix-shallow v0.9.0
[INFO] [stderr]   Downloaded gix-date v0.15.0
[INFO] [stderr]   Downloaded gix-packetline v0.21.1
[INFO] [stderr]   Downloaded gix-fs v0.19.1
[INFO] [stderr]   Downloaded gix-pathspec v0.16.0
[INFO] [stderr]   Downloaded maybe-async v0.2.10
[INFO] [stderr]   Downloaded gix-negotiate v0.28.0
[INFO] [stderr]   Downloaded gix-credentials v0.37.0
[INFO] [stderr]   Downloaded gix-archive v0.29.0
[INFO] [stderr]   Downloaded gix-error v0.2.0
[INFO] [stderr]   Downloaded gix-commitgraph v0.34.0
[INFO] [stderr]   Downloaded gix-refspec v0.38.0
[INFO] [stderr]   Downloaded gix-config-value v0.17.1
[INFO] [stderr]   Downloaded gix-discover v0.48.0
[INFO] [stderr]   Downloaded gix-path v0.11.1
[INFO] [stderr]   Downloaded gix-features v0.46.1
[INFO] [stderr]   Downloaded human_format v1.2.1
[INFO] [stderr]   Downloaded bytesize v2.3.1
[INFO] [stderr]   Downloaded gix-filter v0.27.0
[INFO] [stderr]   Downloaded gix-command v0.8.0
[INFO] [stderr]   Downloaded gix-attributes v0.31.0
[INFO] [stderr]   Downloaded gix-worktree-state v0.27.0
[INFO] [stderr]   Downloaded gix-worktree v0.49.0
[INFO] [stderr]   Downloaded gix-tempfile v21.0.1
[INFO] [stderr]   Downloaded gix-submodule v0.27.0
[INFO] [stderr]   Downloaded gix-revision v0.42.0
[INFO] [stderr]   Downloaded gix-odb v0.77.0
[INFO] [stderr]   Downloaded gix-status v0.27.0
[INFO] [stderr]   Downloaded gix-object v0.57.0
[INFO] [stderr]   Downloaded gix-ref v0.60.0
[INFO] [stderr]   Downloaded gix-protocol v0.58.0
[INFO] [stderr]   Downloaded gix-diff v0.60.0
[INFO] [stderr]   Downloaded gix-index v0.48.0
[INFO] [stderr]   Downloaded jiff-tzdb v0.1.5
[INFO] [stderr]   Downloaded gix-url v0.35.2
[INFO] [stderr]   Downloaded gix-config v0.53.0
[INFO] [stderr]   Downloaded arc-swap v1.8.2
[INFO] [stderr]   Downloaded jiff-static v0.2.22
[INFO] [stderr]   Downloaded gix-transport v0.55.0
[INFO] [stderr]   Downloaded gix-dir v0.22.0
[INFO] [stderr]   Downloaded gix-pack v0.67.0
[INFO] [stderr]   Downloaded gix-blame v0.10.0
[INFO] [stderr]   Downloaded gix v0.80.0
[INFO] [stderr]   Downloaded imara-diff v0.2.0
[INFO] [stderr]   Downloaded imara-diff v0.1.8
[INFO] [stderr]   Downloaded jiff v0.2.22
[INFO] running `Command { std: "docker" "create" "-v" "/var/lib/crater-agent-workspace/builds/worker-5-tc1/source:/opt/rustwide/workdir:ro,Z" "-v" "/var/lib/crater-agent-workspace/builds/worker-5-tc1/target:/opt/rustwide/target:rw,Z" "-v" "/var/lib/crater-agent-workspace/cargo-home:/opt/rustwide/cargo-home:ro,Z" "-v" "/var/lib/crater-agent-workspace/rustup-home:/opt/rustwide/rustup-home:ro,Z" "-m" "1610612736" "--network" "none" "ghcr.io/rust-lang/crates-build-env/linux@sha256:77db811e55d90add9212f6832c23229e3de5f1c1f9905e8cb07319ea15df73ac" "sleep" "infinity", kill_on_drop: false }`
[INFO] [stdout] 1d6346b65faaf663ad6c50e8a95aa42b08bcf408edff4b607100edd742e21155
[INFO] running `Command { std: "docker" "start" "1d6346b65faaf663ad6c50e8a95aa42b08bcf408edff4b607100edd742e21155", kill_on_drop: false }`
[INFO] running `Command { std: "docker" "inspect" "1d6346b65faaf663ad6c50e8a95aa42b08bcf408edff4b607100edd742e21155", kill_on_drop: false }`
[INFO] running `Command { std: "docker" "exec" "-e" "SOURCE_DIR=/opt/rustwide/workdir" "-e" "CARGO_HOME=/opt/rustwide/cargo-home" "-e" "RUSTUP_HOME=/opt/rustwide/rustup-home" "-e" "CARGO_TARGET_DIR=/opt/rustwide/target" "-w" "/opt/rustwide/workdir" "--user" "0:0" "1d6346b65faaf663ad6c50e8a95aa42b08bcf408edff4b607100edd742e21155" "/opt/rustwide/cargo-home/bin/cargo" "+1.99.0-beta.8" "metadata" "--no-deps" "--format-version=1", kill_on_drop: false }`
[INFO] running `Command { std: "docker" "inspect" "1d6346b65faaf663ad6c50e8a95aa42b08bcf408edff4b607100edd742e21155", kill_on_drop: false }`
[INFO] running `Command { std: "docker" "exec" "-e" "SOURCE_DIR=/opt/rustwide/workdir" "-e" "CARGO_HOME=/opt/rustwide/cargo-home" "-e" "RUSTUP_HOME=/opt/rustwide/rustup-home" "-e" "CARGO_TARGET_DIR=/opt/rustwide/target" "-e" "CARGO_INCREMENTAL=0" "-e" "RUST_BACKTRACE=full" "-e" "RUSTFLAGS=--cap-lints=warn" "-e" "RUSTDOCFLAGS=--cap-lints=warn" "-w" "/opt/rustwide/workdir" "--user" "0:0" "1d6346b65faaf663ad6c50e8a95aa42b08bcf408edff4b607100edd742e21155" "/opt/rustwide/cargo-home/bin/cargo" "+1.99.0-beta.8" "build" "--frozen" "--message-format=json" "--release", kill_on_drop: false }`
[INFO] [stderr]    Compiling smallvec v1.15.1
[INFO] [stderr]    Compiling gix-trace v0.1.18
[INFO] [stderr]    Compiling regex-automata v0.4.14
[INFO] [stderr]    Compiling human_format v1.2.1
[INFO] [stderr]    Compiling bytesize v2.3.1
[INFO] [stderr]    Compiling unicode-normalization v0.1.25
[INFO] [stderr]    Compiling zlib-rs v0.6.3
[INFO] [stderr]    Compiling heapless v0.8.0
[INFO] [stderr]    Compiling hash32 v0.3.1
[INFO] [stderr]    Compiling jiff v0.2.22
[INFO] [stderr]    Compiling winnow v0.7.14
[INFO] [stderr]    Compiling rustix v1.1.4
[INFO] [stderr]    Compiling memmap2 v0.9.10
[INFO] [stderr]    Compiling crypto-common v0.1.7
[INFO] [stderr]    Compiling getrandom v0.4.2
[INFO] [stderr]    Compiling signal-hook v0.4.3
[INFO] [stderr]    Compiling nonempty v0.12.0
[INFO] [stderr]    Compiling digest v0.10.7
[INFO] [stderr]    Compiling shell-words v1.1.1
[INFO] [stderr]    Compiling unicode-bom v2.0.3
[INFO] [stderr]    Compiling kstring v2.0.2
[INFO] [stderr]    Compiling gix-sec v0.13.1
[INFO] [stderr]    Compiling filetime v0.2.27
[INFO] [stderr]    Compiling hashbrown v0.15.5
[INFO] [stderr]    Compiling sha1 v0.10.6
[INFO] [stderr]    Compiling uluru v3.1.0
[INFO] [stderr]    Compiling clru v0.6.3
[INFO] [stderr]    Compiling parking_lot_core v0.9.12
[INFO] [stderr]    Compiling thiserror-impl v1.0.69
[INFO] [stderr]    Compiling console v0.15.11
[INFO] [stderr]    Compiling arc-swap v1.8.2
[INFO] [stderr]    Compiling maybe-async v0.2.10
[INFO] [stderr]    Compiling io-close v0.3.7
[INFO] [stderr]    Compiling parking_lot v0.12.5
[INFO] [stderr]    Compiling sha1-checked v0.10.0
[INFO] [stderr]    Compiling faster-hex v0.10.0
[INFO] [stderr]    Compiling dashmap v6.1.0
[INFO] [stderr]    Compiling prodash v31.0.0
[INFO] [stderr]    Compiling serde_json v1.0.149
[INFO] [stderr]    Compiling tracing v0.1.44
[INFO] [stderr]    Compiling imara-diff v0.1.8
[INFO] [stderr]    Compiling imara-diff v0.2.0
[INFO] [stderr]    Compiling thiserror v1.0.69
[INFO] [stderr]    Compiling tempfile v3.26.0
[INFO] [stderr]    Compiling dialoguer v0.11.0
[INFO] [stderr]    Compiling bstr v1.12.1
[INFO] [stderr]    Compiling regex v1.12.3
[INFO] [stderr]    Compiling nargo-types v0.0.0
[INFO] [stderr]    Compiling gix-validate v0.11.0
[INFO] [stderr]    Compiling gix-utils v0.3.1
[INFO] [stderr]    Compiling gix-error v0.2.0
[INFO] [stderr]    Compiling gix-packetline v0.21.1
[INFO] [stderr]    Compiling gix-date v0.15.0
[INFO] [stderr]    Compiling gix-chunk v0.7.0
[INFO] [stderr]    Compiling gix-path v0.11.1
[INFO] [stderr]    Compiling gix-bitmap v0.3.0
[INFO] [stderr]    Compiling gix-quote v0.7.0
[INFO] [stderr]    Compiling gix-features v0.46.1
[INFO] [stderr]    Compiling gix-actor v0.40.0
[INFO] [stderr]    Compiling gix-command v0.8.0
[INFO] [stderr]    Compiling gix-config-value v0.17.1
[INFO] [stderr]    Compiling gix-url v0.35.2
[INFO] [stderr]    Compiling gix-mailmap v0.32.0
[INFO] [stderr]    Compiling gix-hash v0.22.1
[INFO] [stderr]    Compiling gix-fs v0.19.1
[INFO] [stderr]    Compiling gix-glob v0.24.0
[INFO] [stderr]    Compiling gix-hashtable v0.12.0
[INFO] [stderr]    Compiling gix-object v0.57.0
[INFO] [stderr]    Compiling gix-tempfile v21.0.1
[INFO] [stderr]    Compiling gix-commitgraph v0.34.0
[INFO] [stderr]    Compiling gix-attributes v0.31.0
[INFO] [stderr]    Compiling gix-ignore v0.19.0
[INFO] [stderr]    Compiling gix-lock v21.0.1
[INFO] [stderr]    Compiling gix-prompt v0.14.0
[INFO] [stderr]    Compiling gix-transport v0.55.0
[INFO] [stderr]    Compiling gix-credentials v0.37.0
[INFO] [stderr]    Compiling gix-shallow v0.9.0
[INFO] [stderr]    Compiling gix-pathspec v0.16.0
[INFO] [stderr]    Compiling gix-revwalk v0.28.0
[INFO] [stderr]    Compiling gix-ref v0.60.0
[INFO] [stderr]    Compiling gix-filter v0.27.0
[INFO] [stderr]    Compiling gix-pack v0.67.0
[INFO] [stderr]    Compiling gix-traverse v0.54.0
[INFO] [stderr]    Compiling gix-revision v0.42.0
[INFO] [stderr]    Compiling gix-negotiate v0.28.0
[INFO] [stderr]    Compiling gix-index v0.48.0
[INFO] [stderr]    Compiling gix-refspec v0.38.0
[INFO] [stderr]    Compiling gix-worktree-stream v0.29.0
[INFO] [stderr]    Compiling gix-archive v0.29.0
[INFO] [stderr]    Compiling gix-discover v0.48.0
[INFO] [stderr]    Compiling gix-config v0.53.0
[INFO] [stderr]    Compiling gix-protocol v0.58.0
[INFO] [stderr]    Compiling gix-worktree v0.49.0
[INFO] [stderr]    Compiling gix-odb v0.77.0
[INFO] [stderr]    Compiling gix-diff v0.60.0
[INFO] [stderr]    Compiling gix-dir v0.22.0
[INFO] [stderr]    Compiling gix-worktree-state v0.27.0
[INFO] [stderr]    Compiling gix-submodule v0.27.0
[INFO] [stderr]    Compiling gix-blame v0.10.0
[INFO] [stderr]    Compiling gix-status v0.27.0
[INFO] [stderr]    Compiling gix v0.80.0
[INFO] [stderr]    Compiling nargo-git v0.0.0 (/opt/rustwide/workdir)
[INFO] [stdout] warning: unused import: `gix`
[INFO] [stdout]   --> src/lib.rs:10:5
[INFO] [stdout]    |
[INFO] [stdout] 10 | use gix;
[INFO] [stdout]    |     ^^^
[INFO] [stdout]    |
[INFO] [stdout]    = note: `#[warn(unused_imports)]` (part of `#[warn(unused)]`) on by default
[INFO] [stdout] 
[INFO] [stdout] 
[INFO] [stdout] warning: unused imports: `ErrorKind`, `Error`, and `Span`
[INFO] [stdout]   --> src/lib.rs:11:19
[INFO] [stdout]    |
[INFO] [stdout] 11 | use nargo_types::{Error, ErrorKind, Result, Span};
[INFO] [stdout]    |                   ^^^^^  ^^^^^^^^^          ^^^^
[INFO] [stdout] 
[INFO] [stdout] 
[INFO] [stdout] warning: variable does not need to be mutable
[INFO] [stdout]    --> src/lib.rs:167:9
[INFO] [stdout]     |
[INFO] [stdout] 167 |     let mut branches = Vec::new();
[INFO] [stdout]     |         ----^^^^^^^^
[INFO] [stdout]     |         |
[INFO] [stdout]     |         help: remove this `mut`
[INFO] [stdout]     |
[INFO] [stdout]     = note: `#[warn(unused_mut)]` (part of `#[warn(unused)]`) on by default
[INFO] [stdout] 
[INFO] [stdout] 
[INFO] [stdout] warning: variable does not need to be mutable
[INFO] [stdout]    --> src/lib.rs:255:9
[INFO] [stdout]     |
[INFO] [stdout] 255 |     let mut tags = Vec::new();
[INFO] [stdout]     |         ----^^^^
[INFO] [stdout]     |         |
[INFO] [stdout]     |         help: remove this `mut`
[INFO] [stdout] 
[INFO] [stdout] 
[INFO] [stdout] warning: variable does not need to be mutable
[INFO] [stdout]    --> src/lib.rs:314:9
[INFO] [stdout]     |
[INFO] [stdout] 314 |     let mut remotes = Vec::new();
[INFO] [stdout]     |         ----^^^^^^^
[INFO] [stdout]     |         |
[INFO] [stdout]     |         help: remove this `mut`
[INFO] [stdout] 
[INFO] [stdout] 
[INFO] [stdout] warning: variable does not need to be mutable
[INFO] [stdout]    --> src/lib.rs:369:9
[INFO] [stdout]     |
[INFO] [stdout] 369 |     let mut stashes = Vec::new();
[INFO] [stdout]     |         ----^^^^^^^
[INFO] [stdout]     |         |
[INFO] [stdout]     |         help: remove this `mut`
[INFO] [stdout] 
[INFO] [stdout] 
[INFO] [stdout] warning: variable does not need to be mutable
[INFO] [stdout]    --> src/lib.rs:397:9
[INFO] [stdout]     |
[INFO] [stdout] 397 |     let mut commits = Vec::new();
[INFO] [stdout]     |         ----^^^^^^^
[INFO] [stdout]     |         |
[INFO] [stdout]     |         help: remove this `mut`
[INFO] [stdout] 
[INFO] [stdout] 
[INFO] [stdout] warning: variable does not need to be mutable
[INFO] [stdout]    --> src/lib.rs:414:9
[INFO] [stdout]     |
[INFO] [stdout] 414 |     let mut commits = Vec::new();
[INFO] [stdout]     |         ----^^^^^^^
[INFO] [stdout]     |         |
[INFO] [stdout]     |         help: remove this `mut`
[INFO] [stdout] 
[INFO] [stdout] 
[INFO] [stdout] warning: variable does not need to be mutable
[INFO] [stdout]    --> src/lib.rs:445:9
[INFO] [stdout]     |
[INFO] [stdout] 445 |     let mut diff_files = Vec::new();
[INFO] [stdout]     |         ----^^^^^^^^^^
[INFO] [stdout]     |         |
[INFO] [stdout]     |         help: remove this `mut`
[INFO] [stdout] 
[INFO] [stdout] 
[INFO] [stdout] warning: variable does not need to be mutable
[INFO] [stdout]    --> src/lib.rs:462:9
[INFO] [stdout]     |
[INFO] [stdout] 462 |     let mut diff_files = Vec::new();
[INFO] [stdout]     |         ----^^^^^^^^^^
[INFO] [stdout]     |         |
[INFO] [stdout]     |         help: remove this `mut`
[INFO] [stdout] 
[INFO] [stdout] 
[INFO] [stderr]     Finished `release` profile [optimized] target(s) in 1m 48s
[INFO] running `Command { std: "docker" "inspect" "1d6346b65faaf663ad6c50e8a95aa42b08bcf408edff4b607100edd742e21155", kill_on_drop: false }`
[INFO] running `Command { std: "docker" "exec" "-e" "SOURCE_DIR=/opt/rustwide/workdir" "-e" "CARGO_HOME=/opt/rustwide/cargo-home" "-e" "RUSTUP_HOME=/opt/rustwide/rustup-home" "-e" "CARGO_TARGET_DIR=/opt/rustwide/target" "-e" "CARGO_INCREMENTAL=0" "-e" "RUST_BACKTRACE=full" "-e" "RUSTFLAGS=--cap-lints=warn" "-e" "RUSTDOCFLAGS=--cap-lints=warn" "-w" "/opt/rustwide/workdir" "--user" "0:0" "1d6346b65faaf663ad6c50e8a95aa42b08bcf408edff4b607100edd742e21155" "/opt/rustwide/cargo-home/bin/cargo" "+1.99.0-beta.8" "test" "--frozen" "--no-run" "--message-format=json" "--release", kill_on_drop: false }`
[INFO] [stderr]    Compiling nargo-git v0.0.0 (/opt/rustwide/workdir)
[INFO] [stdout] warning: unused import: `gix`
[INFO] [stdout]   --> src/lib.rs:10:5
[INFO] [stdout]    |
[INFO] [stdout] 10 | use gix;
[INFO] [stdout]    |     ^^^
[INFO] [stdout]    |
[INFO] [stdout]    = note: `#[warn(unused_imports)]` (part of `#[warn(unused)]`) on by default
[INFO] [stdout] 
[INFO] [stdout] 
[INFO] [stdout] warning: unused imports: `ErrorKind`, `Error`, and `Span`
[INFO] [stdout]   --> src/lib.rs:11:19
[INFO] [stdout]    |
[INFO] [stdout] 11 | use nargo_types::{Error, ErrorKind, Result, Span};
[INFO] [stdout]    |                   ^^^^^  ^^^^^^^^^          ^^^^
[INFO] [stdout] 
[INFO] [stdout] 
[INFO] [stdout] warning: variable does not need to be mutable
[INFO] [stdout]    --> src/lib.rs:167:9
[INFO] [stdout]     |
[INFO] [stdout] 167 |     let mut branches = Vec::new();
[INFO] [stdout]     |         ----^^^^^^^^
[INFO] [stdout]     |         |
[INFO] [stdout]     |         help: remove this `mut`
[INFO] [stdout]     |
[INFO] [stdout]     = note: `#[warn(unused_mut)]` (part of `#[warn(unused)]`) on by default
[INFO] [stdout] 
[INFO] [stdout] 
[INFO] [stdout] warning: variable does not need to be mutable
[INFO] [stdout]    --> src/lib.rs:255:9
[INFO] [stdout]     |
[INFO] [stdout] 255 |     let mut tags = Vec::new();
[INFO] [stdout]     |         ----^^^^
[INFO] [stdout]     |         |
[INFO] [stdout]     |         help: remove this `mut`
[INFO] [stdout] 
[INFO] [stdout] 
[INFO] [stdout] warning: variable does not need to be mutable
[INFO] [stdout]    --> src/lib.rs:314:9
[INFO] [stdout]     |
[INFO] [stdout] 314 |     let mut remotes = Vec::new();
[INFO] [stdout]     |         ----^^^^^^^
[INFO] [stdout]     |         |
[INFO] [stdout]     |         help: remove this `mut`
[INFO] [stdout] 
[INFO] [stdout] 
[INFO] [stdout] warning: variable does not need to be mutable
[INFO] [stdout]    --> src/lib.rs:369:9
[INFO] [stdout]     |
[INFO] [stdout] 369 |     let mut stashes = Vec::new();
[INFO] [stdout]     |         ----^^^^^^^
[INFO] [stdout]     |         |
[INFO] [stdout]     |         help: remove this `mut`
[INFO] [stdout] 
[INFO] [stdout] 
[INFO] [stdout] warning: variable does not need to be mutable
[INFO] [stdout]    --> src/lib.rs:397:9
[INFO] [stdout]     |
[INFO] [stdout] 397 |     let mut commits = Vec::new();
[INFO] [stdout]     |         ----^^^^^^^
[INFO] [stdout]     |         |
[INFO] [stdout]     |         help: remove this `mut`
[INFO] [stdout] 
[INFO] [stdout] 
[INFO] [stdout] warning: variable does not need to be mutable
[INFO] [stdout]    --> src/lib.rs:414:9
[INFO] [stdout]     |
[INFO] [stdout] 414 |     let mut commits = Vec::new();
[INFO] [stdout]     |         ----^^^^^^^
[INFO] [stdout]     |         |
[INFO] [stdout]     |         help: remove this `mut`
[INFO] [stdout] 
[INFO] [stdout] 
[INFO] [stdout] warning: variable does not need to be mutable
[INFO] [stdout]    --> src/lib.rs:445:9
[INFO] [stdout]     |
[INFO] [stdout] 445 |     let mut diff_files = Vec::new();
[INFO] [stdout]     |         ----^^^^^^^^^^
[INFO] [stdout]     |         |
[INFO] [stdout]     |         help: remove this `mut`
[INFO] [stdout] 
[INFO] [stdout] 
[INFO] [stdout] warning: variable does not need to be mutable
[INFO] [stdout]    --> src/lib.rs:462:9
[INFO] [stdout]     |
[INFO] [stdout] 462 |     let mut diff_files = Vec::new();
[INFO] [stdout]     |         ----^^^^^^^^^^
[INFO] [stdout]     |         |
[INFO] [stdout]     |         help: remove this `mut`
[INFO] [stdout] 
[INFO] [stdout] 
[INFO] [stdout] warning: unused import: `gix`
[INFO] [stdout]   --> src/lib.rs:10:5
[INFO] [stdout]    |
[INFO] [stdout] 10 | use gix;
[INFO] [stdout]    |     ^^^
[INFO] [stdout]    |
[INFO] [stdout]    = note: `#[warn(unused_imports)]` (part of `#[warn(unused)]`) on by default
[INFO] [stdout] 
[INFO] [stdout] 
[INFO] [stdout] warning: unused imports: `ErrorKind`, `Error`, and `Span`
[INFO] [stdout]   --> src/lib.rs:11:19
[INFO] [stdout]    |
[INFO] [stdout] 11 | use nargo_types::{Error, ErrorKind, Result, Span};
[INFO] [stdout]    |                   ^^^^^  ^^^^^^^^^          ^^^^
[INFO] [stdout] 
[INFO] [stdout] 
[INFO] [stdout] warning: unused import: `std::path::Path`
[INFO] [stdout]  --> tests/git_test.rs:2:5
[INFO] [stdout]   |
[INFO] [stdout] 2 | use std::path::Path;
[INFO] [stdout]   |     ^^^^^^^^^^^^^^^
[INFO] [stdout]   |
[INFO] [stdout]   = note: `#[warn(unused_imports)]` (part of `#[warn(unused)]`) on by default
[INFO] [stdout] 
[INFO] [stdout] 
[INFO] [stdout] warning: variable does not need to be mutable
[INFO] [stdout]    --> src/lib.rs:167:9
[INFO] [stdout]     |
[INFO] [stdout] 167 |     let mut branches = Vec::new();
[INFO] [stdout]     |         ----^^^^^^^^
[INFO] [stdout]     |         |
[INFO] [stdout]     |         help: remove this `mut`
[INFO] [stdout]     |
[INFO] [stdout]     = note: `#[warn(unused_mut)]` (part of `#[warn(unused)]`) on by default
[INFO] [stdout] 
[INFO] [stdout] 
[INFO] [stdout] warning: variable does not need to be mutable
[INFO] [stdout]    --> src/lib.rs:255:9
[INFO] [stdout]     |
[INFO] [stdout] 255 |     let mut tags = Vec::new();
[INFO] [stdout]     |         ----^^^^
[INFO] [stdout]     |         |
[INFO] [stdout]     |         help: remove this `mut`
[INFO] [stdout] 
[INFO] [stdout] 
[INFO] [stdout] warning: variable does not need to be mutable
[INFO] [stdout]    --> src/lib.rs:314:9
[INFO] [stdout]     |
[INFO] [stdout] 314 |     let mut remotes = Vec::new();
[INFO] [stdout]     |         ----^^^^^^^
[INFO] [stdout]     |         |
[INFO] [stdout]     |         help: remove this `mut`
[INFO] [stdout] 
[INFO] [stdout] 
[INFO] [stdout] warning: variable does not need to be mutable
[INFO] [stdout]    --> src/lib.rs:369:9
[INFO] [stdout]     |
[INFO] [stdout] 369 |     let mut stashes = Vec::new();
[INFO] [stdout]     |         ----^^^^^^^
[INFO] [stdout]     |         |
[INFO] [stdout]     |         help: remove this `mut`
[INFO] [stdout] 
[INFO] [stdout] 
[INFO] [stdout] warning: variable does not need to be mutable
[INFO] [stdout]    --> src/lib.rs:397:9
[INFO] [stdout]     |
[INFO] [stdout] 397 |     let mut commits = Vec::new();
[INFO] [stdout]     |         ----^^^^^^^
[INFO] [stdout]     |         |
[INFO] [stdout]     |         help: remove this `mut`
[INFO] [stdout] 
[INFO] [stdout] 
[INFO] [stdout] warning: variable does not need to be mutable
[INFO] [stdout]    --> src/lib.rs:414:9
[INFO] [stdout]     |
[INFO] [stdout] 414 |     let mut commits = Vec::new();
[INFO] [stdout]     |         ----^^^^^^^
[INFO] [stdout]     |         |
[INFO] [stdout]     |         help: remove this `mut`
[INFO] [stdout] 
[INFO] [stdout] 
[INFO] [stdout] warning: variable does not need to be mutable
[INFO] [stdout]    --> src/lib.rs:445:9
[INFO] [stdout]     |
[INFO] [stdout] 445 |     let mut diff_files = Vec::new();
[INFO] [stdout]     |         ----^^^^^^^^^^
[INFO] [stdout]     |         |
[INFO] [stdout]     |         help: remove this `mut`
[INFO] [stdout] 
[INFO] [stdout] 
[INFO] [stdout] warning: variable does not need to be mutable
[INFO] [stdout]    --> src/lib.rs:462:9
[INFO] [stdout]     |
[INFO] [stdout] 462 |     let mut diff_files = Vec::new();
[INFO] [stdout]     |         ----^^^^^^^^^^
[INFO] [stdout]     |         |
[INFO] [stdout]     |         help: remove this `mut`
[INFO] [stdout] 
[INFO] [stdout] 
[INFO] [stderr]     Finished `release` profile [optimized] target(s) in 0.99s
[INFO] running `Command { std: "docker" "inspect" "1d6346b65faaf663ad6c50e8a95aa42b08bcf408edff4b607100edd742e21155", kill_on_drop: false }`
[INFO] running `Command { std: "docker" "exec" "-e" "SOURCE_DIR=/opt/rustwide/workdir" "-e" "CARGO_HOME=/opt/rustwide/cargo-home" "-e" "RUSTUP_HOME=/opt/rustwide/rustup-home" "-e" "CARGO_TARGET_DIR=/opt/rustwide/target" "-e" "CARGO_INCREMENTAL=0" "-e" "RUST_BACKTRACE=full" "-e" "RUSTFLAGS=--cap-lints=warn" "-e" "RUSTDOCFLAGS=--cap-lints=warn" "-w" "/opt/rustwide/workdir" "--user" "0:0" "1d6346b65faaf663ad6c50e8a95aa42b08bcf408edff4b607100edd742e21155" "/opt/rustwide/cargo-home/bin/cargo" "+1.99.0-beta.8" "test" "--frozen" "--release", kill_on_drop: false }`
[INFO] [stderr] warning: unused import: `gix`
[INFO] [stderr]   --> src/lib.rs:10:5
[INFO] [stderr]    |
[INFO] [stderr] 10 | use gix;
[INFO] [stderr]    |     ^^^
[INFO] [stderr]    |
[INFO] [stderr]    = note: `#[warn(unused_imports)]` (part of `#[warn(unused)]`) on by default
[INFO] [stderr] 
[INFO] [stderr] warning: unused imports: `ErrorKind`, `Error`, and `Span`
[INFO] [stderr]   --> src/lib.rs:11:19
[INFO] [stderr]    |
[INFO] [stderr] 11 | use nargo_types::{Error, ErrorKind, Result, Span};
[INFO] [stderr]    |                   ^^^^^  ^^^^^^^^^          ^^^^
[INFO] [stderr] 
[INFO] [stderr] warning: variable does not need to be mutable
[INFO] [stderr]    --> src/lib.rs:167:9
[INFO] [stderr]     |
[INFO] [stderr] 167 |     let mut branches = Vec::new();
[INFO] [stderr]     |         ----^^^^^^^^
[INFO] [stderr]     |         |
[INFO] [stderr]     |         help: remove this `mut`
[INFO] [stderr]     |
[INFO] [stderr]     = note: `#[warn(unused_mut)]` (part of `#[warn(unused)]`) on by default
[INFO] [stderr] 
[INFO] [stderr] warning: variable does not need to be mutable
[INFO] [stderr]    --> src/lib.rs:255:9
[INFO] [stderr]     |
[INFO] [stderr] 255 |     let mut tags = Vec::new();
[INFO] [stderr]     |         ----^^^^
[INFO] [stderr]     |         |
[INFO] [stderr]     |         help: remove this `mut`
[INFO] [stderr] 
[INFO] [stderr] warning: variable does not need to be mutable
[INFO] [stderr]    --> src/lib.rs:314:9
[INFO] [stderr]     |
[INFO] [stderr] 314 |     let mut remotes = Vec::new();
[INFO] [stderr]     |         ----^^^^^^^
[INFO] [stderr]     |         |
[INFO] [stderr]     |         help: remove this `mut`
[INFO] [stderr] 
[INFO] [stderr] warning: variable does not need to be mutable
[INFO] [stderr]    --> src/lib.rs:369:9
[INFO] [stderr]     |
[INFO] [stderr] 369 |     let mut stashes = Vec::new();
[INFO] [stderr]     |         ----^^^^^^^
[INFO] [stderr]     |         |
[INFO] [stderr]     |         help: remove this `mut`
[INFO] [stderr] 
[INFO] [stderr] warning: variable does not need to be mutable
[INFO] [stderr]    --> src/lib.rs:397:9
[INFO] [stderr]     |
[INFO] [stderr] 397 |     let mut commits = Vec::new();
[INFO] [stderr]     |         ----^^^^^^^
[INFO] [stderr]     |         |
[INFO] [stderr]     |         help: remove this `mut`
[INFO] [stderr] 
[INFO] [stderr] warning: variable does not need to be mutable
[INFO] [stderr]    --> src/lib.rs:414:9
[INFO] [stderr]     |
[INFO] [stderr] 414 |     let mut commits = Vec::new();
[INFO] [stderr]     |         ----^^^^^^^
[INFO] [stderr]     |         |
[INFO] [stderr]     |         help: remove this `mut`
[INFO] [stderr] 
[INFO] [stderr] warning: variable does not need to be mutable
[INFO] [stderr]    --> src/lib.rs:445:9
[INFO] [stderr]     |
[INFO] [stderr] 445 |     let mut diff_files = Vec::new();
[INFO] [stderr]     |         ----^^^^^^^^^^
[INFO] [stderr]     |         |
[INFO] [stderr]     |         help: remove this `mut`
[INFO] [stderr] 
[INFO] [stderr] warning: variable does not need to be mutable
[INFO] [stderr]    --> src/lib.rs:462:9
[INFO] [stderr]     |
[INFO] [stderr] 462 |     let mut diff_files = Vec::new();
[INFO] [stderr]     |         ----^^^^^^^^^^
[INFO] [stderr]     |         |
[INFO] [stderr]     |         help: remove this `mut`
[INFO] [stderr] 
[INFO] [stderr] warning: `nargo-git` (lib) generated 10 warnings (run `cargo fix --lib -p nargo-git` to apply 10 suggestions)
[INFO] [stderr] warning: `nargo-git` (lib test) generated 10 warnings (10 duplicates)
[INFO] [stderr] warning: unused import: `std::path::Path`
[INFO] [stderr]  --> tests/git_test.rs:2:5
[INFO] [stderr]   |
[INFO] [stderr] 2 | use std::path::Path;
[INFO] [stderr]   |     ^^^^^^^^^^^^^^^
[INFO] [stderr]   |
[INFO] [stderr]   = note: `#[warn(unused_imports)]` (part of `#[warn(unused)]`) on by default
[INFO] [stderr] 
[INFO] [stderr] warning: `nargo-git` (test "git_test") generated 1 warning (run `cargo fix --test "git_test" -p nargo-git` to apply 1 suggestion)
[INFO] [stderr]     Finished `release` profile [optimized] target(s) in 0.18s
[INFO] [stderr]      Running unittests src/lib.rs (/opt/rustwide/target/release/deps/nargo_git-8fc907f4f491e49e)
[INFO] [stdout] 
[INFO] [stdout] running 0 tests
[INFO] [stdout] 
[INFO] [stdout] test result: ok. 0 passed; 0 failed; 0 ignored; 0 measured; 0 filtered out; finished in 0.00s
[INFO] [stdout] 
[INFO] [stderr]      Running tests/git_test.rs (/opt/rustwide/target/release/deps/git_test-08370bd45e5ff8ca)
[INFO] [stdout] 
[INFO] [stdout] running 21 tests
[INFO] [stdout] test test_commit_all ... ok
[INFO] [stdout] test test_create_tag ... ok
[INFO] [stdout] test test_merge_branch ... ok
[INFO] [stdout] test test_create_branch ... ok
[INFO] [stdout] test test_delete_tag ... ok
[INFO] [stdout] test test_delete_branch ... ok
[INFO] [stdout] test test_switch_branch ... ok
[INFO] [stdout] test test_clone ... FAILED
[INFO] [stdout] test test_stash_pop ... ok
[INFO] [stdout] test test_get_status ... FAILED
[INFO] [stdout] test test_stash_apply ... ok
[INFO] [stdout] test test_list_stashes ... FAILED
[INFO] [stdout] test test_get_current_branch ... FAILED
[INFO] [stdout] test test_list_tags ... FAILED
[INFO] [stdout] test test_list_branches ... FAILED
[INFO] [stdout] test test_pull ... FAILED
[INFO] [stdout] test test_push_tag ... FAILED
[INFO] [stdout] test test_push ... FAILED
[INFO] [stdout] test test_stash ... FAILED
[INFO] [stdout] test test_init ... FAILED
[INFO] [stdout] test test_clone_without_target ... FAILED
[INFO] [stderr] error: test failed, to rerun pass `--test git_test`
[INFO] [stdout] 
[INFO] [stdout] failures:
[INFO] [stdout] 
[INFO] [stdout] ---- test_clone stdout ----
[INFO] [stdout] 
[INFO] [stdout] thread 'test_clone' (1936) panicked at tests/git_test.rs:82:5:
[INFO] [stdout] assertion failed: result.is_err()
[INFO] [stdout] stack backtrace:
[INFO] [stdout]    0:     0x56fdc5387f51 - <<std[70759c8f55707aa4]::sys::backtrace::BacktraceLock>::print::DisplayBacktrace as core[df12db4294e9bfd3]::fmt::Display>::fmt
[INFO] [stdout]    1:     0x56fdc539c7ba - core[df12db4294e9bfd3]::fmt::write
[INFO] [stdout]    2:     0x56fdc538c66c - <alloc[2182bb758b4b3781]::vec::Vec<u8> as core[df12db4294e9bfd3]::io::write::Write>::write_fmt
[INFO] [stdout]    3:     0x56fdc5362de6 - std[70759c8f55707aa4]::panicking::default_hook::{closure#0}
[INFO] [stdout]    4:     0x56fdc537fc79 - std[70759c8f55707aa4]::panicking::default_hook
[INFO] [stdout]    5:     0x56fdc5317970 - test[9d35eded1c95d3be]::test_main_inner::<test[9d35eded1c95d3be]::test_main_static::{closure#0}>::{closure#0}
[INFO] [stdout]    6:     0x56fdc537fe32 - std[70759c8f55707aa4]::panicking::panic_with_hook
[INFO] [stdout]    7:     0x56fdc5362ec4 - std[70759c8f55707aa4]::panicking::panic_handler::{closure#0}
[INFO] [stdout]    8:     0x56fdc535baf9 - std[70759c8f55707aa4]::sys::backtrace::__rust_end_short_backtrace::<std[70759c8f55707aa4]::panicking::panic_handler::{closure#0}, !>
[INFO] [stdout]    9:     0x56fdc5363a8d - __rustc[8fa7c3cbc660c2b3]::rust_begin_unwind
[INFO] [stdout]   10:     0x56fdc539cf1c - core[df12db4294e9bfd3]::panicking::panic_fmt
[INFO] [stdout]   11:     0x56fdc539cee2 - core[df12db4294e9bfd3]::panicking::panic
[INFO] [stdout]   12:     0x56fdc53084de - <git_test[89d409a322bd5325]::test_clone::{closure#0} as core[df12db4294e9bfd3]::ops::function::FnOnce<()>>::call_once
[INFO] [stdout]   13:     0x56fdc530ac5b - test[9d35eded1c95d3be]::__rust_begin_short_backtrace::<core[df12db4294e9bfd3]::result::Result<(), alloc[2182bb758b4b3781]::string::String>, fn() -> core[df12db4294e9bfd3]::result::Result<(), alloc[2182bb758b4b3781]::string::String>>
[INFO] [stdout]   14:     0x56fdc53182c5 - test[9d35eded1c95d3be]::run_test::{closure#0}
[INFO] [stdout]   15:     0x56fdc5311b84 - std[70759c8f55707aa4]::sys::backtrace::__rust_begin_short_backtrace::<test[9d35eded1c95d3be]::run_test::{closure#1}, ()>
[INFO] [stdout]   16:     0x56fdc531b422 - <std[70759c8f55707aa4]::thread::lifecycle::spawn_unchecked<test[9d35eded1c95d3be]::run_test::{closure#1}, ()>::{closure#1} as core[df12db4294e9bfd3]::ops::function::FnOnce<()>>::call_once::{shim:vtable#0}
[INFO] [stdout]   17:     0x56fdc5387609 - <std[70759c8f55707aa4]::sys::thread::unix::Thread>::new::thread_start
[INFO] [stdout]   18:     0x77728bf92dfa - <unknown>
[INFO] [stdout]   19:     0x77728c0263d4 - clone
[INFO] [stdout]   20:                0x0 - <unknown>
[INFO] [stdout] 
[INFO] [stdout] ---- test_get_status stdout ----
[INFO] [stdout] 
[INFO] [stdout] thread 'test_get_status' (1944) panicked at tests/git_test.rs:68:5:
[INFO] [stdout] assertion `left == right` failed
[INFO] [stdout]   left: 0
[INFO] [stdout]  right: 1
[INFO] [stdout] stack backtrace:
[INFO] [stdout]    0:     0x56fdc5387f51 - <<std[70759c8f55707aa4]::sys::backtrace::BacktraceLock>::print::DisplayBacktrace as core[df12db4294e9bfd3]::fmt::Display>::fmt
[INFO] [stdout]    1:     0x56fdc539c7ba - core[df12db4294e9bfd3]::fmt::write
[INFO] [stdout]    2:     0x56fdc538c66c - <alloc[2182bb758b4b3781]::vec::Vec<u8> as core[df12db4294e9bfd3]::io::write::Write>::write_fmt
[INFO] [stdout]    3:     0x56fdc5362de6 - std[70759c8f55707aa4]::panicking::default_hook::{closure#0}
[INFO] [stdout]    4:     0x56fdc537fc79 - std[70759c8f55707aa4]::panicking::default_hook
[INFO] [stdout]    5:     0x56fdc5317970 - test[9d35eded1c95d3be]::test_main_inner::<test[9d35eded1c95d3be]::test_main_static::{closure#0}>::{closure#0}
[INFO] [stdout]    6:     0x56fdc537fe32 - std[70759c8f55707aa4]::panicking::panic_with_hook
[INFO] [stdout]    7:     0x56fdc5362e92 - std[70759c8f55707aa4]::panicking::panic_handler::{closure#0}
[INFO] [stdout]    8:     0x56fdc535baf9 - std[70759c8f55707aa4]::sys::backtrace::__rust_end_short_backtrace::<std[70759c8f55707aa4]::panicking::panic_handler::{closure#0}, !>
[INFO] [stdout]    9:     0x56fdc5363a8d - __rustc[8fa7c3cbc660c2b3]::rust_begin_unwind
[INFO] [stdout]   10:     0x56fdc539cf1c - core[df12db4294e9bfd3]::panicking::panic_fmt
[INFO] [stdout]   11:     0x56fdc539ce33 - core[df12db4294e9bfd3]::panicking::assert_failed_inner
[INFO] [stdout]   12:     0x56fdc5399338 - core[df12db4294e9bfd3]::panicking::assert_failed::<usize, usize>
[INFO] [stdout]   13:     0x56fdc530959a - <git_test[89d409a322bd5325]::test_get_status::{closure#0} as core[df12db4294e9bfd3]::ops::function::FnOnce<()>>::call_once
[INFO] [stdout]   14:     0x56fdc530ac5b - test[9d35eded1c95d3be]::__rust_begin_short_backtrace::<core[df12db4294e9bfd3]::result::Result<(), alloc[2182bb758b4b3781]::string::String>, fn() -> core[df12db4294e9bfd3]::result::Result<(), alloc[2182bb758b4b3781]::string::String>>
[INFO] [stdout]   15:     0x56fdc53182c5 - test[9d35eded1c95d3be]::run_test::{closure#0}
[INFO] [stdout]   16:     0x56fdc5311b84 - std[70759c8f55707aa4]::sys::backtrace::__rust_begin_short_backtrace::<test[9d35eded1c95d3be]::run_test::{closure#1}, ()>
[INFO] [stdout]   17:     0x56fdc531b422 - <std[70759c8f55707aa4]::thread::lifecycle::spawn_unchecked<test[9d35eded1c95d3be]::run_test::{closure#1}, ()>::{closure#1} as core[df12db4294e9bfd3]::ops::function::FnOnce<()>>::call_once::{shim:vtable#0}
[INFO] [stdout]   18:     0x56fdc5387609 - <std[70759c8f55707aa4]::sys::thread::unix::Thread>::new::thread_start
[INFO] [stdout]   19:     0x77728bf92dfa - <unknown>
[INFO] [stdout]   20:     0x77728c0263d4 - clone
[INFO] [stdout]   21:                0x0 - <unknown>
[INFO] [stdout] 
[INFO] [stdout] ---- test_list_stashes stdout ----
[INFO] [stdout] 
[INFO] [stdout] thread 'test_list_stashes' (1947) panicked at tests/git_test.rs:472:5:
[INFO] [stdout] assertion failed: !stash_list.is_empty()
[INFO] [stdout] stack backtrace:
[INFO] [stdout]    0:     0x56fdc5387f51 - <<std[70759c8f55707aa4]::sys::backtrace::BacktraceLock>::print::DisplayBacktrace as core[df12db4294e9bfd3]::fmt::Display>::fmt
[INFO] [stdout]    1:     0x56fdc539c7ba - core[df12db4294e9bfd3]::fmt::write
[INFO] [stdout]    2:     0x56fdc538c66c - <alloc[2182bb758b4b3781]::vec::Vec<u8> as core[df12db4294e9bfd3]::io::write::Write>::write_fmt
[INFO] [stdout]    3:     0x56fdc5362de6 - std[70759c8f55707aa4]::panicking::default_hook::{closure#0}
[INFO] [stdout]    4:     0x56fdc537fc79 - std[70759c8f55707aa4]::panicking::default_hook
[INFO] [stdout]    5:     0x56fdc5317970 - test[9d35eded1c95d3be]::test_main_inner::<test[9d35eded1c95d3be]::test_main_static::{closure#0}>::{closure#0}
[INFO] [stdout]    6:     0x56fdc537fe32 - std[70759c8f55707aa4]::panicking::panic_with_hook
[INFO] [stdout]    7:     0x56fdc5362ec4 - std[70759c8f55707aa4]::panicking::panic_handler::{closure#0}
[INFO] [stdout]    8:     0x56fdc535baf9 - std[70759c8f55707aa4]::sys::backtrace::__rust_end_short_backtrace::<std[70759c8f55707aa4]::panicking::panic_handler::{closure#0}, !>
[INFO] [stdout]    9:     0x56fdc5363a8d - __rustc[8fa7c3cbc660c2b3]::rust_begin_unwind
[INFO] [stdout]   10:     0x56fdc539cf1c - core[df12db4294e9bfd3]::panicking::panic_fmt
[INFO] [stdout]   11:     0x56fdc539cee2 - core[df12db4294e9bfd3]::panicking::panic
[INFO] [stdout]   12:     0x56fdc5309ae3 - <git_test[89d409a322bd5325]::test_list_stashes::{closure#0} as core[df12db4294e9bfd3]::ops::function::FnOnce<()>>::call_once
[INFO] [stdout]   13:     0x56fdc530ac5b - test[9d35eded1c95d3be]::__rust_begin_short_backtrace::<core[df12db4294e9bfd3]::result::Result<(), alloc[2182bb758b4b3781]::string::String>, fn() -> core[df12db4294e9bfd3]::result::Result<(), alloc[2182bb758b4b3781]::string::String>>
[INFO] [stdout]   14:     0x56fdc53182c5 - test[9d35eded1c95d3be]::run_test::{closure#0}
[INFO] [stdout]   15:     0x56fdc5311b84 - std[70759c8f55707aa4]::sys::backtrace::__rust_begin_short_backtrace::<test[9d35eded1c95d3be]::run_test::{closure#1}, ()>
[INFO] [stdout]   16:     0x56fdc531b422 - <std[70759c8f55707aa4]::thread::lifecycle::spawn_unchecked<test[9d35eded1c95d3be]::run_test::{closure#1}, ()>::{closure#1} as core[df12db4294e9bfd3]::ops::function::FnOnce<()>>::call_once::{shim:vtable#0}
[INFO] [stdout]   17:     0x56fdc5387609 - <std[70759c8f55707aa4]::sys::thread::unix::Thread>::new::thread_start
[INFO] [stdout]   18:     0x77728bf92dfa - <unknown>
[INFO] [stdout]   19:     0x77728c0263d4 - clone
[INFO] [stdout]   20:                0x0 - <unknown>
[INFO] [stdout] 
[INFO] [stdout] ---- test_get_current_branch stdout ----
[INFO] [stdout] 
[INFO] [stdout] thread 'test_get_current_branch' (1943) panicked at tests/git_test.rs:31:5:
[INFO] [stdout] assertion `left == right` failed
[INFO] [stdout]   left: "main"
[INFO] [stdout]  right: "master"
[INFO] [stdout] stack backtrace:
[INFO] [stdout]    0:     0x56fdc5387f51 - <<std[70759c8f55707aa4]::sys::backtrace::BacktraceLock>::print::DisplayBacktrace as core[df12db4294e9bfd3]::fmt::Display>::fmt
[INFO] [stdout]    1:     0x56fdc539c7ba - core[df12db4294e9bfd3]::fmt::write
[INFO] [stdout]    2:     0x56fdc538c66c - <alloc[2182bb758b4b3781]::vec::Vec<u8> as core[df12db4294e9bfd3]::io::write::Write>::write_fmt
[INFO] [stdout]    3:     0x56fdc5362de6 - std[70759c8f55707aa4]::panicking::default_hook::{closure#0}
[INFO] [stdout]    4:     0x56fdc537fc79 - std[70759c8f55707aa4]::panicking::default_hook
[INFO] [stdout]    5:     0x56fdc5317970 - test[9d35eded1c95d3be]::test_main_inner::<test[9d35eded1c95d3be]::test_main_static::{closure#0}>::{closure#0}
[INFO] [stdout]    6:     0x56fdc537fe32 - std[70759c8f55707aa4]::panicking::panic_with_hook
[INFO] [stdout]    7:     0x56fdc5362e92 - std[70759c8f55707aa4]::panicking::panic_handler::{closure#0}
[INFO] [stdout]    8:     0x56fdc535baf9 - std[70759c8f55707aa4]::sys::backtrace::__rust_end_short_backtrace::<std[70759c8f55707aa4]::panicking::panic_handler::{closure#0}, !>
[INFO] [stdout]    9:     0x56fdc5363a8d - __rustc[8fa7c3cbc660c2b3]::rust_begin_unwind
[INFO] [stdout]   10:     0x56fdc539cf1c - core[df12db4294e9bfd3]::panicking::panic_fmt
[INFO] [stdout]   11:     0x56fdc539ce33 - core[df12db4294e9bfd3]::panicking::assert_failed_inner
[INFO] [stdout]   12:     0x56fdc53079b6 - core[df12db4294e9bfd3]::panicking::assert_failed::<alloc[2182bb758b4b3781]::string::String, &str>
[INFO] [stdout]   13:     0x56fdc530a424 - <git_test[89d409a322bd5325]::test_get_current_branch::{closure#0} as core[df12db4294e9bfd3]::ops::function::FnOnce<()>>::call_once
[INFO] [stdout]   14:     0x56fdc530ac5b - test[9d35eded1c95d3be]::__rust_begin_short_backtrace::<core[df12db4294e9bfd3]::result::Result<(), alloc[2182bb758b4b3781]::string::String>, fn() -> core[df12db4294e9bfd3]::result::Result<(), alloc[2182bb758b4b3781]::string::String>>
[INFO] [stdout]   15:     0x56fdc53182c5 - test[9d35eded1c95d3be]::run_test::{closure#0}
[INFO] [stdout]   16:     0x56fdc5311b84 - std[70759c8f55707aa4]::sys::backtrace::__rust_begin_short_backtrace::<test[9d35eded1c95d3be]::run_test::{closure#1}, ()>
[INFO] [stdout]   17:     0x56fdc531b422 - <std[70759c8f55707aa4]::thread::lifecycle::spawn_unchecked<test[9d35eded1c95d3be]::run_test::{closure#1}, ()>::{closure#1} as core[df12db4294e9bfd3]::ops::function::FnOnce<()>>::call_once::{shim:vtable#0}
[INFO] [stdout]   18:     0x56fdc5387609 - <std[70759c8f55707aa4]::sys::thread::unix::Thread>::new::thread_start
[INFO] [stdout]   19:     0x77728bf92dfa - <unknown>
[INFO] [stdout]   20:     0x77728c0263d4 - clone
[INFO] [stdout]   21:                0x0 - <unknown>
[INFO] [stdout] 
[INFO] [stdout] ---- test_list_tags stdout ----
[INFO] [stdout] 
[INFO] [stdout] thread 'test_list_tags' (1948) panicked at tests/git_test.rs:302:5:
[INFO] [stdout] assertion failed: tag_list.contains(&"v1.0.0".to_string())
[INFO] [stdout] stack backtrace:
[INFO] [stdout]    0:     0x56fdc5387f51 - <<std[70759c8f55707aa4]::sys::backtrace::BacktraceLock>::print::DisplayBacktrace as core[df12db4294e9bfd3]::fmt::Display>::fmt
[INFO] [stdout]    1:     0x56fdc539c7ba - core[df12db4294e9bfd3]::fmt::write
[INFO] [stdout]    2:     0x56fdc538c66c - <alloc[2182bb758b4b3781]::vec::Vec<u8> as core[df12db4294e9bfd3]::io::write::Write>::write_fmt
[INFO] [stdout]    3:     0x56fdc5362de6 - std[70759c8f55707aa4]::panicking::default_hook::{closure#0}
[INFO] [stdout]    4:     0x56fdc537fc79 - std[70759c8f55707aa4]::panicking::default_hook
[INFO] [stdout]    5:     0x56fdc5317970 - test[9d35eded1c95d3be]::test_main_inner::<test[9d35eded1c95d3be]::test_main_static::{closure#0}>::{closure#0}
[INFO] [stdout]    6:     0x56fdc537fe32 - std[70759c8f55707aa4]::panicking::panic_with_hook
[INFO] [stdout]    7:     0x56fdc5362ec4 - std[70759c8f55707aa4]::panicking::panic_handler::{closure#0}
[INFO] [stdout]    8:     0x56fdc535baf9 - std[70759c8f55707aa4]::sys::backtrace::__rust_end_short_backtrace::<std[70759c8f55707aa4]::panicking::panic_handler::{closure#0}, !>
[INFO] [stdout]    9:     0x56fdc5363a8d - __rustc[8fa7c3cbc660c2b3]::rust_begin_unwind
[INFO] [stdout]   10:     0x56fdc539cf1c - core[df12db4294e9bfd3]::panicking::panic_fmt
[INFO] [stdout]   11:     0x56fdc539cee2 - core[df12db4294e9bfd3]::panicking::panic
[INFO] [stdout]   12:     0x56fdc5308a43 - <git_test[89d409a322bd5325]::test_list_tags::{closure#0} as core[df12db4294e9bfd3]::ops::function::FnOnce<()>>::call_once
[INFO] [stdout]   13:     0x56fdc530ac5b - test[9d35eded1c95d3be]::__rust_begin_short_backtrace::<core[df12db4294e9bfd3]::result::Result<(), alloc[2182bb758b4b3781]::string::String>, fn() -> core[df12db4294e9bfd3]::result::Result<(), alloc[2182bb758b4b3781]::string::String>>
[INFO] [stdout]   14:     0x56fdc53182c5 - test[9d35eded1c95d3be]::run_test::{closure#0}
[INFO] [stdout]   15:     0x56fdc5311b84 - std[70759c8f55707aa4]::sys::backtrace::__rust_begin_short_backtrace::<test[9d35eded1c95d3be]::run_test::{closure#1}, ()>
[INFO] [stdout]   16:     0x56fdc531b422 - <std[70759c8f55707aa4]::thread::lifecycle::spawn_unchecked<test[9d35eded1c95d3be]::run_test::{closure#1}, ()>::{closure#1} as core[df12db4294e9bfd3]::ops::function::FnOnce<()>>::call_once::{shim:vtable#0}
[INFO] [stdout]   17:     0x56fdc5387609 - <std[70759c8f55707aa4]::sys::thread::unix::Thread>::new::thread_start
[INFO] [stdout]   18:     0x77728bf92dfa - <unknown>
[INFO] [stdout]   19:     0x77728c0263d4 - clone
[INFO] [stdout]   20:                0x0 - <unknown>
[INFO] [stdout] 
[INFO] [stdout] ---- test_list_branches stdout ----
[INFO] [stdout] 
[INFO] [stdout] thread 'test_list_branches' (1946) panicked at tests/git_test.rs:175:5:
[INFO] [stdout] assertion failed: branch_list.contains(&"master".to_string())
[INFO] [stdout] stack backtrace:
[INFO] [stdout]    0:     0x56fdc5387f51 - <<std[70759c8f55707aa4]::sys::backtrace::BacktraceLock>::print::DisplayBacktrace as core[df12db4294e9bfd3]::fmt::Display>::fmt
[INFO] [stdout]    1:     0x56fdc539c7ba - core[df12db4294e9bfd3]::fmt::write
[INFO] [stdout]    2:     0x56fdc538c66c - <alloc[2182bb758b4b3781]::vec::Vec<u8> as core[df12db4294e9bfd3]::io::write::Write>::write_fmt
[INFO] [stdout]    3:     0x56fdc5362de6 - std[70759c8f55707aa4]::panicking::default_hook::{closure#0}
[INFO] [stdout]    4:     0x56fdc537fc79 - std[70759c8f55707aa4]::panicking::default_hook
[INFO] [stdout]    5:     0x56fdc5317970 - test[9d35eded1c95d3be]::test_main_inner::<test[9d35eded1c95d3be]::test_main_static::{closure#0}>::{closure#0}
[INFO] [stdout]    6:     0x56fdc537fe32 - std[70759c8f55707aa4]::panicking::panic_with_hook
[INFO] [stdout]    7:     0x56fdc5362ec4 - std[70759c8f55707aa4]::panicking::panic_handler::{closure#0}
[INFO] [stdout]    8:     0x56fdc535baf9 - std[70759c8f55707aa4]::sys::backtrace::__rust_end_short_backtrace::<std[70759c8f55707aa4]::panicking::panic_handler::{closure#0}, !>
[INFO] [stdout]    9:     0x56fdc5363a8d - __rustc[8fa7c3cbc660c2b3]::rust_begin_unwind
[INFO] [stdout]   10:     0x56fdc539cf1c - core[df12db4294e9bfd3]::panicking::panic_fmt
[INFO] [stdout]   11:     0x56fdc539cee2 - core[df12db4294e9bfd3]::panicking::panic
[INFO] [stdout]   12:     0x56fdc5307a5d - git_test[89d409a322bd5325]::test_list_branches
[INFO] [stdout]   13:     0x56fdc530a1de - <git_test[89d409a322bd5325]::test_list_branches::{closure#0} as core[df12db4294e9bfd3]::ops::function::FnOnce<()>>::call_once
[INFO] [stdout]   14:     0x56fdc530ac5b - test[9d35eded1c95d3be]::__rust_begin_short_backtrace::<core[df12db4294e9bfd3]::result::Result<(), alloc[2182bb758b4b3781]::string::String>, fn() -> core[df12db4294e9bfd3]::result::Result<(), alloc[2182bb758b4b3781]::string::String>>
[INFO] [stdout]   15:     0x56fdc53182c5 - test[9d35eded1c95d3be]::run_test::{closure#0}
[INFO] [stdout]   16:     0x56fdc5311b84 - std[70759c8f55707aa4]::sys::backtrace::__rust_begin_short_backtrace::<test[9d35eded1c95d3be]::run_test::{closure#1}, ()>
[INFO] [stdout]   17:     0x56fdc531b422 - <std[70759c8f55707aa4]::thread::lifecycle::spawn_unchecked<test[9d35eded1c95d3be]::run_test::{closure#1}, ()>::{closure#1} as core[df12db4294e9bfd3]::ops::function::FnOnce<()>>::call_once::{shim:vtable#0}
[INFO] [stdout]   18:     0x56fdc5387609 - <std[70759c8f55707aa4]::sys::thread::unix::Thread>::new::thread_start
[INFO] [stdout]   19:     0x77728bf92dfa - <unknown>
[INFO] [stdout]   20:     0x77728c0263d4 - clone
[INFO] [stdout]   21:                0x0 - <unknown>
[INFO] [stdout] 
[INFO] [stdout] ---- test_pull stdout ----
[INFO] [stdout] 
[INFO] [stdout] thread 'test_pull' (1950) panicked at tests/git_test.rs:128:5:
[INFO] [stdout] assertion failed: result.is_err()
[INFO] [stdout] stack backtrace:
[INFO] [stdout]    0:     0x56fdc5387f51 - <<std[70759c8f55707aa4]::sys::backtrace::BacktraceLock>::print::DisplayBacktrace as core[df12db4294e9bfd3]::fmt::Display>::fmt
[INFO] [stdout]    1:     0x56fdc539c7ba - core[df12db4294e9bfd3]::fmt::write
[INFO] [stdout]    2:     0x56fdc538c66c - <alloc[2182bb758b4b3781]::vec::Vec<u8> as core[df12db4294e9bfd3]::io::write::Write>::write_fmt
[INFO] [stdout]    3:     0x56fdc5362de6 - std[70759c8f55707aa4]::panicking::default_hook::{closure#0}
[INFO] [stdout]    4:     0x56fdc537fc79 - std[70759c8f55707aa4]::panicking::default_hook
[INFO] [stdout]    5:     0x56fdc5317970 - test[9d35eded1c95d3be]::test_main_inner::<test[9d35eded1c95d3be]::test_main_static::{closure#0}>::{closure#0}
[INFO] [stdout]    6:     0x56fdc537fe32 - std[70759c8f55707aa4]::panicking::panic_with_hook
[INFO] [stdout]    7:     0x56fdc5362ec4 - std[70759c8f55707aa4]::panicking::panic_handler::{closure#0}
[INFO] [stdout]    8:     0x56fdc535baf9 - std[70759c8f55707aa4]::sys::backtrace::__rust_end_short_backtrace::<std[70759c8f55707aa4]::panicking::panic_handler::{closure#0}, !>
[INFO] [stdout]    9:     0x56fdc5363a8d - __rustc[8fa7c3cbc660c2b3]::rust_begin_unwind
[INFO] [stdout]   10:     0x56fdc539cf1c - core[df12db4294e9bfd3]::panicking::panic_fmt
[INFO] [stdout]   11:     0x56fdc539cee2 - core[df12db4294e9bfd3]::panicking::panic
[INFO] [stdout]   12:     0x56fdc530a9d7 - <git_test[89d409a322bd5325]::test_pull::{closure#0} as core[df12db4294e9bfd3]::ops::function::FnOnce<()>>::call_once
[INFO] [stdout]   13:     0x56fdc530ac5b - test[9d35eded1c95d3be]::__rust_begin_short_backtrace::<core[df12db4294e9bfd3]::result::Result<(), alloc[2182bb758b4b3781]::string::String>, fn() -> core[df12db4294e9bfd3]::result::Result<(), alloc[2182bb758b4b3781]::string::String>>
[INFO] [stdout]   14:     0x56fdc53182c5 - test[9d35eded1c95d3be]::run_test::{closure#0}
[INFO] [stdout]   15:     0x56fdc5311b84 - std[70759c8f55707aa4]::sys::backtrace::__rust_begin_short_backtrace::<test[9d35eded1c95d3be]::run_test::{closure#1}, ()>
[INFO] [stdout]   16:     0x56fdc531b422 - <std[70759c8f55707aa4]::thread::lifecycle::spawn_unchecked<test[9d35eded1c95d3be]::run_test::{closure#1}, ()>::{closure#1} as core[df12db4294e9bfd3]::ops::function::FnOnce<()>>::call_once::{shim:vtable#0}
[INFO] [stdout]   17:     0x56fdc5387609 - <std[70759c8f55707aa4]::sys::thread::unix::Thread>::new::thread_start
[INFO] [stdout]   18:     0x77728bf92dfa - <unknown>
[INFO] [stdout]   19:     0x77728c0263d4 - clone
[INFO] [stdout]   20:                0x0 - <unknown>
[INFO] [stdout] 
[INFO] [stdout] ---- test_push_tag stdout ----
[INFO] [stdout] 
[INFO] [stdout] thread 'test_push_tag' (1952) panicked at tests/git_test.rs:349:5:
[INFO] [stdout] assertion failed: result.is_err()
[INFO] [stdout] stack backtrace:
[INFO] [stdout]    0:     0x56fdc5387f51 - <<std[70759c8f55707aa4]::sys::backtrace::BacktraceLock>::print::DisplayBacktrace as core[df12db4294e9bfd3]::fmt::Display>::fmt
[INFO] [stdout]    1:     0x56fdc539c7ba - core[df12db4294e9bfd3]::fmt::write
[INFO] [stdout]    2:     0x56fdc538c66c - <alloc[2182bb758b4b3781]::vec::Vec<u8> as core[df12db4294e9bfd3]::io::write::Write>::write_fmt
[INFO] [stdout]    3:     0x56fdc5362de6 - std[70759c8f55707aa4]::panicking::default_hook::{closure#0}
[INFO] [stdout]    4:     0x56fdc537fc79 - std[70759c8f55707aa4]::panicking::default_hook
[INFO] [stdout]    5:     0x56fdc5317970 - test[9d35eded1c95d3be]::test_main_inner::<test[9d35eded1c95d3be]::test_main_static::{closure#0}>::{closure#0}
[INFO] [stdout]    6:     0x56fdc537fe32 - std[70759c8f55707aa4]::panicking::panic_with_hook
[INFO] [stdout]    7:     0x56fdc5362ec4 - std[70759c8f55707aa4]::panicking::panic_handler::{closure#0}
[INFO] [stdout]    8:     0x56fdc535baf9 - std[70759c8f55707aa4]::sys::backtrace::__rust_end_short_backtrace::<std[70759c8f55707aa4]::panicking::panic_handler::{closure#0}, !>
[INFO] [stdout]    9:     0x56fdc5363a8d - __rustc[8fa7c3cbc660c2b3]::rust_begin_unwind
[INFO] [stdout]   10:     0x56fdc539cf1c - core[df12db4294e9bfd3]::panicking::panic_fmt
[INFO] [stdout]   11:     0x56fdc539cee2 - core[df12db4294e9bfd3]::panicking::panic
[INFO] [stdout]   12:     0x56fdc5308887 - <git_test[89d409a322bd5325]::test_push_tag::{closure#0} as core[df12db4294e9bfd3]::ops::function::FnOnce<()>>::call_once
[INFO] [stdout]   13:     0x56fdc530ac5b - test[9d35eded1c95d3be]::__rust_begin_short_backtrace::<core[df12db4294e9bfd3]::result::Result<(), alloc[2182bb758b4b3781]::string::String>, fn() -> core[df12db4294e9bfd3]::result::Result<(), alloc[2182bb758b4b3781]::string::String>>
[INFO] [stdout]   14:     0x56fdc53182c5 - test[9d35eded1c95d3be]::run_test::{closure#0}
[INFO] [stdout]   15:     0x56fdc5311b84 - std[70759c8f55707aa4]::sys::backtrace::__rust_begin_short_backtrace::<test[9d35eded1c95d3be]::run_test::{closure#1}, ()>
[INFO] [stdout]   16:     0x56fdc531b422 - <std[70759c8f55707aa4]::thread::lifecycle::spawn_unchecked<test[9d35eded1c95d3be]::run_test::{closure#1}, ()>::{closure#1} as core[df12db4294e9bfd3]::ops::function::FnOnce<()>>::call_once::{shim:vtable#0}
[INFO] [stdout]   17:     0x56fdc5387609 - <std[70759c8f55707aa4]::sys::thread::unix::Thread>::new::thread_start
[INFO] [stdout]   18:     0x77728bf92dfa - <unknown>
[INFO] [stdout]   19:     0x77728c0263d4 - clone
[INFO] [stdout]   20:                0x0 - <unknown>
[INFO] [stdout] 
[INFO] [stdout] ---- test_push stdout ----
[INFO] [stdout] 
[INFO] [stdout] thread 'test_push' (1951) panicked at tests/git_test.rs:114:5:
[INFO] [stdout] assertion failed: result.is_err()
[INFO] [stdout] stack backtrace:
[INFO] [stdout]    0:     0x56fdc5387f51 - <<std[70759c8f55707aa4]::sys::backtrace::BacktraceLock>::print::DisplayBacktrace as core[df12db4294e9bfd3]::fmt::Display>::fmt
[INFO] [stdout]    1:     0x56fdc539c7ba - core[df12db4294e9bfd3]::fmt::write
[INFO] [stdout]    2:     0x56fdc538c66c - <alloc[2182bb758b4b3781]::vec::Vec<u8> as core[df12db4294e9bfd3]::io::write::Write>::write_fmt
[INFO] [stdout]    3:     0x56fdc5362de6 - std[70759c8f55707aa4]::panicking::default_hook::{closure#0}
[INFO] [stdout]    4:     0x56fdc537fc79 - std[70759c8f55707aa4]::panicking::default_hook
[INFO] [stdout]    5:     0x56fdc5317970 - test[9d35eded1c95d3be]::test_main_inner::<test[9d35eded1c95d3be]::test_main_static::{closure#0}>::{closure#0}
[INFO] [stdout]    6:     0x56fdc537fe32 - std[70759c8f55707aa4]::panicking::panic_with_hook
[INFO] [stdout]    7:     0x56fdc5362ec4 - std[70759c8f55707aa4]::panicking::panic_handler::{closure#0}
[INFO] [stdout]    8:     0x56fdc535baf9 - std[70759c8f55707aa4]::sys::backtrace::__rust_end_short_backtrace::<std[70759c8f55707aa4]::panicking::panic_handler::{closure#0}, !>
[INFO] [stdout]    9:     0x56fdc5363a8d - __rustc[8fa7c3cbc660c2b3]::rust_begin_unwind
[INFO] [stdout]   10:     0x56fdc539cf1c - core[df12db4294e9bfd3]::panicking::panic_fmt
[INFO] [stdout]   11:     0x56fdc539cee2 - core[df12db4294e9bfd3]::panicking::panic
[INFO] [stdout]   12:     0x56fdc530ab17 - <git_test[89d409a322bd5325]::test_push::{closure#0} as core[df12db4294e9bfd3]::ops::function::FnOnce<()>>::call_once
[INFO] [stdout]   13:     0x56fdc530ac5b - test[9d35eded1c95d3be]::__rust_begin_short_backtrace::<core[df12db4294e9bfd3]::result::Result<(), alloc[2182bb758b4b3781]::string::String>, fn() -> core[df12db4294e9bfd3]::result::Result<(), alloc[2182bb758b4b3781]::string::String>>
[INFO] [stdout]   14:     0x56fdc53182c5 - test[9d35eded1c95d3be]::run_test::{closure#0}
[INFO] [stdout]   15:     0x56fdc5311b84 - std[70759c8f55707aa4]::sys::backtrace::__rust_begin_short_backtrace::<test[9d35eded1c95d3be]::run_test::{closure#1}, ()>
[INFO] [stdout]   16:     0x56fdc531b422 - <std[70759c8f55707aa4]::thread::lifecycle::spawn_unchecked<test[9d35eded1c95d3be]::run_test::{closure#1}, ()>::{closure#1} as core[df12db4294e9bfd3]::ops::function::FnOnce<()>>::call_once::{shim:vtable#0}
[INFO] [stdout]   17:     0x56fdc5387609 - <std[70759c8f55707aa4]::sys::thread::unix::Thread>::new::thread_start
[INFO] [stdout]   18:     0x77728bf92dfa - <unknown>
[INFO] [stdout]   19:     0x77728c0263d4 - clone
[INFO] [stdout]   20:                0x0 - <unknown>
[INFO] [stdout] 
[INFO] [stdout] ---- test_stash stdout ----
[INFO] [stdout] 
[INFO] [stdout] thread 'test_stash' (1953) panicked at tests/git_test.rs:381:5:
[INFO] [stdout] assertion failed: !stash_list.is_empty()
[INFO] [stdout] stack backtrace:
[INFO] [stdout]    0:     0x56fdc5387f51 - <<std[70759c8f55707aa4]::sys::backtrace::BacktraceLock>::print::DisplayBacktrace as core[df12db4294e9bfd3]::fmt::Display>::fmt
[INFO] [stdout]    1:     0x56fdc539c7ba - core[df12db4294e9bfd3]::fmt::write
[INFO] [stdout]    2:     0x56fdc538c66c - <alloc[2182bb758b4b3781]::vec::Vec<u8> as core[df12db4294e9bfd3]::io::write::Write>::write_fmt
[INFO] [stdout]    3:     0x56fdc5362de6 - std[70759c8f55707aa4]::panicking::default_hook::{closure#0}
[INFO] [stdout]    4:     0x56fdc537fc79 - std[70759c8f55707aa4]::panicking::default_hook
[INFO] [stdout]    5:     0x56fdc5317970 - test[9d35eded1c95d3be]::test_main_inner::<test[9d35eded1c95d3be]::test_main_static::{closure#0}>::{closure#0}
[INFO] [stdout]    6:     0x56fdc537fe32 - std[70759c8f55707aa4]::panicking::panic_with_hook
[INFO] [stdout]    7:     0x56fdc5362ec4 - std[70759c8f55707aa4]::panicking::panic_handler::{closure#0}
[INFO] [stdout]    8:     0x56fdc535baf9 - std[70759c8f55707aa4]::sys::backtrace::__rust_end_short_backtrace::<std[70759c8f55707aa4]::panicking::panic_handler::{closure#0}, !>
[INFO] [stdout]    9:     0x56fdc5363a8d - __rustc[8fa7c3cbc660c2b3]::rust_begin_unwind
[INFO] [stdout]   10:     0x56fdc539cf1c - core[df12db4294e9bfd3]::panicking::panic_fmt
[INFO] [stdout]   11:     0x56fdc539cee2 - core[df12db4294e9bfd3]::panicking::panic
[INFO] [stdout]   12:     0x56fdc5308683 - <git_test[89d409a322bd5325]::test_stash::{closure#0} as core[df12db4294e9bfd3]::ops::function::FnOnce<()>>::call_once
[INFO] [stdout]   13:     0x56fdc530ac5b - test[9d35eded1c95d3be]::__rust_begin_short_backtrace::<core[df12db4294e9bfd3]::result::Result<(), alloc[2182bb758b4b3781]::string::String>, fn() -> core[df12db4294e9bfd3]::result::Result<(), alloc[2182bb758b4b3781]::string::String>>
[INFO] [stdout]   14:     0x56fdc53182c5 - test[9d35eded1c95d3be]::run_test::{closure#0}
[INFO] [stdout]   15:     0x56fdc5311b84 - std[70759c8f55707aa4]::sys::backtrace::__rust_begin_short_backtrace::<test[9d35eded1c95d3be]::run_test::{closure#1}, ()>
[INFO] [stdout]   16:     0x56fdc531b422 - <std[70759c8f55707aa4]::thread::lifecycle::spawn_unchecked<test[9d35eded1c95d3be]::run_test::{closure#1}, ()>::{closure#1} as core[df12db4294e9bfd3]::ops::function::FnOnce<()>>::call_once::{shim:vtable#0}
[INFO] [stdout]   17:     0x56fdc5387609 - <std[70759c8f55707aa4]::sys::thread::unix::Thread>::new::thread_start
[INFO] [stdout]   18:     0x77728bf92dfa - <unknown>
[INFO] [stdout]   19:     0x77728c0263d4 - clone
[INFO] [stdout]   20:                0x0 - <unknown>
[INFO] [stdout] 
[INFO] [stdout] ---- test_init stdout ----
[INFO] [stdout] 
[INFO] [stdout] thread 'test_init' (1945) panicked at tests/git_test.rs:16:5:
[INFO] [stdout] assertion failed: git_dir.exists()
[INFO] [stdout] stack backtrace:
[INFO] [stdout]    0:     0x56fdc5387f51 - <<std[70759c8f55707aa4]::sys::backtrace::BacktraceLock>::print::DisplayBacktrace as core[df12db4294e9bfd3]::fmt::Display>::fmt
[INFO] [stdout]    1:     0x56fdc539c7ba - core[df12db4294e9bfd3]::fmt::write
[INFO] [stdout]    2:     0x56fdc538c66c - <alloc[2182bb758b4b3781]::vec::Vec<u8> as core[df12db4294e9bfd3]::io::write::Write>::write_fmt
[INFO] [stdout]    3:     0x56fdc5362de6 - std[70759c8f55707aa4]::panicking::default_hook::{closure#0}
[INFO] [stdout]    4:     0x56fdc537fc79 - std[70759c8f55707aa4]::panicking::default_hook
[INFO] [stdout]    5:     0x56fdc5317970 - test[9d35eded1c95d3be]::test_main_inner::<test[9d35eded1c95d3be]::test_main_static::{closure#0}>::{closure#0}
[INFO] [stdout]    6:     0x56fdc537fe32 - std[70759c8f55707aa4]::panicking::panic_with_hook
[INFO] [stdout]    7:     0x56fdc5362ec4 - std[70759c8f55707aa4]::panicking::panic_handler::{closure#0}
[INFO] [stdout]    8:     0x56fdc535baf9 - std[70759c8f55707aa4]::sys::backtrace::__rust_end_short_backtrace::<std[70759c8f55707aa4]::panicking::panic_handler::{closure#0}, !>
[INFO] [stdout]    9:     0x56fdc5363a8d - __rustc[8fa7c3cbc660c2b3]::rust_begin_unwind
[INFO] [stdout]   10:     0x56fdc539cf1c - core[df12db4294e9bfd3]::panicking::panic_fmt
[INFO] [stdout]   11:     0x56fdc539cee2 - core[df12db4294e9bfd3]::panicking::panic
[INFO] [stdout]   12:     0x56fdc530a8b9 - <git_test[89d409a322bd5325]::test_init::{closure#0} as core[df12db4294e9bfd3]::ops::function::FnOnce<()>>::call_once
[INFO] [stdout]   13:     0x56fdc530ac5b - test[9d35eded1c95d3be]::__rust_begin_short_backtrace::<core[df12db4294e9bfd3]::result::Result<(), alloc[2182bb758b4b3781]::string::String>, fn() -> core[df12db4294e9bfd3]::result::Result<(), alloc[2182bb758b4b3781]::string::String>>
[INFO] [stdout]   14:     0x56fdc53182c5 - test[9d35eded1c95d3be]::run_test::{closure#0}
[INFO] [stdout]   15:     0x56fdc5311b84 - std[70759c8f55707aa4]::sys::backtrace::__rust_begin_short_backtrace::<test[9d35eded1c95d3be]::run_test::{closure#1}, ()>
[INFO] [stdout]   16:     0x56fdc531b422 - <std[70759c8f55707aa4]::thread::lifecycle::spawn_unchecked<test[9d35eded1c95d3be]::run_test::{closure#1}, ()>::{closure#1} as core[df12db4294e9bfd3]::ops::function::FnOnce<()>>::call_once::{shim:vtable#0}
[INFO] [stdout]   17:     0x56fdc5387609 - <std[70759c8f55707aa4]::sys::thread::unix::Thread>::new::thread_start
[INFO] [stdout]   18:     0x77728bf92dfa - <unknown>
[INFO] [stdout]   19:     0x77728c0263d4 - clone
[INFO] [stdout]   20:                0x0 - <unknown>
[INFO] [stdout] 
[INFO] [stdout] ---- test_clone_without_target stdout ----
[INFO] [stdout] 
[INFO] [stdout] thread 'test_clone_without_target' (1937) panicked at tests/git_test.rs:156:5:
[INFO] [stdout] assertion failed: result.is_err()
[INFO] [stdout] stack backtrace:
[INFO] [stdout]    0:     0x56fdc5387f51 - <<std[70759c8f55707aa4]::sys::backtrace::BacktraceLock>::print::DisplayBacktrace as core[df12db4294e9bfd3]::fmt::Display>::fmt
[INFO] [stdout]    1:     0x56fdc539c7ba - core[df12db4294e9bfd3]::fmt::write
[INFO] [stdout]    2:     0x56fdc538c66c - <alloc[2182bb758b4b3781]::vec::Vec<u8> as core[df12db4294e9bfd3]::io::write::Write>::write_fmt
[INFO] [stdout]    3:     0x56fdc5362de6 - std[70759c8f55707aa4]::panicking::default_hook::{closure#0}
[INFO] [stdout]    4:     0x56fdc537fc79 - std[70759c8f55707aa4]::panicking::default_hook
[INFO] [stdout]    5:     0x56fdc5317970 - test[9d35eded1c95d3be]::test_main_inner::<test[9d35eded1c95d3be]::test_main_static::{closure#0}>::{closure#0}
[INFO] [stdout]    6:     0x56fdc537fe32 - std[70759c8f55707aa4]::panicking::panic_with_hook
[INFO] [stdout]    7:     0x56fdc5362ec4 - std[70759c8f55707aa4]::panicking::panic_handler::{closure#0}
[INFO] [stdout]    8:     0x56fdc535baf9 - std[70759c8f55707aa4]::sys::backtrace::__rust_end_short_backtrace::<std[70759c8f55707aa4]::panicking::panic_handler::{closure#0}, !>
[INFO] [stdout]    9:     0x56fdc5363a8d - __rustc[8fa7c3cbc660c2b3]::rust_begin_unwind
[INFO] [stdout]   10:     0x56fdc539cf1c - core[df12db4294e9bfd3]::panicking::panic_fmt
[INFO] [stdout]   11:     0x56fdc539cee2 - core[df12db4294e9bfd3]::panicking::panic
[INFO] [stdout]   12:     0x56fdc530a6ae - <git_test[89d409a322bd5325]::test_clone_without_target::{closure#0} as core[df12db4294e9bfd3]::ops::function::FnOnce<()>>::call_once
[INFO] [stdout]   13:     0x56fdc530ac5b - test[9d35eded1c95d3be]::__rust_begin_short_backtrace::<core[df12db4294e9bfd3]::result::Result<(), alloc[2182bb758b4b3781]::string::String>, fn() -> core[df12db4294e9bfd3]::result::Result<(), alloc[2182bb758b4b3781]::string::String>>
[INFO] [stdout]   14:     0x56fdc53182c5 - test[9d35eded1c95d3be]::run_test::{closure#0}
[INFO] [stdout]   15:     0x56fdc5311b84 - std[70759c8f55707aa4]::sys::backtrace::__rust_begin_short_backtrace::<test[9d35eded1c95d3be]::run_test::{closure#1}, ()>
[INFO] [stdout]   16:     0x56fdc531b422 - <std[70759c8f55707aa4]::thread::lifecycle::spawn_unchecked<test[9d35eded1c95d3be]::run_test::{closure#1}, ()>::{closure#1} as core[df12db4294e9bfd3]::ops::function::FnOnce<()>>::call_once::{shim:vtable#0}
[INFO] [stdout]   17:     0x56fdc5387609 - <std[70759c8f55707aa4]::sys::thread::unix::Thread>::new::thread_start
[INFO] [stdout]   18:     0x77728bf92dfa - <unknown>
[INFO] [stdout]   19:     0x77728c0263d4 - clone
[INFO] [stdout]   20:                0x0 - <unknown>
[INFO] [stdout] 
[INFO] [stdout] 
[INFO] [stdout] failures:
[INFO] [stdout]     test_clone
[INFO] [stdout]     test_clone_without_target
[INFO] [stdout]     test_get_current_branch
[INFO] [stdout]     test_get_status
[INFO] [stdout]     test_init
[INFO] [stdout]     test_list_branches
[INFO] [stdout]     test_list_stashes
[INFO] [stdout]     test_list_tags
[INFO] [stdout]     test_pull
[INFO] [stdout]     test_push
[INFO] [stdout]     test_push_tag
[INFO] [stdout]     test_stash
[INFO] [stdout] 
[INFO] [stdout] test result: FAILED. 9 passed; 12 failed; 0 ignored; 0 measured; 0 filtered out; finished in 0.08s
[INFO] [stdout] 
[INFO] running `Command { std: "docker" "inspect" "1d6346b65faaf663ad6c50e8a95aa42b08bcf408edff4b607100edd742e21155", kill_on_drop: false }`
[INFO] running `Command { std: "docker" "rm" "-f" "1d6346b65faaf663ad6c50e8a95aa42b08bcf408edff4b607100edd742e21155", kill_on_drop: false }`
[INFO] [stdout] 1d6346b65faaf663ad6c50e8a95aa42b08bcf408edff4b607100edd742e21155
