[INFO] fetching crate narcissus 0.3.0...
[INFO] testing narcissus-0.3.0 against 1.99.0-beta.8+cargoflags=--release for beta-release-1.100-2
[INFO] extracting crate narcissus 0.3.0 into /workspace/builds/worker-5-tc1/source
[INFO] started tweaking crates.io crate narcissus 0.3.0
[INFO] finished tweaking crates.io crate narcissus 0.3.0
[INFO] tweaked toml for crates.io crate narcissus 0.3.0 written to /workspace/builds/worker-5-tc1/source/Cargo.toml
[INFO] validating manifest of crates.io crate narcissus 0.3.0 on toolchain 1.99.0-beta.8
[INFO] running `Command { std: CARGO_HOME="/workspace/cargo-home" RUSTUP_HOME="/workspace/rustup-home" "/workspace/cargo-home/bin/cargo" "+1.99.0-beta.8" "metadata" "--manifest-path" "Cargo.toml" "--no-deps", kill_on_drop: false }`
[INFO] running `Command { std: CARGO_HOME="/workspace/cargo-home" RUSTUP_HOME="/workspace/rustup-home" "/workspace/cargo-home/bin/cargo" "+1.99.0-beta.8" "generate-lockfile" "--manifest-path" "Cargo.toml", kill_on_drop: false }`
[INFO] [stderr]     Updating crates.io index
[INFO] [stderr]      Locking 18 packages to highest compatible versions
[INFO] [stderr]       Adding num v0.1.43 (available: v0.4.3)
[INFO] running `Command { std: CARGO_HOME="/workspace/cargo-home" RUSTUP_HOME="/workspace/rustup-home" "/workspace/cargo-home/bin/cargo" "+1.99.0-beta.8" "fetch" "--manifest-path" "Cargo.toml", kill_on_drop: false }`
[INFO] [stderr] warning: Cargo.toml: `package.edition` is unspecified, defaulting to `2015` while the latest is `2024`
[INFO] [stderr] warning: `narcissus` (manifest) generated 1 warning
[INFO] running `Command { std: "docker" "create" "-v" "/var/lib/crater-agent-workspace/builds/worker-5-tc1/source:/opt/rustwide/workdir:ro,Z" "-v" "/var/lib/crater-agent-workspace/builds/worker-5-tc1/target:/opt/rustwide/target:rw,Z" "-v" "/var/lib/crater-agent-workspace/cargo-home:/opt/rustwide/cargo-home:ro,Z" "-v" "/var/lib/crater-agent-workspace/rustup-home:/opt/rustwide/rustup-home:ro,Z" "-m" "1610612736" "--network" "none" "ghcr.io/rust-lang/crates-build-env/linux@sha256:77db811e55d90add9212f6832c23229e3de5f1c1f9905e8cb07319ea15df73ac" "sleep" "infinity", kill_on_drop: false }`
[INFO] [stdout] 05f13c1183efbd64a2b84d3f8133fa4a3d2cec7f07f4506fc01a48b1a85c5ea8
[INFO] running `Command { std: "docker" "start" "05f13c1183efbd64a2b84d3f8133fa4a3d2cec7f07f4506fc01a48b1a85c5ea8", kill_on_drop: false }`
[INFO] running `Command { std: "docker" "inspect" "05f13c1183efbd64a2b84d3f8133fa4a3d2cec7f07f4506fc01a48b1a85c5ea8", kill_on_drop: false }`
[INFO] running `Command { std: "docker" "exec" "-e" "SOURCE_DIR=/opt/rustwide/workdir" "-e" "CARGO_HOME=/opt/rustwide/cargo-home" "-e" "RUSTUP_HOME=/opt/rustwide/rustup-home" "-e" "CARGO_TARGET_DIR=/opt/rustwide/target" "-w" "/opt/rustwide/workdir" "--user" "0:0" "05f13c1183efbd64a2b84d3f8133fa4a3d2cec7f07f4506fc01a48b1a85c5ea8" "/opt/rustwide/cargo-home/bin/cargo" "+1.99.0-beta.8" "metadata" "--no-deps" "--format-version=1", kill_on_drop: false }`
[INFO] running `Command { std: "docker" "inspect" "05f13c1183efbd64a2b84d3f8133fa4a3d2cec7f07f4506fc01a48b1a85c5ea8", kill_on_drop: false }`
[INFO] running `Command { std: "docker" "exec" "-e" "SOURCE_DIR=/opt/rustwide/workdir" "-e" "CARGO_HOME=/opt/rustwide/cargo-home" "-e" "RUSTUP_HOME=/opt/rustwide/rustup-home" "-e" "CARGO_TARGET_DIR=/opt/rustwide/target" "-e" "CARGO_INCREMENTAL=0" "-e" "RUST_BACKTRACE=full" "-e" "RUSTFLAGS=--cap-lints=warn" "-e" "RUSTDOCFLAGS=--cap-lints=warn" "-w" "/opt/rustwide/workdir" "--user" "0:0" "05f13c1183efbd64a2b84d3f8133fa4a3d2cec7f07f4506fc01a48b1a85c5ea8" "/opt/rustwide/cargo-home/bin/cargo" "+1.99.0-beta.8" "build" "--frozen" "--message-format=json" "--release", kill_on_drop: false }`
[INFO] [stderr] warning: Cargo.toml: `package.edition` is unspecified, defaulting to `2015` while the latest is `2024`
[INFO] [stderr] warning: `narcissus` (manifest) generated 1 warning
[INFO] [stderr]    Compiling num-traits v0.2.19
[INFO] [stderr]    Compiling num-bigint v0.1.45
[INFO] [stderr]    Compiling num-complex v0.1.44
[INFO] [stderr]    Compiling num-rational v0.1.43
[INFO] [stderr]    Compiling num-integer v0.1.47
[INFO] [stderr]    Compiling num-iter v0.1.46
[INFO] [stderr]    Compiling num v0.1.43
[INFO] [stderr]    Compiling narcissus v0.3.0 (/opt/rustwide/workdir)
[INFO] [stderr]     Finished `release` profile [optimized] target(s) in 4.52s
[INFO] running `Command { std: "docker" "inspect" "05f13c1183efbd64a2b84d3f8133fa4a3d2cec7f07f4506fc01a48b1a85c5ea8", kill_on_drop: false }`
[INFO] running `Command { std: "docker" "exec" "-e" "SOURCE_DIR=/opt/rustwide/workdir" "-e" "CARGO_HOME=/opt/rustwide/cargo-home" "-e" "RUSTUP_HOME=/opt/rustwide/rustup-home" "-e" "CARGO_TARGET_DIR=/opt/rustwide/target" "-e" "CARGO_INCREMENTAL=0" "-e" "RUST_BACKTRACE=full" "-e" "RUSTFLAGS=--cap-lints=warn" "-e" "RUSTDOCFLAGS=--cap-lints=warn" "-w" "/opt/rustwide/workdir" "--user" "0:0" "05f13c1183efbd64a2b84d3f8133fa4a3d2cec7f07f4506fc01a48b1a85c5ea8" "/opt/rustwide/cargo-home/bin/cargo" "+1.99.0-beta.8" "test" "--frozen" "--no-run" "--message-format=json" "--release", kill_on_drop: false }`
[INFO] [stderr] warning: Cargo.toml: `package.edition` is unspecified, defaulting to `2015` while the latest is `2024`
[INFO] [stderr] warning: `narcissus` (manifest) generated 1 warning
[INFO] [stderr]    Compiling narcissus v0.3.0 (/opt/rustwide/workdir)
[INFO] [stdout] warning: use of deprecated constant `std::f32::EPSILON`: replaced by the `EPSILON` associated constant on `f32`
[INFO] [stdout]    --> src/lib.rs:148:54
[INFO] [stdout]     |
[INFO] [stdout] 148 |         assert!((distance - 1.7320508).abs() <= f32::EPSILON);
[INFO] [stdout]     |                                                      ^^^^^^^
[INFO] [stdout]     |
[INFO] [stdout]     = note: `#[warn(deprecated)]` on by default
[INFO] [stdout] 
[INFO] [stdout] 
[INFO] [stdout] warning: unused variable: `sim_one_three`
[INFO] [stdout]    --> src/lib.rs:183:13
[INFO] [stdout]     |
[INFO] [stdout] 183 |         let sim_one_three = pearson_correlation(vec_one_bis, vec_three);
[INFO] [stdout]     |             ^^^^^^^^^^^^^ help: if this is intentional, prefix it with an underscore: `_sim_one_three`
[INFO] [stdout]     |
[INFO] [stdout]     = note: `#[warn(unused_variables)]` (part of `#[warn(unused)]`) on by default
[INFO] [stdout] 
[INFO] [stdout] 
[INFO] [stderr]     Finished `release` profile [optimized] target(s) in 0.54s
[INFO] running `Command { std: "docker" "inspect" "05f13c1183efbd64a2b84d3f8133fa4a3d2cec7f07f4506fc01a48b1a85c5ea8", kill_on_drop: false }`
[INFO] running `Command { std: "docker" "exec" "-e" "SOURCE_DIR=/opt/rustwide/workdir" "-e" "CARGO_HOME=/opt/rustwide/cargo-home" "-e" "RUSTUP_HOME=/opt/rustwide/rustup-home" "-e" "CARGO_TARGET_DIR=/opt/rustwide/target" "-e" "CARGO_INCREMENTAL=0" "-e" "RUST_BACKTRACE=full" "-e" "RUSTFLAGS=--cap-lints=warn" "-e" "RUSTDOCFLAGS=--cap-lints=warn" "-w" "/opt/rustwide/workdir" "--user" "0:0" "05f13c1183efbd64a2b84d3f8133fa4a3d2cec7f07f4506fc01a48b1a85c5ea8" "/opt/rustwide/cargo-home/bin/cargo" "+1.99.0-beta.8" "test" "--frozen" "--release", kill_on_drop: false }`
[INFO] [stderr] warning: Cargo.toml: `package.edition` is unspecified, defaulting to `2015` while the latest is `2024`
[INFO] [stderr] warning: `narcissus` (manifest) generated 1 warning
[INFO] [stderr] warning: use of deprecated constant `std::f32::EPSILON`: replaced by the `EPSILON` associated constant on `f32`
[INFO] [stderr]    --> src/lib.rs:148:54
[INFO] [stderr]     |
[INFO] [stderr] 148 |         assert!((distance - 1.7320508).abs() <= f32::EPSILON);
[INFO] [stderr]     |                                                      ^^^^^^^
[INFO] [stderr]     |
[INFO] [stderr]     = note: `#[warn(deprecated)]` on by default
[INFO] [stderr] 
[INFO] [stderr] warning: unused variable: `sim_one_three`
[INFO] [stderr]    --> src/lib.rs:183:13
[INFO] [stderr]     |
[INFO] [stderr] 183 |         let sim_one_three = pearson_correlation(vec_one_bis, vec_three);
[INFO] [stderr]     |             ^^^^^^^^^^^^^ help: if this is intentional, prefix it with an underscore: `_sim_one_three`
[INFO] [stderr]     |
[INFO] [stderr]     = note: `#[warn(unused_variables)]` (part of `#[warn(unused)]`) on by default
[INFO] [stderr] 
[INFO] [stderr] warning: `narcissus` (lib test) generated 2 warnings (run `cargo fix --lib -p narcissus --tests` to apply 1 suggestion)
[INFO] [stderr]     Finished `release` profile [optimized] target(s) in 0.02s
[INFO] [stderr]      Running unittests src/lib.rs (/opt/rustwide/target/release/deps/narcissus-3a7474062d3593bb)
[INFO] [stdout] 
[INFO] [stdout] running 4 tests
[INFO] [stdout] test tests::test_cosine_similarity ... ok
[INFO] [stdout] test tests::test_jaccard_coeficient ... ok
[INFO] [stdout] test tests::test_pearson_correlation ... FAILED
[INFO] [stdout] test tests::test_euclidian_distance ... ok
[INFO] [stdout] 
[INFO] [stdout] failures:
[INFO] [stdout] 
[INFO] [stdout] ---- tests::test_pearson_correlation stdout ----
[INFO] [stdout] 
[INFO] [stdout] thread 'tests::test_pearson_correlation' (399) panicked at src/lib.rs:188:9:
[INFO] [stdout] assertion `left == right` failed
[INFO] [stdout]   left: 0.16594237
[INFO] [stdout]  right: 1.0
[INFO] [stdout] stack backtrace:
[INFO] [stdout]    0:     0x61d09617f741 - <<std[70759c8f55707aa4]::sys::backtrace::BacktraceLock>::print::DisplayBacktrace as core[df12db4294e9bfd3]::fmt::Display>::fmt
[INFO] [stdout]    1:     0x61d0961943fa - core[df12db4294e9bfd3]::fmt::write
[INFO] [stdout]    2:     0x61d096183bdc - <alloc[2182bb758b4b3781]::vec::Vec<u8> as core[df12db4294e9bfd3]::io::write::Write>::write_fmt
[INFO] [stdout]    3:     0x61d09615bd36 - std[70759c8f55707aa4]::panicking::default_hook::{closure#0}
[INFO] [stdout]    4:     0x61d096177ea9 - std[70759c8f55707aa4]::panicking::default_hook
[INFO] [stdout]    5:     0x61d096114330 - test[9d35eded1c95d3be]::test_main_inner::<test[9d35eded1c95d3be]::test_main_static::{closure#0}>::{closure#0}
[INFO] [stdout]    6:     0x61d096178062 - std[70759c8f55707aa4]::panicking::panic_with_hook
[INFO] [stdout]    7:     0x61d09615bde2 - std[70759c8f55707aa4]::panicking::panic_handler::{closure#0}
[INFO] [stdout]    8:     0x61d096154b69 - std[70759c8f55707aa4]::sys::backtrace::__rust_end_short_backtrace::<std[70759c8f55707aa4]::panicking::panic_handler::{closure#0}, !>
[INFO] [stdout]    9:     0x61d09615c9dd - __rustc[8fa7c3cbc660c2b3]::rust_begin_unwind
[INFO] [stdout]   10:     0x61d096194b2c - core[df12db4294e9bfd3]::panicking::panic_fmt
[INFO] [stdout]   11:     0x61d096194a43 - core[df12db4294e9bfd3]::panicking::assert_failed_inner
[INFO] [stdout]   12:     0x61d096106d9a - core[df12db4294e9bfd3]::panicking::assert_failed::<f32, f32>
[INFO] [stdout]   13:     0x61d09610752c - <narcissus[d20b351ba0f36641]::tests::test_pearson_correlation::{closure#0} as core[df12db4294e9bfd3]::ops::function::FnOnce<()>>::call_once
[INFO] [stdout]   14:     0x61d09610761b - test[9d35eded1c95d3be]::__rust_begin_short_backtrace::<core[df12db4294e9bfd3]::result::Result<(), alloc[2182bb758b4b3781]::string::String>, fn() -> core[df12db4294e9bfd3]::result::Result<(), alloc[2182bb758b4b3781]::string::String>>
[INFO] [stdout]   15:     0x61d096114c85 - test[9d35eded1c95d3be]::run_test::{closure#0}
[INFO] [stdout]   16:     0x61d09610e544 - std[70759c8f55707aa4]::sys::backtrace::__rust_begin_short_backtrace::<test[9d35eded1c95d3be]::run_test::{closure#1}, ()>
[INFO] [stdout]   17:     0x61d096117de2 - <std[70759c8f55707aa4]::thread::lifecycle::spawn_unchecked<test[9d35eded1c95d3be]::run_test::{closure#1}, ()>::{closure#1} as core[df12db4294e9bfd3]::ops::function::FnOnce<()>>::call_once::{shim:vtable#0}
[INFO] [stdout]   18:     0x61d09617f019 - <std[70759c8f55707aa4]::sys::thread::unix::Thread>::new::thread_start
[INFO] [stdout]   19:     0x7e301434bdfa - <unknown>
[INFO] [stdout]   20:     0x7e30143df3d4 - clone
[INFO] [stdout]   21:                0x0 - <unknown>
[INFO] [stdout] 
[INFO] [stdout] 
[INFO] [stdout] failures:
[INFO] [stdout]     tests::test_pearson_correlation
[INFO] [stdout] 
[INFO] [stdout] test result: FAILED. 3 passed; 1 failed; 0 ignored; 0 measured; 0 filtered out; finished in 0.00s
[INFO] [stdout] 
[INFO] [stderr] error: test failed, to rerun pass `--lib`
[INFO] running `Command { std: "docker" "inspect" "05f13c1183efbd64a2b84d3f8133fa4a3d2cec7f07f4506fc01a48b1a85c5ea8", kill_on_drop: false }`
[INFO] running `Command { std: "docker" "rm" "-f" "05f13c1183efbd64a2b84d3f8133fa4a3d2cec7f07f4506fc01a48b1a85c5ea8", kill_on_drop: false }`
[INFO] [stdout] 05f13c1183efbd64a2b84d3f8133fa4a3d2cec7f07f4506fc01a48b1a85c5ea8
