[INFO] fetching crate napa 1.0.3...
[INFO] testing napa-1.0.3 against 1.99.0-beta.8+cargoflags=--release for beta-release-1.100-2
[INFO] extracting crate napa 1.0.3 into /workspace/builds/worker-4-tc1/source
[INFO] started tweaking crates.io crate napa 1.0.3
[INFO] removed 0 missing tests
[INFO] finished tweaking crates.io crate napa 1.0.3
[INFO] tweaked toml for crates.io crate napa 1.0.3 written to /workspace/builds/worker-4-tc1/source/Cargo.toml
[INFO] validating manifest of crates.io crate napa 1.0.3 on toolchain 1.99.0-beta.8
[INFO] running `Command { std: CARGO_HOME="/workspace/cargo-home" RUSTUP_HOME="/workspace/rustup-home" "/workspace/cargo-home/bin/cargo" "+1.99.0-beta.8" "metadata" "--manifest-path" "Cargo.toml" "--no-deps", kill_on_drop: false }`
[INFO] crate crates.io crate napa 1.0.3 already has a lockfile, it will not be regenerated
[INFO] running `Command { std: CARGO_HOME="/workspace/cargo-home" RUSTUP_HOME="/workspace/rustup-home" "/workspace/cargo-home/bin/cargo" "+1.99.0-beta.8" "fetch" "--manifest-path" "Cargo.toml", kill_on_drop: false }`
[INFO] [stderr]     Updating crates.io index
[INFO] [stderr]  Downloading crates ...
[INFO] [stderr]   Downloaded tree_magic_mini v3.2.2
[INFO] [stderr]   Downloaded rustix-linux-procfs v0.1.1
[INFO] [stderr]   Downloaded secmem-proc v0.3.8
[INFO] [stderr]   Downloaded endian-type v0.2.0
[INFO] [stderr]   Downloaded comma v1.0.0
[INFO] [stderr]   Downloaded rexpect v0.7.1
[INFO] [stderr]   Downloaded wl-clipboard-rs v0.9.3
[INFO] [stderr]   Downloaded ratatui-textarea v0.9.1
[INFO] [stderr]   Downloaded rustyline v18.0.0
[INFO] [stderr]   Downloaded radix_trie v0.3.0
[INFO] [stderr]   Downloaded assert_fs v1.1.3
[INFO] [stderr]   Downloaded doc-comment v0.3.4
[INFO] [stderr]   Downloaded minus v5.7.1
[INFO] running `Command { std: "docker" "create" "-v" "/var/lib/crater-agent-workspace/builds/worker-4-tc1/source:/opt/rustwide/workdir:ro,Z" "-v" "/var/lib/crater-agent-workspace/builds/worker-4-tc1/target:/opt/rustwide/target:rw,Z" "-v" "/var/lib/crater-agent-workspace/cargo-home:/opt/rustwide/cargo-home:ro,Z" "-v" "/var/lib/crater-agent-workspace/rustup-home:/opt/rustwide/rustup-home:ro,Z" "-m" "1610612736" "--network" "none" "ghcr.io/rust-lang/crates-build-env/linux@sha256:77db811e55d90add9212f6832c23229e3de5f1c1f9905e8cb07319ea15df73ac" "sleep" "infinity", kill_on_drop: false }`
[INFO] [stdout] 86583e4b139b757eacd2ef54a161e36c02de63f61084142dd2903cc7ffd33193
[INFO] running `Command { std: "docker" "start" "86583e4b139b757eacd2ef54a161e36c02de63f61084142dd2903cc7ffd33193", kill_on_drop: false }`
[INFO] running `Command { std: "docker" "inspect" "86583e4b139b757eacd2ef54a161e36c02de63f61084142dd2903cc7ffd33193", kill_on_drop: false }`
[INFO] running `Command { std: "docker" "exec" "-e" "SOURCE_DIR=/opt/rustwide/workdir" "-e" "CARGO_HOME=/opt/rustwide/cargo-home" "-e" "RUSTUP_HOME=/opt/rustwide/rustup-home" "-e" "CARGO_TARGET_DIR=/opt/rustwide/target" "-w" "/opt/rustwide/workdir" "--user" "0:0" "86583e4b139b757eacd2ef54a161e36c02de63f61084142dd2903cc7ffd33193" "/opt/rustwide/cargo-home/bin/cargo" "+1.99.0-beta.8" "metadata" "--no-deps" "--format-version=1", kill_on_drop: false }`
[INFO] running `Command { std: "docker" "inspect" "86583e4b139b757eacd2ef54a161e36c02de63f61084142dd2903cc7ffd33193", kill_on_drop: false }`
[INFO] running `Command { std: "docker" "exec" "-e" "SOURCE_DIR=/opt/rustwide/workdir" "-e" "CARGO_HOME=/opt/rustwide/cargo-home" "-e" "RUSTUP_HOME=/opt/rustwide/rustup-home" "-e" "CARGO_TARGET_DIR=/opt/rustwide/target" "-e" "CARGO_INCREMENTAL=0" "-e" "RUST_BACKTRACE=full" "-e" "RUSTFLAGS=--cap-lints=warn" "-e" "RUSTDOCFLAGS=--cap-lints=warn" "-w" "/opt/rustwide/workdir" "--user" "0:0" "86583e4b139b757eacd2ef54a161e36c02de63f61084142dd2903cc7ffd33193" "/opt/rustwide/cargo-home/bin/cargo" "+1.99.0-beta.8" "build" "--frozen" "--message-format=json" "--release", kill_on_drop: false }`
[INFO] [stderr]    Compiling proc-macro2 v1.0.106
[INFO] [stderr]    Compiling quote v1.0.45
[INFO] [stderr]    Compiling unicode-ident v1.0.24
[INFO] [stderr]    Compiling libc v0.2.186
[INFO] [stderr]    Compiling cfg-if v1.0.4
[INFO] [stderr]    Compiling smallvec v1.15.1
[INFO] [stderr]    Compiling bitflags v2.11.1
[INFO] [stderr]    Compiling version_check v0.9.5
[INFO] [stderr]    Compiling typenum v1.20.0
[INFO] [stderr]    Compiling rustix v1.1.4
[INFO] [stderr]    Compiling stable_deref_trait v1.2.1
[INFO] [stderr]    Compiling linux-raw-sys v0.12.1
[INFO] [stderr]    Compiling equivalent v1.0.2
[INFO] [stderr]    Compiling thiserror v2.0.18
[INFO] [stderr]    Compiling unicode-width v0.2.2
[INFO] [stderr]    Compiling rustversion v1.0.22
[INFO] [stderr]    Compiling pkg-config v0.3.33
[INFO] [stderr]    Compiling heck v0.5.0
[INFO] [stderr]    Compiling memchr v2.8.0
[INFO] [stderr]    Compiling log v0.4.30
[INFO] [stderr]    Compiling shlex v1.3.0
[INFO] [stderr]    Compiling find-msvc-tools v0.1.9
[INFO] [stderr]    Compiling unicode-segmentation v1.13.2
[INFO] [stderr]    Compiling foldhash v0.2.0
[INFO] [stderr]    Compiling writeable v0.6.3
[INFO] [stderr]    Compiling strsim v0.11.1
[INFO] [stderr]    Compiling parking_lot_core v0.9.12
[INFO] [stderr]    Compiling subtle v2.6.1
[INFO] [stderr]    Compiling cc v1.2.62
[INFO] [stderr]    Compiling signal-hook v0.3.18
[INFO] [stderr]    Compiling litemap v0.8.2
[INFO] [stderr]    Compiling allocator-api2 v0.2.21
[INFO] [stderr]    Compiling generic-array v0.14.7
[INFO] [stderr]    Compiling ident_case v1.0.1
[INFO] [stderr]    Compiling utf8_iter v1.0.4
[INFO] [stderr]    Compiling wayland-sys v0.31.11
[INFO] [stderr]    Compiling icu_properties_data v2.2.0
[INFO] [stderr]    Compiling either v1.16.0
[INFO] [stderr]    Compiling icu_normalizer_data v2.2.0
[INFO] [stderr]    Compiling scopeguard v1.2.0
[INFO] [stderr]    Compiling downcast-rs v1.2.1
[INFO] [stderr]    Compiling static_assertions v1.1.0
[INFO] [stderr]    Compiling convert_case v0.10.0
[INFO] [stderr]    Compiling lock_api v0.4.14
[INFO] [stderr]    Compiling ryu v1.0.23
[INFO] [stderr]    Compiling wayland-client v0.31.14
[INFO] [stderr]    Compiling itertools v0.14.0
[INFO] [stderr]    Compiling utf8parse v0.2.2
[INFO] [stderr]    Compiling castaway v0.2.4
[INFO] [stderr]    Compiling instability v0.3.12
[INFO] [stderr]    Compiling syn v2.0.117
[INFO] [stderr]    Compiling hashbrown v0.16.1
[INFO] [stderr]    Compiling indoc v2.0.7
[INFO] [stderr]    Compiling litrs v1.0.0
[INFO] [stderr]    Compiling itoa v1.0.18
[INFO] [stderr]    Compiling cfg_aliases v0.2.1
[INFO] [stderr]    Compiling hashbrown v0.17.1
[INFO] [stderr]    Compiling foldhash v0.1.5
[INFO] [stderr]    Compiling compact_str v0.9.0
[INFO] [stderr]    Compiling cpufeatures v0.2.17
[INFO] [stderr]    Compiling crossbeam-utils v0.8.21
[INFO] [stderr]    Compiling powerfmt v0.2.0
[INFO] [stderr]    Compiling quick-xml v0.39.4
[INFO] [stderr]    Compiling hashbrown v0.15.5
[INFO] [stderr]    Compiling deranged v0.5.8
[INFO] [stderr]    Compiling nix v0.31.3
[INFO] [stderr]    Compiling anstyle-parse v1.0.0
[INFO] [stderr]    Compiling aho-corasick v1.1.4
[INFO] [stderr]    Compiling time-core v0.1.8
[INFO] [stderr]    Compiling document-features v0.2.12
[INFO] [stderr]    Compiling getrandom v0.4.2
[INFO] [stderr]    Compiling fixedbitset v0.5.7
[INFO] [stderr]    Compiling anyhow v1.0.102
[INFO] [stderr]    Compiling inout v0.1.4
[INFO] [stderr]    Compiling block-buffer v0.10.4
[INFO] [stderr]    Compiling lru v0.16.4
[INFO] [stderr]    Compiling regex-syntax v0.8.10
[INFO] [stderr]    Compiling num-conv v0.2.2
[INFO] [stderr]    Compiling is_terminal_polyfill v1.70.2
[INFO] [stderr]    Compiling rand_core v0.10.1
[INFO] [stderr]    Compiling colorchoice v1.0.5
[INFO] [stderr]    Compiling anstyle-query v1.1.5
[INFO] [stderr]    Compiling zeroize v1.8.2
[INFO] [stderr]    Compiling indexmap v2.14.0
[INFO] [stderr]    Compiling anstyle v1.0.14
[INFO] [stderr]    Compiling nom v8.0.0
[INFO] [stderr]    Compiling anstream v1.0.0
[INFO] [stderr]    Compiling nibble_vec v0.1.0
[INFO] [stderr]    Compiling line-clipping v0.3.7
[INFO] [stderr]    Compiling wayland-backend v0.3.15
[INFO] [stderr]    Compiling clap_lex v1.1.0
[INFO] [stderr]    Compiling endian-type v0.2.0
[INFO] [stderr]    Compiling wayland-scanner v0.31.10
[INFO] [stderr]    Compiling opaque-debug v0.3.1
[INFO] [stderr]    Compiling base64ct v1.8.3
[INFO] [stderr]    Compiling once_cell v1.21.4
[INFO] [stderr]    Compiling cpufeatures v0.3.0
[INFO] [stderr]    Compiling percent-encoding v2.3.2
[INFO] [stderr]    Compiling clap_builder v4.6.0
[INFO] [stderr]    Compiling chacha20 v0.10.0
[INFO] [stderr]    Compiling form_urlencoded v1.2.2
[INFO] [stderr]    Compiling getrandom v0.2.17
[INFO] [stderr]    Compiling errno v0.3.14
[INFO] [stderr]    Compiling mio v1.2.0
[INFO] [stderr]    Compiling rand_core v0.6.4
[INFO] [stderr]    Compiling os_pipe v1.2.3
[INFO] [stderr]    Compiling signal-hook-registry v1.4.8
[INFO] [stderr]    Compiling crypto-common v0.1.7
[INFO] [stderr]    Compiling password-hash v0.5.0
[INFO] [stderr]    Compiling unicode-truncate v2.0.1
[INFO] [stderr]    Compiling parking_lot v0.12.5
[INFO] [stderr]    Compiling digest v0.10.7
[INFO] [stderr]    Compiling universal-hash v0.5.1
[INFO] [stderr]    Compiling cipher v0.4.4
[INFO] [stderr]    Compiling blake2 v0.10.6
[INFO] [stderr]    Compiling poly1305 v0.8.0
[INFO] [stderr]    Compiling aead v0.5.2
[INFO] [stderr]    Compiling signal-hook-mio v0.2.5
[INFO] [stderr]    Compiling time v0.3.47
[INFO] [stderr]    Compiling chacha20 v0.9.1
[INFO] [stderr]    Compiling petgraph v0.8.3
[INFO] [stderr]    Compiling crossbeam-channel v0.5.15
[INFO] [stderr]    Compiling radix_trie v0.3.0
[INFO] [stderr]    Compiling textwrap v0.16.2
[INFO] [stderr]    Compiling home v0.5.12
[INFO] [stderr]    Compiling numtoa v0.2.4
[INFO] [stderr]    Compiling chacha20poly1305 v0.10.1
[INFO] [stderr]    Compiling argon2 v0.5.3
[INFO] [stderr]    Compiling rand v0.10.1
[INFO] [stderr]    Compiling termion v4.0.6
[INFO] [stderr]    Compiling regex-automata v0.4.14
[INFO] [stderr]    Compiling synstructure v0.13.2
[INFO] [stderr]    Compiling darling_core v0.23.0
[INFO] [stderr]    Compiling rustyline v18.0.0
[INFO] [stderr]    Compiling zerofrom-derive v0.1.7
[INFO] [stderr]    Compiling yoke-derive v0.8.2
[INFO] [stderr]    Compiling zerovec-derive v0.11.3
[INFO] [stderr]    Compiling displaydoc v0.2.5
[INFO] [stderr]    Compiling thiserror-impl v2.0.18
[INFO] [stderr]    Compiling derive_more-impl v2.1.1
[INFO] [stderr]    Compiling strum_macros v0.27.2
[INFO] [stderr]    Compiling clap_derive v4.6.1
[INFO] [stderr]    Compiling regex v1.12.3
[INFO] [stderr]    Compiling derive_more v2.1.1
[INFO] [stderr]    Compiling tree_magic_mini v3.2.2
[INFO] [stderr]    Compiling zerofrom v0.1.8
[INFO] [stderr]    Compiling yoke v0.8.2
[INFO] [stderr]    Compiling kasuari v0.4.12
[INFO] [stderr]    Compiling zerovec v0.11.6
[INFO] [stderr]    Compiling zerotrie v0.2.4
[INFO] [stderr]    Compiling darling_macro v0.23.0
[INFO] [stderr]    Compiling clap v4.6.1
[INFO] [stderr]    Compiling strum v0.27.2
[INFO] [stderr]    Compiling ratatui-core v0.1.0
[INFO] [stderr]    Compiling tinystr v0.8.3
[INFO] [stderr]    Compiling potential_utf v0.1.5
[INFO] [stderr]    Compiling darling v0.23.0
[INFO] [stderr]    Compiling crossterm v0.29.0
[INFO] [stderr]    Compiling rustix-linux-procfs v0.1.1
[INFO] [stderr]    Compiling secmem-proc v0.3.8
[INFO] [stderr]    Compiling icu_collections v2.2.0
[INFO] [stderr]    Compiling icu_locale_core v2.2.0
[INFO] [stderr]    Compiling minus v5.7.1
[INFO] [stderr]    Compiling ratatui-crossterm v0.1.0
[INFO] [stderr]    Compiling ratatui-widgets v0.3.0
[INFO] [stderr]    Compiling icu_provider v2.2.0
[INFO] [stderr]    Compiling icu_normalizer v2.2.0
[INFO] [stderr]    Compiling icu_properties v2.2.0
[INFO] [stderr]    Compiling wayland-protocols v0.32.12
[INFO] [stderr]    Compiling idna_adapter v1.2.2
[INFO] [stderr]    Compiling ratatui-textarea v0.9.1
[INFO] [stderr]    Compiling idna v1.1.0
[INFO] [stderr]    Compiling url v2.5.8
[INFO] [stderr]    Compiling wayland-protocols-wlr v0.3.12
[INFO] [stderr]    Compiling wl-clipboard-rs v0.9.3
[INFO] [stderr]    Compiling napa v1.0.3 (/opt/rustwide/workdir)
[INFO] [stderr]     Finished `release` profile [optimized] target(s) in 1m 52s
[INFO] running `Command { std: "docker" "inspect" "86583e4b139b757eacd2ef54a161e36c02de63f61084142dd2903cc7ffd33193", kill_on_drop: false }`
[INFO] running `Command { std: "docker" "exec" "-e" "SOURCE_DIR=/opt/rustwide/workdir" "-e" "CARGO_HOME=/opt/rustwide/cargo-home" "-e" "RUSTUP_HOME=/opt/rustwide/rustup-home" "-e" "CARGO_TARGET_DIR=/opt/rustwide/target" "-e" "CARGO_INCREMENTAL=0" "-e" "RUST_BACKTRACE=full" "-e" "RUSTFLAGS=--cap-lints=warn" "-e" "RUSTDOCFLAGS=--cap-lints=warn" "-w" "/opt/rustwide/workdir" "--user" "0:0" "86583e4b139b757eacd2ef54a161e36c02de63f61084142dd2903cc7ffd33193" "/opt/rustwide/cargo-home/bin/cargo" "+1.99.0-beta.8" "test" "--frozen" "--no-run" "--message-format=json" "--release", kill_on_drop: false }`
[INFO] [stderr]    Compiling aho-corasick v1.1.4
[INFO] [stderr]    Compiling autocfg v1.5.1
[INFO] [stderr]    Compiling nix v0.31.3
[INFO] [stderr]    Compiling crossbeam-epoch v0.9.18
[INFO] [stderr]    Compiling predicates-core v1.0.10
[INFO] [stderr]    Compiling same-file v1.0.6
[INFO] [stderr]    Compiling fastrand v2.4.1
[INFO] [stderr]    Compiling normalize-line-endings v0.3.0
[INFO] [stderr]    Compiling difflib v0.4.0
[INFO] [stderr]    Compiling doc-comment v0.3.4
[INFO] [stderr]    Compiling termtree v0.5.1
[INFO] [stderr]    Compiling assert_cmd v2.2.2
[INFO] [stderr]    Compiling wait-timeout v0.2.1
[INFO] [stderr]    Compiling comma v1.0.0
[INFO] [stderr]    Compiling walkdir v2.5.0
[INFO] [stderr]    Compiling predicates-tree v1.0.13
[INFO] [stderr]    Compiling tempfile v3.27.0
[INFO] [stderr]    Compiling num-traits v0.2.19
[INFO] [stderr]    Compiling crossbeam-deque v0.8.6
[INFO] [stderr]    Compiling float-cmp v0.10.0
[INFO] [stderr]    Compiling regex-automata v0.4.14
[INFO] [stderr]    Compiling rustyline v18.0.0
[INFO] [stderr]    Compiling regex v1.12.3
[INFO] [stderr]    Compiling bstr v1.12.1
[INFO] [stderr]    Compiling globset v0.4.18
[INFO] [stderr]    Compiling predicates v3.1.4
[INFO] [stderr]    Compiling minus v5.7.1
[INFO] [stderr]    Compiling rexpect v0.7.1
[INFO] [stderr]    Compiling ignore v0.4.25
[INFO] [stderr]    Compiling globwalk v0.9.1
[INFO] [stderr]    Compiling assert_fs v1.1.3
[INFO] [stderr]    Compiling napa v1.0.3 (/opt/rustwide/workdir)
[INFO] [stderr]     Finished `release` profile [optimized] target(s) in 1m 08s
[INFO] running `Command { std: "docker" "inspect" "86583e4b139b757eacd2ef54a161e36c02de63f61084142dd2903cc7ffd33193", kill_on_drop: false }`
[INFO] running `Command { std: "docker" "exec" "-e" "SOURCE_DIR=/opt/rustwide/workdir" "-e" "CARGO_HOME=/opt/rustwide/cargo-home" "-e" "RUSTUP_HOME=/opt/rustwide/rustup-home" "-e" "CARGO_TARGET_DIR=/opt/rustwide/target" "-e" "CARGO_INCREMENTAL=0" "-e" "RUST_BACKTRACE=full" "-e" "RUSTFLAGS=--cap-lints=warn" "-e" "RUSTDOCFLAGS=--cap-lints=warn" "-w" "/opt/rustwide/workdir" "--user" "0:0" "86583e4b139b757eacd2ef54a161e36c02de63f61084142dd2903cc7ffd33193" "/opt/rustwide/cargo-home/bin/cargo" "+1.99.0-beta.8" "test" "--frozen" "--release", kill_on_drop: false }`
[INFO] [stderr]     Finished `release` profile [optimized] target(s) in 0.19s
[INFO] [stderr]      Running unittests src/main.rs (/opt/rustwide/target/release/deps/napa-02e24f2101ee005b)
[INFO] [stdout] 
[INFO] [stdout] running 52 tests
[INFO] [stdout] test alloc::test::test_zero ... ok
[INFO] [stdout] test charset::tests::random_string_characters_are_taken_from_charset ... ok
[INFO] [stdout] test crypto::padding::tests::pad_unpad_roundtrips ... ok
[INFO] [stdout] test crypto::padding::tests::unpad_fails_if_invalid_byte_present ... ok
[INFO] [stdout] test crypto::padding::tests::unpad_removes_terminator_byte ... ok
[INFO] [stdout] test crypto::padding::tests::unpad_removes_padding_bytes ... ok
[INFO] [stdout] test crypto::padding::tests::unpad_fails_if_marker_byte_not_found ... ok
[INFO] [stdout] test header::tests::deserialization_detects_too_short_header ... ok
[INFO] [stdout] test entries::tests::database_header_corruption_is_detected ... ok
[INFO] [stdout] test entries::tests::entries_serialization_roundtrips ... ok
[INFO] [stdout] test entries::tests::string_serialization_roundtrips ... ok
[INFO] [stdout] test header::tests::deserialization_detects_wrong_magic ... ok
[INFO] [stdout] test database::tests::read_detects_too_short_header ... ok
[INFO] [stdout] test repl::clip::tests::password_of_entry_is_copied_and_cleared ... ignored
[INFO] [stdout] test header::tests::deserialization_detects_wrong_version ... ok
[INFO] [stdout] test charset::tests::random_string_length_matches_input_length ... ok
[INFO] [stdout] test repl::del::tests::entry_is_deleted_if_confirmed ... ok
[INFO] [stdout] test repl::del::tests::entry_is_not_deleted_if_not_confirmed ... ok
[INFO] [stdout] test entries::tests::database_ciphertext_corruption_is_detected ... ok
[INFO] [stdout] test repl::del::tests::entries_unchanged_if_entry_name_does_not_exist ... ok
[INFO] [stdout] test repl::clip::tests::matching_passwords_are_returned ... ok
[INFO] [stdout] test header::tests::header_size_matches ... ok
[INFO] [stdout] test entries::tests::encryption_roundtrips ... ok
[INFO] [stdout] test crypto::padding::tests::pad_fails_if_blocksize_is_zero ... ok
[INFO] [stdout] test crypto::padding::tests::pad_adds_only_terminator_byte ... ok
[INFO] [stdout] test repl::edit::tests::edit_does_not_insert_new_entry_if_empty ... ok
[INFO] [stdout] test repl::generate::tests::gen_adds_password_to_start_if_no_existing_password_exists ... ok
[INFO] [stdout] test repl::edit::tests::edit_detects_if_content_unchanged ... ok
[INFO] [stdout] test repl::edit::tests::edit_updates_content_if_entry_exists ... ok
[INFO] [stdout] test header::tests::serialization_roundtrips ... ok
[INFO] [stdout] test repl::edit::tests::edit_inserts_new_entry_if_non_empty ... ok
[INFO] [stdout] test crypto::chacha20::tests::test_vector ... ok
[INFO] [stdout] test repl::generate::tests::gen_does_not_overwrite_password_if_not_confirmed ... ok
[INFO] [stdout] test repl::do_move::tests::entries_unmodified_if_source_does_not_exist ... ok
[INFO] [stdout] test repl::generate::tests::gen_overwrites_password_if_confirmed ... ok
[INFO] [stdout] test repl::prefix::tests::find_domain_returns_list_of_domains ... ok
[INFO] [stdout] test repl::prefix::tests::find_password_returns_first_password ... ok
[INFO] [stdout] test repl::prefix::tests::find_password_returns_none_if_no_password ... ok
[INFO] [stdout] test repl::prefix::tests::find_username_returns_username ... ok
[INFO] [stdout] test repl::prefix::tests::replace_password_does_nothing_if_no_password_found ... ok
[INFO] [stdout] test repl::do_move::tests::entries_unmodified_if_dest_exists ... ok
[INFO] [stdout] test database::tests::can_overwrite_old_database ... ok
[INFO] [stdout] test repl::do_move::tests::source_moved_if_dest_does_not_exist ... ok
[INFO] [stdout] test repl::generate::tests::gen_creates_new_entry_if_does_not_exist ... ok
[INFO] [stdout] test crypto::padding::tests::pad_adds_padding_bytes ... ok
[INFO] [stdout] test database::tests::read_write_roundtrips ... ok
[INFO] [stdout] test repl::prefix::tests::replace_password_replaces_first_password ... ok
[INFO] [stdout] test database::tests::write_new_fails_if_path_exists ... ok
[INFO] [stdout] test repl::util::tests::confirm_prompt_returns_false_for_no ... ok
[INFO] [stdout] test repl::util::tests::confirm_prompt_returns_true_for_yes ... ok
[INFO] [stdout] test repl::util::tests::read_write_database_roundtrips ... ok
[INFO] [stdout] test crypto::argon2::tests::test_vector ... ok
[INFO] [stdout] 
[INFO] [stdout] test result: ok. 51 passed; 0 failed; 1 ignored; 0 measured; 0 filtered out; finished in 0.16s
[INFO] [stdout] 
[INFO] [stderr]      Running tests/cli.rs (/opt/rustwide/target/release/deps/cli-9213a3536e336176)
[INFO] [stdout] 
[INFO] [stdout] running 7 tests
[INFO] [stdout] test pass_nonexistent_file_fails ... ok
[INFO] [stdout] test open_nonexistent_file_fails ... ok
[INFO] [stdout] test open_too_short_file_fails ... ok
[INFO] [stdout] test pass_with_wrong_passphrase_leaves_db_unchanged ... FAILED
[INFO] [stdout] test open_with_wrong_passphrase_fails ... FAILED
[INFO] [stdout] test changing_passphrase_of_db_preserves_passwords ... FAILED
[INFO] [stdout] test init_existing_file_fails ... FAILED
[INFO] [stdout] 
[INFO] [stdout] failures:
[INFO] [stdout] 
[INFO] [stdout] ---- pass_with_wrong_passphrase_leaves_db_unchanged stdout ----
[INFO] [stdout] 
[INFO] [stdout] thread 'pass_with_wrong_passphrase_leaves_db_unchanged' (2858) panicked at tests/cli.rs:25:73:
[INFO] [stdout] Unexpected failure.
[INFO] [stdout] code=<interrupted>
[INFO] [stdout] stderr=```""```
[INFO] [stdout] command=`"/opt/rustwide/target/release/napa" "init" "/tmp/.tmpx7Z9mX/test.napa"`
[INFO] [stdout] code=<interrupted>
[INFO] [stdout] stdout=```
[INFO] [stdout] The new passphrase for this database file is: important-worry-breeze-cushion-anew-problem
[INFO] [stdout] Remember this passphrase! It will not be displayed again.
[INFO] [stdout] Deriving key...
[INFO] [stdout] ```
[INFO] [stdout] 
[INFO] [stdout] stderr=""
[INFO] [stdout] 
[INFO] [stdout] stack backtrace:
[INFO] [stdout]    0:     0x5f5dd504be35 - <<std[70759c8f55707aa4]::sys::backtrace::BacktraceLock>::print::DisplayBacktrace as core[df12db4294e9bfd3]::fmt::Display>::fmt
[INFO] [stdout]    1:     0x5f5dd4f9b8fa - core[df12db4294e9bfd3]::fmt::write
[INFO] [stdout]    2:     0x5f5dd504b4cb - <alloc[2182bb758b4b3781]::vec::Vec<u8> as core[df12db4294e9bfd3]::io::write::Write>::write_fmt
[INFO] [stdout]    3:     0x5f5dd504afaf - std[70759c8f55707aa4]::panicking::default_hook::{closure#0}
[INFO] [stdout]    4:     0x5f5dd504abda - std[70759c8f55707aa4]::panicking::default_hook
[INFO] [stdout]    5:     0x5f5dd504a712 - std[70759c8f55707aa4]::panicking::panic_with_hook
[INFO] [stdout]    6:     0x5f5dd5071c11 - std[70759c8f55707aa4]::panicking::panic_handler::{closure#0}
[INFO] [stdout]    7:     0x5f5dd5071bc9 - std[70759c8f55707aa4]::sys::backtrace::__rust_end_short_backtrace::<std[70759c8f55707aa4]::panicking::panic_handler::{closure#0}, !>
[INFO] [stdout]    8:     0x5f5dd50720dc - __rustc[8fa7c3cbc660c2b3]::rust_begin_unwind
[INFO] [stdout]    9:     0x5f5dd4f9b78b - core[df12db4294e9bfd3]::panicking::panic_fmt
[INFO] [stdout]   10:     0x5f5dd4f971ef - <assert_cmd[4a446badbc2353d8]::assert::AssertError>::panic::<assert_cmd[4a446badbc2353d8]::assert::Assert>
[INFO] [stdout]   11:     0x5f5dd4f63aa4 - cli[8542b0d7f0729822]::init_db
[INFO] [stdout]   12:     0x5f5dd4f68a4f - <cli[8542b0d7f0729822]::pass_with_wrong_passphrase_leaves_db_unchanged::{closure#0} as core[df12db4294e9bfd3]::ops::function::FnOnce<()>>::call_once
[INFO] [stdout]   13:     0x5f5dd508e53b - test[9d35eded1c95d3be]::__rust_begin_short_backtrace::<core[df12db4294e9bfd3]::result::Result<(), alloc[2182bb758b4b3781]::string::String>, fn() -> core[df12db4294e9bfd3]::result::Result<(), alloc[2182bb758b4b3781]::string::String>>
[INFO] [stdout]   14:     0x5f5dd508a691 - test[9d35eded1c95d3be]::run_test::{closure#0}
[INFO] [stdout]   15:     0x5f5dd5089e7c - std[70759c8f55707aa4]::sys::backtrace::__rust_begin_short_backtrace::<test[9d35eded1c95d3be]::run_test::{closure#1}, ()>
[INFO] [stdout]   16:     0x5f5dd50a61dc - <std[70759c8f55707aa4]::thread::lifecycle::spawn_unchecked<test[9d35eded1c95d3be]::run_test::{closure#1}, ()>::{closure#1} as core[df12db4294e9bfd3]::ops::function::FnOnce<()>>::call_once::{shim:vtable#0}
[INFO] [stdout]   17:     0x5f5dd50735d2 - <std[70759c8f55707aa4]::sys::thread::unix::Thread>::new::thread_start
[INFO] [stdout]   18:     0x742c0f96edfa - <unknown>
[INFO] [stdout]   19:     0x742c0fa023d4 - clone
[INFO] [stdout]   20:                0x0 - <unknown>
[INFO] [stdout] 
[INFO] [stdout] ---- open_with_wrong_passphrase_fails stdout ----
[INFO] [stdout] 
[INFO] [stdout] thread 'open_with_wrong_passphrase_fails' (2856) panicked at tests/cli.rs:25:73:
[INFO] [stdout] Unexpected failure.
[INFO] [stdout] code=<interrupted>
[INFO] [stdout] stderr=```""```
[INFO] [stdout] command=`"/opt/rustwide/target/release/napa" "init" "/tmp/.tmpRJgrKS/test.napa"`
[INFO] [stdout] code=<interrupted>
[INFO] [stdout] stdout=```
[INFO] [stdout] The new passphrase for this database file is: bank-reward-provolone-shape-steadfast-aquarium
[INFO] [stdout] Remember this passphrase! It will not be displayed again.
[INFO] [stdout] Deriving key...
[INFO] [stdout] ```
[INFO] [stdout] 
[INFO] [stdout] stderr=""
[INFO] [stdout] 
[INFO] [stdout] stack backtrace:
[INFO] [stdout]    0:     0x5f5dd504be35 - <<std[70759c8f55707aa4]::sys::backtrace::BacktraceLock>::print::DisplayBacktrace as core[df12db4294e9bfd3]::fmt::Display>::fmt
[INFO] [stdout]    1:     0x5f5dd4f9b8fa - core[df12db4294e9bfd3]::fmt::write
[INFO] [stdout]    2:     0x5f5dd504b4cb - <alloc[2182bb758b4b3781]::vec::Vec<u8> as core[df12db4294e9bfd3]::io::write::Write>::write_fmt
[INFO] [stdout]    3:     0x5f5dd504afaf - std[70759c8f55707aa4]::panicking::default_hook::{closure#0}
[INFO] [stdout]    4:     0x5f5dd504abda - std[70759c8f55707aa4]::panicking::default_hook
[INFO] [stdout]    5:     0x5f5dd504a712 - std[70759c8f55707aa4]::panicking::panic_with_hook
[INFO] [stdout]    6:     0x5f5dd5071c11 - std[70759c8f55707aa4]::panicking::panic_handler::{closure#0}
[INFO] [stdout]    7:     0x5f5dd5071bc9 - std[70759c8f55707aa4]::sys::backtrace::__rust_end_short_backtrace::<std[70759c8f55707aa4]::panicking::panic_handler::{closure#0}, !>
[INFO] [stdout]    8:     0x5f5dd50720dc - __rustc[8fa7c3cbc660c2b3]::rust_begin_unwind
[INFO] [stdout]    9:     0x5f5dd4f9b78b - core[df12db4294e9bfd3]::panicking::panic_fmt
[INFO] [stdout]   10:     0x5f5dd4f971ef - <assert_cmd[4a446badbc2353d8]::assert::AssertError>::panic::<assert_cmd[4a446badbc2353d8]::assert::Assert>
[INFO] [stdout]   11:     0x5f5dd4f63aa4 - cli[8542b0d7f0729822]::init_db
[INFO] [stdout]   12:     0x5f5dd4f66d9a - <cli[8542b0d7f0729822]::open_with_wrong_passphrase_fails::{closure#0} as core[df12db4294e9bfd3]::ops::function::FnOnce<()>>::call_once
[INFO] [stdout]   13:     0x5f5dd508e53b - test[9d35eded1c95d3be]::__rust_begin_short_backtrace::<core[df12db4294e9bfd3]::result::Result<(), alloc[2182bb758b4b3781]::string::String>, fn() -> core[df12db4294e9bfd3]::result::Result<(), alloc[2182bb758b4b3781]::string::String>>
[INFO] [stdout]   14:     0x5f5dd508a691 - test[9d35eded1c95d3be]::run_test::{closure#0}
[INFO] [stdout]   15:     0x5f5dd5089e7c - std[70759c8f55707aa4]::sys::backtrace::__rust_begin_short_backtrace::<test[9d35eded1c95d3be]::run_test::{closure#1}, ()>
[INFO] [stdout]   16:     0x5f5dd50a61dc - <std[70759c8f55707aa4]::thread::lifecycle::spawn_unchecked<test[9d35eded1c95d3be]::run_test::{closure#1}, ()>::{closure#1} as core[df12db4294e9bfd3]::ops::function::FnOnce<()>>::call_once::{shim:vtable#0}
[INFO] [stdout]   17:     0x5f5dd50735d2 - <std[70759c8f55707aa4]::sys::thread::unix::Thread>::new::thread_start
[INFO] [stdout]   18:     0x742c0f96edfa - <unknown>
[INFO] [stdout]   19:     0x742c0fa023d4 - clone
[INFO] [stdout]   20:                0x0 - <unknown>
[INFO] [stdout] 
[INFO] [stdout] ---- changing_passphrase_of_db_preserves_passwords stdout ----
[INFO] [stdout] 
[INFO] [stdout] thread 'changing_passphrase_of_db_preserves_passwords' (2852) panicked at tests/cli.rs:25:73:
[INFO] [stdout] Unexpected failure.
[INFO] [stdout] code=<interrupted>
[INFO] [stdout] stderr=```""```
[INFO] [stdout] command=`"/opt/rustwide/target/release/napa" "init" "/tmp/.tmpbPiEo5/test.napa"`
[INFO] [stdout] code=<interrupted>
[INFO] [stdout] stdout=```
[INFO] [stdout] The new passphrase for this database file is: leech-cornea-cure-funeral-mob-product
[INFO] [stdout] Remember this passphrase! It will not be displayed again.
[INFO] [stdout] Deriving key...
[INFO] [stdout] ```
[INFO] [stdout] 
[INFO] [stdout] stderr=""
[INFO] [stdout] 
[INFO] [stdout] stack backtrace:
[INFO] [stdout]    0:     0x5f5dd504be35 - <<std[70759c8f55707aa4]::sys::backtrace::BacktraceLock>::print::DisplayBacktrace as core[df12db4294e9bfd3]::fmt::Display>::fmt
[INFO] [stdout]    1:     0x5f5dd4f9b8fa - core[df12db4294e9bfd3]::fmt::write
[INFO] [stdout]    2:     0x5f5dd504b4cb - <alloc[2182bb758b4b3781]::vec::Vec<u8> as core[df12db4294e9bfd3]::io::write::Write>::write_fmt
[INFO] [stdout]    3:     0x5f5dd504afaf - std[70759c8f55707aa4]::panicking::default_hook::{closure#0}
[INFO] [stdout]    4:     0x5f5dd504abda - std[70759c8f55707aa4]::panicking::default_hook
[INFO] [stdout]    5:     0x5f5dd504a712 - std[70759c8f55707aa4]::panicking::panic_with_hook
[INFO] [stdout]    6:     0x5f5dd5071c11 - std[70759c8f55707aa4]::panicking::panic_handler::{closure#0}
[INFO] [stdout]    7:     0x5f5dd5071bc9 - std[70759c8f55707aa4]::sys::backtrace::__rust_end_short_backtrace::<std[70759c8f55707aa4]::panicking::panic_handler::{closure#0}, !>
[INFO] [stdout]    8:     0x5f5dd50720dc - __rustc[8fa7c3cbc660c2b3]::rust_begin_unwind
[INFO] [stdout]    9:     0x5f5dd4f9b78b - core[df12db4294e9bfd3]::panicking::panic_fmt
[INFO] [stdout]   10:     0x5f5dd4f971ef - <assert_cmd[4a446badbc2353d8]::assert::AssertError>::panic::<assert_cmd[4a446badbc2353d8]::assert::Assert>
[INFO] [stdout]   11:     0x5f5dd4f63aa4 - cli[8542b0d7f0729822]::init_db
[INFO] [stdout]   12:     0x5f5dd4f67467 - <cli[8542b0d7f0729822]::changing_passphrase_of_db_preserves_passwords::{closure#0} as core[df12db4294e9bfd3]::ops::function::FnOnce<()>>::call_once
[INFO] [stdout]   13:     0x5f5dd508e53b - test[9d35eded1c95d3be]::__rust_begin_short_backtrace::<core[df12db4294e9bfd3]::result::Result<(), alloc[2182bb758b4b3781]::string::String>, fn() -> core[df12db4294e9bfd3]::result::Result<(), alloc[2182bb758b4b3781]::string::String>>
[INFO] [stdout]   14:     0x5f5dd508a691 - test[9d35eded1c95d3be]::run_test::{closure#0}
[INFO] [stdout]   15:     0x5f5dd5089e7c - std[70759c8f55707aa4]::sys::backtrace::__rust_begin_short_backtrace::<test[9d35eded1c95d3be]::run_test::{closure#1}, ()>
[INFO] [stdout]   16:     0x5f5dd50a61dc - <std[70759c8f55707aa4]::thread::lifecycle::spawn_unchecked<test[9d35eded1c95d3be]::run_test::{closure#1}, ()>::{closure#1} as core[df12db4294e9bfd3]::ops::function::FnOnce<()>>::call_once::{shim:vtable#0}
[INFO] [stdout]   17:     0x5f5dd50735d2 - <std[70759c8f55707aa4]::sys::thread::unix::Thread>::new::thread_start
[INFO] [stdout]   18:     0x742c0f96edfa - <unknown>
[INFO] [stdout]   19:     0x742c0fa023d4 - clone
[INFO] [stdout]   20:                0x0 - <unknown>
[INFO] [stdout] 
[INFO] [stdout] ---- init_existing_file_fails stdout ----
[INFO] [stdout] 
[INFO] [stdout] thread 'init_existing_file_fails' (2853) panicked at tests/cli.rs:151:10:
[INFO] [stdout] Unexpected stderr, failed var.contains(Error: Unable to create file)
[INFO] [stdout] ├── var: 
[INFO] [stdout] └── var as str: 
[INFO] [stdout] 
[INFO] [stdout] command=`"/opt/rustwide/target/release/napa" "init" "/tmp/.tmpN251T6/test.txt"`
[INFO] [stdout] code=<interrupted>
[INFO] [stdout] stdout=```
[INFO] [stdout] The new passphrase for this database file is: reattach-cranium-doorbell-outnumber-travel-stonewall
[INFO] [stdout] Remember this passphrase! It will not be displayed again.
[INFO] [stdout] Deriving key...
[INFO] [stdout] ```
[INFO] [stdout] 
[INFO] [stdout] stderr=""
[INFO] [stdout] 
[INFO] [stdout] stack backtrace:
[INFO] [stdout]    0:     0x5f5dd504be35 - <<std[70759c8f55707aa4]::sys::backtrace::BacktraceLock>::print::DisplayBacktrace as core[df12db4294e9bfd3]::fmt::Display>::fmt
[INFO] [stdout]    1:     0x5f5dd4f9b8fa - core[df12db4294e9bfd3]::fmt::write
[INFO] [stdout]    2:     0x5f5dd504b4cb - <alloc[2182bb758b4b3781]::vec::Vec<u8> as core[df12db4294e9bfd3]::io::write::Write>::write_fmt
[INFO] [stdout]    3:     0x5f5dd504afaf - std[70759c8f55707aa4]::panicking::default_hook::{closure#0}
[INFO] [stdout]    4:     0x5f5dd504abda - std[70759c8f55707aa4]::panicking::default_hook
[INFO] [stdout]    5:     0x5f5dd504a712 - std[70759c8f55707aa4]::panicking::panic_with_hook
[INFO] [stdout]    6:     0x5f5dd5071c11 - std[70759c8f55707aa4]::panicking::panic_handler::{closure#0}
[INFO] [stdout]    7:     0x5f5dd5071bc9 - std[70759c8f55707aa4]::sys::backtrace::__rust_end_short_backtrace::<std[70759c8f55707aa4]::panicking::panic_handler::{closure#0}, !>
[INFO] [stdout]    8:     0x5f5dd50720dc - __rustc[8fa7c3cbc660c2b3]::rust_begin_unwind
[INFO] [stdout]    9:     0x5f5dd4f9b78b - core[df12db4294e9bfd3]::panicking::panic_fmt
[INFO] [stdout]   10:     0x5f5dd4f5f0ff - <assert_cmd[4a446badbc2353d8]::assert::AssertError>::panic::<assert_cmd[4a446badbc2353d8]::assert::Assert>
[INFO] [stdout]   11:     0x5f5dd4f6609e - <cli[8542b0d7f0729822]::init_existing_file_fails::{closure#0} as core[df12db4294e9bfd3]::ops::function::FnOnce<()>>::call_once
[INFO] [stdout]   12:     0x5f5dd508e53b - test[9d35eded1c95d3be]::__rust_begin_short_backtrace::<core[df12db4294e9bfd3]::result::Result<(), alloc[2182bb758b4b3781]::string::String>, fn() -> core[df12db4294e9bfd3]::result::Result<(), alloc[2182bb758b4b3781]::string::String>>
[INFO] [stdout]   13:     0x5f5dd508a691 - test[9d35eded1c95d3be]::run_test::{closure#0}
[INFO] [stdout]   14:     0x5f5dd5089e7c - std[70759c8f55707aa4]::sys::backtrace::__rust_begin_short_backtrace::<test[9d35eded1c95d3be]::run_test::{closure#1}, ()>
[INFO] [stdout]   15:     0x5f5dd50a61dc - <std[70759c8f55707aa4]::thread::lifecycle::spawn_unchecked<test[9d35eded1c95d3be]::run_test::{closure#1}, ()>::{closure#1} as core[df12db4294e9bfd3]::ops::function::FnOnce<()>>::call_once::{shim:vtable#0}
[INFO] [stdout]   16:     0x5f5dd50735d2 - <std[70759c8f55707aa4]::sys::thread::unix::Thread>::new::thread_start
[INFO] [stdout]   17:     0x742c0f96edfa - <unknown>
[INFO] [stdout]   18:     0x742c0fa023d4 - clone
[INFO] [stdout]   19:                0x0 - <unknown>
[INFO] [stdout] 
[INFO] [stdout] 
[INFO] [stdout] failures:
[INFO] [stdout]     changing_passphrase_of_db_preserves_passwords
[INFO] [stdout]     init_existing_file_fails
[INFO] [stdout]     open_with_wrong_passphrase_fails
[INFO] [stdout]     pass_with_wrong_passphrase_leaves_db_unchanged
[INFO] [stdout] 
[INFO] [stdout] test result: FAILED. 3 passed; 4 failed; 0 ignored; 0 measured; 0 filtered out; finished in 1.16s
[INFO] [stdout] 
[INFO] [stderr] error: test failed, to rerun pass `--test cli`
[INFO] running `Command { std: "docker" "inspect" "86583e4b139b757eacd2ef54a161e36c02de63f61084142dd2903cc7ffd33193", kill_on_drop: false }`
[INFO] running `Command { std: "docker" "rm" "-f" "86583e4b139b757eacd2ef54a161e36c02de63f61084142dd2903cc7ffd33193", kill_on_drop: false }`
[INFO] [stdout] 86583e4b139b757eacd2ef54a161e36c02de63f61084142dd2903cc7ffd33193
