[INFO] fetching crate nao-pal 0.1.7...
[INFO] testing nao-pal-0.1.7 against 1.100.0-beta.1+cargoflags=--release for beta-release-1.100-2
[INFO] extracting crate nao-pal 0.1.7 into /workspace/builds/worker-5-tc2/source
[INFO] started tweaking crates.io crate nao-pal 0.1.7
[INFO] finished tweaking crates.io crate nao-pal 0.1.7
[INFO] tweaked toml for crates.io crate nao-pal 0.1.7 written to /workspace/builds/worker-5-tc2/source/Cargo.toml
[INFO] validating manifest of crates.io crate nao-pal 0.1.7 on toolchain 1.100.0-beta.1
[INFO] running `Command { std: CARGO_HOME="/workspace/cargo-home" RUSTUP_HOME="/workspace/rustup-home" "/workspace/cargo-home/bin/cargo" "+1.100.0-beta.1" "metadata" "--manifest-path" "Cargo.toml" "--no-deps", kill_on_drop: false }`
[INFO] crate crates.io crate nao-pal 0.1.7 already has a lockfile, it will not be regenerated
[INFO] running `Command { std: CARGO_HOME="/workspace/cargo-home" RUSTUP_HOME="/workspace/rustup-home" "/workspace/cargo-home/bin/cargo" "+1.100.0-beta.1" "fetch" "--manifest-path" "Cargo.toml", kill_on_drop: false }`
[INFO] [stderr]     Blocking waiting for file lock on package cache
[INFO] running `Command { std: "docker" "create" "-v" "/var/lib/crater-agent-workspace/builds/worker-5-tc2/source:/opt/rustwide/workdir:ro,Z" "-v" "/var/lib/crater-agent-workspace/builds/worker-5-tc2/target:/opt/rustwide/target:rw,Z" "-v" "/var/lib/crater-agent-workspace/cargo-home:/opt/rustwide/cargo-home:ro,Z" "-v" "/var/lib/crater-agent-workspace/rustup-home:/opt/rustwide/rustup-home:ro,Z" "-m" "1610612736" "--network" "none" "ghcr.io/rust-lang/crates-build-env/linux@sha256:77db811e55d90add9212f6832c23229e3de5f1c1f9905e8cb07319ea15df73ac" "sleep" "infinity", kill_on_drop: false }`
[INFO] [stdout] 2b37068d2a8111fd0f8f3c3e09d88a75db3c67b2571dabf4998ca9a0ea9f2464
[INFO] running `Command { std: "docker" "start" "2b37068d2a8111fd0f8f3c3e09d88a75db3c67b2571dabf4998ca9a0ea9f2464", kill_on_drop: false }`
[INFO] running `Command { std: "docker" "inspect" "2b37068d2a8111fd0f8f3c3e09d88a75db3c67b2571dabf4998ca9a0ea9f2464", kill_on_drop: false }`
[INFO] running `Command { std: "docker" "exec" "-e" "SOURCE_DIR=/opt/rustwide/workdir" "-e" "CARGO_HOME=/opt/rustwide/cargo-home" "-e" "RUSTUP_HOME=/opt/rustwide/rustup-home" "-e" "CARGO_TARGET_DIR=/opt/rustwide/target" "-w" "/opt/rustwide/workdir" "--user" "0:0" "2b37068d2a8111fd0f8f3c3e09d88a75db3c67b2571dabf4998ca9a0ea9f2464" "/opt/rustwide/cargo-home/bin/cargo" "+1.100.0-beta.1" "metadata" "--no-deps" "--format-version=1", kill_on_drop: false }`
[INFO] running `Command { std: "docker" "inspect" "2b37068d2a8111fd0f8f3c3e09d88a75db3c67b2571dabf4998ca9a0ea9f2464", kill_on_drop: false }`
[INFO] running `Command { std: "docker" "exec" "-e" "SOURCE_DIR=/opt/rustwide/workdir" "-e" "CARGO_HOME=/opt/rustwide/cargo-home" "-e" "RUSTUP_HOME=/opt/rustwide/rustup-home" "-e" "CARGO_TARGET_DIR=/opt/rustwide/target" "-e" "CARGO_INCREMENTAL=0" "-e" "RUST_BACKTRACE=full" "-e" "RUSTFLAGS=--cap-lints=warn" "-e" "RUSTDOCFLAGS=--cap-lints=warn" "-w" "/opt/rustwide/workdir" "--user" "0:0" "2b37068d2a8111fd0f8f3c3e09d88a75db3c67b2571dabf4998ca9a0ea9f2464" "/opt/rustwide/cargo-home/bin/cargo" "+1.100.0-beta.1" "build" "--frozen" "--message-format=json" "--release", kill_on_drop: false }`
[INFO] [stderr]    Compiling log v0.4.29
[INFO] [stderr]    Compiling regex-syntax v0.8.10
[INFO] [stderr]    Compiling crossbeam-utils v0.8.21
[INFO] [stderr]    Compiling smallvec v1.15.1
[INFO] [stderr]    Compiling tracing-core v0.1.36
[INFO] [stderr]    Compiling sharded-slab v0.1.7
[INFO] [stderr]    Compiling thread_local v1.1.9
[INFO] [stderr]    Compiling inotify-sys v0.1.5
[INFO] [stderr]    Compiling serde v1.0.228
[INFO] [stderr]    Compiling nu-ansi-term v0.50.3
[INFO] [stderr]    Compiling bstr v1.12.1
[INFO] [stderr]    Compiling notify-types v2.1.0
[INFO] [stderr]    Compiling errno v0.3.14
[INFO] [stderr]    Compiling tokio-macros v2.6.1
[INFO] [stderr]    Compiling file-id v0.2.3
[INFO] [stderr]    Compiling dissimilar v1.0.11
[INFO] [stderr]    Compiling inotify v0.11.1
[INFO] [stderr]    Compiling signal-hook-registry v1.4.8
[INFO] [stderr]    Compiling ecow v0.2.6
[INFO] [stderr]    Compiling mio v1.1.1
[INFO] [stderr]    Compiling parking_lot_core v0.9.12
[INFO] [stderr]    Compiling expect-test v1.5.1
[INFO] [stderr]    Compiling filetime v0.2.29
[INFO] [stderr]    Compiling parking_lot v0.12.5
[INFO] [stderr]    Compiling crossbeam-epoch v0.9.18
[INFO] [stderr]    Compiling relative-path v1.9.3
[INFO] [stderr]    Compiling notify v8.2.0
[INFO] [stderr]    Compiling tokio v1.50.0
[INFO] [stderr]    Compiling tracing-log v0.2.0
[INFO] [stderr]    Compiling tracing v0.1.44
[INFO] [stderr]    Compiling crossbeam-deque v0.8.6
[INFO] [stderr]    Compiling regex-automata v0.4.14
[INFO] [stderr]    Compiling notify-debouncer-full v0.5.0
[INFO] [stderr]    Compiling matchers v0.2.0
[INFO] [stderr]    Compiling globset v0.4.18
[INFO] [stderr]    Compiling tracing-subscriber v0.3.23
[INFO] [stderr]    Compiling ignore v0.4.25
[INFO] [stderr]    Compiling tracing-error v0.2.1
[INFO] [stderr]    Compiling nao-base v0.1.7
[INFO] [stderr]    Compiling nao-pal v0.1.7 (/opt/rustwide/workdir)
[INFO] [stderr] warning: unused dependency `relative-path`
[INFO] [stderr]   --> Cargo.toml:19:15
[INFO] [stderr]    |
[INFO] [stderr] 19 | [dependencies.relative-path]
[INFO] [stderr]    |               ^^^^^^^^^^^^^^
[INFO] [stderr]    |
[INFO] [stderr]    = note: `cargo::unused_dependencies` is set to `warn` by default
[INFO] [stderr] help: consider removing the dependency on `relative-path`
[INFO] [stderr] warning: `nao-pal` (manifest) generated 1 warning
[INFO] [stderr]     Finished `release` profile [optimized] target(s) in 33.13s
[INFO] running `Command { std: "docker" "inspect" "2b37068d2a8111fd0f8f3c3e09d88a75db3c67b2571dabf4998ca9a0ea9f2464", kill_on_drop: false }`
[INFO] running `Command { std: "docker" "exec" "-e" "SOURCE_DIR=/opt/rustwide/workdir" "-e" "CARGO_HOME=/opt/rustwide/cargo-home" "-e" "RUSTUP_HOME=/opt/rustwide/rustup-home" "-e" "CARGO_TARGET_DIR=/opt/rustwide/target" "-e" "CARGO_INCREMENTAL=0" "-e" "RUST_BACKTRACE=full" "-e" "RUSTFLAGS=--cap-lints=warn" "-e" "RUSTDOCFLAGS=--cap-lints=warn" "-w" "/opt/rustwide/workdir" "--user" "0:0" "2b37068d2a8111fd0f8f3c3e09d88a75db3c67b2571dabf4998ca9a0ea9f2464" "/opt/rustwide/cargo-home/bin/cargo" "+1.100.0-beta.1" "test" "--frozen" "--no-run" "--message-format=json" "--release", kill_on_drop: false }`
[INFO] [stderr]    Compiling nao-pal v0.1.7 (/opt/rustwide/workdir)
[INFO] [stderr] warning: unused dependency `relative-path`
[INFO] [stderr]   --> Cargo.toml:19:15
[INFO] [stderr]    |
[INFO] [stderr] 19 | [dependencies.relative-path]
[INFO] [stderr]    |               ^^^^^^^^^^^^^^
[INFO] [stderr]    |
[INFO] [stderr]    = note: `cargo::unused_dependencies` is set to `warn` by default
[INFO] [stderr] help: consider removing the dependency on `relative-path`
[INFO] [stderr] warning: `nao-pal` (manifest) generated 1 warning
[INFO] [stderr]     Finished `release` profile [optimized] target(s) in 3.28s
[INFO] running `Command { std: "docker" "inspect" "2b37068d2a8111fd0f8f3c3e09d88a75db3c67b2571dabf4998ca9a0ea9f2464", kill_on_drop: false }`
[INFO] running `Command { std: "docker" "exec" "-e" "SOURCE_DIR=/opt/rustwide/workdir" "-e" "CARGO_HOME=/opt/rustwide/cargo-home" "-e" "RUSTUP_HOME=/opt/rustwide/rustup-home" "-e" "CARGO_TARGET_DIR=/opt/rustwide/target" "-e" "CARGO_INCREMENTAL=0" "-e" "RUST_BACKTRACE=full" "-e" "RUSTFLAGS=--cap-lints=warn" "-e" "RUSTDOCFLAGS=--cap-lints=warn" "-w" "/opt/rustwide/workdir" "--user" "0:0" "2b37068d2a8111fd0f8f3c3e09d88a75db3c67b2571dabf4998ca9a0ea9f2464" "/opt/rustwide/cargo-home/bin/cargo" "+1.100.0-beta.1" "test" "--frozen" "--release", kill_on_drop: false }`
[INFO] [stderr] warning: unused dependency `relative-path`
[INFO] [stderr]   --> Cargo.toml:19:15
[INFO] [stderr]    |
[INFO] [stderr] 19 | [dependencies.relative-path]
[INFO] [stderr]    |               ^^^^^^^^^^^^^^
[INFO] [stderr]    |
[INFO] [stderr]    = note: `cargo::unused_dependencies` is set to `warn` by default
[INFO] [stderr] help: consider removing the dependency on `relative-path`
[INFO] [stderr] warning: `nao-pal` (manifest) generated 1 warning
[INFO] [stderr]     Finished `release` profile [optimized] target(s) in 0.10s
[INFO] [stderr]      Running unittests src/lib.rs (/opt/rustwide/target/release/build/nao-pal/90f45dbffd123e4a/out/nao_pal-90f45dbffd123e4a)
[INFO] [stdout] 
[INFO] [stdout] running 4 tests
[INFO] [stdout] test pal_mock::tests::cancellable_process_stops_before_delivering_more_events ... ok
[INFO] [stdout] test cancellation_token::tests::cloned_tokens_observe_cancellation ... ok
[INFO] [stdout] test pal_real::tests::runs_process_and_reports_events ... ok
[INFO] [stdout] test pal_real::tests::cancellation_terminates_subchild_process_group ... FAILED
[INFO] [stdout] 
[INFO] [stdout] failures:
[INFO] [stdout] 
[INFO] [stdout] ---- pal_real::tests::cancellation_terminates_subchild_process_group stdout ----
[INFO] [stdout] 
[INFO] [stdout] thread 'pal_real::tests::cancellation_terminates_subchild_process_group' (882) panicked at src/pal_real.rs:652:9:
[INFO] [stdout] assertion failed: !process_exists(sleep_pid)
[INFO] [stdout] stack backtrace:
[INFO] [stdout]    0:     0x600f8c5c7ff1 - <<std[617be2ca0a6fd877]::sys::backtrace::BacktraceLock>::print::DisplayBacktrace as core[a373ad73a504971]::fmt::Display>::fmt
[INFO] [stdout]    1:     0x600f8c5dc80a - core[a373ad73a504971]::fmt::write
[INFO] [stdout]    2:     0x600f8c5cc3cc - <alloc[2e1b2a31b91974c5]::vec::Vec<u8> as core[a373ad73a504971]::io::write::Write>::write_fmt
[INFO] [stdout]    3:     0x600f8c5a31a6 - std[617be2ca0a6fd877]::panicking::default_hook::{closure#0}
[INFO] [stdout]    4:     0x600f8c5bffc9 - std[617be2ca0a6fd877]::panicking::default_hook
[INFO] [stdout]    5:     0x600f8c52ec00 - test[aada8e7e76ba119b]::test_main_inner::{closure#0}
[INFO] [stdout]    6:     0x600f8c5c02f2 - std[617be2ca0a6fd877]::panicking::panic_with_hook
[INFO] [stdout]    7:     0x600f8c5a3284 - std[617be2ca0a6fd877]::panicking::panic_handler::{closure#0}
[INFO] [stdout]    8:     0x600f8c59bd29 - std[617be2ca0a6fd877]::sys::backtrace::__rust_end_short_backtrace::<std[617be2ca0a6fd877]::panicking::panic_handler::{closure#0}, !>
[INFO] [stdout]    9:     0x600f8c5a3e5d - __rustc[ea4f61d10b84890b]::rust_begin_unwind
[INFO] [stdout]   10:     0x600f8c5dcf6c - core[a373ad73a504971]::panicking::panic_fmt
[INFO] [stdout]   11:     0x600f8c5dcf32 - core[a373ad73a504971]::panicking::panic
[INFO] [stdout]   12:     0x600f8c506923 - <nao_pal[6f62878e3445f168]::pal_real::tests::cancellation_terminates_subchild_process_group::{closure#0} as core[a373ad73a504971]::ops::function::FnOnce<()>>::call_once
[INFO] [stdout]   13:     0x600f8c52204b - test[aada8e7e76ba119b]::__rust_begin_short_backtrace::<core[a373ad73a504971]::result::Result<(), alloc[2e1b2a31b91974c5]::string::String>, fn() -> core[a373ad73a504971]::result::Result<(), alloc[2e1b2a31b91974c5]::string::String>>
[INFO] [stdout]   14:     0x600f8c52f225 - test[aada8e7e76ba119b]::run_test::{closure#0}
[INFO] [stdout]   15:     0x600f8c528b14 - std[617be2ca0a6fd877]::sys::backtrace::__rust_begin_short_backtrace::<test[aada8e7e76ba119b]::run_test::{closure#1}, ()>
[INFO] [stdout]   16:     0x600f8c5322b2 - <std[617be2ca0a6fd877]::thread::lifecycle::spawn_unchecked<test[aada8e7e76ba119b]::run_test::{closure#1}, ()>::{closure#1} as core[a373ad73a504971]::ops::function::FnOnce<()>>::call_once::{shim:vtable#0}
[INFO] [stdout]   17:     0x600f8c5c74df - <std[617be2ca0a6fd877]::sys::thread::unix::Thread>::new::thread_start
[INFO] [stdout]   18:     0x7961730cddfa - <unknown>
[INFO] [stdout]   19:     0x7961731613d4 - clone
[INFO] [stdout]   20:                0x0 - <unknown>
[INFO] [stdout] 
[INFO] [stdout] 
[INFO] [stdout] failures:
[INFO] [stdout]     pal_real::tests::cancellation_terminates_subchild_process_group
[INFO] [stdout] 
[INFO] [stdout] test result: FAILED. 3 passed; 1 failed; 0 ignored; 0 measured; 0 filtered out; finished in 1.10s
[INFO] [stdout] 
[INFO] [stderr] error: test failed, to rerun pass `--lib`
[INFO] running `Command { std: "docker" "inspect" "2b37068d2a8111fd0f8f3c3e09d88a75db3c67b2571dabf4998ca9a0ea9f2464", kill_on_drop: false }`
[INFO] running `Command { std: "docker" "rm" "-f" "2b37068d2a8111fd0f8f3c3e09d88a75db3c67b2571dabf4998ca9a0ea9f2464", kill_on_drop: false }`
[INFO] [stdout] 2b37068d2a8111fd0f8f3c3e09d88a75db3c67b2571dabf4998ca9a0ea9f2464
