[INFO] fetching crate nao-base 0.1.7...
[INFO] testing nao-base-0.1.7 against 1.100.0-beta.1+cargoflags=--release for beta-release-1.100-2
[INFO] extracting crate nao-base 0.1.7 into /workspace/builds/worker-4-tc2/source
[INFO] started tweaking crates.io crate nao-base 0.1.7
[INFO] removed 0 missing tests
[INFO] finished tweaking crates.io crate nao-base 0.1.7
[INFO] tweaked toml for crates.io crate nao-base 0.1.7 written to /workspace/builds/worker-4-tc2/source/Cargo.toml
[INFO] validating manifest of crates.io crate nao-base 0.1.7 on toolchain 1.100.0-beta.1
[INFO] running `Command { std: CARGO_HOME="/workspace/cargo-home" RUSTUP_HOME="/workspace/rustup-home" "/workspace/cargo-home/bin/cargo" "+1.100.0-beta.1" "metadata" "--manifest-path" "Cargo.toml" "--no-deps", kill_on_drop: false }`
[INFO] crate crates.io crate nao-base 0.1.7 already has a lockfile, it will not be regenerated
[INFO] running `Command { std: CARGO_HOME="/workspace/cargo-home" RUSTUP_HOME="/workspace/rustup-home" "/workspace/cargo-home/bin/cargo" "+1.100.0-beta.1" "fetch" "--manifest-path" "Cargo.toml", kill_on_drop: false }`
[INFO] running `Command { std: "docker" "create" "-v" "/var/lib/crater-agent-workspace/builds/worker-4-tc2/source:/opt/rustwide/workdir:ro,Z" "-v" "/var/lib/crater-agent-workspace/builds/worker-4-tc2/target:/opt/rustwide/target:rw,Z" "-v" "/var/lib/crater-agent-workspace/cargo-home:/opt/rustwide/cargo-home:ro,Z" "-v" "/var/lib/crater-agent-workspace/rustup-home:/opt/rustwide/rustup-home:ro,Z" "-m" "1610612736" "--network" "none" "ghcr.io/rust-lang/crates-build-env/linux@sha256:77db811e55d90add9212f6832c23229e3de5f1c1f9905e8cb07319ea15df73ac" "sleep" "infinity", kill_on_drop: false }`
[INFO] [stdout] df1d61c55bbcee37f90ef51de47d9cc26b3bc5d0eec1145591634291d105cbfe
[INFO] running `Command { std: "docker" "start" "df1d61c55bbcee37f90ef51de47d9cc26b3bc5d0eec1145591634291d105cbfe", kill_on_drop: false }`
[INFO] running `Command { std: "docker" "inspect" "df1d61c55bbcee37f90ef51de47d9cc26b3bc5d0eec1145591634291d105cbfe", kill_on_drop: false }`
[INFO] running `Command { std: "docker" "exec" "-e" "SOURCE_DIR=/opt/rustwide/workdir" "-e" "CARGO_HOME=/opt/rustwide/cargo-home" "-e" "RUSTUP_HOME=/opt/rustwide/rustup-home" "-e" "CARGO_TARGET_DIR=/opt/rustwide/target" "-w" "/opt/rustwide/workdir" "--user" "0:0" "df1d61c55bbcee37f90ef51de47d9cc26b3bc5d0eec1145591634291d105cbfe" "/opt/rustwide/cargo-home/bin/cargo" "+1.100.0-beta.1" "metadata" "--no-deps" "--format-version=1", kill_on_drop: false }`
[INFO] running `Command { std: "docker" "inspect" "df1d61c55bbcee37f90ef51de47d9cc26b3bc5d0eec1145591634291d105cbfe", kill_on_drop: false }`
[INFO] running `Command { std: "docker" "exec" "-e" "SOURCE_DIR=/opt/rustwide/workdir" "-e" "CARGO_HOME=/opt/rustwide/cargo-home" "-e" "RUSTUP_HOME=/opt/rustwide/rustup-home" "-e" "CARGO_TARGET_DIR=/opt/rustwide/target" "-e" "CARGO_INCREMENTAL=0" "-e" "RUST_BACKTRACE=full" "-e" "RUSTFLAGS=--cap-lints=warn" "-e" "RUSTDOCFLAGS=--cap-lints=warn" "-w" "/opt/rustwide/workdir" "--user" "0:0" "df1d61c55bbcee37f90ef51de47d9cc26b3bc5d0eec1145591634291d105cbfe" "/opt/rustwide/cargo-home/bin/cargo" "+1.100.0-beta.1" "build" "--frozen" "--message-format=json" "--release", kill_on_drop: false }`
[INFO] [stderr]    Compiling tracing-core v0.1.36
[INFO] [stderr]    Compiling syn v2.0.117
[INFO] [stderr]    Compiling smallvec v1.15.1
[INFO] [stderr]    Compiling libc v0.2.183
[INFO] [stderr]    Compiling regex-syntax v0.8.10
[INFO] [stderr]    Compiling log v0.4.29
[INFO] [stderr]    Compiling sharded-slab v0.1.7
[INFO] [stderr]    Compiling thread_local v1.1.9
[INFO] [stderr]    Compiling nu-ansi-term v0.50.3
[INFO] [stderr]    Compiling serde v1.0.228
[INFO] [stderr]    Compiling ecow v0.2.6
[INFO] [stderr]    Compiling tracing-log v0.2.0
[INFO] [stderr]    Compiling parking_lot_core v0.9.12
[INFO] [stderr]    Compiling parking_lot v0.12.5
[INFO] [stderr]    Compiling regex-automata v0.4.14
[INFO] [stderr]    Compiling matchers v0.2.0
[INFO] [stderr]    Compiling tracing-attributes v0.1.31
[INFO] [stderr]    Compiling tracing v0.1.44
[INFO] [stderr]    Compiling tracing-subscriber v0.3.23
[INFO] [stderr]    Compiling tracing-error v0.2.1
[INFO] [stderr]    Compiling nao-base v0.1.7 (/opt/rustwide/workdir)
[INFO] [stderr]     Finished `release` profile [optimized] target(s) in 40.96s
[INFO] running `Command { std: "docker" "inspect" "df1d61c55bbcee37f90ef51de47d9cc26b3bc5d0eec1145591634291d105cbfe", kill_on_drop: false }`
[INFO] running `Command { std: "docker" "exec" "-e" "SOURCE_DIR=/opt/rustwide/workdir" "-e" "CARGO_HOME=/opt/rustwide/cargo-home" "-e" "RUSTUP_HOME=/opt/rustwide/rustup-home" "-e" "CARGO_TARGET_DIR=/opt/rustwide/target" "-e" "CARGO_INCREMENTAL=0" "-e" "RUST_BACKTRACE=full" "-e" "RUSTFLAGS=--cap-lints=warn" "-e" "RUSTDOCFLAGS=--cap-lints=warn" "-w" "/opt/rustwide/workdir" "--user" "0:0" "df1d61c55bbcee37f90ef51de47d9cc26b3bc5d0eec1145591634291d105cbfe" "/opt/rustwide/cargo-home/bin/cargo" "+1.100.0-beta.1" "test" "--frozen" "--no-run" "--message-format=json" "--release", kill_on_drop: false }`
[INFO] [stderr]    Compiling dissimilar v1.0.11
[INFO] [stderr]    Compiling expect-test v1.5.1
[INFO] [stderr]    Compiling nao-base v0.1.7 (/opt/rustwide/workdir)
[INFO] [stderr]     Finished `release` profile [optimized] target(s) in 4.84s
[INFO] running `Command { std: "docker" "inspect" "df1d61c55bbcee37f90ef51de47d9cc26b3bc5d0eec1145591634291d105cbfe", kill_on_drop: false }`
[INFO] running `Command { std: "docker" "exec" "-e" "SOURCE_DIR=/opt/rustwide/workdir" "-e" "CARGO_HOME=/opt/rustwide/cargo-home" "-e" "RUSTUP_HOME=/opt/rustwide/rustup-home" "-e" "CARGO_TARGET_DIR=/opt/rustwide/target" "-e" "CARGO_INCREMENTAL=0" "-e" "RUST_BACKTRACE=full" "-e" "RUSTFLAGS=--cap-lints=warn" "-e" "RUSTDOCFLAGS=--cap-lints=warn" "-w" "/opt/rustwide/workdir" "--user" "0:0" "df1d61c55bbcee37f90ef51de47d9cc26b3bc5d0eec1145591634291d105cbfe" "/opt/rustwide/cargo-home/bin/cargo" "+1.100.0-beta.1" "test" "--frozen" "--release", kill_on_drop: false }`
[INFO] [stderr]     Finished `release` profile [optimized] target(s) in 0.06s
[INFO] [stderr]      Running unittests src/lib.rs (/opt/rustwide/target/release/build/nao-base/cb9d53657f8406fd/out/nao_base-cb9d53657f8406fd)
[INFO] [stdout] 
[INFO] [stdout] running 22 tests
[INFO] [stdout] test file_path::tests::test_file_path_default ... ok
[INFO] [stdout] test error::tests::test_format_span_trace_fields ... ok
[INFO] [stdout] test file_path::tests::test_file_path_equality ... ok
[INFO] [stdout] test file_path::tests::test_file_path_clone ... ok
[INFO] [stdout] test file_path::tests::test_file_path_components ... ok
[INFO] [stdout] test file_path::tests::test_file_path_creation ... ok
[INFO] [stdout] test file_path::tests::test_file_path_display ... ok
[INFO] [stdout] test cli::tests::format_cli_error_skips_cause_chain_for_multiline_cause ... FAILED
[INFO] [stdout] test cli::tests::format_cli_error_renders_headline_and_cause_chain ... FAILED
[INFO] [stdout] test result::tests::test_with_context_wraps_nao_error_results ... ok
[INFO] [stdout] test shared_string::tests::test_shared_string_default ... ok
[INFO] [stdout] test result::tests::test_option_with_context_is_lazy_for_some_results ... ok
[INFO] [stdout] test result::tests::test_with_context_is_lazy_for_ok_results ... ok
[INFO] [stdout] test shared_string::tests::test_shared_string_clone ... ok
[INFO] [stdout] test shared_string::tests::test_shared_string_creation ... ok
[INFO] [stdout] test shared_string::tests::test_shared_string_deref ... ok
[INFO] [stdout] test shared_string::tests::test_shared_string_display ... ok
[INFO] [stdout] test shared_string::tests::test_shared_string_format_macro_multiple_args ... ok
[INFO] [stdout] test shared_string::tests::test_shared_string_equality ... ok
[INFO] [stdout] test shared_string::tests::test_shared_string_format_macro ... ok
[INFO] [stdout] test file_path::tests::test_file_path_normalize ... ok
[INFO] [stdout] test file_path::tests::test_file_path_join ... ok
[INFO] [stdout] 
[INFO] [stdout] failures:
[INFO] [stdout] 
[INFO] [stdout] ---- cli::tests::format_cli_error_skips_cause_chain_for_multiline_cause stdout ----
[INFO] [stdout] 
[INFO] [stdout] 
[INFO] [stdout] [1m[91merror[97m: expect test failed[0m
[INFO] [stdout]    [1m[34m-->[0m src/cli.rs:115:9
[INFO] [stdout] 
[INFO] [stdout] You can update all `expect!` tests by running:
[INFO] [stdout] 
[INFO] [stdout]     env UPDATE_EXPECT=1 cargo test
[INFO] [stdout] 
[INFO] [stdout] To update a single test, place the cursor on `expect` token and use `run` feature of rust-analyzer.
[INFO] [stdout] 
[INFO] [stdout] [1mExpect[0m:
[INFO] [stdout] ----
[INFO] [stdout] ━━ recipe failed
[INFO] [stdout] × error failed to load recipe
[INFO] [stdout]   at crates/base/src/cli.rs:112:21
[INFO] [stdout] caused by:
[INFO] [stdout]    line one
[INFO] [stdout]    line two
[INFO] [stdout]      at crates/base/src/cli.rs:113:26
[INFO] [stdout] 
[INFO] [stdout] ----
[INFO] [stdout] 
[INFO] [stdout] [1mActual[0m:
[INFO] [stdout] ----
[INFO] [stdout] ━━ recipe failed
[INFO] [stdout] × error failed to load recipe
[INFO] [stdout]   at src/cli.rs:112:21
[INFO] [stdout] caused by:
[INFO] [stdout]    line one
[INFO] [stdout]    line two
[INFO] [stdout]      at src/cli.rs:113:26
[INFO] [stdout] 
[INFO] [stdout] ----
[INFO] [stdout] 
[INFO] [stdout] [1mDiff[0m:
[INFO] [stdout] ----
[INFO] [stdout] ━━ recipe failed
[INFO] [stdout] × error failed to load recipe
[INFO] [stdout]   at [4m[31mcrates/base/[0msrc/cli.rs:112:21
[INFO] [stdout] caused by:
[INFO] [stdout]    line one
[INFO] [stdout]    line two
[INFO] [stdout]      at [4m[31mcrates/base/[0msrc/cli.rs:113:26
[INFO] [stdout] 
[INFO] [stdout] ----
[INFO] [stdout] 
[INFO] [stdout] 
[INFO] [stdout] ---- cli::tests::format_cli_error_renders_headline_and_cause_chain stdout ----
[INFO] [stdout] 
[INFO] [stdout] 
[INFO] [stdout] [1m[91merror[97m: expect test failed[0m
[INFO] [stdout]    [1m[34m-->[0m src/cli.rs:93:9
[INFO] [stdout] 
[INFO] [stdout] [1mExpect[0m:
[INFO] [stdout] ----
[INFO] [stdout] ━━ verification failed
[INFO] [stdout] × error failed to verify
[INFO] [stdout]   at crates/base/src/cli.rs:90:21
[INFO] [stdout] caused by: missing reference output
[INFO] [stdout]      at crates/base/src/cli.rs:91:26
[INFO] [stdout] 
[INFO] [stdout] ━━ cause chain
[INFO] [stdout]   • missing reference output
[INFO] [stdout]     at crates/base/src/cli.rs:91:26
[INFO] [stdout] 
[INFO] [stdout] ----
[INFO] [stdout] 
[INFO] [stdout] [1mActual[0m:
[INFO] [stdout] ----
[INFO] [stdout] ━━ verification failed
[INFO] [stdout] × error failed to verify
[INFO] [stdout]   at src/cli.rs:90:21
[INFO] [stdout] caused by: missing reference output
[INFO] [stdout]      at src/cli.rs:91:26
[INFO] [stdout] 
[INFO] [stdout] ━━ cause chain
[INFO] [stdout]   • missing reference output
[INFO] [stdout]     at src/cli.rs:91:26
[INFO] [stdout] 
[INFO] [stdout] ----
[INFO] [stdout] 
[INFO] [stdout] [1mDiff[0m:
[INFO] [stdout] ----
[INFO] [stdout] ━━ verification failed
[INFO] [stdout] × error failed to verify
[INFO] [stdout]   at [4m[31mcrates/base/[0msrc/cli.rs:90:21
[INFO] [stdout] caused by: missing reference output
[INFO] [stdout]      at [4m[31mcrates/base/[0msrc/cli.rs:91:26
[INFO] [stdout] 
[INFO] [stdout] ━━ cause chain
[INFO] [stdout]   • missing reference output
[INFO] [stdout]     at [4m[31mcrates/base/[0msrc/cli.rs:91:26
[INFO] [stdout] 
[INFO] [stdout] ----
[INFO] [stdout] 
[INFO] [stdout] 
[INFO] [stdout] 
[INFO] [stdout] failures:
[INFO] [stdout]     cli::tests::format_cli_error_renders_headline_and_cause_chain
[INFO] [stdout]     cli::tests::format_cli_error_skips_cause_chain_for_multiline_cause
[INFO] [stdout] 
[INFO] [stdout] test result: FAILED. 20 passed; 2 failed; 0 ignored; 0 measured; 0 filtered out; finished in 0.01s
[INFO] [stdout] 
[INFO] [stderr] error: test failed, to rerun pass `--lib`
[INFO] running `Command { std: "docker" "inspect" "df1d61c55bbcee37f90ef51de47d9cc26b3bc5d0eec1145591634291d105cbfe", kill_on_drop: false }`
[INFO] running `Command { std: "docker" "rm" "-f" "df1d61c55bbcee37f90ef51de47d9cc26b3bc5d0eec1145591634291d105cbfe", kill_on_drop: false }`
[INFO] [stdout] df1d61c55bbcee37f90ef51de47d9cc26b3bc5d0eec1145591634291d105cbfe
