[INFO] fetching crate nanosandbox 0.3.3...
[INFO] testing nanosandbox-0.3.3 against 1.99.0-beta.8+cargoflags=--release for beta-release-1.100-2
[INFO] extracting crate nanosandbox 0.3.3 into /workspace/builds/worker-2-tc1/source
[INFO] started tweaking crates.io crate nanosandbox 0.3.3
[INFO] removed 0 missing examples
[INFO] removed 0 missing tests
[INFO] finished tweaking crates.io crate nanosandbox 0.3.3
[INFO] tweaked toml for crates.io crate nanosandbox 0.3.3 written to /workspace/builds/worker-2-tc1/source/Cargo.toml
[INFO] validating manifest of crates.io crate nanosandbox 0.3.3 on toolchain 1.99.0-beta.8
[INFO] running `Command { std: CARGO_HOME="/workspace/cargo-home" RUSTUP_HOME="/workspace/rustup-home" "/workspace/cargo-home/bin/cargo" "+1.99.0-beta.8" "metadata" "--manifest-path" "Cargo.toml" "--no-deps", kill_on_drop: false }`
[INFO] crate crates.io crate nanosandbox 0.3.3 already has a lockfile, it will not be regenerated
[INFO] running `Command { std: CARGO_HOME="/workspace/cargo-home" RUSTUP_HOME="/workspace/rustup-home" "/workspace/cargo-home/bin/cargo" "+1.99.0-beta.8" "fetch" "--manifest-path" "Cargo.toml", kill_on_drop: false }`
[INFO] [stderr]     Updating crates.io index
[INFO] [stderr]  Downloading crates ...
[INFO] [stderr]   Downloaded zcheapstr v1.1.0
[INFO] [stderr]   Downloaded zvariant_derive v5.15.0
[INFO] [stderr]   Downloaded zvariant_utils v4.2.0
[INFO] [stderr]   Downloaded zbus_names v4.3.4
[INFO] [stderr]   Downloaded zbus_macros v5.19.0
[INFO] [stderr]   Downloaded zvariant v5.15.0
[INFO] [stderr]   Downloaded zmij v1.0.17
[INFO] [stderr]   Downloaded clap_lex v0.7.7
[INFO] [stderr]   Downloaded zbus v5.19.0
[INFO] [stderr]   Downloaded clap v4.5.56
[INFO] [stderr]   Downloaded zerocopy-derive v0.8.36
[INFO] [stderr]   Downloaded clap_builder v4.5.56
[INFO] [stderr]   Downloaded zerocopy v0.8.36
[INFO] running `Command { std: "docker" "create" "-v" "/var/lib/crater-agent-workspace/builds/worker-2-tc1/source:/opt/rustwide/workdir:ro,Z" "-v" "/var/lib/crater-agent-workspace/builds/worker-2-tc1/target:/opt/rustwide/target:rw,Z" "-v" "/var/lib/crater-agent-workspace/cargo-home:/opt/rustwide/cargo-home:ro,Z" "-v" "/var/lib/crater-agent-workspace/rustup-home:/opt/rustwide/rustup-home:ro,Z" "-m" "1610612736" "--network" "none" "ghcr.io/rust-lang/crates-build-env/linux@sha256:77db811e55d90add9212f6832c23229e3de5f1c1f9905e8cb07319ea15df73ac" "sleep" "infinity", kill_on_drop: false }`
[INFO] [stdout] 6a5e34bf599a621d89fc17282f7b8aca1693d5fd915e4df2f9d8832230a926ce
[INFO] running `Command { std: "docker" "start" "6a5e34bf599a621d89fc17282f7b8aca1693d5fd915e4df2f9d8832230a926ce", kill_on_drop: false }`
[INFO] running `Command { std: "docker" "inspect" "6a5e34bf599a621d89fc17282f7b8aca1693d5fd915e4df2f9d8832230a926ce", kill_on_drop: false }`
[INFO] running `Command { std: "docker" "exec" "-e" "SOURCE_DIR=/opt/rustwide/workdir" "-e" "CARGO_HOME=/opt/rustwide/cargo-home" "-e" "RUSTUP_HOME=/opt/rustwide/rustup-home" "-e" "CARGO_TARGET_DIR=/opt/rustwide/target" "-w" "/opt/rustwide/workdir" "--user" "0:0" "6a5e34bf599a621d89fc17282f7b8aca1693d5fd915e4df2f9d8832230a926ce" "/opt/rustwide/cargo-home/bin/cargo" "+1.99.0-beta.8" "metadata" "--no-deps" "--format-version=1", kill_on_drop: false }`
[INFO] running `Command { std: "docker" "inspect" "6a5e34bf599a621d89fc17282f7b8aca1693d5fd915e4df2f9d8832230a926ce", kill_on_drop: false }`
[INFO] running `Command { std: "docker" "exec" "-e" "SOURCE_DIR=/opt/rustwide/workdir" "-e" "CARGO_HOME=/opt/rustwide/cargo-home" "-e" "RUSTUP_HOME=/opt/rustwide/rustup-home" "-e" "CARGO_TARGET_DIR=/opt/rustwide/target" "-e" "CARGO_INCREMENTAL=0" "-e" "RUST_BACKTRACE=full" "-e" "RUSTFLAGS=--cap-lints=warn" "-e" "RUSTDOCFLAGS=--cap-lints=warn" "-w" "/opt/rustwide/workdir" "--user" "0:0" "6a5e34bf599a621d89fc17282f7b8aca1693d5fd915e4df2f9d8832230a926ce" "/opt/rustwide/cargo-home/bin/cargo" "+1.99.0-beta.8" "build" "--frozen" "--message-format=json" "--release", kill_on_drop: false }`
[INFO] [stderr]    Compiling quote v1.0.44
[INFO] [stderr]    Compiling unicode-ident v1.0.22
[INFO] [stderr]    Compiling serde_core v1.0.228
[INFO] [stderr]    Compiling serde v1.0.228
[INFO] [stderr]    Compiling winnow v1.0.4
[INFO] [stderr]    Compiling equivalent v1.0.2
[INFO] [stderr]    Compiling libc v0.2.186
[INFO] [stderr]    Compiling toml_datetime v1.1.1+spec-1.1.0
[INFO] [stderr]    Compiling proc-macro2 v1.0.106
[INFO] [stderr]    Compiling indexmap v2.14.2
[INFO] [stderr]    Compiling endi v1.1.1
[INFO] [stderr]    Compiling syn v2.0.114
[INFO] [stderr]    Compiling syn v3.0.6
[INFO] [stderr]    Compiling toml_parser v1.1.3+spec-1.1.0
[INFO] [stderr]    Compiling toml_edit v0.25.15+spec-1.1.0
[INFO] [stderr]    Compiling errno v0.3.14
[INFO] [stderr]    Compiling event-listener v5.4.2
[INFO] [stderr]    Compiling bitflags v2.10.0
[INFO] [stderr]    Compiling proc-macro-crate v3.5.0
[INFO] [stderr]    Compiling zmij v1.0.17
[INFO] [stderr]    Compiling rustix v1.1.3
[INFO] [stderr]    Compiling nix v0.31.3
[INFO] [stderr]    Compiling tracing-core v0.1.36
[INFO] [stderr]    Compiling event-listener-strategy v0.5.4
[INFO] [stderr]    Compiling signal-hook-registry v1.4.8
[INFO] [stderr]    Compiling mio v1.1.1
[INFO] [stderr]    Compiling socket2 v0.6.2
[INFO] [stderr]    Compiling fastrand v2.3.0
[INFO] [stderr]    Compiling linux-raw-sys v0.11.0
[INFO] [stderr]    Compiling futures-io v0.3.34
[INFO] [stderr]    Compiling bytes v1.11.0
[INFO] [stderr]    Compiling serde_json v1.0.149
[INFO] [stderr]    Compiling futures-lite v2.6.1
[INFO] [stderr]    Compiling async-broadcast v0.7.2
[INFO] [stderr]    Compiling uuid v1.26.1
[INFO] [stderr]    Compiling ordered-stream v0.2.0
[INFO] [stderr]    Compiling memchr v2.7.6
[INFO] [stderr]    Compiling itoa v1.0.17
[INFO] [stderr]    Compiling hex v0.4.3
[INFO] [stderr]    Compiling serde_derive v1.0.228
[INFO] [stderr]    Compiling enumflags2_derive v0.7.12
[INFO] [stderr]    Compiling tokio-macros v2.6.0
[INFO] [stderr]    Compiling tracing-attributes v0.1.31
[INFO] [stderr]    Compiling async-trait v0.1.92
[INFO] [stderr]    Compiling tokio v1.49.0
[INFO] [stderr]    Compiling serde_repr v0.1.21
[INFO] [stderr]    Compiling tracing v0.1.44
[INFO] [stderr]    Compiling async-recursion v1.1.1
[INFO] [stderr]    Compiling thiserror-impl v2.0.18
[INFO] [stderr]    Compiling thiserror v2.0.18
[INFO] [stderr]    Compiling zvariant_utils v4.2.0
[INFO] [stderr]    Compiling zcheapstr v1.1.0
[INFO] [stderr]    Compiling enumflags2 v0.7.12
[INFO] [stderr]    Compiling zvariant_derive v5.15.0
[INFO] [stderr]    Compiling zvariant v5.15.0
[INFO] [stderr]    Compiling zbus_names v4.3.4
[INFO] [stderr]    Compiling zbus_macros v5.19.0
[INFO] [stderr]    Compiling zbus v5.19.0
[INFO] [stderr]    Compiling nanosandbox v0.3.3 (/opt/rustwide/workdir)
[INFO] [stderr]     Finished `release` profile [optimized] target(s) in 3m 41s
[INFO] running `Command { std: "docker" "inspect" "6a5e34bf599a621d89fc17282f7b8aca1693d5fd915e4df2f9d8832230a926ce", kill_on_drop: false }`
[INFO] running `Command { std: "docker" "exec" "-e" "SOURCE_DIR=/opt/rustwide/workdir" "-e" "CARGO_HOME=/opt/rustwide/cargo-home" "-e" "RUSTUP_HOME=/opt/rustwide/rustup-home" "-e" "CARGO_TARGET_DIR=/opt/rustwide/target" "-e" "CARGO_INCREMENTAL=0" "-e" "RUST_BACKTRACE=full" "-e" "RUSTFLAGS=--cap-lints=warn" "-e" "RUSTDOCFLAGS=--cap-lints=warn" "-w" "/opt/rustwide/workdir" "--user" "0:0" "6a5e34bf599a621d89fc17282f7b8aca1693d5fd915e4df2f9d8832230a926ce" "/opt/rustwide/cargo-home/bin/cargo" "+1.99.0-beta.8" "test" "--frozen" "--no-run" "--message-format=json" "--release", kill_on_drop: false }`
[INFO] [stderr]    Compiling zerocopy v0.8.36
[INFO] [stderr]    Compiling serde v1.0.228
[INFO] [stderr]    Compiling zerocopy-derive v0.8.36
[INFO] [stderr]    Compiling rustix v1.1.3
[INFO] [stderr]    Compiling crossbeam-epoch v0.9.18
[INFO] [stderr]    Compiling num-traits v0.2.19
[INFO] [stderr]    Compiling serde_json v1.0.149
[INFO] [stderr]    Compiling regex-syntax v0.8.8
[INFO] [stderr]    Compiling clap_lex v0.7.7
[INFO] [stderr]    Compiling plotters-backend v0.3.7
[INFO] [stderr]    Compiling getrandom v0.3.4
[INFO] [stderr]    Compiling crossbeam-deque v0.8.6
[INFO] [stderr]    Compiling anstyle v1.0.13
[INFO] [stderr]    Compiling plotters-svg v0.3.7
[INFO] [stderr]    Compiling rayon-core v1.13.0
[INFO] [stderr]    Compiling clap_builder v4.5.56
[INFO] [stderr]    Compiling futures-lite v2.6.1
[INFO] [stderr]    Compiling zcheapstr v1.1.0
[INFO] [stderr]    Compiling enumflags2 v0.7.12
[INFO] [stderr]    Compiling zvariant_utils v4.2.0
[INFO] [stderr]    Compiling regex-automata v0.4.13
[INFO] [stderr]    Compiling zvariant v5.15.0
[INFO] [stderr]    Compiling itertools v0.10.5
[INFO] [stderr]    Compiling zbus_names v4.3.4
[INFO] [stderr]    Compiling half v2.7.1
[INFO] [stderr]    Compiling ciborium-ll v0.2.2
[INFO] [stderr]    Compiling uuid v1.26.1
[INFO] [stderr]    Compiling criterion-plot v0.5.0
[INFO] [stderr]    Compiling ciborium v0.2.2
[INFO] [stderr]    Compiling zbus v5.19.0
[INFO] [stderr]    Compiling plotters v0.3.7
[INFO] [stderr]    Compiling regex v1.12.2
[INFO] [stderr]    Compiling clap v4.5.56
[INFO] [stderr]    Compiling tinytemplate v1.2.1
[INFO] [stderr]    Compiling rayon v1.11.0
[INFO] [stderr]    Compiling is-terminal v0.4.17
[INFO] [stderr]    Compiling tempfile v3.24.0
[INFO] [stderr]    Compiling criterion v0.5.1
[INFO] [stderr]    Compiling nanosandbox v0.3.3 (/opt/rustwide/workdir)
[INFO] [stderr]     Finished `release` profile [optimized] target(s) in 3m 36s
[INFO] running `Command { std: "docker" "inspect" "6a5e34bf599a621d89fc17282f7b8aca1693d5fd915e4df2f9d8832230a926ce", kill_on_drop: false }`
[INFO] running `Command { std: "docker" "exec" "-e" "SOURCE_DIR=/opt/rustwide/workdir" "-e" "CARGO_HOME=/opt/rustwide/cargo-home" "-e" "RUSTUP_HOME=/opt/rustwide/rustup-home" "-e" "CARGO_TARGET_DIR=/opt/rustwide/target" "-e" "CARGO_INCREMENTAL=0" "-e" "RUST_BACKTRACE=full" "-e" "RUSTFLAGS=--cap-lints=warn" "-e" "RUSTDOCFLAGS=--cap-lints=warn" "-w" "/opt/rustwide/workdir" "--user" "0:0" "6a5e34bf599a621d89fc17282f7b8aca1693d5fd915e4df2f9d8832230a926ce" "/opt/rustwide/cargo-home/bin/cargo" "+1.99.0-beta.8" "test" "--frozen" "--release", kill_on_drop: false }`
[INFO] [stderr]     Finished `release` profile [optimized] target(s) in 0.26s
[INFO] [stderr]      Running unittests src/lib.rs (/opt/rustwide/target/release/deps/nanosandbox-c72afcbda9df8124)
[INFO] [stdout] 
[INFO] [stdout] running 70 tests
[INFO] [stdout] test audit::redact::tests::headers_and_bearer_tokens_are_removed_inside_a_script ... ok
[INFO] [stdout] test builder::tests::test_builder_default ... ok
[INFO] [stdout] test audit::redact::tests::secret_looking_assignments_in_a_script_lose_their_value ... ok
[INFO] [stdout] test builder::tests::test_builder_env ... ok
[INFO] [stdout] test audit::redact::tests::a_password_in_a_url_goes_and_the_rest_stays ... ok
[INFO] [stdout] test builder::tests::test_builder_private_tmp ... ok
[INFO] [stdout] test builder::tests::test_read_only_and_writable_are_in_place ... ok
[INFO] [stdout] test builder::tests::test_seccomp ... ok
[INFO] [stdout] test network::manager::tests::test_loopback_bypasses_the_proxy_unless_private_destinations_are_allowed ... ok
[INFO] [stdout] test builder::tests::test_builder_network_modes ... ok
[INFO] [stdout] test audit::redact::tests::ordinary_commands_are_left_alone ... ok
[INFO] [stdout] test network::proxy::tests::test_forwarded_head ... ok
[INFO] [stdout] test network::manager::tests::test_env_vars ... ok
[INFO] [stdout] test builder::tests::test_builder_memory_limit ... ok
[INFO] [stdout] test network::proxy::tests::test_header_line_exactly_at_the_cap_is_still_rejected ... ok
[INFO] [stdout] test audit::redact::tests::flags_with_secret_names_lose_their_value ... ok
[INFO] [stdout] test network::proxy::tests::test_is_allowed_exact ... ok
[INFO] [stdout] test network::proxy::tests::test_header_size_is_capped ... ok
[INFO] [stdout] test network::proxy::tests::test_is_allowed_wildcard ... ok
[INFO] [stdout] test network::proxy::tests::test_line_folding_refused ... ok
[INFO] [stdout] test network::proxy::tests::test_parse_authority ... ok
[INFO] [stdout] test network::proxy::tests::test_whitelist_entries_are_normalized ... ok
[INFO] [stdout] test platform::linux::cgroup::scope::tests::builds_the_conventional_systemd_delegation_path ... ok
[INFO] [stdout] test network::proxy::tests::test_is_public ... ok
[INFO] [stdout] test platform::linux::cgroup::scope::tests::uid_appears_in_both_slice_segments ... ok
[INFO] [stdout] test platform::linux::cgroup::sweep::tests::owner_is_gone_reflects_whether_the_lock_is_held ... ok
[INFO] [stdout] test network::proxy::tests::test_refusals_and_blocked_hosts ... ok
[INFO] [stdout] test network::proxy::tests::test_tunnel_keeps_early_data_and_survives_half_close ... ok
[INFO] [stdout] test network::proxy::tests::test_http_request_body_reaches_the_server ... ok
[INFO] [stdout] test platform::linux::cgroup::tests::test_next_leaf_id_is_unique ... ok
[INFO] [stdout] test platform::linux::namespace::tests::test_user_namespace_custom ... ok
[INFO] [stdout] test platform::linux::namespace::tests::test_user_namespace_default ... ok
[INFO] [stdout] test platform::linux::needs_cgroup_tests::only_when_a_cgroup_backed_limit_is_set ... ok
[INFO] [stdout] test platform::linux::seccomp::tests::test_denied_syscalls_are_known ... ok
[INFO] [stdout] test platform::linux::seccomp::tests::test_program_builds_within_limits ... ok
[INFO] [stdout] test platform::linux::tests::is_supported_agrees_with_building_the_default_sandbox ... ok
[INFO] [stdout] test platform::linux::tests::test_linux_executor_creation ... ok
[INFO] [stdout] test platform::output::tests::test_keeps_up_to_the_limit ... ok
[INFO] [stdout] test platform::linux::cgroup::sweep::tests::sweep_matches_the_sandbox_leaf_naming_scheme_too ... ok
[INFO] [stdout] test platform::private_tmp::tests::a_directory_nothing_holds_is_swept_and_a_held_one_is_not ... ok
[INFO] [stdout] test platform::linux::cgroup::sweep::tests::sweep_stale_locks_removes_only_released_locks ... ok
[INFO] [stdout] test platform::linux::cgroup::tests::test_cgroup_leaf_path ... ok
[INFO] [stdout] test platform::linux::cgroup::sweep::tests::sweep_removes_only_leaves_whose_owner_lock_is_released ... ok
[INFO] [stdout] test network::proxy::tests::test_stopping_cuts_open_connections ... ok
[INFO] [stdout] test platform::private_tmp::tests::a_young_directory_is_left_alone_even_with_nothing_holding_it ... ok
[INFO] [stdout] test platform::private_tmp::tests::lease_holder_helper ... ok
[INFO] [stdout] test platform::private_tmp::tests::a_private_tmp_holds_its_lease_until_it_is_gone ... ok
[INFO] [stdout] test platform::private_tmp::tests::only_real_directories_of_ours_by_name_are_touched ... ok
[INFO] [stdout] test platform::private_tmp::tests::test_private_tmp_is_private_measured_and_removed ... ok
[INFO] [stdout] test platform::private_tmp::tests::test_each_run_gets_its_own_directory ... ok
[INFO] [stdout] test platform::private_tmp::tests::the_roots_swept_are_listed_once ... ok
[INFO] [stdout] test platform::tests::rlimit_cpu_secs_rounds_up_and_is_never_zero ... ok
[INFO] [stdout] test platform::read_rules::tests::test_hide_home_denies_home_and_deny_read_adds ... ok
[INFO] [stdout] test platform::tests::test_platform_is_supported ... ok
[INFO] [stdout] test platform::tests::test_get_executor ... ok
[INFO] [stdout] test result::tests::test_execution_result_oom ... ok
[INFO] [stdout] test platform::tests::test_platform_name ... ok
[INFO] [stdout] test result::tests::test_execution_result_failure ... ok
[INFO] [stdout] test platform::read_rules::tests::test_allowed_roots_leave_out_only_the_denied ... ok
[INFO] [stdout] test result::tests::test_execution_result_signal ... ok
[INFO] [stdout] test result::tests::test_execution_result_timeout ... ok
[INFO] [stdout] test result::tests::test_execution_result_tmp_limit ... ok
[INFO] [stdout] test sandbox::tests::test_presets ... ok
[INFO] [stdout] test result::tests::test_execution_result_success ... ok
[INFO] [stdout] test sandbox::tests::test_sandbox_builder ... ok
[INFO] [stdout] test sandbox::tests::test_sandbox_id_generation ... ok
[INFO] [stdout] test sandbox::tests::test_relative_paths_are_made_absolute_at_build ... ok
[INFO] [stdout] test platform::private_tmp::tests::a_sweep_removes_only_the_killed_agents_directory ... ok
[INFO] [stdout] test network::manager::tests::test_attach_serves_one_run ... ok
[INFO] [stderr]      Running tests/audit.rs (/opt/rustwide/target/release/deps/audit-5b8f8fde2cccf0fd)
[INFO] [stdout] test network::proxy::tests::test_idle_timeout_spares_active_connections ... ok
[INFO] [stdout] 
[INFO] [stdout] test result: ok. 70 passed; 0 failed; 0 ignored; 0 measured; 0 filtered out; finished in 1.34s
[INFO] [stdout] 
[INFO] [stdout] 
[INFO] [stdout] running 7 tests
[INFO] [stdout] test a_run_whose_start_cannot_be_recorded_does_not_run ... ok
[INFO] [stdout] test a_command_that_cannot_run_still_has_an_end ... FAILED
[INFO] [stdout] test the_same_event_always_serializes_to_the_same_text ... FAILED
[INFO] [stdout] test a_sink_that_panics_at_the_end_does_not_lose_the_result ... FAILED
[INFO] [stdout] test a_run_has_a_start_before_it_and_an_end_after ... FAILED
[INFO] [stdout] test each_run_of_a_sandbox_has_its_own_number ... FAILED
[INFO] [stdout] test an_event_holds_no_input_output_environment_value_or_secret_argument ... FAILED
[INFO] [stdout] 
[INFO] [stdout] failures:
[INFO] [stdout] 
[INFO] [stdout] ---- a_command_that_cannot_run_still_has_an_end stdout ----
[INFO] [stdout] 
[INFO] [stdout] thread 'a_command_that_cannot_run_still_has_an_end' (2510) panicked at tests/audit.rs:196:5:
[INFO] [stdout] Failed { error: "Internal error: clone sandboxed process: EPERM: Operation not permitted" }
[INFO] [stdout] stack backtrace:
[INFO] [stdout]    0:     0x563efeb3c631 - <<std[70759c8f55707aa4]::sys::backtrace::BacktraceLock>::print::DisplayBacktrace as core[df12db4294e9bfd3]::fmt::Display>::fmt
[INFO] [stdout]    1:     0x563efeb5391a - core[df12db4294e9bfd3]::fmt::write
[INFO] [stdout]    2:     0x563efeb41b0c - <alloc[2182bb758b4b3781]::vec::Vec<u8> as core[df12db4294e9bfd3]::io::write::Write>::write_fmt
[INFO] [stdout]    3:     0x563efeb13806 - std[70759c8f55707aa4]::panicking::default_hook::{closure#0}
[INFO] [stdout]    4:     0x563efeb323c9 - std[70759c8f55707aa4]::panicking::default_hook
[INFO] [stdout]    5:     0x563efe8bc900 - test[9d35eded1c95d3be]::test_main_inner::<test[9d35eded1c95d3be]::test_main_static::{closure#0}>::{closure#0}
[INFO] [stdout]    6:     0x563efeb326f2 - std[70759c8f55707aa4]::panicking::panic_with_hook
[INFO] [stdout]    7:     0x563efeb138b2 - std[70759c8f55707aa4]::panicking::panic_handler::{closure#0}
[INFO] [stdout]    8:     0x563efeb0c209 - std[70759c8f55707aa4]::sys::backtrace::__rust_end_short_backtrace::<std[70759c8f55707aa4]::panicking::panic_handler::{closure#0}, !>
[INFO] [stdout]    9:     0x563efeb1475d - __rustc[8fa7c3cbc660c2b3]::rust_begin_unwind
[INFO] [stdout]   10:     0x563efeb5407c - core[df12db4294e9bfd3]::panicking::panic_fmt
[INFO] [stdout]   11:     0x563efe8a29ae - <audit[dce3cf7028fbc19e]::a_command_that_cannot_run_still_has_an_end::{closure#0} as core[df12db4294e9bfd3]::ops::function::FnOnce<()>>::call_once
[INFO] [stdout]   12:     0x563efe8afbeb - test[9d35eded1c95d3be]::__rust_begin_short_backtrace::<core[df12db4294e9bfd3]::result::Result<(), alloc[2182bb758b4b3781]::string::String>, fn() -> core[df12db4294e9bfd3]::result::Result<(), alloc[2182bb758b4b3781]::string::String>>
[INFO] [stdout]   13:     0x563efe8bd255 - test[9d35eded1c95d3be]::run_test::{closure#0}
[INFO] [stdout]   14:     0x563efe8b6b14 - std[70759c8f55707aa4]::sys::backtrace::__rust_begin_short_backtrace::<test[9d35eded1c95d3be]::run_test::{closure#1}, ()>
[INFO] [stdout]   15:     0x563efe8c03b2 - <std[70759c8f55707aa4]::thread::lifecycle::spawn_unchecked<test[9d35eded1c95d3be]::run_test::{closure#1}, ()>::{closure#1} as core[df12db4294e9bfd3]::ops::function::FnOnce<()>>::call_once::{shim:vtable#0}
[INFO] [stdout]   16:     0x563efeb3aea9 - <std[70759c8f55707aa4]::sys::thread::unix::Thread>::new::thread_start
[INFO] [stdout]   17:     0x789282619dfa - <unknown>
[INFO] [stdout]   18:     0x7892826ad3d4 - clone
[INFO] [stdout]   19:                0x0 - <unknown>
[INFO] [stdout] 
[INFO] [stdout] ---- the_same_event_always_serializes_to_the_same_text stdout ----
[INFO] [stdout] 
[INFO] [stdout] thread 'the_same_event_always_serializes_to_the_same_text' (2516) panicked at tests/audit.rs:207:28:
[INFO] [stdout] called `Result::unwrap()` on an `Err` value: Internal { context: "clone sandboxed process", source: EPERM }
[INFO] [stdout] stack backtrace:
[INFO] [stdout]    0:     0x563efeb3c631 - <<std[70759c8f55707aa4]::sys::backtrace::BacktraceLock>::print::DisplayBacktrace as core[df12db4294e9bfd3]::fmt::Display>::fmt
[INFO] [stdout]    1:     0x563efeb5391a - core[df12db4294e9bfd3]::fmt::write
[INFO] [stdout]    2:     0x563efeb41b0c - <alloc[2182bb758b4b3781]::vec::Vec<u8> as core[df12db4294e9bfd3]::io::write::Write>::write_fmt
[INFO] [stdout]    3:     0x563efeb13806 - std[70759c8f55707aa4]::panicking::default_hook::{closure#0}
[INFO] [stdout]    4:     0x563efeb323c9 - std[70759c8f55707aa4]::panicking::default_hook
[INFO] [stdout]    5:     0x563efe8bc900 - test[9d35eded1c95d3be]::test_main_inner::<test[9d35eded1c95d3be]::test_main_static::{closure#0}>::{closure#0}
[INFO] [stdout]    6:     0x563efeb326f2 - std[70759c8f55707aa4]::panicking::panic_with_hook
[INFO] [stdout]    7:     0x563efeb138b2 - std[70759c8f55707aa4]::panicking::panic_handler::{closure#0}
[INFO] [stdout]    8:     0x563efeb0c209 - std[70759c8f55707aa4]::sys::backtrace::__rust_end_short_backtrace::<std[70759c8f55707aa4]::panicking::panic_handler::{closure#0}, !>
[INFO] [stdout]    9:     0x563efeb1475d - __rustc[8fa7c3cbc660c2b3]::rust_begin_unwind
[INFO] [stdout]   10:     0x563efeb5407c - core[df12db4294e9bfd3]::panicking::panic_fmt
[INFO] [stdout]   11:     0x563efeb53e52 - core[df12db4294e9bfd3]::result::unwrap_failed
[INFO] [stdout]   12:     0x563efe8a48db - <audit[dce3cf7028fbc19e]::the_same_event_always_serializes_to_the_same_text::{closure#0} as core[df12db4294e9bfd3]::ops::function::FnOnce<()>>::call_once
[INFO] [stdout]   13:     0x563efe8afbeb - test[9d35eded1c95d3be]::__rust_begin_short_backtrace::<core[df12db4294e9bfd3]::result::Result<(), alloc[2182bb758b4b3781]::string::String>, fn() -> core[df12db4294e9bfd3]::result::Result<(), alloc[2182bb758b4b3781]::string::String>>
[INFO] [stdout]   14:     0x563efe8bd255 - test[9d35eded1c95d3be]::run_test::{closure#0}
[INFO] [stdout]   15:     0x563efe8b6b14 - std[70759c8f55707aa4]::sys::backtrace::__rust_begin_short_backtrace::<test[9d35eded1c95d3be]::run_test::{closure#1}, ()>
[INFO] [stdout]   16:     0x563efe8c03b2 - <std[70759c8f55707aa4]::thread::lifecycle::spawn_unchecked<test[9d35eded1c95d3be]::run_test::{closure#1}, ()>::{closure#1} as core[df12db4294e9bfd3]::ops::function::FnOnce<()>>::call_once::{shim:vtable#0}
[INFO] [stdout]   17:     0x563efeb3aea9 - <std[70759c8f55707aa4]::sys::thread::unix::Thread>::new::thread_start
[INFO] [stdout]   18:     0x789282619dfa - <unknown>
[INFO] [stdout]   19:     0x7892826ad3d4 - clone
[INFO] [stdout]   20:                0x0 - <unknown>
[INFO] [stdout] 
[INFO] [stdout] ---- a_sink_that_panics_at_the_end_does_not_lose_the_result stdout ----
[INFO] [stdout] 
[INFO] [stdout] thread 'a_sink_that_panics_at_the_end_does_not_lose_the_result' (2513) panicked at tests/audit.rs:55:9:
[INFO] [stdout] a sink that fails
[INFO] [stdout] stack backtrace:
[INFO] [stdout]    0:     0x563efeb3c631 - <<std[70759c8f55707aa4]::sys::backtrace::BacktraceLock>::print::DisplayBacktrace as core[df12db4294e9bfd3]::fmt::Display>::fmt
[INFO] [stdout]    1:     0x563efeb5391a - core[df12db4294e9bfd3]::fmt::write
[INFO] [stdout]    2:     0x563efeb41b0c - <alloc[2182bb758b4b3781]::vec::Vec<u8> as core[df12db4294e9bfd3]::io::write::Write>::write_fmt
[INFO] [stdout]    3:     0x563efeb13806 - std[70759c8f55707aa4]::panicking::default_hook::{closure#0}
[INFO] [stdout]    4:     0x563efeb323c9 - std[70759c8f55707aa4]::panicking::default_hook
[INFO] [stdout]    5:     0x563efe8bc900 - test[9d35eded1c95d3be]::test_main_inner::<test[9d35eded1c95d3be]::test_main_static::{closure#0}>::{closure#0}
[INFO] [stdout]    6:     0x563efeb326f2 - std[70759c8f55707aa4]::panicking::panic_with_hook
[INFO] [stdout]    7:     0x563efeb138e4 - std[70759c8f55707aa4]::panicking::panic_handler::{closure#0}
[INFO] [stdout]    8:     0x563efeb0c209 - std[70759c8f55707aa4]::sys::backtrace::__rust_end_short_backtrace::<std[70759c8f55707aa4]::panicking::panic_handler::{closure#0}, !>
[INFO] [stdout]    9:     0x563efeb1475d - __rustc[8fa7c3cbc660c2b3]::rust_begin_unwind
[INFO] [stdout]   10:     0x563efeb5407c - core[df12db4294e9bfd3]::panicking::panic_fmt
[INFO] [stdout]   11:     0x563efe8a059a - <audit[dce3cf7028fbc19e]::PanicsAtEnd as nanosandbox[3b630ba8501b0e58]::audit::AuditSink>::end
[INFO] [stdout]   12:     0x563efe8f5be8 - nanosandbox[3b630ba8501b0e58]::audit::end
[INFO] [stdout]   13:     0x563efe97eb31 - <nanosandbox[3b630ba8501b0e58]::sandbox::Sandbox>::run_with_input
[INFO] [stdout]   14:     0x563efe97eb96 - <nanosandbox[3b630ba8501b0e58]::sandbox::Sandbox>::run
[INFO] [stdout]   15:     0x563efe8a4c65 - <audit[dce3cf7028fbc19e]::a_sink_that_panics_at_the_end_does_not_lose_the_result::{closure#0} as core[df12db4294e9bfd3]::ops::function::FnOnce<()>>::call_once
[INFO] [stdout]   16:     0x563efe8afbeb - test[9d35eded1c95d3be]::__rust_begin_short_backtrace::<core[df12db4294e9bfd3]::result::Result<(), alloc[2182bb758b4b3781]::string::String>, fn() -> core[df12db4294e9bfd3]::result::Result<(), alloc[2182bb758b4b3781]::string::String>>
[INFO] [stdout]   17:     0x563efe8bd255 - test[9d35eded1c95d3be]::run_test::{closure#0}
[INFO] [stdout]   18:     0x563efe8b6b14 - std[70759c8f55707aa4]::sys::backtrace::__rust_begin_short_backtrace::<test[9d35eded1c95d3be]::run_test::{closure#1}, ()>
[INFO] [stdout]   19:     0x563efe8c03b2 - <std[70759c8f55707aa4]::thread::lifecycle::spawn_unchecked<test[9d35eded1c95d3be]::run_test::{closure#1}, ()>::{closure#1} as core[df12db4294e9bfd3]::ops::function::FnOnce<()>>::call_once::{shim:vtable#0}
[INFO] [stdout]   20:     0x563efeb3aea9 - <std[70759c8f55707aa4]::sys::thread::unix::Thread>::new::thread_start
[INFO] [stdout]   21:     0x789282619dfa - <unknown>
[INFO] [stdout]   22:     0x7892826ad3d4 - clone
[INFO] [stdout]   23:                0x0 - <unknown>
[INFO] [stdout] 
[INFO] [stdout] thread 'a_sink_that_panics_at_the_end_does_not_lose_the_result' (2513) panicked at tests/audit.rs:147:47:
[INFO] [stdout] called `Result::unwrap()` on an `Err` value: Internal { context: "clone sandboxed process", source: EPERM }
[INFO] [stdout] stack backtrace:
[INFO] [stdout]    0:     0x563efeb3c631 - <<std[70759c8f55707aa4]::sys::backtrace::BacktraceLock>::print::DisplayBacktrace as core[df12db4294e9bfd3]::fmt::Display>::fmt
[INFO] [stdout]    1:     0x563efeb5391a - core[df12db4294e9bfd3]::fmt::write
[INFO] [stdout]    2:     0x563efeb41b0c - <alloc[2182bb758b4b3781]::vec::Vec<u8> as core[df12db4294e9bfd3]::io::write::Write>::write_fmt
[INFO] [stdout]    3:     0x563efeb13806 - std[70759c8f55707aa4]::panicking::default_hook::{closure#0}
[INFO] [stdout]    4:     0x563efeb323c9 - std[70759c8f55707aa4]::panicking::default_hook
[INFO] [stdout]    5:     0x563efe8bc900 - test[9d35eded1c95d3be]::test_main_inner::<test[9d35eded1c95d3be]::test_main_static::{closure#0}>::{closure#0}
[INFO] [stdout]    6:     0x563efeb326f2 - std[70759c8f55707aa4]::panicking::panic_with_hook
[INFO] [stdout]    7:     0x563efeb138b2 - std[70759c8f55707aa4]::panicking::panic_handler::{closure#0}
[INFO] [stdout]    8:     0x563efeb0c209 - std[70759c8f55707aa4]::sys::backtrace::__rust_end_short_backtrace::<std[70759c8f55707aa4]::panicking::panic_handler::{closure#0}, !>
[INFO] [stdout]    9:     0x563efeb1475d - __rustc[8fa7c3cbc660c2b3]::rust_begin_unwind
[INFO] [stdout]   10:     0x563efeb5407c - core[df12db4294e9bfd3]::panicking::panic_fmt
[INFO] [stdout]   11:     0x563efeb53e52 - core[df12db4294e9bfd3]::result::unwrap_failed
[INFO] [stdout]   12:     0x563efe8a4e1a - <audit[dce3cf7028fbc19e]::a_sink_that_panics_at_the_end_does_not_lose_the_result::{closure#0} as core[df12db4294e9bfd3]::ops::function::FnOnce<()>>::call_once
[INFO] [stdout]   13:     0x563efe8afbeb - test[9d35eded1c95d3be]::__rust_begin_short_backtrace::<core[df12db4294e9bfd3]::result::Result<(), alloc[2182bb758b4b3781]::string::String>, fn() -> core[df12db4294e9bfd3]::result::Result<(), alloc[2182bb758b4b3781]::string::String>>
[INFO] [stdout]   14:     0x563efe8bd255 - test[9d35eded1c95d3be]::run_test::{closure#0}
[INFO] [stdout]   15:     0x563efe8b6b14 - std[70759c8f55707aa4]::sys::backtrace::__rust_begin_short_backtrace::<test[9d35eded1c95d3be]::run_test::{closure#1}, ()>
[INFO] [stdout]   16:     0x563efe8c03b2 - <std[70759c8f55707aa4]::thread::lifecycle::spawn_unchecked<test[9d35eded1c95d3be]::run_test::{closure#1}, ()>::{closure#1} as core[df12db4294e9bfd3]::ops::function::FnOnce<()>>::call_once::{shim:vtable#0}
[INFO] [stdout]   17:     0x563efeb3aea9 - <std[70759c8f55707aa4]::sys::thread::unix::Thread>::new::thread_start
[INFO] [stdout]   18:     0x789282619dfa - <unknown>
[INFO] [stdout]   19:     0x7892826ad3d4 - clone
[INFO] [stdout]   20:                0x0 - <unknown>
[INFO] [stdout] 
[INFO] [stdout] ---- a_run_has_a_start_before_it_and_an_end_after stdout ----
[INFO] [stdout] 
[INFO] [stdout] thread 'a_run_has_a_start_before_it_and_an_end_after' (2511) panicked at tests/audit.rs:74:10:
[INFO] [stdout] called `Result::unwrap()` on an `Err` value: Internal { context: "clone sandboxed process", source: EPERM }
[INFO] [stdout] stack backtrace:
[INFO] [stdout]    0:     0x563efeb3c631 - <<std[70759c8f55707aa4]::sys::backtrace::BacktraceLock>::print::DisplayBacktrace as core[df12db4294e9bfd3]::fmt::Display>::fmt
[INFO] [stdout]    1:     0x563efeb5391a - core[df12db4294e9bfd3]::fmt::write
[INFO] [stdout]    2:     0x563efeb41b0c - <alloc[2182bb758b4b3781]::vec::Vec<u8> as core[df12db4294e9bfd3]::io::write::Write>::write_fmt
[INFO] [stdout]    3:     0x563efeb13806 - std[70759c8f55707aa4]::panicking::default_hook::{closure#0}
[INFO] [stdout]    4:     0x563efeb323c9 - std[70759c8f55707aa4]::panicking::default_hook
[INFO] [stdout]    5:     0x563efe8bc900 - test[9d35eded1c95d3be]::test_main_inner::<test[9d35eded1c95d3be]::test_main_static::{closure#0}>::{closure#0}
[INFO] [stdout]    6:     0x563efeb326f2 - std[70759c8f55707aa4]::panicking::panic_with_hook
[INFO] [stdout]    7:     0x563efeb138b2 - std[70759c8f55707aa4]::panicking::panic_handler::{closure#0}
[INFO] [stdout]    8:     0x563efeb0c209 - std[70759c8f55707aa4]::sys::backtrace::__rust_end_short_backtrace::<std[70759c8f55707aa4]::panicking::panic_handler::{closure#0}, !>
[INFO] [stdout]    9:     0x563efeb1475d - __rustc[8fa7c3cbc660c2b3]::rust_begin_unwind
[INFO] [stdout]   10:     0x563efeb5407c - core[df12db4294e9bfd3]::panicking::panic_fmt
[INFO] [stdout]   11:     0x563efeb53e52 - core[df12db4294e9bfd3]::result::unwrap_failed
[INFO] [stdout]   12:     0x563efe8a3240 - <audit[dce3cf7028fbc19e]::a_run_has_a_start_before_it_and_an_end_after::{closure#0} as core[df12db4294e9bfd3]::ops::function::FnOnce<()>>::call_once
[INFO] [stdout]   13:     0x563efe8afbeb - test[9d35eded1c95d3be]::__rust_begin_short_backtrace::<core[df12db4294e9bfd3]::result::Result<(), alloc[2182bb758b4b3781]::string::String>, fn() -> core[df12db4294e9bfd3]::result::Result<(), alloc[2182bb758b4b3781]::string::String>>
[INFO] [stdout]   14:     0x563efe8bd255 - test[9d35eded1c95d3be]::run_test::{closure#0}
[INFO] [stdout]   15:     0x563efe8b6b14 - std[70759c8f55707aa4]::sys::backtrace::__rust_begin_short_backtrace::<test[9d35eded1c95d3be]::run_test::{closure#1}, ()>
[INFO] [stdout]   16:     0x563efe8c03b2 - <std[70759c8f55707aa4]::thread::lifecycle::spawn_unchecked<test[9d35eded1c95d3be]::run_test::{closure#1}, ()>::{closure#1} as core[df12db4294e9bfd3]::ops::function::FnOnce<()>>::call_once::{shim:vtable#0}
[INFO] [stdout]   17:     0x563efeb3aea9 - <std[70759c8f55707aa4]::sys::thread::unix::Thread>::new::thread_start
[INFO] [stdout]   18:     0x789282619dfa - <unknown>
[INFO] [stdout]   19:     0x7892826ad3d4 - clone
[INFO] [stdout]   20:                0x0 - <unknown>
[INFO] [stdout] 
[INFO] [stdout] ---- each_run_of_a_sandbox_has_its_own_number stdout ----
[INFO] [stdout] 
[INFO] [stdout] thread 'each_run_of_a_sandbox_has_its_own_number' (2515) panicked at tests/audit.rs:106:28:
[INFO] [stdout] called `Result::unwrap()` on an `Err` value: Internal { context: "clone sandboxed process", source: EPERM }
[INFO] [stdout] stack backtrace:
[INFO] [stdout]    0:     0x563efeb3c631 - <<std[70759c8f55707aa4]::sys::backtrace::BacktraceLock>::print::DisplayBacktrace as core[df12db4294e9bfd3]::fmt::Display>::fmt
[INFO] [stdout]    1:     0x563efeb5391a - core[df12db4294e9bfd3]::fmt::write
[INFO] [stdout]    2:     0x563efeb41b0c - <alloc[2182bb758b4b3781]::vec::Vec<u8> as core[df12db4294e9bfd3]::io::write::Write>::write_fmt
[INFO] [stdout]    3:     0x563efeb13806 - std[70759c8f55707aa4]::panicking::default_hook::{closure#0}
[INFO] [stdout]    4:     0x563efeb323c9 - std[70759c8f55707aa4]::panicking::default_hook
[INFO] [stdout]    5:     0x563efe8bc900 - test[9d35eded1c95d3be]::test_main_inner::<test[9d35eded1c95d3be]::test_main_static::{closure#0}>::{closure#0}
[INFO] [stdout]    6:     0x563efeb326f2 - std[70759c8f55707aa4]::panicking::panic_with_hook
[INFO] [stdout]    7:     0x563efeb138b2 - std[70759c8f55707aa4]::panicking::panic_handler::{closure#0}
[INFO] [stdout]    8:     0x563efeb0c209 - std[70759c8f55707aa4]::sys::backtrace::__rust_end_short_backtrace::<std[70759c8f55707aa4]::panicking::panic_handler::{closure#0}, !>
[INFO] [stdout]    9:     0x563efeb1475d - __rustc[8fa7c3cbc660c2b3]::rust_begin_unwind
[INFO] [stdout]   10:     0x563efeb5407c - core[df12db4294e9bfd3]::panicking::panic_fmt
[INFO] [stdout]   11:     0x563efeb53e52 - core[df12db4294e9bfd3]::result::unwrap_failed
[INFO] [stdout]   12:     0x563efe8a22e0 - <audit[dce3cf7028fbc19e]::each_run_of_a_sandbox_has_its_own_number::{closure#0} as core[df12db4294e9bfd3]::ops::function::FnOnce<()>>::call_once
[INFO] [stdout]   13:     0x563efe8afbeb - test[9d35eded1c95d3be]::__rust_begin_short_backtrace::<core[df12db4294e9bfd3]::result::Result<(), alloc[2182bb758b4b3781]::string::String>, fn() -> core[df12db4294e9bfd3]::result::Result<(), alloc[2182bb758b4b3781]::string::String>>
[INFO] [stdout]   14:     0x563efe8bd255 - test[9d35eded1c95d3be]::run_test::{closure#0}
[INFO] [stdout]   15:     0x563efe8b6b14 - std[70759c8f55707aa4]::sys::backtrace::__rust_begin_short_backtrace::<test[9d35eded1c95d3be]::run_test::{closure#1}, ()>
[INFO] [stdout]   16:     0x563efe8c03b2 - <std[70759c8f55707aa4]::thread::lifecycle::spawn_unchecked<test[9d35eded1c95d3be]::run_test::{closure#1}, ()>::{closure#1} as core[df12db4294e9bfd3]::ops::function::FnOnce<()>>::call_once::{shim:vtable#0}
[INFO] [stdout]   17:     0x563efeb3aea9 - <std[70759c8f55707aa4]::sys::thread::unix::Thread>::new::thread_start
[INFO] [stdout]   18:     0x789282619dfa - <unknown>
[INFO] [stdout]   19:     0x7892826ad3d4 - clone
[INFO] [stdout]   20:                0x0 - <unknown>
[INFO] [stdout] 
[INFO] [stdout] ---- an_event_holds_no_input_output_environment_value_or_secret_argument stdout ----
[INFO] [stdout] 
[INFO] [stdout] thread 'an_event_holds_no_input_output_environment_value_or_secret_argument' (2514) panicked at tests/audit.rs:159:10:
[INFO] [stdout] called `Result::unwrap()` on an `Err` value: Internal { context: "clone sandboxed process", source: EPERM }
[INFO] [stdout] stack backtrace:
[INFO] [stdout]    0:     0x563efeb3c631 - <<std[70759c8f55707aa4]::sys::backtrace::BacktraceLock>::print::DisplayBacktrace as core[df12db4294e9bfd3]::fmt::Display>::fmt
[INFO] [stdout]    1:     0x563efeb5391a - core[df12db4294e9bfd3]::fmt::write
[INFO] [stdout]    2:     0x563efeb41b0c - <alloc[2182bb758b4b3781]::vec::Vec<u8> as core[df12db4294e9bfd3]::io::write::Write>::write_fmt
[INFO] [stdout]    3:     0x563efeb13806 - std[70759c8f55707aa4]::panicking::default_hook::{closure#0}
[INFO] [stdout]    4:     0x563efeb323c9 - std[70759c8f55707aa4]::panicking::default_hook
[INFO] [stdout]    5:     0x563efe8bc900 - test[9d35eded1c95d3be]::test_main_inner::<test[9d35eded1c95d3be]::test_main_static::{closure#0}>::{closure#0}
[INFO] [stdout]    6:     0x563efeb326f2 - std[70759c8f55707aa4]::panicking::panic_with_hook
[INFO] [stdout]    7:     0x563efeb138b2 - std[70759c8f55707aa4]::panicking::panic_handler::{closure#0}
[INFO] [stdout]    8:     0x563efeb0c209 - std[70759c8f55707aa4]::sys::backtrace::__rust_end_short_backtrace::<std[70759c8f55707aa4]::panicking::panic_handler::{closure#0}, !>
[INFO] [stdout]    9:     0x563efeb1475d - __rustc[8fa7c3cbc660c2b3]::rust_begin_unwind
[INFO] [stdout]   10:     0x563efeb5407c - core[df12db4294e9bfd3]::panicking::panic_fmt
[INFO] [stdout]   11:     0x563efeb53e52 - core[df12db4294e9bfd3]::result::unwrap_failed
[INFO] [stdout]   12:     0x563efe8a570b - <audit[dce3cf7028fbc19e]::an_event_holds_no_input_output_environment_value_or_secret_argument::{closure#0} as core[df12db4294e9bfd3]::ops::function::FnOnce<()>>::call_once
[INFO] [stdout]   13:     0x563efe8afbeb - test[9d35eded1c95d3be]::__rust_begin_short_backtrace::<core[df12db4294e9bfd3]::result::Result<(), alloc[2182bb758b4b3781]::string::String>, fn() -> core[df12db4294e9bfd3]::result::Result<(), alloc[2182bb758b4b3781]::string::String>>
[INFO] [stdout]   14:     0x563efe8bd255 - test[9d35eded1c95d3be]::run_test::{closure#0}
[INFO] [stdout]   15:     0x563efe8b6b14 - std[70759c8f55707aa4]::sys::backtrace::__rust_begin_short_backtrace::<test[9d35eded1c95d3be]::run_test::{closure#1}, ()>
[INFO] [stdout]   16:     0x563efe8c03b2 - <std[70759c8f55707aa4]::thread::lifecycle::spawn_unchecked<test[9d35eded1c95d3be]::run_test::{closure#1}, ()>::{closure#1} as core[df12db4294e9bfd3]::ops::function::FnOnce<()>>::call_once::{shim:vtable#0}
[INFO] [stdout]   17:     0x563efeb3aea9 - <std[70759c8f55707aa4]::sys::thread::unix::Thread>::new::thread_start
[INFO] [stdout]   18:     0x789282619dfa - <unknown>
[INFO] [stdout]   19:     0x7892826ad3d4 - clone
[INFO] [stdout]   20:                0x0 - <unknown>
[INFO] [stdout] 
[INFO] [stdout] 
[INFO] [stdout] failures:
[INFO] [stdout]     a_command_that_cannot_run_still_has_an_end
[INFO] [stdout]     a_run_has_a_start_before_it_and_an_end_after
[INFO] [stdout]     a_sink_that_panics_at_the_end_does_not_lose_the_result
[INFO] [stdout]     an_event_holds_no_input_output_environment_value_or_secret_argument
[INFO] [stdout]     each_run_of_a_sandbox_has_its_own_number
[INFO] [stdout]     the_same_event_always_serializes_to_the_same_text
[INFO] [stdout] 
[INFO] [stdout] test result: FAILED. 1 passed; 6 failed; 0 ignored; 0 measured; 0 filtered out; finished in 0.02s
[INFO] [stdout] 
[INFO] [stderr] error: test failed, to rerun pass `--test audit`
[INFO] running `Command { std: "docker" "inspect" "6a5e34bf599a621d89fc17282f7b8aca1693d5fd915e4df2f9d8832230a926ce", kill_on_drop: false }`
[INFO] running `Command { std: "docker" "rm" "-f" "6a5e34bf599a621d89fc17282f7b8aca1693d5fd915e4df2f9d8832230a926ce", kill_on_drop: false }`
[INFO] [stdout] 6a5e34bf599a621d89fc17282f7b8aca1693d5fd915e4df2f9d8832230a926ce
