[INFO] fetching crate name-it 0.1.5...
[INFO] testing name-it-0.1.5 against 1.99.0-beta.8+cargoflags=--release for beta-release-1.100-2
[INFO] extracting crate name-it 0.1.5 into /workspace/builds/worker-3-tc1/source
[INFO] started tweaking crates.io crate name-it 0.1.5
[INFO] finished tweaking crates.io crate name-it 0.1.5
[INFO] tweaked toml for crates.io crate name-it 0.1.5 written to /workspace/builds/worker-3-tc1/source/Cargo.toml
[INFO] validating manifest of crates.io crate name-it 0.1.5 on toolchain 1.99.0-beta.8
[INFO] running `Command { std: CARGO_HOME="/workspace/cargo-home" RUSTUP_HOME="/workspace/rustup-home" "/workspace/cargo-home/bin/cargo" "+1.99.0-beta.8" "metadata" "--manifest-path" "Cargo.toml" "--no-deps", kill_on_drop: false }`
[INFO] crate crates.io crate name-it 0.1.5 already has a lockfile, it will not be regenerated
[INFO] running `Command { std: CARGO_HOME="/workspace/cargo-home" RUSTUP_HOME="/workspace/rustup-home" "/workspace/cargo-home/bin/cargo" "+1.99.0-beta.8" "fetch" "--manifest-path" "Cargo.toml", kill_on_drop: false }`
[INFO] [stderr]     Updating crates.io index
[INFO] [stderr]  Downloading crates ...
[INFO] [stderr]   Downloaded trybuild v1.0.64
[INFO] [stderr]   Downloaded serde_derive v1.0.142
[INFO] [stderr]   Downloaded futures-test v0.3.21
[INFO] [stderr]   Downloaded toml v0.5.9
[INFO] [stderr]   Downloaded impls v1.0.3
[INFO] [stderr]   Downloaded name-it-macros v0.1.3
[INFO] [stderr]   Downloaded elain v0.3.0
[INFO] [stderr]   Downloaded dissimilar v1.0.4
[INFO] [stderr]   Downloaded serde v1.0.142
[INFO] [stderr]   Downloaded serde_json v1.0.83
[INFO] [stderr]   Downloaded tokio v1.20.1
[INFO] running `Command { std: "docker" "create" "-v" "/var/lib/crater-agent-workspace/builds/worker-3-tc1/source:/opt/rustwide/workdir:ro,Z" "-v" "/var/lib/crater-agent-workspace/builds/worker-3-tc1/target:/opt/rustwide/target:rw,Z" "-v" "/var/lib/crater-agent-workspace/cargo-home:/opt/rustwide/cargo-home:ro,Z" "-v" "/var/lib/crater-agent-workspace/rustup-home:/opt/rustwide/rustup-home:ro,Z" "-m" "1610612736" "--network" "none" "ghcr.io/rust-lang/crates-build-env/linux@sha256:77db811e55d90add9212f6832c23229e3de5f1c1f9905e8cb07319ea15df73ac" "sleep" "infinity", kill_on_drop: false }`
[INFO] [stdout] 9a0824a44c94795ae7926a54c044e7f82ff29415df11425ed6a8462765d55018
[INFO] running `Command { std: "docker" "start" "9a0824a44c94795ae7926a54c044e7f82ff29415df11425ed6a8462765d55018", kill_on_drop: false }`
[INFO] running `Command { std: "docker" "inspect" "9a0824a44c94795ae7926a54c044e7f82ff29415df11425ed6a8462765d55018", kill_on_drop: false }`
[INFO] running `Command { std: "docker" "exec" "-e" "SOURCE_DIR=/opt/rustwide/workdir" "-e" "CARGO_HOME=/opt/rustwide/cargo-home" "-e" "RUSTUP_HOME=/opt/rustwide/rustup-home" "-e" "CARGO_TARGET_DIR=/opt/rustwide/target" "-w" "/opt/rustwide/workdir" "--user" "0:0" "9a0824a44c94795ae7926a54c044e7f82ff29415df11425ed6a8462765d55018" "/opt/rustwide/cargo-home/bin/cargo" "+1.99.0-beta.8" "metadata" "--no-deps" "--format-version=1", kill_on_drop: false }`
[INFO] running `Command { std: "docker" "inspect" "9a0824a44c94795ae7926a54c044e7f82ff29415df11425ed6a8462765d55018", kill_on_drop: false }`
[INFO] running `Command { std: "docker" "exec" "-e" "SOURCE_DIR=/opt/rustwide/workdir" "-e" "CARGO_HOME=/opt/rustwide/cargo-home" "-e" "RUSTUP_HOME=/opt/rustwide/rustup-home" "-e" "CARGO_TARGET_DIR=/opt/rustwide/target" "-e" "CARGO_INCREMENTAL=0" "-e" "RUST_BACKTRACE=full" "-e" "RUSTFLAGS=--cap-lints=warn" "-e" "RUSTDOCFLAGS=--cap-lints=warn" "-w" "/opt/rustwide/workdir" "--user" "0:0" "9a0824a44c94795ae7926a54c044e7f82ff29415df11425ed6a8462765d55018" "/opt/rustwide/cargo-home/bin/cargo" "+1.99.0-beta.8" "build" "--frozen" "--message-format=json" "--release", kill_on_drop: false }`
[INFO] [stderr]    Compiling proc-macro2 v1.0.43
[INFO] [stderr]    Compiling unicode-ident v1.0.3
[INFO] [stderr]    Compiling quote v1.0.21
[INFO] [stderr]    Compiling syn v1.0.99
[INFO] [stderr]    Compiling elain v0.3.0
[INFO] [stderr]    Compiling proc-macro-error-attr v1.0.4
[INFO] [stderr]    Compiling proc-macro-error v1.0.4
[INFO] [stderr]    Compiling name-it-macros v0.1.3
[INFO] [stderr]    Compiling name-it v0.1.5 (/opt/rustwide/workdir)
[INFO] [stdout] warning: lint `pointer_structural_match` has been removed: converted into hard error, see RFC #3535 <https://rust-lang.github.io/rfcs/3535-constants-in-patterns.html> for more information
[INFO] [stdout]   --> src/lib.rs:30:5
[INFO] [stdout]    |
[INFO] [stdout] 30 |     pointer_structural_match,
[INFO] [stdout]    |     ^^^^^^^^^^^^^^^^^^^^^^^^
[INFO] [stdout]    |
[INFO] [stdout]    = note: `#[warn(renamed_and_removed_lints)]` on by default
[INFO] [stdout] 
[INFO] [stdout] 
[INFO] [stdout] warning: unnecessary qualification
[INFO] [stdout]    --> src/lib.rs:239:5
[INFO] [stdout]     |
[INFO] [stdout] 239 |     core::mem::size_of::<F::Fut>()
[INFO] [stdout]     |     ^^^^^^^^^^^^^^^^^^^^^^^^^^^^
[INFO] [stdout]     |
[INFO] [stdout] note: the lint level is defined here
[INFO] [stdout]    --> src/lib.rs:32:5
[INFO] [stdout]     |
[INFO] [stdout]  32 |     unused_qualifications,
[INFO] [stdout]     |     ^^^^^^^^^^^^^^^^^^^^^
[INFO] [stdout] help: remove the unnecessary path segments
[INFO] [stdout]     |
[INFO] [stdout] 239 -     core::mem::size_of::<F::Fut>()
[INFO] [stdout] 239 +     size_of::<F::Fut>()
[INFO] [stdout]     |
[INFO] [stdout] 
[INFO] [stdout] 
[INFO] [stdout] warning: unnecessary qualification
[INFO] [stdout]    --> src/lib.rs:244:5
[INFO] [stdout]     |
[INFO] [stdout] 244 |     core::mem::align_of::<F::Fut>()
[INFO] [stdout]     |     ^^^^^^^^^^^^^^^^^^^^^^^^^^^^^
[INFO] [stdout]     |
[INFO] [stdout] help: remove the unnecessary path segments
[INFO] [stdout]     |
[INFO] [stdout] 244 -     core::mem::align_of::<F::Fut>()
[INFO] [stdout] 244 +     align_of::<F::Fut>()
[INFO] [stdout]     |
[INFO] [stdout] 
[INFO] [stdout] 
[INFO] [stderr]     Finished `release` profile [optimized] target(s) in 6.72s
[INFO] running `Command { std: "docker" "inspect" "9a0824a44c94795ae7926a54c044e7f82ff29415df11425ed6a8462765d55018", kill_on_drop: false }`
[INFO] running `Command { std: "docker" "exec" "-e" "SOURCE_DIR=/opt/rustwide/workdir" "-e" "CARGO_HOME=/opt/rustwide/cargo-home" "-e" "RUSTUP_HOME=/opt/rustwide/rustup-home" "-e" "CARGO_TARGET_DIR=/opt/rustwide/target" "-e" "CARGO_INCREMENTAL=0" "-e" "RUST_BACKTRACE=full" "-e" "RUSTFLAGS=--cap-lints=warn" "-e" "RUSTDOCFLAGS=--cap-lints=warn" "-w" "/opt/rustwide/workdir" "--user" "0:0" "9a0824a44c94795ae7926a54c044e7f82ff29415df11425ed6a8462765d55018" "/opt/rustwide/cargo-home/bin/cargo" "+1.99.0-beta.8" "test" "--frozen" "--no-run" "--message-format=json" "--release", kill_on_drop: false }`
[INFO] [stderr]    Compiling futures-core v0.3.21
[INFO] [stderr]    Compiling futures-task v0.3.21
[INFO] [stderr]    Compiling futures-channel v0.3.21
[INFO] [stderr]    Compiling serde v1.0.142
[INFO] [stderr]    Compiling futures-util v0.3.21
[INFO] [stderr]    Compiling futures-sink v0.3.21
[INFO] [stderr]    Compiling futures-macro v0.3.21
[INFO] [stderr]    Compiling futures-io v0.3.21
[INFO] [stderr]    Compiling serde_json v1.0.83
[INFO] [stderr]    Compiling serde_derive v1.0.142
[INFO] [stderr]    Compiling tokio v1.20.1
[INFO] [stderr]    Compiling pin-project-internal v1.0.11
[INFO] [stderr]    Compiling trybuild v1.0.64
[INFO] [stderr]    Compiling ryu v1.0.11
[INFO] [stderr]    Compiling itoa v1.0.3
[INFO] [stderr]    Compiling once_cell v1.13.0
[INFO] [stderr]    Compiling tokio-macros v1.8.0
[INFO] [stderr]    Compiling dissimilar v1.0.4
[INFO] [stderr]    Compiling termcolor v1.1.3
[INFO] [stderr]    Compiling impls v1.0.3
[INFO] [stdout] warning: lint `pointer_structural_match` has been removed: converted into hard error, see RFC #3535 <https://rust-lang.github.io/rfcs/3535-constants-in-patterns.html> for more information
[INFO] [stdout]   --> src/lib.rs:30:5
[INFO] [stdout]    |
[INFO] [stdout] 30 |     pointer_structural_match,
[INFO] [stdout]    |     ^^^^^^^^^^^^^^^^^^^^^^^^
[INFO] [stdout]    |
[INFO] [stdout]    = note: `#[warn(renamed_and_removed_lints)]` on by default
[INFO] [stdout] 
[INFO] [stdout] 
[INFO] [stdout] warning: unnecessary qualification
[INFO] [stdout]    --> src/lib.rs:239:5
[INFO] [stdout]     |
[INFO] [stdout] 239 |     core::mem::size_of::<F::Fut>()
[INFO] [stdout]     |     ^^^^^^^^^^^^^^^^^^^^^^^^^^^^
[INFO] [stdout]     |
[INFO] [stdout] note: the lint level is defined here
[INFO] [stdout]    --> src/lib.rs:32:5
[INFO] [stdout]     |
[INFO] [stdout]  32 |     unused_qualifications,
[INFO] [stdout]     |     ^^^^^^^^^^^^^^^^^^^^^
[INFO] [stdout] help: remove the unnecessary path segments
[INFO] [stdout]     |
[INFO] [stdout] 239 -     core::mem::size_of::<F::Fut>()
[INFO] [stdout] 239 +     size_of::<F::Fut>()
[INFO] [stdout]     |
[INFO] [stdout] 
[INFO] [stdout] 
[INFO] [stdout] warning: unnecessary qualification
[INFO] [stdout]    --> src/lib.rs:244:5
[INFO] [stdout]     |
[INFO] [stdout] 244 |     core::mem::align_of::<F::Fut>()
[INFO] [stdout]     |     ^^^^^^^^^^^^^^^^^^^^^^^^^^^^^
[INFO] [stdout]     |
[INFO] [stdout] help: remove the unnecessary path segments
[INFO] [stdout]     |
[INFO] [stdout] 244 -     core::mem::align_of::<F::Fut>()
[INFO] [stdout] 244 +     align_of::<F::Fut>()
[INFO] [stdout]     |
[INFO] [stdout] 
[INFO] [stdout] 
[INFO] [stderr]    Compiling pin-project v1.0.11
[INFO] [stderr]    Compiling toml v0.5.9
[INFO] [stderr]    Compiling futures-executor v0.3.21
[INFO] [stderr]    Compiling futures-test v0.3.21
[INFO] [stderr]    Compiling futures v0.3.21
[INFO] [stderr]    Compiling name-it v0.1.5 (/opt/rustwide/workdir)
[INFO] [stdout] warning: lint `pointer_structural_match` has been removed: converted into hard error, see RFC #3535 <https://rust-lang.github.io/rfcs/3535-constants-in-patterns.html> for more information
[INFO] [stdout]   --> src/lib.rs:30:5
[INFO] [stdout]    |
[INFO] [stdout] 30 |     pointer_structural_match,
[INFO] [stdout]    |     ^^^^^^^^^^^^^^^^^^^^^^^^
[INFO] [stdout]    |
[INFO] [stdout]    = note: `#[warn(renamed_and_removed_lints)]` on by default
[INFO] [stdout] 
[INFO] [stdout] 
[INFO] [stdout] warning: unnecessary qualification
[INFO] [stdout]    --> src/lib.rs:239:5
[INFO] [stdout]     |
[INFO] [stdout] 239 |     core::mem::size_of::<F::Fut>()
[INFO] [stdout]     |     ^^^^^^^^^^^^^^^^^^^^^^^^^^^^
[INFO] [stdout]     |
[INFO] [stdout] note: the lint level is defined here
[INFO] [stdout]    --> src/lib.rs:32:5
[INFO] [stdout]     |
[INFO] [stdout]  32 |     unused_qualifications,
[INFO] [stdout]     |     ^^^^^^^^^^^^^^^^^^^^^
[INFO] [stdout] help: remove the unnecessary path segments
[INFO] [stdout]     |
[INFO] [stdout] 239 -     core::mem::size_of::<F::Fut>()
[INFO] [stdout] 239 +     size_of::<F::Fut>()
[INFO] [stdout]     |
[INFO] [stdout] 
[INFO] [stdout] 
[INFO] [stdout] warning: unnecessary qualification
[INFO] [stdout]    --> src/lib.rs:244:5
[INFO] [stdout]     |
[INFO] [stdout] 244 |     core::mem::align_of::<F::Fut>()
[INFO] [stdout]     |     ^^^^^^^^^^^^^^^^^^^^^^^^^^^^^
[INFO] [stdout]     |
[INFO] [stdout] help: remove the unnecessary path segments
[INFO] [stdout]     |
[INFO] [stdout] 244 -     core::mem::align_of::<F::Fut>()
[INFO] [stdout] 244 +     align_of::<F::Fut>()
[INFO] [stdout]     |
[INFO] [stdout] 
[INFO] [stdout] 
[INFO] [stdout] warning: field `0` is never read
[INFO] [stdout]  --> tests/markers.rs:5:16
[INFO] [stdout]   |
[INFO] [stdout] 5 | struct NotSend(*const ());
[INFO] [stdout]   |        ------- ^^^^^^^^^
[INFO] [stdout]   |        |
[INFO] [stdout]   |        field in this struct
[INFO] [stdout]   |
[INFO] [stdout]   = help: consider removing this field
[INFO] [stdout]   = note: `#[warn(dead_code)]` (part of `#[warn(unused)]`) on by default
[INFO] [stdout] 
[INFO] [stdout] 
[INFO] [stdout] warning: field `0` is never read
[INFO] [stdout]  --> tests/markers.rs:8:16
[INFO] [stdout]   |
[INFO] [stdout] 8 | struct NotSync(*const ());
[INFO] [stdout]   |        ------- ^^^^^^^^^
[INFO] [stdout]   |        |
[INFO] [stdout]   |        field in this struct
[INFO] [stdout]   |
[INFO] [stdout]   = help: consider removing this field
[INFO] [stdout] 
[INFO] [stdout] 
[INFO] [stdout] warning: trait `AssertSend` is never used
[INFO] [stdout]   --> tests/futures-channel-mpsc.rs:21:7
[INFO] [stdout]    |
[INFO] [stdout] 21 | trait AssertSend: Send {}
[INFO] [stdout]    |       ^^^^^^^^^^
[INFO] [stdout]    |
[INFO] [stdout]    = note: `#[warn(dead_code)]` (part of `#[warn(unused)]`) on by default
[INFO] [stdout] 
[INFO] [stdout] 
[INFO] [stderr]     Finished `release` profile [optimized] target(s) in 26.88s
[INFO] running `Command { std: "docker" "inspect" "9a0824a44c94795ae7926a54c044e7f82ff29415df11425ed6a8462765d55018", kill_on_drop: false }`
[INFO] running `Command { std: "docker" "exec" "-e" "SOURCE_DIR=/opt/rustwide/workdir" "-e" "CARGO_HOME=/opt/rustwide/cargo-home" "-e" "RUSTUP_HOME=/opt/rustwide/rustup-home" "-e" "CARGO_TARGET_DIR=/opt/rustwide/target" "-e" "CARGO_INCREMENTAL=0" "-e" "RUST_BACKTRACE=full" "-e" "RUSTFLAGS=--cap-lints=warn" "-e" "RUSTDOCFLAGS=--cap-lints=warn" "-w" "/opt/rustwide/workdir" "--user" "0:0" "9a0824a44c94795ae7926a54c044e7f82ff29415df11425ed6a8462765d55018" "/opt/rustwide/cargo-home/bin/cargo" "+1.99.0-beta.8" "test" "--frozen" "--release", kill_on_drop: false }`
[INFO] [stderr] warning: lint `pointer_structural_match` has been removed: converted into hard error, see RFC #3535 <https://rust-lang.github.io/rfcs/3535-constants-in-patterns.html> for more information
[INFO] [stderr]   --> src/lib.rs:30:5
[INFO] [stderr]    |
[INFO] [stderr] 30 |     pointer_structural_match,
[INFO] [stderr]    |     ^^^^^^^^^^^^^^^^^^^^^^^^
[INFO] [stderr]    |
[INFO] [stderr]    = note: `#[warn(renamed_and_removed_lints)]` on by default
[INFO] [stderr] 
[INFO] [stderr] warning: unnecessary qualification
[INFO] [stderr]    --> src/lib.rs:239:5
[INFO] [stderr]     |
[INFO] [stderr] 239 |     core::mem::size_of::<F::Fut>()
[INFO] [stderr]     |     ^^^^^^^^^^^^^^^^^^^^^^^^^^^^
[INFO] [stderr]     |
[INFO] [stderr] note: the lint level is defined here
[INFO] [stderr]    --> src/lib.rs:32:5
[INFO] [stderr]     |
[INFO] [stderr]  32 |     unused_qualifications,
[INFO] [stderr]     |     ^^^^^^^^^^^^^^^^^^^^^
[INFO] [stderr] help: remove the unnecessary path segments
[INFO] [stderr]     |
[INFO] [stderr] 239 -     core::mem::size_of::<F::Fut>()
[INFO] [stderr] 239 +     size_of::<F::Fut>()
[INFO] [stderr]     |
[INFO] [stderr] 
[INFO] [stderr] warning: unnecessary qualification
[INFO] [stderr]    --> src/lib.rs:244:5
[INFO] [stderr]     |
[INFO] [stderr] 244 |     core::mem::align_of::<F::Fut>()
[INFO] [stderr]     |     ^^^^^^^^^^^^^^^^^^^^^^^^^^^^^
[INFO] [stderr]     |
[INFO] [stderr] help: remove the unnecessary path segments
[INFO] [stderr]     |
[INFO] [stderr] 244 -     core::mem::align_of::<F::Fut>()
[INFO] [stderr] 244 +     align_of::<F::Fut>()
[INFO] [stderr]     |
[INFO] [stderr] 
[INFO] [stderr] warning: `name-it` (lib) generated 3 warnings (run `cargo fix --lib -p name-it` to apply 2 suggestions)
[INFO] [stderr] warning: trait `AssertSend` is never used
[INFO] [stderr]   --> tests/futures-channel-mpsc.rs:21:7
[INFO] [stderr]    |
[INFO] [stderr] 21 | trait AssertSend: Send {}
[INFO] [stderr]    |       ^^^^^^^^^^
[INFO] [stderr]    |
[INFO] [stderr]    = note: `#[warn(dead_code)]` (part of `#[warn(unused)]`) on by default
[INFO] [stderr] 
[INFO] [stderr] warning: field `0` is never read
[INFO] [stderr]  --> tests/markers.rs:5:16
[INFO] [stderr]   |
[INFO] [stderr] 5 | struct NotSend(*const ());
[INFO] [stderr]   |        ------- ^^^^^^^^^
[INFO] [stderr]   |        |
[INFO] [stderr]   |        field in this struct
[INFO] [stderr]   |
[INFO] [stderr]   = help: consider removing this field
[INFO] [stderr]   = note: `#[warn(dead_code)]` (part of `#[warn(unused)]`) on by default
[INFO] [stderr] 
[INFO] [stderr] warning: field `0` is never read
[INFO] [stderr]  --> tests/markers.rs:8:16
[INFO] [stderr]   |
[INFO] [stderr] 8 | struct NotSync(*const ());
[INFO] [stderr]   |        ------- ^^^^^^^^^
[INFO] [stderr]   |        |
[INFO] [stderr]   |        field in this struct
[INFO] [stderr]   |
[INFO] [stderr]   = help: consider removing this field
[INFO] [stderr] 
[INFO] [stderr] warning: `name-it` (test "futures-channel-mpsc") generated 1 warning
[INFO] [stderr] warning: `name-it` (lib test) generated 3 warnings (3 duplicates)
[INFO] [stderr] warning: `name-it` (test "markers") generated 2 warnings
[INFO] [stderr]     Finished `release` profile [optimized] target(s) in 0.07s
[INFO] [stderr]      Running unittests src/lib.rs (/opt/rustwide/target/release/deps/name_it-a60f8c0de66ce53f)
[INFO] [stdout] 
[INFO] [stdout] running 0 tests
[INFO] [stdout] 
[INFO] [stdout] test result: ok. 0 passed; 0 failed; 0 ignored; 0 measured; 0 filtered out; finished in 0.00s
[INFO] [stdout] 
[INFO] [stderr]      Running tests/futures-channel-channel.rs (/opt/rustwide/target/release/deps/futures_channel_channel-68f67b756ccdd8f7)
[INFO] [stdout] 
[INFO] [stdout] running 4 tests
[INFO] [stdout] test drop_order ... ignored
[INFO] [stdout] test drop_rx ... ignored
[INFO] [stdout] test drop_sender ... ignored
[INFO] [stdout] test sequence ... ok
[INFO] [stdout] 
[INFO] [stdout] test result: ok. 1 passed; 0 failed; 3 ignored; 0 measured; 0 filtered out; finished in 0.03s
[INFO] [stdout] 
[INFO] [stderr]      Running tests/futures-channel-mpsc.rs (/opt/rustwide/target/release/deps/futures_channel_mpsc-2f33f6e6c0fdf059)
[INFO] [stdout] 
[INFO] [stdout] running 22 tests
[INFO] [stdout] test hash_receiver ... ignored
[INFO] [stdout] test is_connected_to ... ignored
[INFO] [stdout] test recv_close_gets_none ... ignored
[INFO] [stdout] test same_receiver ... ignored
[INFO] [stdout] test send_backpressure ... ignored
[INFO] [stdout] test send_backpressure_multi_senders ... ignored
[INFO] [stdout] test send_recv ... ignored
[INFO] [stdout] test send_recv_no_buffer ... ignored
[INFO] [stdout] test send_recv_threads ... ignored
[INFO] [stdout] test send_recv_threads_no_capacity ... ignored
[INFO] [stdout] test send_shared_recv ... ignored
[INFO] [stdout] test stress_close_receiver ... ignored
[INFO] [stdout] test stress_receiver_multi_task_bounded_hard ... ignored
[INFO] [stdout] test stress_shared_bounded_hard ... ignored
[INFO] [stdout] test stress_shared_unbounded ... ignored
[INFO] [stdout] test try_send_1 ... ignored
[INFO] [stdout] test try_send_2 ... ignored
[INFO] [stdout] test try_send_fail ... ignored
[INFO] [stdout] test try_send_recv ... ignored
[INFO] [stdout] test tx_close_gets_none ... ignored
[INFO] [stdout] test stress_poll_ready ... ok
[INFO] [stdout] test stress_drop_sender ... ok
[INFO] [stderr]      Running tests/lifetimes.rs (/opt/rustwide/target/release/deps/lifetimes-6bb371dd856ec10c)
[INFO] [stdout] 
[INFO] [stderr]      Running tests/markers.rs (/opt/rustwide/target/release/deps/markers-62c960b19350fda6)
[INFO] [stdout] test result: ok. 2 passed; 0 failed; 20 ignored; 0 measured; 0 filtered out; finished in 9.53s
[INFO] [stdout] 
[INFO] [stdout] 
[INFO] [stdout] running 1 test
[INFO] [stdout] test should_work ... ok
[INFO] [stdout] 
[INFO] [stdout] test result: ok. 1 passed; 0 failed; 0 ignored; 0 measured; 0 filtered out; finished in 0.00s
[INFO] [stdout] 
[INFO] [stdout] 
[INFO] [stdout] running 1 test
[INFO] [stdout] test impls_are_correct ... ok
[INFO] [stdout] 
[INFO] [stdout] test result: ok. 1 passed; 0 failed; 0 ignored; 0 measured; 0 filtered out; finished in 0.08s
[INFO] [stdout] 
[INFO] [stderr]      Running tests/two-futures.rs (/opt/rustwide/target/release/deps/two_futures-533194ec30c09437)
[INFO] [stdout] 
[INFO] [stdout] running 1 test
[INFO] [stdout] test test ... ok
[INFO] [stderr]      Running tests/ui.rs (/opt/rustwide/target/release/deps/ui-bbb917635a956ed1)
[INFO] [stdout] 
[INFO] [stdout] test result: ok. 1 passed; 0 failed; 0 ignored; 0 measured; 0 filtered out; finished in 0.00s
[INFO] [stdout] 
[INFO] [stdout] 
[INFO] [stdout] running 1 test
[INFO] [stderr] warning: `/opt/rustwide/target/tests/name-it/.cargo/config` is deprecated in favor of `config.toml`
[INFO] [stderr]   |
[INFO] [stderr]   = help: if you need to support cargo 1.38 or earlier, you can symlink `config` to `config.toml`
[INFO] [stderr]    Compiling proc-macro2 v1.0.43
[INFO] [stderr]    Compiling quote v1.0.21
[INFO] [stderr]    Compiling unicode-ident v1.0.3
[INFO] [stderr]    Compiling syn v1.0.99
[INFO] [stderr]    Compiling autocfg v1.1.0
[INFO] [stderr]    Compiling version_check v0.9.4
[INFO] [stderr]    Compiling futures-core v0.3.21
[INFO] [stderr]    Compiling memchr v2.5.0
[INFO] [stderr]    Compiling futures-channel v0.3.21
[INFO] [stderr]    Compiling futures-task v0.3.21
[INFO] [stderr]     Checking pin-project-lite v0.2.9
[INFO] [stderr]    Compiling futures-util v0.3.21
[INFO] [stderr]     Checking futures-sink v0.3.21
[INFO] [stderr]     Checking futures-io v0.3.21
[INFO] [stderr]     Checking pin-utils v0.1.0
[INFO] [stderr]     Checking once_cell v1.13.0
[INFO] [stderr]     Checking elain v0.3.0
[INFO] [stderr]     Checking impls v1.0.3
[INFO] [stderr]    Compiling slab v0.4.7
[INFO] [stderr]    Compiling tokio v1.20.1
[INFO] [stderr]    Compiling proc-macro-error-attr v1.0.4
[INFO] [stderr]    Compiling proc-macro-error v1.0.4
[INFO] [stderr]    Compiling futures-macro v0.3.21
[INFO] [stderr]    Compiling pin-project-internal v1.0.11
[INFO] [stderr]    Compiling tokio-macros v1.8.0
[INFO] [stderr]    Compiling name-it-macros v0.1.3
[INFO] [stderr]     Checking name-it v0.1.5 (/opt/rustwide/workdir)
[INFO] [stderr] warning: lint `pointer_structural_match` has been removed: converted into hard error, see RFC #3535 <https://rust-lang.github.io/rfcs/3535-constants-in-patterns.html> for more information
[INFO] [stderr]   --> /opt/rustwide/workdir/src/lib.rs:30:5
[INFO] [stderr]    |
[INFO] [stderr] 30 |     pointer_structural_match,
[INFO] [stderr]    |     ^^^^^^^^^^^^^^^^^^^^^^^^
[INFO] [stderr]    |
[INFO] [stderr]    = note: `#[warn(renamed_and_removed_lints)]` on by default
[INFO] [stderr] 
[INFO] [stderr] warning: unnecessary qualification
[INFO] [stderr]    --> /opt/rustwide/workdir/src/lib.rs:239:5
[INFO] [stderr]     |
[INFO] [stderr] 239 |     core::mem::size_of::<F::Fut>()
[INFO] [stderr]     |     ^^^^^^^^^^^^^^^^^^^^^^^^^^^^
[INFO] [stderr]     |
[INFO] [stderr] note: the lint level is defined here
[INFO] [stderr]    --> /opt/rustwide/workdir/src/lib.rs:32:5
[INFO] [stderr]     |
[INFO] [stderr]  32 |     unused_qualifications,
[INFO] [stderr]     |     ^^^^^^^^^^^^^^^^^^^^^
[INFO] [stderr] help: remove the unnecessary path segments
[INFO] [stderr]     |
[INFO] [stderr] 239 -     core::mem::size_of::<F::Fut>()
[INFO] [stderr] 239 +     size_of::<F::Fut>()
[INFO] [stderr]     |
[INFO] [stderr] 
[INFO] [stderr] warning: unnecessary qualification
[INFO] [stderr]    --> /opt/rustwide/workdir/src/lib.rs:244:5
[INFO] [stderr]     |
[INFO] [stderr] 244 |     core::mem::align_of::<F::Fut>()
[INFO] [stderr]     |     ^^^^^^^^^^^^^^^^^^^^^^^^^^^^^
[INFO] [stderr]     |
[INFO] [stderr] help: remove the unnecessary path segments
[INFO] [stderr]     |
[INFO] [stderr] 244 -     core::mem::align_of::<F::Fut>()
[INFO] [stderr] 244 +     align_of::<F::Fut>()
[INFO] [stderr]     |
[INFO] [stderr] 
[INFO] [stderr] warning: `name-it` (lib) generated 3 warnings (run `cargo fix --lib -p name-it` to apply 2 suggestions)
[INFO] [stderr]     Checking pin-project v1.0.11
[INFO] [stderr]     Checking futures-executor v0.3.21
[INFO] [stderr]     Checking futures-test v0.3.21
[INFO] [stderr]     Checking futures v0.3.21
[INFO] [stderr]     Checking name-it-tests v0.0.0 (/opt/rustwide/target/tests/name-it)
[INFO] [stderr]     Finished `dev` profile [unoptimized + debuginfo] target(s) in 13.94s
[INFO] [stderr] 
[INFO] [stderr] 
[INFO] [stderr] test tests/ui/elided-lifetimes.rs ... mismatch
[INFO] [stderr] 
[INFO] [stderr] EXPECTED:
[INFO] [stderr] ┈┈┈┈┈┈┈┈┈┈┈┈┈┈┈┈┈┈┈┈┈┈┈┈┈┈┈┈┈┈┈┈┈┈┈┈┈┈┈┈┈┈┈┈┈┈┈┈┈┈┈┈┈┈┈┈┈┈┈┈
[INFO] [stderr] error[E0726]: implicit elided lifetime not allowed here
[INFO] [stderr]   --> tests/ui/elided-lifetimes.rs:10:26
[INFO] [stderr]    |
[INFO] [stderr] 10 | async fn has_lifetime(x: Wrapper) -> String {
[INFO] [stderr]    |                          ^^^^^^^ expected lifetime parameter
[INFO] [stderr]    |
[INFO] [stderr]    = note: assuming a `'static` lifetime...
[INFO] [stderr] help: indicate the anonymous lifetime
[INFO] [stderr]    |
[INFO] [stderr] 10 | async fn has_lifetime(x: Wrapper<'_>) -> String {
[INFO] [stderr]    |                                 ++++
[INFO] [stderr] ┈┈┈┈┈┈┈┈┈┈┈┈┈┈┈┈┈┈┈┈┈┈┈┈┈┈┈┈┈┈┈┈┈┈┈┈┈┈┈┈┈┈┈┈┈┈┈┈┈┈┈┈┈┈┈┈┈┈┈┈
[INFO] [stderr] 
[INFO] [stderr] ACTUAL OUTPUT:
[INFO] [stderr] ┈┈┈┈┈┈┈┈┈┈┈┈┈┈┈┈┈┈┈┈┈┈┈┈┈┈┈┈┈┈┈┈┈┈┈┈┈┈┈┈┈┈┈┈┈┈┈┈┈┈┈┈┈┈┈┈┈┈┈┈
[INFO] [stderr] error[E0726]: implicit elided lifetime not allowed here
[INFO] [stderr]   --> tests/ui/elided-lifetimes.rs:10:26
[INFO] [stderr]    |
[INFO] [stderr] 10 | async fn has_lifetime(x: Wrapper) -> String {
[INFO] [stderr]    |                          ^^^^^^^ expected lifetime parameter
[INFO] [stderr]    |
[INFO] [stderr] help: indicate the anonymous lifetime
[INFO] [stderr]    |
[INFO] [stderr] 10 | async fn has_lifetime(x: Wrapper<'_>) -> String {
[INFO] [stderr]    |                                 ++++
[INFO] [stderr] ┈┈┈┈┈┈┈┈┈┈┈┈┈┈┈┈┈┈┈┈┈┈┈┈┈┈┈┈┈┈┈┈┈┈┈┈┈┈┈┈┈┈┈┈┈┈┈┈┈┈┈┈┈┈┈┈┈┈┈┈
[INFO] [stderr] note: If the actual output is the correct output you can bless it by rerunning
[INFO] [stderr]       your test with the environment variable TRYBUILD=overwrite
[INFO] [stderr] 
[INFO] [stderr] test tests/ui/impl-unpin.rs ... mismatch
[INFO] [stderr] 
[INFO] [stderr] EXPECTED:
[INFO] [stderr] ┈┈┈┈┈┈┈┈┈┈┈┈┈┈┈┈┈┈┈┈┈┈┈┈┈┈┈┈┈┈┈┈┈┈┈┈┈┈┈┈┈┈┈┈┈┈┈┈┈┈┈┈┈┈┈┈┈┈┈┈
[INFO] [stderr] error[E0117]: only traits defined in the current crate can be implemented for types defined outside of the crate
[INFO] [stderr]  --> tests/ui/impl-unpin.rs:7:1
[INFO] [stderr]   |
[INFO] [stderr] 7 | impl Unpin for Foo<'_> {}
[INFO] [stderr]   | ^^^^^^^^^^^^^^^-------
[INFO] [stderr]   | |              |
[INFO] [stderr]   | |              `Named` is not defined in the current crate
[INFO] [stderr]   | impl doesn't use only types from inside the current crate
[INFO] [stderr]   |
[INFO] [stderr]   = note: define and implement a trait or new type instead
[INFO] [stderr] ┈┈┈┈┈┈┈┈┈┈┈┈┈┈┈┈┈┈┈┈┈┈┈┈┈┈┈┈┈┈┈┈┈┈┈┈┈┈┈┈┈┈┈┈┈┈┈┈┈┈┈┈┈┈┈┈┈┈┈┈
[INFO] [stderr] 
[INFO] [stderr] ACTUAL OUTPUT:
[INFO] [stderr] ┈┈┈┈┈┈┈┈┈┈┈┈┈┈┈┈┈┈┈┈┈┈┈┈┈┈┈┈┈┈┈┈┈┈┈┈┈┈┈┈┈┈┈┈┈┈┈┈┈┈┈┈┈┈┈┈┈┈┈┈
[INFO] [stderr] error[E0117]: only traits defined in the current crate can be implemented for types defined outside of the crate
[INFO] [stderr]  --> tests/ui/impl-unpin.rs:7:1
[INFO] [stderr]   |
[INFO] [stderr] 7 | impl Unpin for Foo<'_> {}
[INFO] [stderr]   | ^^^^^^^^^^^^^^^-------
[INFO] [stderr]   |                |
[INFO] [stderr]   |                `name_it::Named` is not defined in the current crate
[INFO] [stderr]   |
[INFO] [stderr]   = note: impl doesn't have any local type before any uncovered type parameters
[INFO] [stderr]   = note: for more information see https://doc.rust-lang.org/reference/items/implementations.html#orphan-rules
[INFO] [stderr]   = note: define and implement a trait or new type instead
[INFO] [stderr] ┈┈┈┈┈┈┈┈┈┈┈┈┈┈┈┈┈┈┈┈┈┈┈┈┈┈┈┈┈┈┈┈┈┈┈┈┈┈┈┈┈┈┈┈┈┈┈┈┈┈┈┈┈┈┈┈┈┈┈┈
[INFO] [stderr] note: If the actual output is the correct output you can bless it by rerunning
[INFO] [stderr]       your test with the environment variable TRYBUILD=overwrite
[INFO] [stderr] 
[INFO] [stderr] test tests/ui/lifetimes.rs ... mismatch
[INFO] [stderr] 
[INFO] [stderr] EXPECTED:
[INFO] [stderr] ┈┈┈┈┈┈┈┈┈┈┈┈┈┈┈┈┈┈┈┈┈┈┈┈┈┈┈┈┈┈┈┈┈┈┈┈┈┈┈┈┈┈┈┈┈┈┈┈┈┈┈┈┈┈┈┈┈┈┈┈
[INFO] [stderr] error[E0505]: cannot move out of `x` because it is borrowed
[INFO] [stderr]   --> tests/ui/lifetimes.rs:17:10
[INFO] [stderr]    |
[INFO] [stderr] 15 |     let y = has_lifetime(x.as_str());
[INFO] [stderr]    |                          ---------- borrow of `x` occurs here
[INFO] [stderr] 16 |     pin_mut!(y);
[INFO] [stderr] 17 |     drop(x);
[INFO] [stderr]    |          ^ move out of `x` occurs here
[INFO] [stderr] 18 |     y.now_or_never().unwrap();
[INFO] [stderr] 19 | }
[INFO] [stderr]    | - borrow might be used here, when `y` is dropped and runs the destructor for type `Named<_has_lifetime_impl::Test<'_>>`
[INFO] [stderr] ┈┈┈┈┈┈┈┈┈┈┈┈┈┈┈┈┈┈┈┈┈┈┈┈┈┈┈┈┈┈┈┈┈┈┈┈┈┈┈┈┈┈┈┈┈┈┈┈┈┈┈┈┈┈┈┈┈┈┈┈
[INFO] [stderr] 
[INFO] [stderr] ACTUAL OUTPUT:
[INFO] [stderr] ┈┈┈┈┈┈┈┈┈┈┈┈┈┈┈┈┈┈┈┈┈┈┈┈┈┈┈┈┈┈┈┈┈┈┈┈┈┈┈┈┈┈┈┈┈┈┈┈┈┈┈┈┈┈┈┈┈┈┈┈
[INFO] [stderr] error[E0505]: cannot move out of `x` because it is borrowed
[INFO] [stderr]   --> tests/ui/lifetimes.rs:17:10
[INFO] [stderr]    |
[INFO] [stderr] 14 |     let x = String::from("test");
[INFO] [stderr]    |         - binding `x` declared here
[INFO] [stderr] 15 |     let y = has_lifetime(x.as_str());
[INFO] [stderr]    |                          - borrow of `x` occurs here
[INFO] [stderr] 16 |     pin_mut!(y);
[INFO] [stderr] 17 |     drop(x);
[INFO] [stderr]    |          ^ move out of `x` occurs here
[INFO] [stderr] 18 |     y.now_or_never().unwrap();
[INFO] [stderr] 19 | }
[INFO] [stderr]    | - borrow might be used here, when `y` is dropped and runs the destructor for type `name_it::Named<_has_lifetime_impl::Test<'_>>`
[INFO] [stderr]    |
[INFO] [stderr] help: consider cloning the value if the performance cost is acceptable
[INFO] [stderr]    |
[INFO] [stderr] 15 |     let y = has_lifetime(x.clone().as_str());
[INFO] [stderr]    |                           ++++++++
[INFO] [stderr] ┈┈┈┈┈┈┈┈┈┈┈┈┈┈┈┈┈┈┈┈┈┈┈┈┈┈┈┈┈┈┈┈┈┈┈┈┈┈┈┈┈┈┈┈┈┈┈┈┈┈┈┈┈┈┈┈┈┈┈┈
[INFO] [stderr] note: If the actual output is the correct output you can bless it by rerunning
[INFO] [stderr]       your test with the environment variable TRYBUILD=overwrite
[INFO] [stderr] 
[INFO] [stderr] test tests/ui/send-sync-ub.rs ... mismatch
[INFO] [stderr] 
[INFO] [stderr] EXPECTED:
[INFO] [stderr] ┈┈┈┈┈┈┈┈┈┈┈┈┈┈┈┈┈┈┈┈┈┈┈┈┈┈┈┈┈┈┈┈┈┈┈┈┈┈┈┈┈┈┈┈┈┈┈┈┈┈┈┈┈┈┈┈┈┈┈┈
[INFO] [stderr] error[E0277]: `*const ()` cannot be sent between threads safely
[INFO] [stderr]    --> tests/ui/send-sync-ub.rs:17:5
[INFO] [stderr]     |
[INFO] [stderr] 17  |     thread::spawn(|| {
[INFO] [stderr]     |     ^^^^^^^^^^^^^ -- within this `[closure@$DIR/tests/ui/send-sync-ub.rs:17:19: 17:21]`
[INFO] [stderr]     |     |
[INFO] [stderr]     |     `*const ()` cannot be sent between threads safely
[INFO] [stderr]     |
[INFO] [stderr]     = help: within `[closure@$DIR/tests/ui/send-sync-ub.rs:17:19: 17:21]`, the trait `std::marker::Send` is not implemented for `*const ()`
[INFO] [stderr]     = note: required because it appears within the type `PhantomData<*const ()>`
[INFO] [stderr]     = note: required because it appears within the type `Markers<false, false, false>`
[INFO] [stderr] note: required because it appears within the type `_foo_impl::Foo<'_>`
[INFO] [stderr]    --> tests/ui/send-sync-ub.rs:7:11
[INFO] [stderr]     |
[INFO] [stderr] 7   | #[name_it(Foo)]
[INFO] [stderr]     |           ^^^
[INFO] [stderr]     = note: required because it appears within the type `Named<_foo_impl::Foo<'_>>`
[INFO] [stderr] note: required because it's used within this closure
[INFO] [stderr]    --> tests/ui/send-sync-ub.rs:17:19
[INFO] [stderr]     |
[INFO] [stderr] 17  |     thread::spawn(|| {
[INFO] [stderr]     |                   ^^
[INFO] [stderr] note: required by a bound in `std::thread::spawn`
[INFO] [stderr]    --> $RUST/std/src/thread/mod.rs
[INFO] [stderr]     |
[INFO] [stderr]     |     F: Send + 'static,
[INFO] [stderr]     |        ^^^^ required by this bound in `std::thread::spawn`
[INFO] [stderr] ┈┈┈┈┈┈┈┈┈┈┈┈┈┈┈┈┈┈┈┈┈┈┈┈┈┈┈┈┈┈┈┈┈┈┈┈┈┈┈┈┈┈┈┈┈┈┈┈┈┈┈┈┈┈┈┈┈┈┈┈
[INFO] [stderr] 
[INFO] [stderr] ACTUAL OUTPUT:
[INFO] [stderr] ┈┈┈┈┈┈┈┈┈┈┈┈┈┈┈┈┈┈┈┈┈┈┈┈┈┈┈┈┈┈┈┈┈┈┈┈┈┈┈┈┈┈┈┈┈┈┈┈┈┈┈┈┈┈┈┈┈┈┈┈
[INFO] [stderr] error[E0277]: `name_it::markers::Markers<false, false, false>` cannot be sent between threads safely
[INFO] [stderr]    --> tests/ui/send-sync-ub.rs:17:19
[INFO] [stderr]     |
[INFO] [stderr]  17 |       thread::spawn(|| {
[INFO] [stderr]     |       ------------- ^-
[INFO] [stderr]     |       |             |
[INFO] [stderr]     |  _____|_____________within this `{closure@$DIR/tests/ui/send-sync-ub.rs:17:19: 17:21}`
[INFO] [stderr]     | |     |
[INFO] [stderr]     | |     required by a bound introduced by this call
[INFO] [stderr]  18 | |         // get the Rc<Cell<...>> back out of the future
[INFO] [stderr]  19 | |         let cell = fut.now_or_never().unwrap();
[INFO] [stderr] ...   |
[INFO] [stderr]  31 | |     });
[INFO] [stderr]     | |_____^ `name_it::markers::Markers<false, false, false>` cannot be sent between threads safely
[INFO] [stderr]     |
[INFO] [stderr]     = help: within `{closure@$DIR/tests/ui/send-sync-ub.rs:17:19: 17:21}`, the trait `std::marker::Send` is not implemented for `name_it::markers::Markers<false, false, false>`
[INFO] [stderr] help: the trait `std::marker::Send` is implemented for `name_it::markers::Markers<true, SYNC, UNPIN>`
[INFO] [stderr]    --> src/markers.rs
[INFO] [stderr]     |
[INFO] [stderr]  18 |     unsafe impl<const SYNC: bool, const UNPIN: bool> Send  for Markers<true, SYNC, UNPIN> {}
[INFO] [stderr]     |     ^^^^^^^^^^^^^^^^^^^^^^^^^^^^^^^^^^^^^^^^^^^^^^^^^^^^^^^^^^^^^^^^^^^^^^^^^^^^^^^^^^^^^
[INFO] [stderr] note: required because it appears within the type `_foo_impl::Foo<'_>`
[INFO] [stderr]    --> tests/ui/send-sync-ub.rs:7:11
[INFO] [stderr]     |
[INFO] [stderr]   7 | #[name_it(Foo)]
[INFO] [stderr]     |           ^^^
[INFO] [stderr] note: required because it appears within the type `name_it::Named<_foo_impl::Foo<'_>>`
[INFO] [stderr]    --> src/lib.rs
[INFO] [stderr]     |
[INFO] [stderr]     | pub struct Named<T> {
[INFO] [stderr]     |            ^^^^^
[INFO] [stderr] note: required because it's used within this closure
[INFO] [stderr]    --> tests/ui/send-sync-ub.rs:17:19
[INFO] [stderr]     |
[INFO] [stderr]  17 |     thread::spawn(|| {
[INFO] [stderr]     |                   ^^
[INFO] [stderr] note: required by a bound in `std::thread::spawn`
[INFO] [stderr]    --> /rustc/dfb0accb7f508ae8be965d8629557221c889dd98/library/std/src/thread/functions.rs:125:0
[INFO] [stderr] ┈┈┈┈┈┈┈┈┈┈┈┈┈┈┈┈┈┈┈┈┈┈┈┈┈┈┈┈┈┈┈┈┈┈┈┈┈┈┈┈┈┈┈┈┈┈┈┈┈┈┈┈┈┈┈┈┈┈┈┈
[INFO] [stderr] note: If the actual output is the correct output you can bless it by rerunning
[INFO] [stderr]       your test with the environment variable TRYBUILD=overwrite
[INFO] [stderr] 
[INFO] [stderr] test tests/ui/type-lifetimes.rs ... mismatch
[INFO] [stderr] 
[INFO] [stderr] EXPECTED:
[INFO] [stderr] ┈┈┈┈┈┈┈┈┈┈┈┈┈┈┈┈┈┈┈┈┈┈┈┈┈┈┈┈┈┈┈┈┈┈┈┈┈┈┈┈┈┈┈┈┈┈┈┈┈┈┈┈┈┈┈┈┈┈┈┈
[INFO] [stderr] error[E0505]: cannot move out of `x` because it is borrowed
[INFO] [stderr]   --> tests/ui/type-lifetimes.rs:19:10
[INFO] [stderr]    |
[INFO] [stderr] 17 |     let y = has_lifetime(Wrapper(x.as_str()));
[INFO] [stderr]    |                                  ---------- borrow of `x` occurs here
[INFO] [stderr] 18 |     pin_mut!(y);
[INFO] [stderr] 19 |     drop(x);
[INFO] [stderr]    |          ^ move out of `x` occurs here
[INFO] [stderr] 20 |     y.now_or_never().unwrap();
[INFO] [stderr] 21 | }
[INFO] [stderr]    | - borrow might be used here, when `y` is dropped and runs the destructor for type `Named<_has_lifetime_impl::Test<'_>>`
[INFO] [stderr] ┈┈┈┈┈┈┈┈┈┈┈┈┈┈┈┈┈┈┈┈┈┈┈┈┈┈┈┈┈┈┈┈┈┈┈┈┈┈┈┈┈┈┈┈┈┈┈┈┈┈┈┈┈┈┈┈┈┈┈┈
[INFO] [stderr] 
[INFO] [stderr] ACTUAL OUTPUT:
[INFO] [stderr] ┈┈┈┈┈┈┈┈┈┈┈┈┈┈┈┈┈┈┈┈┈┈┈┈┈┈┈┈┈┈┈┈┈┈┈┈┈┈┈┈┈┈┈┈┈┈┈┈┈┈┈┈┈┈┈┈┈┈┈┈
[INFO] [stderr] error[E0505]: cannot move out of `x` because it is borrowed
[INFO] [stderr]   --> tests/ui/type-lifetimes.rs:19:10
[INFO] [stderr]    |
[INFO] [stderr] 16 |     let x = String::from("test");
[INFO] [stderr]    |         - binding `x` declared here
[INFO] [stderr] 17 |     let y = has_lifetime(Wrapper(x.as_str()));
[INFO] [stderr]    |                                  - borrow of `x` occurs here
[INFO] [stderr] 18 |     pin_mut!(y);
[INFO] [stderr] 19 |     drop(x);
[INFO] [stderr]    |          ^ move out of `x` occurs here
[INFO] [stderr] 20 |     y.now_or_never().unwrap();
[INFO] [stderr] 21 | }
[INFO] [stderr]    | - borrow might be used here, when `y` is dropped and runs the destructor for type `name_it::Named<_has_lifetime_impl::Test<'_>>`
[INFO] [stderr]    |
[INFO] [stderr] help: consider cloning the value if the performance cost is acceptable
[INFO] [stderr]    |
[INFO] [stderr] 17 |     let y = has_lifetime(Wrapper(x.clone().as_str()));
[INFO] [stderr]    |                                   ++++++++
[INFO] [stderr] ┈┈┈┈┈┈┈┈┈┈┈┈┈┈┈┈┈┈┈┈┈┈┈┈┈┈┈┈┈┈┈┈┈┈┈┈┈┈┈┈┈┈┈┈┈┈┈┈┈┈┈┈┈┈┈┈┈┈┈┈
[INFO] [stderr] note: If the actual output is the correct output you can bless it by rerunning
[INFO] [stderr]       your test with the environment variable TRYBUILD=overwrite
[INFO] [stderr] 
[INFO] [stdout] test ui ... FAILED
[INFO] [stderr] test tests/ui/unpin.rs ... mismatch
[INFO] [stdout] 
[INFO] [stderr] 
[INFO] [stdout] failures:
[INFO] [stderr] EXPECTED:
[INFO] [stdout] 
[INFO] [stderr] ┈┈┈┈┈┈┈┈┈┈┈┈┈┈┈┈┈┈┈┈┈┈┈┈┈┈┈┈┈┈┈┈┈┈┈┈┈┈┈┈┈┈┈┈┈┈┈┈┈┈┈┈┈┈┈┈┈┈┈┈
[INFO] [stdout] ---- ui stdout ----
[INFO] [stderr] error[E0277]: `PhantomPinned` cannot be unpinned
[INFO] [stdout] 
[INFO] [stderr]   --> tests/ui/unpin.rs:12:18
[INFO] [stdout] thread 'ui' (11281) panicked at /opt/rustwide/cargo-home/registry/src/index.crates.io-1949cf8c6b5b557f/trybuild-1.0.64/src/run.rs:101:13:
[INFO] [stderr]    |
[INFO] [stdout] 6 of 6 tests failed
[INFO] [stderr] 12 |     assert_unpin(foo());
[INFO] [stdout] stack backtrace:
[INFO] [stderr]    |     ------------ ^^^^^ within `Named<_foo_impl::Foo<'_>>`, the trait `Unpin` is not implemented for `PhantomPinned`
[INFO] [stdout]    0:     0x5657956f0e41 - <<std[70759c8f55707aa4]::sys::backtrace::BacktraceLock>::print::DisplayBacktrace as core[df12db4294e9bfd3]::fmt::Display>::fmt
[INFO] [stderr]    |     |
[INFO] [stdout]    1:     0x56579570685a - core[df12db4294e9bfd3]::fmt::write
[INFO] [stderr]    |     required by a bound introduced by this call
[INFO] [stdout]    2:     0x5657956f598c - <alloc[2182bb758b4b3781]::vec::Vec<u8> as core[df12db4294e9bfd3]::io::write::Write>::write_fmt
[INFO] [stderr]    |
[INFO] [stdout]    3:     0x5657956ca1c6 - std[70759c8f55707aa4]::panicking::default_hook::{closure#0}
[INFO] [stderr]    = note: consider using `Box::pin`
[INFO] [stdout]    4:     0x5657956e7d99 - std[70759c8f55707aa4]::panicking::default_hook
[INFO] [stderr]    = note: required because it appears within the type `Named<_foo_impl::Foo<'_>>`
[INFO] [stdout]    5:     0x565795681f40 - test[9d35eded1c95d3be]::test_main_inner::<test[9d35eded1c95d3be]::test_main_static::{closure#0}>::{closure#0}
[INFO] [stderr] note: required by a bound in `assert_unpin`
[INFO] [stdout]    6:     0x5657956e7f52 - std[70759c8f55707aa4]::panicking::panic_with_hook
[INFO] [stderr]   --> tests/ui/unpin.rs:9:25
[INFO] [stdout]    7:     0x5657956ca272 - std[70759c8f55707aa4]::panicking::panic_handler::{closure#0}
[INFO] [stderr]    |
[INFO] [stdout]    8:     0x5657956c2c79 - std[70759c8f55707aa4]::sys::backtrace::__rust_end_short_backtrace::<std[70759c8f55707aa4]::panicking::panic_handler::{closure#0}, !>
[INFO] [stderr] 9  | fn assert_unpin(_: impl Unpin) {}
[INFO] [stdout]    9:     0x5657956cae6d - __rustc[8fa7c3cbc660c2b3]::rust_begin_unwind
[INFO] [stderr]    |                         ^^^^^ required by this bound in `assert_unpin`
[INFO] [stdout]   10:     0x565795706f8c - core[df12db4294e9bfd3]::panicking::panic_fmt
[INFO] [stderr] ┈┈┈┈┈┈┈┈┈┈┈┈┈┈┈┈┈┈┈┈┈┈┈┈┈┈┈┈┈┈┈┈┈┈┈┈┈┈┈┈┈┈┈┈┈┈┈┈┈┈┈┈┈┈┈┈┈┈┈┈
[INFO] [stdout]   11:     0x5657955f037b - <trybuild[2da2e4e70d867dd]::TestCases as core[df12db4294e9bfd3]::ops::drop::Drop>::drop
[INFO] [stderr] 
[INFO] [stdout]   12:     0x5657955e9f78 - ui[82a289a6bf80909]::ui
[INFO] [stderr] ACTUAL OUTPUT:
[INFO] [stdout]   13:     0x5657955ea179 - <ui[82a289a6bf80909]::ui::{closure#0} as core[df12db4294e9bfd3]::ops::function::FnOnce<()>>::call_once
[INFO] [stderr] ┈┈┈┈┈┈┈┈┈┈┈┈┈┈┈┈┈┈┈┈┈┈┈┈┈┈┈┈┈┈┈┈┈┈┈┈┈┈┈┈┈┈┈┈┈┈┈┈┈┈┈┈┈┈┈┈┈┈┈┈
[INFO] [stdout]   14:     0x56579567522b - test[9d35eded1c95d3be]::__rust_begin_short_backtrace::<core[df12db4294e9bfd3]::result::Result<(), alloc[2182bb758b4b3781]::string::String>, fn() -> core[df12db4294e9bfd3]::result::Result<(), alloc[2182bb758b4b3781]::string::String>>
[INFO] [stderr] error[E0277]: `PhantomPinned` cannot be unpinned
[INFO] [stdout]   15:     0x565795682895 - test[9d35eded1c95d3be]::run_test::{closure#0}
[INFO] [stderr]    --> tests/ui/unpin.rs:12:18
[INFO] [stdout]   16:     0x56579567c154 - std[70759c8f55707aa4]::sys::backtrace::__rust_begin_short_backtrace::<test[9d35eded1c95d3be]::run_test::{closure#1}, ()>
[INFO] [stderr]     |
[INFO] [stdout]   17:     0x5657956859f2 - <std[70759c8f55707aa4]::thread::lifecycle::spawn_unchecked<test[9d35eded1c95d3be]::run_test::{closure#1}, ()>::{closure#1} as core[df12db4294e9bfd3]::ops::function::FnOnce<()>>::call_once::{shim:vtable#0}
[INFO] [stderr]  12 |     assert_unpin(foo());
[INFO] [stdout]   18:     0x5657956f00c9 - <std[70759c8f55707aa4]::sys::thread::unix::Thread>::new::thread_start
[INFO] [stderr]     |     ------------ ^^^^^ within `name_it::Named<_foo_impl::Foo<'_>>`, the trait `Unpin` is not implemented for `PhantomPinned`
[INFO] [stdout]   19:     0x7affe9163dfa - <unknown>
[INFO] [stderr]     |     |
[INFO] [stdout]   20:     0x7affe91f73d4 - clone
[INFO] [stderr]     |     required by a bound introduced by this call
[INFO] [stdout]   21:                0x0 - <unknown>
[INFO] [stderr]     |
[INFO] [stdout] 
[INFO] [stderr]     = note: consider using the `pin!` macro
[INFO] [stdout] 
[INFO] [stderr]             consider using `Box::pin` if you need to access the pinned value outside of the current scope
[INFO] [stdout] failures:
[INFO] [stderr] note: required because it appears within the type `name_it::Named<_foo_impl::Foo<'_>>`
[INFO] [stdout]     ui
[INFO] [stderr]    --> src/lib.rs
[INFO] [stdout] 
[INFO] [stderr]     |
[INFO] [stdout] test result: FAILED. 0 passed; 1 failed; 0 ignored; 0 measured; 0 filtered out; finished in 15.17s
[INFO] [stderr]     | pub struct Named<T> {
[INFO] [stdout] 
[INFO] [stderr]     |            ^^^^^
[INFO] [stderr] note: required by a bound in `assert_unpin`
[INFO] [stderr]    --> tests/ui/unpin.rs:9:25
[INFO] [stderr]     |
[INFO] [stderr]   9 | fn assert_unpin(_: impl Unpin) {}
[INFO] [stderr]     |                         ^^^^^ required by this bound in `assert_unpin`
[INFO] [stderr] ┈┈┈┈┈┈┈┈┈┈┈┈┈┈┈┈┈┈┈┈┈┈┈┈┈┈┈┈┈┈┈┈┈┈┈┈┈┈┈┈┈┈┈┈┈┈┈┈┈┈┈┈┈┈┈┈┈┈┈┈
[INFO] [stderr] note: If the actual output is the correct output you can bless it by rerunning
[INFO] [stderr]       your test with the environment variable TRYBUILD=overwrite
[INFO] [stderr] 
[INFO] [stderr] 
[INFO] [stderr] 
[INFO] [stderr] error: test failed, to rerun pass `--test ui`
[INFO] running `Command { std: "docker" "inspect" "9a0824a44c94795ae7926a54c044e7f82ff29415df11425ed6a8462765d55018", kill_on_drop: false }`
[INFO] running `Command { std: "docker" "rm" "-f" "9a0824a44c94795ae7926a54c044e7f82ff29415df11425ed6a8462765d55018", kill_on_drop: false }`
[INFO] [stdout] 9a0824a44c94795ae7926a54c044e7f82ff29415df11425ed6a8462765d55018
