[INFO] fetching crate nam-bellperson 0.26.6-nam.1...
[INFO] testing nam-bellperson-0.26.6-nam.1 against 1.100.0-beta.1+cargoflags=--release for beta-release-1.100-2
[INFO] extracting crate nam-bellperson 0.26.6-nam.1 into /workspace/builds/worker-7-tc2/source
[INFO] removed /workspace/builds/worker-7-tc2/source/rust-toolchain
[INFO] started tweaking crates.io crate nam-bellperson 0.26.6-nam.1
[INFO] removed 0 missing tests
[INFO] finished tweaking crates.io crate nam-bellperson 0.26.6-nam.1
[INFO] tweaked toml for crates.io crate nam-bellperson 0.26.6-nam.1 written to /workspace/builds/worker-7-tc2/source/Cargo.toml
[INFO] validating manifest of crates.io crate nam-bellperson 0.26.6-nam.1 on toolchain 1.100.0-beta.1
[INFO] running `Command { std: CARGO_HOME="/workspace/cargo-home" RUSTUP_HOME="/workspace/rustup-home" "/workspace/cargo-home/bin/cargo" "+1.100.0-beta.1" "metadata" "--manifest-path" "Cargo.toml" "--no-deps", kill_on_drop: false }`
[INFO] crate crates.io crate nam-bellperson 0.26.6-nam.1 already has a lockfile, it will not be regenerated
[INFO] running `Command { std: CARGO_HOME="/workspace/cargo-home" RUSTUP_HOME="/workspace/rustup-home" "/workspace/cargo-home/bin/cargo" "+1.100.0-beta.1" "fetch" "--manifest-path" "Cargo.toml", kill_on_drop: false }`
[INFO] [stderr] warning: `package.homepage` is redundant with `package.repository`
[INFO] [stderr]    --> Cargo.toml:146:12
[INFO] [stderr]     |
[INFO] [stderr] 146 | homepage = "https://github.com/filecoin-project/bellman"
[INFO] [stderr]     |            ^^^^^^^^^^^^^^^^^^^^^^^^^^^^^^^^^^^^^^^^^^^^^
[INFO] [stderr] ...
[INFO] [stderr] 150 | repository = "https://github.com/filecoin-project/bellman"
[INFO] [stderr]     |              ---------------------------------------------
[INFO] [stderr]     |
[INFO] [stderr]     = note: `cargo::redundant_homepage` is set to `warn` by default
[INFO] [stderr] help: consider removing `package.homepage`
[INFO] [stderr] warning: `nam-bellperson` (manifest) generated 1 warning
[INFO] running `Command { std: "docker" "create" "-v" "/var/lib/crater-agent-workspace/builds/worker-7-tc2/source:/opt/rustwide/workdir:ro,Z" "-v" "/var/lib/crater-agent-workspace/builds/worker-7-tc2/target:/opt/rustwide/target:rw,Z" "-v" "/var/lib/crater-agent-workspace/cargo-home:/opt/rustwide/cargo-home:ro,Z" "-v" "/var/lib/crater-agent-workspace/rustup-home:/opt/rustwide/rustup-home:ro,Z" "-m" "1610612736" "--network" "none" "ghcr.io/rust-lang/crates-build-env/linux@sha256:77db811e55d90add9212f6832c23229e3de5f1c1f9905e8cb07319ea15df73ac" "sleep" "infinity", kill_on_drop: false }`
[INFO] [stdout] 57e3aefe1739777d1d895a5a4ebdb0fa26711f40e88f0a6c15274c003dd44bdf
[INFO] running `Command { std: "docker" "start" "57e3aefe1739777d1d895a5a4ebdb0fa26711f40e88f0a6c15274c003dd44bdf", kill_on_drop: false }`
[INFO] running `Command { std: "docker" "inspect" "57e3aefe1739777d1d895a5a4ebdb0fa26711f40e88f0a6c15274c003dd44bdf", kill_on_drop: false }`
[INFO] running `Command { std: "docker" "exec" "-e" "SOURCE_DIR=/opt/rustwide/workdir" "-e" "CARGO_HOME=/opt/rustwide/cargo-home" "-e" "RUSTUP_HOME=/opt/rustwide/rustup-home" "-e" "CARGO_TARGET_DIR=/opt/rustwide/target" "-w" "/opt/rustwide/workdir" "--user" "0:0" "57e3aefe1739777d1d895a5a4ebdb0fa26711f40e88f0a6c15274c003dd44bdf" "/opt/rustwide/cargo-home/bin/cargo" "+1.100.0-beta.1" "metadata" "--no-deps" "--format-version=1", kill_on_drop: false }`
[INFO] running `Command { std: "docker" "inspect" "57e3aefe1739777d1d895a5a4ebdb0fa26711f40e88f0a6c15274c003dd44bdf", kill_on_drop: false }`
[INFO] running `Command { std: "docker" "exec" "-e" "SOURCE_DIR=/opt/rustwide/workdir" "-e" "CARGO_HOME=/opt/rustwide/cargo-home" "-e" "RUSTUP_HOME=/opt/rustwide/rustup-home" "-e" "CARGO_TARGET_DIR=/opt/rustwide/target" "-e" "CARGO_INCREMENTAL=0" "-e" "RUST_BACKTRACE=full" "-e" "RUSTFLAGS=--cap-lints=warn" "-e" "RUSTDOCFLAGS=--cap-lints=warn" "-w" "/opt/rustwide/workdir" "--user" "0:0" "57e3aefe1739777d1d895a5a4ebdb0fa26711f40e88f0a6c15274c003dd44bdf" "/opt/rustwide/cargo-home/bin/cargo" "+1.100.0-beta.1" "build" "--frozen" "--message-format=json" "--release", kill_on_drop: false }`
[INFO] [stderr] warning: `package.homepage` is redundant with `package.repository`
[INFO] [stderr]    --> Cargo.toml:146:12
[INFO] [stderr]     |
[INFO] [stderr] 146 | homepage = "https://github.com/filecoin-project/bellman"
[INFO] [stderr]     |            ^^^^^^^^^^^^^^^^^^^^^^^^^^^^^^^^^^^^^^^^^^^^^
[INFO] [stderr] ...
[INFO] [stderr] 150 | repository = "https://github.com/filecoin-project/bellman"
[INFO] [stderr]     |              ---------------------------------------------
[INFO] [stderr]     |
[INFO] [stderr]     = note: `cargo::redundant_homepage` is set to `warn` by default
[INFO] [stderr] help: consider removing `package.homepage`
[INFO] [stderr] warning: `nam-bellperson` (manifest) generated 1 warning
[INFO] [stderr]    Compiling proc-macro2 v1.0.101
[INFO] [stderr]    Compiling unicode-ident v1.0.19
[INFO] [stderr]    Compiling quote v1.0.41
[INFO] [stderr]    Compiling libc v0.2.176
[INFO] [stderr]    Compiling typenum v1.18.0
[INFO] [stderr]    Compiling find-msvc-tools v0.1.2
[INFO] [stderr]    Compiling execute-command-tokens v0.1.7
[INFO] [stderr]    Compiling lock_api v0.4.13
[INFO] [stderr]    Compiling crossbeam-utils v0.8.21
[INFO] [stderr]    Compiling radium v0.7.0
[INFO] [stderr]    Compiling tap v1.0.1
[INFO] [stderr]    Compiling subtle v2.6.1
[INFO] [stderr]    Compiling cfg-if v1.0.3
[INFO] [stderr]    Compiling funty v2.0.0
[INFO] [stderr]    Compiling rand_xorshift v0.3.0
[INFO] [stderr]    Compiling rand v0.8.5
[INFO] [stderr]    Compiling wyz v0.5.1
[INFO] [stderr]    Compiling nam-ec-gpu-gen v0.7.2-nam.0
[INFO] [stderr]    Compiling rayon-core v1.13.0
[INFO] [stderr]    Compiling ff v0.13.1
[INFO] [stderr]    Compiling thiserror v1.0.69
[INFO] [stderr]    Compiling futures-sink v0.3.31
[INFO] [stderr]    Compiling cc v1.2.39
[INFO] [stderr]    Compiling futures-core v0.3.31
[INFO] [stderr]    Compiling cpufeatures v0.2.17
[INFO] [stderr]    Compiling ec-gpu v0.2.0
[INFO] [stderr]    Compiling byte-slice-cast v1.2.3
[INFO] [stderr]    Compiling log v0.4.28
[INFO] [stderr]    Compiling spin v0.9.8
[INFO] [stderr]    Compiling hex v0.4.3
[INFO] [stderr]    Compiling constant_time_eq v0.3.1
[INFO] [stderr]    Compiling rayon v1.11.0
[INFO] [stderr]    Compiling blake2s_simd v1.0.3
[INFO] [stderr]    Compiling bitvec v1.0.1
[INFO] [stderr]    Compiling group v0.13.0
[INFO] [stderr]    Compiling crossbeam-epoch v0.9.18
[INFO] [stderr]    Compiling crossbeam-channel v0.5.15
[INFO] [stderr]    Compiling syn v2.0.106
[INFO] [stderr]    Compiling pairing v0.23.0
[INFO] [stderr]    Compiling num_cpus v1.17.0
[INFO] [stderr]    Compiling getrandom v0.2.16
[INFO] [stderr]    Compiling crossbeam-deque v0.8.6
[INFO] [stderr]    Compiling generic-array v0.14.7
[INFO] [stderr]    Compiling generic-array v1.2.0
[INFO] [stderr]    Compiling nanorand v0.7.0
[INFO] [stderr]    Compiling threadpool v1.8.1
[INFO] [stderr]    Compiling flume v0.11.1
[INFO] [stderr]    Compiling nam-blst v0.3.15-nam.0
[INFO] [stderr]    Compiling memmap2 v0.5.10
[INFO] [stderr]    Compiling crypto-common v0.1.6
[INFO] [stderr]    Compiling block-buffer v0.10.4
[INFO] [stderr]    Compiling digest v0.10.7
[INFO] [stderr]    Compiling sha2 v0.10.9
[INFO] [stderr]    Compiling execute-command-macro-impl v0.1.10
[INFO] [stderr]    Compiling serde_derive v1.0.228
[INFO] [stderr]    Compiling zeroize_derive v1.4.2
[INFO] [stderr]    Compiling thiserror-impl v1.0.69
[INFO] [stderr]    Compiling execute-command-macro v0.1.9
[INFO] [stderr]    Compiling execute v0.2.13
[INFO] [stderr]    Compiling zeroize v1.8.2
[INFO] [stderr]    Compiling serde v1.0.228
[INFO] [stderr]    Compiling nam-blstrs v0.7.1-nam.0
[INFO] [stderr]    Compiling bellpepper-core v0.2.1
[INFO] [stderr]    Compiling bincode v1.3.3
[INFO] [stderr]    Compiling nam-bellperson v0.26.6-nam.1 (/opt/rustwide/workdir)
[INFO] [stderr] warning: unused dependency `blstrs`
[INFO] [stderr]  --> Cargo.toml:4:21
[INFO] [stderr]   |
[INFO] [stderr] 4 | [build-dependencies.blstrs]
[INFO] [stderr]   |                     ^^^^^^^
[INFO] [stderr]   |
[INFO] [stderr]   = note: `cargo::unused_dependencies` is set to `warn` by default
[INFO] [stderr] help: consider removing the dependency on `blstrs`
[INFO] [stderr] warning: unused dependency `ec-gpu-gen`
[INFO] [stderr]  --> Cargo.toml:9:21
[INFO] [stderr]   |
[INFO] [stderr] 9 | [build-dependencies.ec-gpu-gen]
[INFO] [stderr]   |                     ^^^^^^^^^^^
[INFO] [stderr]   |
[INFO] [stderr] help: consider removing the dependency on `ec-gpu-gen`
[INFO] [stderr] warning: `nam-bellperson` (manifest) generated 2 warnings
[INFO] [stderr]     Finished `release` profile [optimized] target(s) in 32.67s
[INFO] running `Command { std: "docker" "inspect" "57e3aefe1739777d1d895a5a4ebdb0fa26711f40e88f0a6c15274c003dd44bdf", kill_on_drop: false }`
[INFO] running `Command { std: "docker" "exec" "-e" "SOURCE_DIR=/opt/rustwide/workdir" "-e" "CARGO_HOME=/opt/rustwide/cargo-home" "-e" "RUSTUP_HOME=/opt/rustwide/rustup-home" "-e" "CARGO_TARGET_DIR=/opt/rustwide/target" "-e" "CARGO_INCREMENTAL=0" "-e" "RUST_BACKTRACE=full" "-e" "RUSTFLAGS=--cap-lints=warn" "-e" "RUSTDOCFLAGS=--cap-lints=warn" "-w" "/opt/rustwide/workdir" "--user" "0:0" "57e3aefe1739777d1d895a5a4ebdb0fa26711f40e88f0a6c15274c003dd44bdf" "/opt/rustwide/cargo-home/bin/cargo" "+1.100.0-beta.1" "test" "--frozen" "--no-run" "--message-format=json" "--release", kill_on_drop: false }`
[INFO] [stderr] warning: `package.homepage` is redundant with `package.repository`
[INFO] [stderr]    --> Cargo.toml:146:12
[INFO] [stderr]     |
[INFO] [stderr] 146 | homepage = "https://github.com/filecoin-project/bellman"
[INFO] [stderr]     |            ^^^^^^^^^^^^^^^^^^^^^^^^^^^^^^^^^^^^^^^^^^^^^
[INFO] [stderr] ...
[INFO] [stderr] 150 | repository = "https://github.com/filecoin-project/bellman"
[INFO] [stderr]     |              ---------------------------------------------
[INFO] [stderr]     |
[INFO] [stderr]     = note: `cargo::redundant_homepage` is set to `warn` by default
[INFO] [stderr] help: consider removing `package.homepage`
[INFO] [stderr] warning: `nam-bellperson` (manifest) generated 1 warning
[INFO] [stderr]    Compiling zerocopy v0.8.27
[INFO] [stderr]    Compiling getrandom v0.2.16
[INFO] [stderr]    Compiling memchr v2.7.6
[INFO] [stderr]    Compiling serde v1.0.228
[INFO] [stderr]    Compiling indexmap v1.9.3
[INFO] [stderr]    Compiling parking_lot_core v0.9.11
[INFO] [stderr]    Compiling regex-syntax v0.8.6
[INFO] [stderr]    Compiling serde_json v1.0.145
[INFO] [stderr]    Compiling rayon v1.11.0
[INFO] [stderr]    Compiling half v2.6.0
[INFO] [stderr]    Compiling os_str_bytes v6.6.1
[INFO] [stderr]    Compiling log v0.4.28
[INFO] [stderr]    Compiling getrandom v0.3.3
[INFO] [stderr]    Compiling textwrap v0.16.2
[INFO] [stderr]    Compiling bitflags v2.9.4
[INFO] [stderr]    Compiling atty v0.2.14
[INFO] [stderr]    Compiling clap_lex v0.2.4
[INFO] [stderr]    Compiling is-terminal v0.4.16
[INFO] [stderr]    Compiling rand_core v0.6.4
[INFO] [stderr]    Compiling nanorand v0.7.0
[INFO] [stderr]    Compiling rustix v1.1.2
[INFO] [stderr]    Compiling hex-literal v0.4.1
[INFO] [stderr]    Compiling ff v0.13.1
[INFO] [stderr]    Compiling rand_xorshift v0.3.0
[INFO] [stderr]    Compiling ciborium-ll v0.2.2
[INFO] [stderr]    Compiling parking_lot v0.12.4
[INFO] [stderr]    Compiling flume v0.11.1
[INFO] [stderr]    Compiling aho-corasick v1.1.3
[INFO] [stderr]    Compiling csv-core v0.1.12
[INFO] [stderr]    Compiling temp-env v0.3.6
[INFO] [stderr]    Compiling clap v3.2.25
[INFO] [stderr]    Compiling ciborium v0.2.2
[INFO] [stderr]    Compiling bellpepper-core v0.2.1
[INFO] [stderr]    Compiling bincode v1.3.3
[INFO] [stderr]    Compiling csv v1.3.1
[INFO] [stderr]    Compiling tinytemplate v1.2.1
[INFO] [stderr]    Compiling regex-automata v0.4.11
[INFO] [stderr]    Compiling tempfile v3.23.0
[INFO] [stderr]    Compiling ppv-lite86 v0.2.21
[INFO] [stderr]    Compiling rand_chacha v0.3.1
[INFO] [stderr]    Compiling rand v0.8.5
[INFO] [stderr]    Compiling group v0.13.0
[INFO] [stderr]    Compiling pairing v0.23.0
[INFO] [stderr]    Compiling nam-ec-gpu-gen v0.7.2-nam.0
[INFO] [stderr]    Compiling nam-blstrs v0.7.1-nam.0
[INFO] [stderr]    Compiling nam-bellperson v0.26.6-nam.1 (/opt/rustwide/workdir)
[INFO] [stderr]    Compiling regex v1.11.3
[INFO] [stderr]    Compiling env_logger v0.10.2
[INFO] [stderr]    Compiling criterion v0.4.0
[INFO] [stderr] warning: unused dependency `blstrs`
[INFO] [stderr]  --> Cargo.toml:4:21
[INFO] [stderr]   |
[INFO] [stderr] 4 | [build-dependencies.blstrs]
[INFO] [stderr]   |                     ^^^^^^^
[INFO] [stderr]   |
[INFO] [stderr]   = note: `cargo::unused_dependencies` is set to `warn` by default
[INFO] [stderr] help: consider removing the dependency on `blstrs`
[INFO] [stderr] warning: unused dependency `ec-gpu-gen`
[INFO] [stderr]  --> Cargo.toml:9:21
[INFO] [stderr]   |
[INFO] [stderr] 9 | [build-dependencies.ec-gpu-gen]
[INFO] [stderr]   |                     ^^^^^^^^^^^
[INFO] [stderr]   |
[INFO] [stderr] help: consider removing the dependency on `ec-gpu-gen`
[INFO] [stderr] warning: `nam-bellperson` (manifest) generated 2 warnings
[INFO] [stderr]     Finished `release` profile [optimized] target(s) in 57.55s
[INFO] running `Command { std: "docker" "inspect" "57e3aefe1739777d1d895a5a4ebdb0fa26711f40e88f0a6c15274c003dd44bdf", kill_on_drop: false }`
[INFO] running `Command { std: "docker" "exec" "-e" "SOURCE_DIR=/opt/rustwide/workdir" "-e" "CARGO_HOME=/opt/rustwide/cargo-home" "-e" "RUSTUP_HOME=/opt/rustwide/rustup-home" "-e" "CARGO_TARGET_DIR=/opt/rustwide/target" "-e" "CARGO_INCREMENTAL=0" "-e" "RUST_BACKTRACE=full" "-e" "RUSTFLAGS=--cap-lints=warn" "-e" "RUSTDOCFLAGS=--cap-lints=warn" "-w" "/opt/rustwide/workdir" "--user" "0:0" "57e3aefe1739777d1d895a5a4ebdb0fa26711f40e88f0a6c15274c003dd44bdf" "/opt/rustwide/cargo-home/bin/cargo" "+1.100.0-beta.1" "test" "--frozen" "--release", kill_on_drop: false }`
[INFO] [stderr] warning: `package.homepage` is redundant with `package.repository`
[INFO] [stderr]    --> Cargo.toml:146:12
[INFO] [stderr]     |
[INFO] [stderr] 146 | homepage = "https://github.com/filecoin-project/bellman"
[INFO] [stderr]     |            ^^^^^^^^^^^^^^^^^^^^^^^^^^^^^^^^^^^^^^^^^^^^^
[INFO] [stderr] ...
[INFO] [stderr] 150 | repository = "https://github.com/filecoin-project/bellman"
[INFO] [stderr]     |              ---------------------------------------------
[INFO] [stderr]     |
[INFO] [stderr]     = note: `cargo::redundant_homepage` is set to `warn` by default
[INFO] [stderr] help: consider removing `package.homepage`
[INFO] [stderr] warning: `nam-bellperson` (manifest) generated 1 warning
[INFO] [stderr] warning: unused dependency `blstrs`
[INFO] [stderr]  --> Cargo.toml:4:21
[INFO] [stderr]   |
[INFO] [stderr] 4 | [build-dependencies.blstrs]
[INFO] [stderr]   |                     ^^^^^^^
[INFO] [stderr]   |
[INFO] [stderr]   = note: `cargo::unused_dependencies` is set to `warn` by default
[INFO] [stderr] help: consider removing the dependency on `blstrs`
[INFO] [stderr] warning: unused dependency `ec-gpu-gen`
[INFO] [stderr]  --> Cargo.toml:9:21
[INFO] [stderr]   |
[INFO] [stderr] 9 | [build-dependencies.ec-gpu-gen]
[INFO] [stderr]   |                     ^^^^^^^^^^^
[INFO] [stderr]   |
[INFO] [stderr] help: consider removing the dependency on `ec-gpu-gen`
[INFO] [stderr] warning: `nam-bellperson` (manifest) generated 2 warnings
[INFO] [stderr]     Finished `release` profile [optimized] target(s) in 0.22s
[INFO] [stderr]      Running unittests src/lib.rs (/opt/rustwide/target/release/build/nam-bellperson/cbeeaf3ab8992d78/out/nam_bellperson-cbeeaf3ab8992d78)
[INFO] [stdout] 
[INFO] [stdout] running 41 tests
[INFO] [stdout] test gadgets::lookup::test::test_synth ... ok
[INFO] [stdout] test domain::tests::fft_composition ... ok
[INFO] [stdout] test gadgets::lookup::test::test_lookup3_xy_with_conditional_negation ... ok
[INFO] [stdout] test gadgets::lookup::test::test_lookup3_xy ... ok
[INFO] [stdout] test gadgets::test::test_cs ... ok
[INFO] [stdout] test gadgets::sha256::test::test_blank_hash ... ok
[INFO] [stdout] test gadgets::uint32::test::test_uint32_from_bits ... ok
[INFO] [stdout] test gadgets::uint32::test::test_uint32_from_bits_be ... ok
[INFO] [stdout] test gadgets::blake2s::test::test_blank_hash ... ok
[INFO] [stdout] test gadgets::uint32::test::test_uint32_rotr ... ok
[INFO] [stdout] test gadgets::blake2s::test::test_blake2s_constant_constraints ... ok
[INFO] [stdout] test gadgets::uint32::test::test_uint32_shr ... ok
[INFO] [stdout] test gadgets::uint32::test::test_uint32_addmany_constants ... ok
[INFO] [stdout] test groth16::aggregate::accumulator::test::test_pairing_randomize ... ok
[INFO] [stdout] test groth16::aggregate::commit::tests::test_commit_pair ... ok
[INFO] [stdout] test gadgets::uint32::test::test_uint32_addmany ... ok
[INFO] [stdout] test groth16::aggregate::proof::tests::test_proof_check ... ok
[INFO] [stdout] test groth16::aggregate::proof::tests::test_proof_io ... ok
[INFO] [stdout] test groth16::aggregate::commit::tests::test_commit_single ... ok
[INFO] [stdout] test groth16::aggregate::proof::tests::test_proof_io_instance ... ok
[INFO] [stdout] test groth16::aggregate::transcript::test::test_transcript ... ok
[INFO] [stdout] test groth16::aggregate::srs::test::test_srs_invalid_length ... ok
[INFO] [stdout] test gadgets::blake2s::test::test_blake2s_precomp_constraints ... ok
[INFO] [stdout] test gadgets::blake2s::test::test_blake2s_constraints ... ok
[INFO] [stdout] test groth16::proof::test_with_bls12_381::test_size ... ok
[INFO] [stdout] test groth16::prover::tests::test_proving_assignment_extend ... ok
[INFO] [stdout] test gadgets::uint32::test::test_uint32_xor ... ok
[INFO] [stdout] test gadgets::uint32::test::test_uint32_sha256_maj ... ok
[INFO] [stdout] test gadgets::sha256::test::test_full_block ... ok
[INFO] [stdout] test gadgets::uint32::test::test_uint32_sha256_ch ... ok
[INFO] [stdout] test gadgets::sha256::test::test_full_hash ... ok
[INFO] [stdout] test groth16::multiscalar::tests::test_multiscalar_single ... ok
[INFO] [stdout] test groth16::multiscalar::tests::test_multiscalar_par ... ok
[INFO] [stdout] test gadgets::blake2s::test::test_blake2s_256_vars ... ok
[INFO] [stdout] test gadgets::multipack::test_multipacking ... ok
[INFO] [stdout] test domain::tests::polynomial_arith ... ok
[INFO] [stdout] test groth16::proof::test_with_bls12_381::serialization ... ok
[INFO] [stdout] test gadgets::blake2s::test::test_blake2s_700_vars ... ok
[INFO] [stdout] test gadgets::blake2s::test::test_blake2s_test_vectors ... ok
[INFO] [stdout] test gadgets::blake2s::test::test_blake2s ... ok
[INFO] [stdout] test gadgets::sha256::test::test_against_vectors ... ok
[INFO] [stdout] 
[INFO] [stdout] test result: ok. 41 passed; 0 failed; 0 ignored; 0 measured; 0 filtered out; finished in 19.99s
[INFO] [stdout] 
[INFO] [stderr]      Running tests/compatibility.rs (/opt/rustwide/target/release/build/nam-bellperson/15cad48471eb43c8/out/compatibility-15cad48471eb43c8)
[INFO] [stdout] 
[INFO] [stdout] running 1 test
[INFO] [stdout] test test_compat ... ok
[INFO] [stdout] 
[INFO] [stdout] test result: ok. 1 passed; 0 failed; 0 ignored; 0 measured; 0 filtered out; finished in 0.01s
[INFO] [stdout] 
[INFO] [stderr]      Running tests/dummy_engine.rs (/opt/rustwide/target/release/build/nam-bellperson/d3339a3b09f924da/out/dummy_engine-d3339a3b09f924da)
[INFO] [stdout] 
[INFO] [stdout] running 0 tests
[INFO] [stdout] 
[INFO] [stdout] test result: ok. 0 passed; 0 failed; 0 ignored; 0 measured; 0 filtered out; finished in 0.00s
[INFO] [stdout] 
[INFO] [stderr]      Running tests/gpu_provers.rs (/opt/rustwide/target/release/build/nam-bellperson/0902e91cf7671742/out/gpu_provers-0902e91cf7671742)
[INFO] [stdout] 
[INFO] [stdout] running 0 tests
[INFO] [stdout] 
[INFO] [stdout] test result: ok. 0 passed; 0 failed; 0 ignored; 0 measured; 0 filtered out; finished in 0.00s
[INFO] [stdout] 
[INFO] [stderr]      Running tests/groth16.rs (/opt/rustwide/target/release/build/nam-bellperson/0b3b260e0766dfdc/out/groth16-0b3b260e0766dfdc)
[INFO] [stdout] 
[INFO] [stdout] running 6 tests
[INFO] [stdout] test zero_coeff_one_var ... ok
[INFO] [stdout] test test_xordemo ... ok
[INFO] [stdout] test test_create_batch_single ... ok
[INFO] [stdout] test zero_coeff_non_one_var ... ok
[INFO] [stdout] test test_verify_random_single ... ok
[INFO] [stdout] test test_verify_random_batch ... ok
[INFO] [stdout] 
[INFO] [stdout] test result: ok. 6 passed; 0 failed; 0 ignored; 0 measured; 0 filtered out; finished in 2.45s
[INFO] [stdout] 
[INFO] [stderr]      Running tests/groth16_aggregation.rs (/opt/rustwide/target/release/build/nam-bellperson/59a455d140d55e23/out/groth16_aggregation-59a455d140d55e23)
[INFO] [stdout] 
[INFO] [stdout] running 5 tests
[INFO] [stdout] test test_groth16_bench ... ignored
[INFO] [stdout] test test_groth16_srs_io ... ok
[INFO] [stdout] test test_groth16_aggregate_versions ... ok
[INFO] [stdout] test test_groth16_aggregation_mimc ... ok
[INFO] [stdout] test test_groth16_aggregation ... ok
[INFO] [stdout] 
[INFO] [stdout] test result: ok. 4 passed; 0 failed; 1 ignored; 0 measured; 0 filtered out; finished in 2.64s
[INFO] [stdout] 
[INFO] [stderr]      Running tests/mimc.rs (/opt/rustwide/target/release/build/nam-bellperson/49f1492f57711a57/out/mimc-49f1492f57711a57)
[INFO] [stdout] 
[INFO] [stdout] running 1 test
[INFO] [stdout] test test_mimc ... ok
[INFO] [stdout] 
[INFO] [stdout] test result: ok. 1 passed; 0 failed; 0 ignored; 0 measured; 0 filtered out; finished in 4.35s
[INFO] [stdout] 
[INFO] [stderr]      Running tests/minroot.rs (/opt/rustwide/target/release/build/nam-bellperson/e8a0fbc76251f8a8/out/minroot-e8a0fbc76251f8a8)
[INFO] [stdout] 
[INFO] [stdout] running 2 tests
[INFO] [stdout] test minroot_test ... ok
[INFO] [stdout] test minroot_aggregate_proof ... FAILED
[INFO] [stdout] 
[INFO] [stdout] failures:
[INFO] [stdout] 
[INFO] [stdout] ---- minroot_aggregate_proof stdout ----
[INFO] [stdout] 
[INFO] [stdout] thread 'minroot_aggregate_proof' (2811) panicked at src/groth16/aggregate/prove.rs:191:34:
[INFO] [stdout] index out of bounds: the len is 4 but the index is 4
[INFO] [stdout] stack backtrace:
[INFO] [stdout]    0:     0x639ba5666281 - <<std[617be2ca0a6fd877]::sys::backtrace::BacktraceLock>::print::DisplayBacktrace as core[a373ad73a504971]::fmt::Display>::fmt
[INFO] [stdout]    1:     0x639ba567bd4a - core[a373ad73a504971]::fmt::write
[INFO] [stdout]    2:     0x639ba566a8fc - <alloc[2e1b2a31b91974c5]::vec::Vec<u8> as core[a373ad73a504971]::io::write::Write>::write_fmt
[INFO] [stdout]    3:     0x639ba5641ed6 - std[617be2ca0a6fd877]::panicking::default_hook::{closure#0}
[INFO] [stdout]    4:     0x639ba565e3c9 - std[617be2ca0a6fd877]::panicking::default_hook
[INFO] [stdout]    5:     0x639ba55cf310 - test[aada8e7e76ba119b]::test_main_inner::{closure#0}
[INFO] [stdout]    6:     0x639ba565e6f2 - std[617be2ca0a6fd877]::panicking::panic_with_hook
[INFO] [stdout]    7:     0x639ba5641f82 - std[617be2ca0a6fd877]::panicking::panic_handler::{closure#0}
[INFO] [stdout]    8:     0x639ba563ac69 - std[617be2ca0a6fd877]::sys::backtrace::__rust_end_short_backtrace::<std[617be2ca0a6fd877]::panicking::panic_handler::{closure#0}, !>
[INFO] [stdout]    9:     0x639ba5642b8d - __rustc[ea4f61d10b84890b]::rust_begin_unwind
[INFO] [stdout]   10:     0x639ba567c52c - core[a373ad73a504971]::panicking::panic_fmt
[INFO] [stdout]   11:     0x639ba567c37c - core[a373ad73a504971]::panicking::panic_bounds_check
[INFO] [stdout]   12:     0x639ba54b7832 - minroot[40c018b26b272181]::minroot_aggregate_proof_inner
[INFO] [stdout]   13:     0x639ba54bc98b - <minroot[40c018b26b272181]::minroot_aggregate_proof::{closure#0} as core[a373ad73a504971]::ops::function::FnOnce<()>>::call_once
[INFO] [stdout]   14:     0x639ba55c275b - test[aada8e7e76ba119b]::__rust_begin_short_backtrace::<core[a373ad73a504971]::result::Result<(), alloc[2e1b2a31b91974c5]::string::String>, fn() -> core[a373ad73a504971]::result::Result<(), alloc[2e1b2a31b91974c5]::string::String>>
[INFO] [stdout]   15:     0x639ba55cf935 - test[aada8e7e76ba119b]::run_test::{closure#0}
[INFO] [stdout]   16:     0x639ba55c9224 - std[617be2ca0a6fd877]::sys::backtrace::__rust_begin_short_backtrace::<test[aada8e7e76ba119b]::run_test::{closure#1}, ()>
[INFO] [stdout]   17:     0x639ba55d29c2 - <std[617be2ca0a6fd877]::thread::lifecycle::spawn_unchecked<test[aada8e7e76ba119b]::run_test::{closure#1}, ()>::{closure#1} as core[a373ad73a504971]::ops::function::FnOnce<()>>::call_once::{shim:vtable#0}
[INFO] [stdout]   18:     0x639ba5665a9f - <std[617be2ca0a6fd877]::sys::thread::unix::Thread>::new::thread_start
[INFO] [stdout]   19:     0x77610bb8fdfa - <unknown>
[INFO] [stdout]   20:     0x77610bc233d4 - clone
[INFO] [stdout]   21:                0x0 - <unknown>
[INFO] [stdout] 
[INFO] [stdout] 
[INFO] [stdout] failures:
[INFO] [stdout]     minroot_aggregate_proof
[INFO] [stdout] 
[INFO] [stdout] test result: FAILED. 1 passed; 1 failed; 0 ignored; 0 measured; 0 filtered out; finished in 3.33s
[INFO] [stdout] 
[INFO] [stderr] error: test failed, to rerun pass `--test minroot`
[INFO] running `Command { std: "docker" "inspect" "57e3aefe1739777d1d895a5a4ebdb0fa26711f40e88f0a6c15274c003dd44bdf", kill_on_drop: false }`
[INFO] running `Command { std: "docker" "rm" "-f" "57e3aefe1739777d1d895a5a4ebdb0fa26711f40e88f0a6c15274c003dd44bdf", kill_on_drop: false }`
[INFO] [stdout] 57e3aefe1739777d1d895a5a4ebdb0fa26711f40e88f0a6c15274c003dd44bdf
